The Swift Package Index logo.Swift Package Index

Build Information

Failed to build YaSpellChecker, reference 1.0.1 (ed577c), with Swift 6.4 for Wasm on 22 Sep 2026 20:31:43 UTC.

Build Command

bash -c docker run --pull=always --rm -v "checkouts-54344847-0":/host -w "$PWD" -e JAVA_HOME="/root/.sdkman/candidates/java/current" -e SPI_BUILD="1" -e SPI_PROCESSING="1" registry.gitlab.com/saguaro1/spi-images:wasm-6.4-latest swift build --swift-sdk swift-6.4.x-DEVELOPMENT-SNAPSHOT-2026-09-04-a_wasm 2>&1

Build Log

========================================
RunAll
========================================
Builder version: 5.1.0
Interrupt handler set up.
========================================
Checkout
========================================
Clone URL: https://github.com/makoni/YaSpellChecker.git
Reference: 1.0.1
Initialized empty Git repository in /host/spi-builder-workspace/.git/
hint: Using 'master' as the name for the initial branch. This default branch name
hint: is subject to change. To configure the initial branch name to use in all
hint: of your new repositories, which will suppress this warning, call:
hint:
hint: 	git config --global init.defaultBranch <name>
hint:
hint: Names commonly chosen instead of 'master' are 'main', 'trunk' and
hint: 'development'. The just-created branch can be renamed via this command:
hint:
hint: 	git branch -m <name>
From https://github.com/makoni/YaSpellChecker
 * tag               1.0.1      -> FETCH_HEAD
HEAD is now at ed577c3 Add agent instructions and enhance error localization tests. Fixed building for Linux
Cloned https://github.com/makoni/YaSpellChecker.git
Revision (git rev-parse @):
ed577c3ede9d2a6769e8c5b1d14a3821c3c29978
SUCCESS checkout https://github.com/makoni/YaSpellChecker.git at 1.0.1
========================================
Build
========================================
Selected platform:         wasm
Swift version:             6.4
Building package at path:  $PWD
https://github.com/makoni/YaSpellChecker.git
Running build ...
bash -c docker run --pull=always --rm -v "checkouts-54344847-0":/host -w "$PWD" -e JAVA_HOME="/root/.sdkman/candidates/java/current" -e SPI_BUILD="1" -e SPI_PROCESSING="1" registry.gitlab.com/saguaro1/spi-images:wasm-6.4-latest swift build --swift-sdk swift-6.4.x-DEVELOPMENT-SNAPSHOT-2026-09-04-a_wasm 2>&1
wasm-6.4-latest: Pulling from saguaro1/spi-images
Digest: sha256:4328fdb43c680d205c1d6761b1e3267aa38277eefdda9ddfb17b6a0f1a77857a
Status: Image is up to date for registry.gitlab.com/saguaro1/spi-images:wasm-6.4-latest
Building for debugging...
[Pre-planning 1 / 124]
[2 / 38]
warning: no rule to process file '/host/spi-builder-workspace/Sources/YaSpellChecker/Localizable.xcstrings' of type 'text.json.xcstrings' for architecture 'wasm32'
[31 / 42] YaSpellChecker
error: SwiftCompile normal wasm32 /host/spi-builder-workspace/Sources/YaSpellChecker/YaSpellChecker.swift failed with a nonzero exit code. Command line:     cd /host
    builtin-SwiftPerFileCompile YaSpellChecker.swift
/host/spi-builder-workspace/Sources/YaSpellChecker/YaSpellChecker.swift:56:23: error: 'URLResponse' is unavailable: This type has moved to the FoundationNetworking module. Import that module to use it.
 54 |     public func checkAndCorrect(text: String, lang: String = "ru,en", options: Int = 0, format: String = "plain") async throws -> String {
 55 |         let data: Data
 56 |         let response: URLResponse
    |                       `- error: 'URLResponse' is unavailable: This type has moved to the FoundationNetworking module. Import that module to use it.
 57 |         guard let url = URL(string: endpoint) else {
 58 |             throw YaSpellCheckerError.invalidResponse
Foundation.URLResponse:2:18: note: 'URLResponse' has been explicitly marked unavailable here
1 | @available(*, unavailable, message: "This type has moved to the FoundationNetworking module. Import that module to use it.")
2 | public typealias URLResponse = AnyObject
  |                  `- note: 'URLResponse' has been explicitly marked unavailable here
/host/spi-builder-workspace/Sources/YaSpellChecker/YaSpellChecker.swift:60:23: error: cannot find 'URLRequest' in scope
 58 |             throw YaSpellCheckerError.invalidResponse
 59 |         }
 60 |         var request = URLRequest(url: url)
    |                       `- error: cannot find 'URLRequest' in scope
 61 |         request.httpMethod = "POST"
 62 |         let params = [
/host/spi-builder-workspace/Sources/YaSpellChecker/YaSpellChecker.swift:73:53: error: type 'URLSession' (aka 'AnyObject') has no member 'shared'
 71 |
 72 |         do {
 73 |             (data, response) = try await URLSession.shared.data(for: request)
    |                                                     `- error: type 'URLSession' (aka 'AnyObject') has no member 'shared'
 74 |         } catch {
 75 |             throw YaSpellCheckerError.networkError(error)
/host/spi-builder-workspace/Sources/YaSpellChecker/YaSpellChecker.swift:78:43: warning: conditional cast from 'URLResponse' (aka 'AnyObject') to 'HTTPURLResponse' (aka 'AnyObject') always succeeds
 76 |         }
 77 |
 78 |         guard let httpResponse = response as? HTTPURLResponse, httpResponse.statusCode == 200 else {
    |                                           `- warning: conditional cast from 'URLResponse' (aka 'AnyObject') to 'HTTPURLResponse' (aka 'AnyObject') always succeeds
 79 |             throw YaSpellCheckerError.invalidResponse
 80 |         }
/host/spi-builder-workspace/Sources/YaSpellChecker/YaSpellChecker.swift:78:47: error: 'HTTPURLResponse' is unavailable: This type has moved to the FoundationNetworking module. Import that module to use it.
 76 |         }
 77 |
 78 |         guard let httpResponse = response as? HTTPURLResponse, httpResponse.statusCode == 200 else {
    |                                               `- error: 'HTTPURLResponse' is unavailable: This type has moved to the FoundationNetworking module. Import that module to use it.
 79 |             throw YaSpellCheckerError.invalidResponse
 80 |         }
Foundation.HTTPURLResponse:2:18: note: 'HTTPURLResponse' has been explicitly marked unavailable here
1 | @available(*, unavailable, message: "This type has moved to the FoundationNetworking module. Import that module to use it.")
2 | public typealias HTTPURLResponse = AnyObject
  |                  `- note: 'HTTPURLResponse' has been explicitly marked unavailable here
/host/spi-builder-workspace/Sources/YaSpellChecker/YaSpellChecker.swift:78:77: error: value of type 'HTTPURLResponse' (aka 'AnyObject') has no member 'statusCode'
 76 |         }
 77 |
 78 |         guard let httpResponse = response as? HTTPURLResponse, httpResponse.statusCode == 200 else {
    |                                                                             `- error: value of type 'HTTPURLResponse' (aka 'AnyObject') has no member 'statusCode'
 79 |             throw YaSpellCheckerError.invalidResponse
 80 |         }
Failed frontend command:
/usr/bin/swift-frontend -frontend -c /host/spi-builder-workspace/.build/out/Intermediates.noindex/YaSpellChecker.build/Debug-webassembly-wasm32/YaSpellChecker-t.build/DerivedSources/resource_bundle_accessor.swift -primary-file /host/spi-builder-workspace/Sources/YaSpellChecker/YaSpellChecker.swift -emit-dependencies-path /host/spi-builder-workspace/.build/out/Intermediates.noindex/YaSpellChecker.build/Debug-webassembly-wasm32/YaSpellChecker-t.build/Objects-normal/wasm32/YaSpellChecker.d -emit-const-values-path /host/spi-builder-workspace/.build/out/Intermediates.noindex/YaSpellChecker.build/Debug-webassembly-wasm32/YaSpellChecker-t.build/Objects-normal/wasm32/YaSpellChecker.swiftconstvalues -emit-reference-dependencies-path /host/spi-builder-workspace/.build/out/Intermediates.noindex/YaSpellChecker.build/Debug-webassembly-wasm32/YaSpellChecker-t.build/Objects-normal/wasm32/YaSpellChecker.swiftdeps -serialize-diagnostics-path /host/spi-builder-workspace/.build/out/Intermediates.noindex/YaSpellChecker.build/Debug-webassembly-wasm32/YaSpellChecker-t.build/Objects-normal/wasm32/YaSpellChecker.dia -target wasm32-unknown-wasip1 -disable-objc-interop -sdk /root/.swiftpm/swift-sdks/swift-6.4.x-DEVELOPMENT-SNAPSHOT-2026-09-04-a_wasm.artifactbundle/swift-6.4.x-DEVELOPMENT-SNAPSHOT-2026-09-04-a_wasm/wasm32-unknown-wasip1/WASI.sdk -sysroot /root/.swiftpm/swift-sdks/swift-6.4.x-DEVELOPMENT-SNAPSHOT-2026-09-04-a_wasm.artifactbundle/swift-6.4.x-DEVELOPMENT-SNAPSHOT-2026-09-04-a_wasm/wasm32-unknown-wasip1/WASI.sdk -I /host/spi-builder-workspace/.build/out/Products/Debug-webassembly-wasm32 -module-cache-path /host/spi-builder-workspace/.build/out/ModuleCache.noindex -color-diagnostics -Xcc -fcolor-diagnostics -enable-testing -g -debug-info-format\=dwarf -dwarf-version\=4 -swift-version 6 -Onone -D SWIFT_PACKAGE -D DEBUG -D SWIFT_MODULE_RESOURCE_BUNDLE_AVAILABLE -D Xcode -serialize-debugging-options -enable-experimental-feature DebugDescriptionMacro -empty-abi-descriptor -external-plugin-path /usr/lib/swift/host/plugins/testing\#/usr/bin/swift-plugin-server -validate-clang-modules-once -clang-build-session-file /host/spi-builder-workspace/.build/out/ModuleCache.noindex/Session.modulevalidation -Xcc -working-directory -Xcc /host -resource-dir /root/.swiftpm/swift-sdks/swift-6.4.x-DEVELOPMENT-SNAPSHOT-2026-09-04-a_wasm.artifactbundle/swift-6.4.x-DEVELOPMENT-SNAPSHOT-2026-09-04-a_wasm/wasm32-unknown-wasip1/swift.xctoolchain/usr/lib/swift_static -use-static-resource-dir -enable-anonymous-context-mangled-names -file-compilation-dir /host -Xcc -resource-dir -Xcc /root/.swiftpm/swift-sdks/swift-6.4.x-DEVELOPMENT-SNAPSHOT-2026-09-04-a_wasm.artifactbundle/swift-6.4.x-DEVELOPMENT-SNAPSHOT-2026-09-04-a_wasm/wasm32-unknown-wasip1/swift.xctoolchain/usr/lib/swift_static/clang -Xcc -D_LIBCPP_HARDENING_MODE\=_LIBCPP_HARDENING_MODE_DEBUG -Xcc -fmodules-prune-interval\=86400 -Xcc -fmodules-prune-after\=345600 -Xcc -I/host/spi-builder-workspace/.build/out/Products/Debug-webassembly-wasm32/include -Xcc -I/host/spi-builder-workspace/.build/out/Intermediates.noindex/YaSpellChecker.build/Debug-webassembly-wasm32/YaSpellChecker-t.build/DerivedSources-normal/wasm32 -Xcc -I/host/spi-builder-workspace/.build/out/Intermediates.noindex/YaSpellChecker.build/Debug-webassembly-wasm32/YaSpellChecker-t.build/DerivedSources/wasm32 -Xcc -I/host/spi-builder-workspace/.build/out/Intermediates.noindex/YaSpellChecker.build/Debug-webassembly-wasm32/YaSpellChecker-t.build/DerivedSources -Xcc -DSWIFT_PACKAGE -Xcc -DDEBUG\=1 -no-auto-bridging-header-chaining -module-name YaSpellChecker -package-name spi_builder_workspace -const-gather-protocols-file /host/spi-builder-workspace/.build/out/Intermediates.noindex/YaSpellChecker.build/Debug-webassembly-wasm32/YaSpellChecker-t.build/Objects-normal/wasm32/YaSpellChecker_const_extract_protocols.json -in-process-plugin-server-path /usr/lib/swift/host/libSwiftInProcPluginServer.so -plugin-path /usr/lib/swift/host/plugins -plugin-path /usr/local/lib/swift/host/plugins -parse-as-library -o /host/spi-builder-workspace/.build/out/Intermediates.noindex/YaSpellChecker.build/Debug-webassembly-wasm32/YaSpellChecker-t.build/Objects-normal/wasm32/YaSpellChecker.o -index-unit-output-path /YaSpellChecker.build/Debug-webassembly-wasm32/YaSpellChecker-t.build/Objects-normal/wasm32/YaSpellChecker.o -index-store-path /host/spi-builder-workspace/.build/out -index-system-modules
error: Build failed
BUILD FAILURE 6.4 wasm