Build Information
Failed to build Dependiject, reference master (d119b6), with Swift 6.2 for macOS (Xcode) using Xcode 26.3 on 13 Aug 2026 10:08:19 UTC.
Build Command
No build command. This typically means the build failed at an early stage where we determine the build command.Build Log
========================================
RunAll
========================================
Builder version: undefined version: run 'make version' to update
Interrupt handler set up.
========================================
Checkout
========================================
Clone URL: https://github.com/Tiny-Home-Consulting/Dependiject.git
Reference: master
Initialized empty Git repository in /Users/admin/builder/spi-builder-workspace/.git/
From https://github.com/Tiny-Home-Consulting/Dependiject
* branch master -> FETCH_HEAD
* [new branch] master -> origin/master
HEAD is now at d119b6f Add support for Swift 6 (#84)
Cloned https://github.com/Tiny-Home-Consulting/Dependiject.git
Revision (git rev-parse @):
d119b6f9c88587e3f3a6c095846220e05a8e20cf
SUCCESS checkout https://github.com/Tiny-Home-Consulting/Dependiject.git at master
========================================
Build
========================================
Selected platform: macosXcodebuild
Swift version: 6.2
Building package at path: $PWD
https://github.com/Tiny-Home-Consulting/Dependiject.git
Command line invocation:
/Applications/Xcode-26.3.0.app/Contents/Developer/usr/bin/xcodebuild -IDEClonedSourcePackagesDirPathOverride=/Users/admin/builder/spi-builder-workspace/.dependencies -resolvePackageDependencies
2026-08-13 06:08:18.020 xcodebuild[539:3121] Writing error result bundle to /var/folders/xq/y_g06wb113726d38xsyx71_h0000gn/T/ResultBundle_2026-13-08_06-08-0018.xcresult
xcodebuild: error: '_Pods.xcodeproj' does not exist.
Command line invocation:
/Applications/Xcode-26.3.0.app/Contents/Developer/usr/bin/xcodebuild -IDEClonedSourcePackagesDirPathOverride=/Users/admin/builder/spi-builder-workspace/.dependencies -resolvePackageDependencies
2026-08-13 06:08:19.353 xcodebuild[559:3322] Writing error result bundle to /var/folders/xq/y_g06wb113726d38xsyx71_h0000gn/T/ResultBundle_2026-13-08_06-08-0019.xcresult
xcodebuild: error: '_Pods.xcodeproj' does not exist.
BUILD FAILURE 6.2 macosXcodebuild