The Swift Package Index logo.Swift Package Index

Build Information

Failed to build RetryingOperation, reference main (033f46), with Swift 6.4 for Wasm on 21 Sep 2026 13:41:57 UTC.

Build Command

bash -c docker run --pull=always --rm -v "checkouts-54344847-1":/host -w "$PWD" -e JAVA_HOME="/root/.sdkman/candidates/java/current" -e SPI_BUILD="1" -e SPI_PROCESSING="1" registry.gitlab.com/saguaro1/spi-images:wasm-6.4-latest swift build --swift-sdk swift-6.4.x-DEVELOPMENT-SNAPSHOT-2026-09-04-a_wasm 2>&1

Build Log

========================================
RunAll
========================================
Builder version: 5.1.0
Interrupt handler set up.
========================================
Checkout
========================================
Clone URL: https://github.com/Frizlab/RetryingOperation.git
Reference: main
Initialized empty Git repository in /host/spi-builder-workspace/.git/
hint: Using 'master' as the name for the initial branch. This default branch name
hint: is subject to change. To configure the initial branch name to use in all
hint: of your new repositories, which will suppress this warning, call:
hint:
hint: 	git config --global init.defaultBranch <name>
hint:
hint: Names commonly chosen instead of 'master' are 'main', 'trunk' and
hint: 'development'. The just-created branch can be renamed via this command:
hint:
hint: 	git branch -m <name>
From https://github.com/Frizlab/RetryingOperation
 * branch            main       -> FETCH_HEAD
 * [new branch]      main       -> origin/main
HEAD is now at 033f46e Use GlobalConfModule instead of SafeGlobal for the config
Cloned https://github.com/Frizlab/RetryingOperation.git
Revision (git rev-parse @):
033f46e7c4cf807c8dbfded3d16a1ba15982fc95
SUCCESS checkout https://github.com/Frizlab/RetryingOperation.git at main
========================================
Build
========================================
Selected platform:         wasm
Swift version:             6.4
Building package at path:  $PWD
https://github.com/Frizlab/RetryingOperation.git
Running build ...
bash -c docker run --pull=always --rm -v "checkouts-54344847-1":/host -w "$PWD" -e JAVA_HOME="/root/.sdkman/candidates/java/current" -e SPI_BUILD="1" -e SPI_PROCESSING="1" registry.gitlab.com/saguaro1/spi-images:wasm-6.4-latest swift build --swift-sdk swift-6.4.x-DEVELOPMENT-SNAPSHOT-2026-09-04-a_wasm 2>&1
wasm-6.4-latest: Pulling from saguaro1/spi-images
Digest: sha256:4328fdb43c680d205c1d6761b1e3267aa38277eefdda9ddfb17b6a0f1a77857a
Status: Image is up to date for registry.gitlab.com/saguaro1/spi-images:wasm-6.4-latest
Fetching https://github.com/apple/swift-log.git
Fetching https://github.com/Frizlab/GlobalConfModule.git
[1/677] Fetching globalconfmodule
[442/8773] Fetching globalconfmodule, swift-log
Fetched https://github.com/Frizlab/GlobalConfModule.git (0.57s)
Fetched https://github.com/apple/swift-log.git (0.57s)
Computing version for https://github.com/Frizlab/GlobalConfModule.git
Computed https://github.com/Frizlab/GlobalConfModule.git at 0.4.5 (0.75s)
Fetching https://github.com/swiftlang/swift-syntax.git
Fetching https://github.com/apple/swift-service-context.git
[1/1364] Fetching swift-service-context
Fetched https://github.com/apple/swift-service-context.git (0.97s)
[1/79999] Fetching swift-syntax
Fetched https://github.com/swiftlang/swift-syntax.git (3.35s)
Computing version for https://github.com/apple/swift-service-context.git
Computed https://github.com/apple/swift-service-context.git at 1.3.0 (3.54s)
Computing version for https://github.com/swiftlang/swift-syntax.git
Computed https://github.com/swiftlang/swift-syntax.git at 603.0.2 (1.20s)
Computing version for https://github.com/apple/swift-log.git
Computed https://github.com/apple/swift-log.git at 1.15.1 (0.20s)
Creating working copy for https://github.com/apple/swift-service-context.git
Working copy of https://github.com/apple/swift-service-context.git resolved at 1.3.0
Creating working copy for https://github.com/Frizlab/GlobalConfModule.git
Working copy of https://github.com/Frizlab/GlobalConfModule.git resolved at 0.4.5
Creating working copy for https://github.com/apple/swift-log.git
Working copy of https://github.com/apple/swift-log.git resolved at 1.15.1
Creating working copy for https://github.com/swiftlang/swift-syntax.git
Working copy of https://github.com/swiftlang/swift-syntax.git resolved at 603.0.2
Building for debugging...
[Computing dependencies]
[Constructing description]
[Pre-planning 1 / 739]
[Planning deferred tasks]
[156 / 324] Logging
[177 / 342] SwiftSyntax601
[199 / 342] SwiftSyntax
[201 / 342] ServiceContextModule
[211 / 342] SwiftSyntax603
[216 / 345] ServiceContextModule-product
[220 / 346] SwiftSyntax600
[223 / 347] SwiftSyntax601
[226 / 347] ServiceContextModule-product
[228 / 348] Logging
[232 / 349] SwiftSyntax603
[237 / 349] SwiftSyntax603
[241 / 350] Logging
[247 / 359] SwiftSyntax
[249 / 359] SwiftSyntax
[250 / 360] SwiftSyntax
[251 / 360] Logging
[253 / 360] SwiftSyntax
[265 / 379] SwiftDiagnostics
[266 / 388] SwiftParser
[269 / 388] SwiftDiagnostics
[280 / 388] SwiftParser
[281 / 388] SwiftParser
[284 / 388] SwiftParser
[288 / 388] SwiftParser
[289 / 388] SwiftDiagnostics
[290 / 388] SwiftDiagnostics
[292 / 388] SwiftOperators
[294 / 388] SwiftDiagnostics
[295 / 388] SwiftDiagnostics
[296 / 388] SwiftBasicFormat
[297 / 389] SwiftParserDiagnostics
[300 / 389] SwiftDiagnostics
[302 / 389] SwiftBasicFormat
[303 / 389] SwiftBasicFormat
[306 / 399] SwiftParserDiagnostics
[307 / 399] SwiftParserDiagnostics
[308 / 400] SwiftParserDiagnostics
[308 / 400] SwiftSyntax
[311 / 400] SwiftParserDiagnostics
[315 / 400] SwiftParserDiagnostics
[316 / 400] SwiftSyntaxBuilder
[319 / 401] SwiftParser
[324 / 403]
[327 / 421] SwiftOperators
[328 / 421] SwiftSyntaxBuilder
[329 / 421] SwiftSyntaxBuilder
[330 / 421] SwiftOperators
[332 / 421] SwiftOperators
[338 / 421] SwiftSyntaxBuilder
[345 / 421] SwiftSyntaxBuilder
[346 / 421] SwiftOperators
[349 / 421] SwiftOperators
[351 / 422] SwiftParserDiagnostics
[353 / 422] SwiftParserDiagnostics
[355 / 423] SwiftIfConfig
[357 / 432] SwiftIfConfig
[358 / 432] SwiftIfConfig
[360 / 433] SwiftSyntaxBuilder
[365 / 434] SwiftSyntaxBuilder
[368 / 434] SwiftOperators
[376 / 444] SwiftSyntaxMacros
[377 / 444] SwiftSyntaxMacros
[377 / 444] SwiftIfConfig
[384 / 444] SwiftSyntaxMacros
[387 / 444] SwiftSyntaxMacros
[388 / 445] SwiftSyntaxMacroExpansion
[393 / 454] SwiftSyntaxMacroExpansion
[394 / 454] SwiftSyntaxMacros
[396 / 455] SwiftSyntaxMacroExpansion
[397 / 455] SwiftSyntaxMacroExpansion
[398 / 456] SwiftSyntaxMacros
[405 / 456] SwiftSyntaxMacroExpansion
[408 / 457] SwiftCompilerPluginMessageHandling
[413 / 466] SwiftCompilerPluginMessageHandling
[414 / 466] SwiftCompilerPluginMessageHandling
[415 / 466] SwiftCompilerPluginMessageHandling
[417 / 466] SwiftCompilerPluginMessageHandling
[425 / 469] SwiftCompilerPlugin
[430 / 470] SwiftCompilerPlugin
[432 / 470] SwiftCompilerPluginMessageHandling
[433 / 471] SwiftCompilerPlugin
[434 / 471] SwiftCompilerPluginMessageHandling
[436 / 472] SwiftSyntax
[439 / 473] SwiftSyntax
[446 / 473] SwiftIfConfig
[455 / 474] GlobalConfMacros
[464 / 483] GlobalConfMacros
[466 / 484] GlobalConfMacros
[469 / 484] GlobalConfMacros
[479 / 494] GlobalConfModule
[490 / 500] RetryingOperation
[493 / 501] RetryingOperation
error: SwiftCompile normal wasm32 failed with a nonzero exit code. Command line:     cd /host

/host/spi-builder-workspace/Sources/RetryingOperation/RetryingOperation.swift:365:36: error: cannot find 'DispatchSemaphore' in scope
363 | 	}
364 |
365 | 	private let retryStateSemaphore = DispatchSemaphore(value: 1)
    |                                    `- error: cannot find 'DispatchSemaphore' in scope
366 | 	private let retryQueue = DispatchQueue(label: "Queue for Syncing Retries (for One Retrying Operation)", qos: .utility)
367 |
/host/spi-builder-workspace/Sources/RetryingOperation/RetryingOperation.swift:366:27: error: cannot find 'DispatchQueue' in scope
364 |
365 | 	private let retryStateSemaphore = DispatchSemaphore(value: 1)
366 | 	private let retryQueue = DispatchQueue(label: "Queue for Syncing Retries (for One Retrying Operation)", qos: .utility)
    |                           `- error: cannot find 'DispatchQueue' in scope
367 |
368 | 	/* Only used for synchronous operations. */
/host/spi-builder-workspace/Sources/RetryingOperation/RetryingOperation.swift:102:20: error: property does not override any property from its superclass
100 | 	 By default an `Operation` is synchronous, which, with no modifications on the `isAsynchronous` property, would make a RetryingOperation synchronous by default too.
101 | 	 This is not such a good behavior; we prefer forcing subclassers to explicitely say whether they’re creating a synchronous or an asynchronous operation. */
102 | 	open override var isAsynchronous: Bool {
    |                    `- error: property does not override any property from its superclass
103 | 		fatalError("isAsynchronous is abstract on a RetryingOperation")
104 | 	}
/host/spi-builder-workspace/Sources/RetryingOperation/RetryingOperation.swift:106:29: error: method does not override any method from its superclass
104 | 	}
105 |
106 | 	public final override func start() {
    |                             `- error: method does not override any method from its superclass
107 | 		if !isAsynchronous {super.start()}
108 | 		else {
/host/spi-builder-workspace/Sources/RetryingOperation/RetryingOperation.swift:116:29: error: method does not override any method from its superclass
114 | 	/* Note: The synchronous implementation deserves a little more tests.
115 | 	 *       Currently it is only very lightly tested with a few unit tests. */
116 | 	public final override func main() {
    |                             `- error: method does not override any method from its superclass
117 | 		assert(!isAsynchronous)
118 |
/host/spi-builder-workspace/Sources/RetryingOperation/RetryingOperation.swift:310:22: error: cannot find type 'DispatchSourceTimer' in scope
308 | 		private var hasBeenResumed = false
309 |
310 | 		private let timer: DispatchSourceTimer
    |                      `- error: cannot find type 'DispatchSourceTimer' in scope
311 | 		fileprivate let delay: TimeInterval /* For synchronous operations… */
312 |
/host/spi-builder-workspace/Sources/RetryingOperation/RetryingOperation.swift:450:29: error: method does not override any method from its superclass
448 | 	}
449 |
450 | 	public final override func cancel() {
    |                             `- error: method does not override any method from its superclass
451 | 		super.cancel()
452 | 		guard isAsynchronous else {cancelBaseOperation(); return}
/host/spi-builder-workspace/Sources/RetryingOperation/RetryingOperation.swift:472:28: error: property does not override any property from its superclass
470 | 	private var isBaseOperationRunning = false
471 |
472 | 	public final override var isExecuting: Bool {
    |                            `- error: property does not override any property from its superclass
473 | 		guard isAsynchronous else {return super.isExecuting}
474 |
/host/spi-builder-workspace/Sources/RetryingOperation/RetryingOperation.swift:479:28: error: property does not override any property from its superclass
477 | 	}
478 |
479 | 	public final override var isFinished: Bool {
    |                            `- error: property does not override any property from its superclass
480 | 		guard isAsynchronous else {return super.isFinished}
481 |
/host/spi-builder-workspace/Sources/RetryingOperation/RetryingOperation.swift:80:32: error: cannot find type 'Operation' in scope
 78 |  A solution is to use `RetryableOperationWrapper`.
 79 |  See the doc of this class for more information. */
 80 | open class RetryingOperation : Operation, @unchecked Sendable {
    |                                `- error: cannot find type 'Operation' in scope
 81 |
 82 | 	public var numberOfRetries: Int? {
/host/spi-builder-workspace/Sources/RetryingOperation/RetryingOperation.swift:406:48: error: cannot find 'didChangeValue' in scope
404 | 				let oldStateFinished = oldState.isFinished
405 |
406 | 				if newStateFinished  != oldStateFinished  {didChangeValue(forKey: "isFinished")}
    |                                                `- error: cannot find 'didChangeValue' in scope
407 | 				if newStateExecuting != oldStateExecuting {didChangeValue(forKey: "isExecuting")}
408 | 			}
/host/spi-builder-workspace/Sources/RetryingOperation/RetryingOperation.swift:407:48: error: cannot find 'didChangeValue' in scope
405 |
406 | 				if newStateFinished  != oldStateFinished  {didChangeValue(forKey: "isFinished")}
407 | 				if newStateExecuting != oldStateExecuting {didChangeValue(forKey: "isExecuting")}
    |                                                `- error: cannot find 'didChangeValue' in scope
408 | 			}
409 |
/host/spi-builder-workspace/Sources/RetryingOperation/RetryingOperation.swift:410:4: error: cannot find 'didChangeValue' in scope
408 | 			}
409 |
410 | 			didChangeValue(forKey: "retryingState")
    |    `- error: cannot find 'didChangeValue' in scope
411 | 		}
412 | 	}
/host/spi-builder-workspace/Sources/RetryingOperation/WrappedRetryingOperation.swift:20:38: error: cannot find type 'Operation' in scope
18 |
19 |
20 | public protocol RetryableOperation : Operation {
   |                                      `- error: cannot find type 'Operation' in scope
21 |
22 | 	/* I’d like to add “where T : Self” so that clients of the protocol know ther're given an object kind of class Self,
/host/spi-builder-workspace/Sources/RetryingOperation/WrappedRetryingOperation.swift:64:101: error: cannot find type 'OperationQueue' in scope
62 | 	public let maximumNumberOfRetries: Int
63 |
64 | 	public init(maximumNumberOfRetries maxRetry: Int = -1, baseOperation: T, baseOperationQueue queue: OperationQueue? = nil) {
   |                                                                                                     `- error: cannot find type 'OperationQueue' in scope
65 | 		maximumNumberOfRetries = maxRetry
66 |
/host/spi-builder-workspace/Sources/RetryingOperation/WrappedRetryingOperation.swift:59:33: error: cannot find type 'OperationQueue' in scope
57 |
58 | 	 If `nil` (default), the base operation will not be launched in a queue. */
59 | 	public let baseOperationQueue: OperationQueue?
   |                                 `- error: cannot find type 'OperationQueue' in scope
60 |
61 | 	/** If `< 0`, the operation is retried indefinitely. */
Failed frontend command:
/usr/bin/swift-frontend -frontend -emit-module -experimental-skip-non-inlinable-function-bodies-without-types /host/spi-builder-workspace/Sources/RetryingOperation/RetryHelper.swift /host/spi-builder-workspace/Sources/RetryingOperation/RetryingOperation.swift /host/spi-builder-workspace/Sources/RetryingOperation/RetryingOperationConfig.swift /host/spi-builder-workspace/Sources/RetryingOperation/WrappedRetryingOperation.swift -target wasm32-unknown-wasip1 -disable-objc-interop -sdk /root/.swiftpm/swift-sdks/swift-6.4.x-DEVELOPMENT-SNAPSHOT-2026-09-04-a_wasm.artifactbundle/swift-6.4.x-DEVELOPMENT-SNAPSHOT-2026-09-04-a_wasm/wasm32-unknown-wasip1/WASI.sdk -sysroot /root/.swiftpm/swift-sdks/swift-6.4.x-DEVELOPMENT-SNAPSHOT-2026-09-04-a_wasm.artifactbundle/swift-6.4.x-DEVELOPMENT-SNAPSHOT-2026-09-04-a_wasm/wasm32-unknown-wasip1/WASI.sdk -I /host/spi-builder-workspace/.build/out/Products/Debug-webassembly-wasm32 -module-cache-path /host/spi-builder-workspace/.build/out/ModuleCache.noindex -color-diagnostics -Xcc -fcolor-diagnostics -enable-testing -g -debug-info-format\=dwarf -dwarf-version\=4 -swift-version 5 -Onone -D SWIFT_PACKAGE -D DEBUG -D SWIFT_MODULE_RESOURCE_BUNDLE_UNAVAILABLE -D Xcode -serialize-debugging-options -load-plugin-executable /host/spi-builder-workspace/.build/out/Products/Debug-linux-x86_64/GlobalConfMacros\#GlobalConfMacros -enable-experimental-feature StrictConcurrency -enable-experimental-feature DebugDescriptionMacro -empty-abi-descriptor -external-plugin-path /usr/lib/swift/host/plugins/testing\#/usr/bin/swift-plugin-server -validate-clang-modules-once -clang-build-session-file /host/spi-builder-workspace/.build/out/ModuleCache.noindex/Session.modulevalidation -Xcc -working-directory -Xcc /host -resource-dir /root/.swiftpm/swift-sdks/swift-6.4.x-DEVELOPMENT-SNAPSHOT-2026-09-04-a_wasm.artifactbundle/swift-6.4.x-DEVELOPMENT-SNAPSHOT-2026-09-04-a_wasm/wasm32-unknown-wasip1/swift.xctoolchain/usr/lib/swift_static -use-static-resource-dir -enable-anonymous-context-mangled-names -file-compilation-dir /host -Xcc -resource-dir -Xcc /root/.swiftpm/swift-sdks/swift-6.4.x-DEVELOPMENT-SNAPSHOT-2026-09-04-a_wasm.artifactbundle/swift-6.4.x-DEVELOPMENT-SNAPSHOT-2026-09-04-a_wasm/wasm32-unknown-wasip1/swift.xctoolchain/usr/lib/swift_static/clang -Xcc -D_LIBCPP_HARDENING_MODE\=_LIBCPP_HARDENING_MODE_DEBUG -Xcc -fmodules-prune-interval\=86400 -Xcc -fmodules-prune-after\=345600 -Xcc -I/host/spi-builder-workspace/.build/out/Products/Debug-webassembly-wasm32/include -Xcc -I/host/spi-builder-workspace/.build/out/Intermediates.noindex/RetryingOperation.build/Debug-webassembly-wasm32/RetryingOperation-t.build/DerivedSources-normal/wasm32 -Xcc -I/host/spi-builder-workspace/.build/out/Intermediates.noindex/RetryingOperation.build/Debug-webassembly-wasm32/RetryingOperation-t.build/DerivedSources/wasm32 -Xcc -I/host/spi-builder-workspace/.build/out/Intermediates.noindex/RetryingOperation.build/Debug-webassembly-wasm32/RetryingOperation-t.build/DerivedSources -Xcc -DSWIFT_PACKAGE -Xcc -DDEBUG\=1 -no-auto-bridging-header-chaining -module-name RetryingOperation -const-gather-protocols-file /host/spi-builder-workspace/.build/out/Intermediates.noindex/RetryingOperation.build/Debug-webassembly-wasm32/RetryingOperation-t.build/Objects-normal/wasm32/RetryingOperation_const_extract_protocols.json -in-process-plugin-server-path /usr/lib/swift/host/libSwiftInProcPluginServer.so -plugin-path /usr/lib/swift/host/plugins -plugin-path /usr/local/lib/swift/host/plugins -emit-module-doc-path /host/spi-builder-workspace/.build/out/Intermediates.noindex/RetryingOperation.build/Debug-webassembly-wasm32/RetryingOperation-t.build/Objects-normal/wasm32/Modules/RetryingOperation.swiftdoc -emit-module-source-info-path /host/spi-builder-workspace/.build/out/Intermediates.noindex/RetryingOperation.build/Debug-webassembly-wasm32/RetryingOperation-t.build/Objects-normal/wasm32/Modules/RetryingOperation.swiftsourceinfo -emit-objc-header-path /host/spi-builder-workspace/.build/out/Intermediates.noindex/RetryingOperation.build/Debug-webassembly-wasm32/RetryingOperation-t.build/Objects-normal/wasm32/RetryingOperation-Swift.h -serialize-diagnostics-path /host/spi-builder-workspace/.build/out/Intermediates.noindex/RetryingOperation.build/Debug-webassembly-wasm32/RetryingOperation-t.build/Objects-normal/wasm32/RetryingOperation-primary-emit-module.dia -emit-dependencies-path /host/spi-builder-workspace/.build/out/Intermediates.noindex/RetryingOperation.build/Debug-webassembly-wasm32/RetryingOperation-t.build/Objects-normal/wasm32/RetryingOperation-primary-emit-module.d -parse-as-library -o /host/spi-builder-workspace/.build/out/Intermediates.noindex/RetryingOperation.build/Debug-webassembly-wasm32/RetryingOperation-t.build/Objects-normal/wasm32/Modules/RetryingOperation.swiftmodule
error: Build failed
BUILD FAILURE 6.4 wasm