The Swift Package Index logo.Swift Package Index

Build Information

Failed to build GampKit, reference 0.2.0 (2d4fd0), with Swift 6.4 for Wasm on 18 Sep 2026 00:45:06 UTC.

Build Command

bash -c docker run --pull=always --rm -v "checkouts-54344847-0":/host -w "$PWD" -e JAVA_HOME="/root/.sdkman/candidates/java/current" -e SPI_BUILD="1" -e SPI_PROCESSING="1" registry.gitlab.com/saguaro1/spi-images:wasm-6.4-latest swift build --swift-sdk swift-6.4.x-DEVELOPMENT-SNAPSHOT-2026-09-04-a_wasm 2>&1

Build Log

========================================
RunAll
========================================
Builder version: 5.1.0
Interrupt handler set up.
========================================
Checkout
========================================
Clone URL: https://github.com/brightdigit/GampKit.git
Reference: 0.2.0
Initialized empty Git repository in /host/spi-builder-workspace/.git/
hint: Using 'master' as the name for the initial branch. This default branch name
hint: is subject to change. To configure the initial branch name to use in all
hint: of your new repositories, which will suppress this warning, call:
hint:
hint: 	git config --global init.defaultBranch <name>
hint:
hint: Names commonly chosen instead of 'master' are 'main', 'trunk' and
hint: 'development'. The just-created branch can be renamed via this command:
hint:
hint: 	git branch -m <name>
From https://github.com/brightdigit/GampKit
 * tag               0.2.0      -> FETCH_HEAD
HEAD is now at 2d4fd07 Version 0.2.0
Cloned https://github.com/brightdigit/GampKit.git
Revision (git rev-parse @):
2d4fd07d18173507d8c48a2927b47a7671328ffe
SUCCESS checkout https://github.com/brightdigit/GampKit.git at 0.2.0
========================================
Build
========================================
Selected platform:         wasm
Swift version:             6.4
Building package at path:  $PWD
https://github.com/brightdigit/GampKit.git
Running build ...
bash -c docker run --pull=always --rm -v "checkouts-54344847-0":/host -w "$PWD" -e JAVA_HOME="/root/.sdkman/candidates/java/current" -e SPI_BUILD="1" -e SPI_PROCESSING="1" registry.gitlab.com/saguaro1/spi-images:wasm-6.4-latest swift build --swift-sdk swift-6.4.x-DEVELOPMENT-SNAPSHOT-2026-09-04-a_wasm 2>&1
wasm-6.4-latest: Pulling from saguaro1/spi-images
Digest: sha256:4328fdb43c680d205c1d6761b1e3267aa38277eefdda9ddfb17b6a0f1a77857a
Status: Image is up to date for registry.gitlab.com/saguaro1/spi-images:wasm-6.4-latest
Building for debugging...
[Planning deferred tasks]
error: SwiftCompile normal wasm32 failed with a nonzero exit code. Command line:     cd /host

/host/spi-builder-workspace/Sources/GampKit/Controllers/AnalyticsURLSession.swift:8:34: error: cannot find type 'URLRequest' in scope
 6 |
 7 | public struct AnalyticsURLSession: Session {
 8 |   public typealias RequestType = URLRequest
   |                                  `- error: cannot find type 'URLRequest' in scope
 9 |
10 |   /**
/host/spi-builder-workspace/Sources/GampKit/Controllers/AnalyticsURLSession.swift:18:27: error: cannot find type 'URLRequest' in scope
16 |    Cache policy for URLRequest.
17 |    */
18 |   public let cachePolicy: URLRequest.CachePolicy
   |                           `- error: cannot find type 'URLRequest' in scope
19 |
20 |   /**
/host/spi-builder-workspace/Sources/GampKit/Protocols/URLSessionable.swift:15:31: error: cannot find type 'URLRequest' in scope
13 |    - Returns: The URLSession Task.
14 |    */
15 |   func dataTask(with request: URLRequest,
   |                               `- error: cannot find type 'URLRequest' in scope
16 |                 decodeWith decoder: AnalyticsResultDecoderProtocol,
17 |                 _ completion: @escaping (AnalyticsResult) -> Void) -> URLSessionableDataTask
/host/spi-builder-workspace/Sources/GampKit/Controllers/AnalyticsURLSession.swift:41:28: error: cannot find type 'URLRequest' in scope
39 |    */
40 |   public init(url: URL? = nil,
41 |               cachePolicy: URLRequest.CachePolicy? = nil,
   |                            `- error: cannot find type 'URLRequest' in scope
42 |               session: URLSessionable? = nil,
43 |               timeoutInterval: TimeInterval? = nil,
/host/spi-builder-workspace/Sources/GampKit/Controllers/AnalyticsURLSession.swift:55:28: error: cannot find type 'URLRequest' in scope
53 |    Creates the URLRequest.
54 |    */
55 |   public func request() -> URLRequest {
   |                            `- error: cannot find type 'URLRequest' in scope
56 |     var request = URLRequest(url: url, cachePolicy: cachePolicy, timeoutInterval: timeoutInterval)
57 |     request.httpMethod = "POST"
/host/spi-builder-workspace/Sources/GampKit/Controllers/AnalyticsURLSession.swift:67:30: error: cannot find type 'URLRequest' in scope
65 |      - completion: Callback to call when the request is finished.
66 |    */
67 |   public func begin(request: URLRequest, _ completion: @escaping ((AnalyticsResult) -> Void)) {
   |                              `- error: cannot find type 'URLRequest' in scope
68 |     session.dataTask(with: request, decodeWith: resultDecoder, completion).resume()
69 |   }
/host/spi-builder-workspace/Sources/GampKit/Controllers/AnalyticsURLSession.swift:7:15: error: type 'AnalyticsURLSession' does not conform to protocol 'Session'
 5 | #endif
 6 |
 7 | public struct AnalyticsURLSession: Session {
   |               |- error: type 'AnalyticsURLSession' does not conform to protocol 'Session'
   |               `- note: add stubs for conformance
 8 |   public typealias RequestType = URLRequest
 9 |
/host/spi-builder-workspace/Sources/GampKit/Protocols/Session.swift:10:18: note: protocol requires nested type 'RequestType'
 8 |  */
 9 | public protocol Session {
10 |   associatedtype RequestType: Request
   |                  `- note: protocol requires nested type 'RequestType'
11 |   /**
12 |    Creates the URLRequest.
/host/spi-builder-workspace/Sources/GampKit/Extensions/NSException.swift:4:13: error: cannot find type 'NSException' in scope
 2 |
 3 | #if !os(Linux)
 4 |   extension NSException: AnalyticsExceptionProtocol, Error {
   |             `- error: cannot find type 'NSException' in scope
 5 |     public var error: Error {
 6 |       self
/host/spi-builder-workspace/Sources/GampKit/Extensions/URLRequest.swift:7:11: error: cannot find type 'URLRequest' in scope
 5 | #endif
 6 |
 7 | extension URLRequest: Request {
   |           `- error: cannot find type 'URLRequest' in scope
 8 |   public var body: Data? {
 9 |     get {
/host/spi-builder-workspace/Sources/GampKit/Extensions/URLSession.swift:6:1: error: non-nominal type 'URLSession' (aka 'AnyObject') cannot be extended [#]8;;https://docs.swift.org/compiler/documentation/diagnostics/nominal-types\NominalTypes]8;;\]
 4 | #endif
 5 |
 6 | extension URLSession: URLSessionable {
   | `- error: non-nominal type 'URLSession' (aka 'AnyObject') cannot be extended [#]8;;https://docs.swift.org/compiler/documentation/diagnostics/nominal-types\NominalTypes]8;;\]
 7 |   public func dataTask(with request: URLRequest,
 8 |                        decodeWith decoder: AnalyticsResultDecoderProtocol,
/host/spi-builder-workspace/Sources/GampKit/Extensions/URLSessionDataTask.swift:6:1: error: non-nominal type 'URLSessionDataTask' (aka 'AnyObject') cannot be extended [#]8;;https://docs.swift.org/compiler/documentation/diagnostics/nominal-types\NominalTypes]8;;\]
4 | #endif
5 |
6 | extension URLSessionDataTask: URLSessionableDataTask {}
  | `- error: non-nominal type 'URLSessionDataTask' (aka 'AnyObject') cannot be extended [#]8;;https://docs.swift.org/compiler/documentation/diagnostics/nominal-types\NominalTypes]8;;\]
7 |
[#NominalTypes]: <https://docs.swift.org/compiler/documentation/diagnostics/nominal-types>
Failed frontend command:
/usr/bin/swift-frontend -frontend -emit-module -experimental-skip-non-inlinable-function-bodies-without-types /host/spi-builder-workspace/Sources/GampKit/Controllers/AnalyticsParameterEncoder.swift /host/spi-builder-workspace/Sources/GampKit/Controllers/AnalyticsRequestBuilder.swift /host/spi-builder-workspace/Sources/GampKit/Controllers/AnalyticsResultDecoder.swift /host/spi-builder-workspace/Sources/GampKit/Controllers/AnalyticsSessionManager.swift /host/spi-builder-workspace/Sources/GampKit/Controllers/AnalyticsTracker.swift /host/spi-builder-workspace/Sources/GampKit/Controllers/AnalyticsURLSession.swift /host/spi-builder-workspace/Sources/GampKit/Extensions/NSException.swift /host/spi-builder-workspace/Sources/GampKit/Extensions/URLRequest.swift /host/spi-builder-workspace/Sources/GampKit/Extensions/URLSession.swift /host/spi-builder-workspace/Sources/GampKit/Extensions/URLSessionDataTask.swift /host/spi-builder-workspace/Sources/GampKit/Models/AnalyticsConfiguration.swift /host/spi-builder-workspace/Sources/GampKit/Models/AnalyticsEvent.swift /host/spi-builder-workspace/Sources/GampKit/Models/AnalyticsException.swift /host/spi-builder-workspace/Sources/GampKit/Models/AnalyticsHitParserMessage.swift /host/spi-builder-workspace/Sources/GampKit/Models/AnalyticsHitParserMessageType.swift /host/spi-builder-workspace/Sources/GampKit/Models/AnalyticsHitParsingResult.swift /host/spi-builder-workspace/Sources/GampKit/Models/AnalyticsHitType.swift /host/spi-builder-workspace/Sources/GampKit/Models/AnalyticsParameterDictionary.swift /host/spi-builder-workspace/Sources/GampKit/Models/AnalyticsParameterKey.swift /host/spi-builder-workspace/Sources/GampKit/Models/AnalyticsResult.swift /host/spi-builder-workspace/Sources/GampKit/Models/AnalyticsTiming.swift /host/spi-builder-workspace/Sources/GampKit/Models/AnalyticsURLs.swift /host/spi-builder-workspace/Sources/GampKit/Models/AnalyticsValidation.swift /host/spi-builder-workspace/Sources/GampKit/Models/StringEncodingError.swift /host/spi-builder-workspace/Sources/GampKit/Protocols/AnalyticsConfigurationProtocol.swift /host/spi-builder-workspace/Sources/GampKit/Protocols/AnalyticsEventProtocol.swift /host/spi-builder-workspace/Sources/GampKit/Protocols/AnalyticsExceptionProtocol.swift /host/spi-builder-workspace/Sources/GampKit/Protocols/AnalyticsParameterEncoderProtocol.swift /host/spi-builder-workspace/Sources/GampKit/Protocols/AnalyticsParameterable.swift /host/spi-builder-workspace/Sources/GampKit/Protocols/AnalyticsRequestBuilderProtocol.swift /host/spi-builder-workspace/Sources/GampKit/Protocols/AnalyticsResultDecoderProtocol.swift /host/spi-builder-workspace/Sources/GampKit/Protocols/AnalyticsSessionManagerProtocol.swift /host/spi-builder-workspace/Sources/GampKit/Protocols/AnalyticsTimingProtocol.swift /host/spi-builder-workspace/Sources/GampKit/Protocols/AnalyticsTrackable.swift /host/spi-builder-workspace/Sources/GampKit/Protocols/AnalyticsTrackerProtocol.swift /host/spi-builder-workspace/Sources/GampKit/Protocols/Request.swift /host/spi-builder-workspace/Sources/GampKit/Protocols/Session.swift /host/spi-builder-workspace/Sources/GampKit/Protocols/URLSessionable.swift /host/spi-builder-workspace/Sources/GampKit/Protocols/URLSessionableDataTask.swift -target wasm32-unknown-wasip1 -disable-objc-interop -sdk /root/.swiftpm/swift-sdks/swift-6.4.x-DEVELOPMENT-SNAPSHOT-2026-09-04-a_wasm.artifactbundle/swift-6.4.x-DEVELOPMENT-SNAPSHOT-2026-09-04-a_wasm/wasm32-unknown-wasip1/WASI.sdk -sysroot /root/.swiftpm/swift-sdks/swift-6.4.x-DEVELOPMENT-SNAPSHOT-2026-09-04-a_wasm.artifactbundle/swift-6.4.x-DEVELOPMENT-SNAPSHOT-2026-09-04-a_wasm/wasm32-unknown-wasip1/WASI.sdk -I /host/spi-builder-workspace/.build/out/Products/Debug-webassembly-wasm32 -module-cache-path /host/spi-builder-workspace/.build/out/ModuleCache.noindex -color-diagnostics -Xcc -fcolor-diagnostics -enable-testing -g -debug-info-format\=dwarf -dwarf-version\=4 -swift-version 5 -Onone -D SWIFT_PACKAGE -D DEBUG -D SWIFT_MODULE_RESOURCE_BUNDLE_UNAVAILABLE -D Xcode -serialize-debugging-options -enable-experimental-feature DebugDescriptionMacro -empty-abi-descriptor -external-plugin-path /usr/lib/swift/host/plugins/testing\#/usr/bin/swift-plugin-server -validate-clang-modules-once -clang-build-session-file /host/spi-builder-workspace/.build/out/ModuleCache.noindex/Session.modulevalidation -Xcc -working-directory -Xcc /host -resource-dir /root/.swiftpm/swift-sdks/swift-6.4.x-DEVELOPMENT-SNAPSHOT-2026-09-04-a_wasm.artifactbundle/swift-6.4.x-DEVELOPMENT-SNAPSHOT-2026-09-04-a_wasm/wasm32-unknown-wasip1/swift.xctoolchain/usr/lib/swift_static -use-static-resource-dir -enable-anonymous-context-mangled-names -file-compilation-dir /host -Xcc -resource-dir -Xcc /root/.swiftpm/swift-sdks/swift-6.4.x-DEVELOPMENT-SNAPSHOT-2026-09-04-a_wasm.artifactbundle/swift-6.4.x-DEVELOPMENT-SNAPSHOT-2026-09-04-a_wasm/wasm32-unknown-wasip1/swift.xctoolchain/usr/lib/swift_static/clang -Xcc -D_LIBCPP_HARDENING_MODE\=_LIBCPP_HARDENING_MODE_DEBUG -Xcc -fmodules-prune-interval\=86400 -Xcc -fmodules-prune-after\=345600 -Xcc -I/host/spi-builder-workspace/.build/out/Products/Debug-webassembly-wasm32/include -Xcc -I/host/spi-builder-workspace/.build/out/Intermediates.noindex/GampKit.build/Debug-webassembly-wasm32/GampKit-t.build/DerivedSources-normal/wasm32 -Xcc -I/host/spi-builder-workspace/.build/out/Intermediates.noindex/GampKit.build/Debug-webassembly-wasm32/GampKit-t.build/DerivedSources/wasm32 -Xcc -I/host/spi-builder-workspace/.build/out/Intermediates.noindex/GampKit.build/Debug-webassembly-wasm32/GampKit-t.build/DerivedSources -Xcc -DSWIFT_PACKAGE -Xcc -DDEBUG\=1 -no-auto-bridging-header-chaining -module-name GampKit -const-gather-protocols-file /host/spi-builder-workspace/.build/out/Intermediates.noindex/GampKit.build/Debug-webassembly-wasm32/GampKit-t.build/Objects-normal/wasm32/GampKit_const_extract_protocols.json -in-process-plugin-server-path /usr/lib/swift/host/libSwiftInProcPluginServer.so -plugin-path /usr/lib/swift/host/plugins -plugin-path /usr/local/lib/swift/host/plugins -emit-module-doc-path /host/spi-builder-workspace/.build/out/Intermediates.noindex/GampKit.build/Debug-webassembly-wasm32/GampKit-t.build/Objects-normal/wasm32/Modules/GampKit.swiftdoc -emit-module-source-info-path /host/spi-builder-workspace/.build/out/Intermediates.noindex/GampKit.build/Debug-webassembly-wasm32/GampKit-t.build/Objects-normal/wasm32/Modules/GampKit.swiftsourceinfo -emit-objc-header-path /host/spi-builder-workspace/.build/out/Intermediates.noindex/GampKit.build/Debug-webassembly-wasm32/GampKit-t.build/Objects-normal/wasm32/GampKit-Swift.h -serialize-diagnostics-path /host/spi-builder-workspace/.build/out/Intermediates.noindex/GampKit.build/Debug-webassembly-wasm32/GampKit-t.build/Objects-normal/wasm32/GampKit-primary-emit-module.dia -emit-dependencies-path /host/spi-builder-workspace/.build/out/Intermediates.noindex/GampKit.build/Debug-webassembly-wasm32/GampKit-t.build/Objects-normal/wasm32/GampKit-primary-emit-module.d -parse-as-library -o /host/spi-builder-workspace/.build/out/Intermediates.noindex/GampKit.build/Debug-webassembly-wasm32/GampKit-t.build/Objects-normal/wasm32/Modules/GampKit.swiftmodule
error: Build failed
BUILD FAILURE 6.4 wasm