Build Information
Failed to build SwiftlierUIKit, reference master (393bf7), with Swift 6.4 for visionOS using Xcode 27.0 on 17 Sep 2026 09:33:10 UTC.
Build Command
env DEVELOPER_DIR=/Applications/Xcode-27.0.0-Release.Candidate.app xcrun xcodebuild -IDEClonedSourcePackagesDirPathOverride=$PWD/.dependencies -skipMacroValidation -skipPackagePluginValidation -derivedDataPath $PWD/.derivedData build -scheme SwiftlierUIKit -destination generic/platform=xrOSBuild Log
cd /Users/admin/builder/spi-builder-workspace
write-file /Users/admin/builder/spi-builder-workspace/.derivedData/Build/Intermediates.noindex/SwiftlierUIKit.build/Debug-xros/SwiftlierUIKit-t.build/Objects-normal/arm64/SwiftlierUIKit.SwiftFileList
WriteAuxiliaryFile /Users/admin/builder/spi-builder-workspace/.derivedData/Build/Intermediates.noindex/SwiftlierUIKit.build/Debug-xros/SwiftlierUIKit-t.build/Objects-normal/arm64/SwiftlierUIKit.SwiftConstValuesFileList (in target 'SwiftlierUIKit' from project 'SwiftlierUIKit')
cd /Users/admin/builder/spi-builder-workspace
write-file /Users/admin/builder/spi-builder-workspace/.derivedData/Build/Intermediates.noindex/SwiftlierUIKit.build/Debug-xros/SwiftlierUIKit-t.build/Objects-normal/arm64/SwiftlierUIKit.SwiftConstValuesFileList
WriteAuxiliaryFile /Users/admin/builder/spi-builder-workspace/.derivedData/Build/Intermediates.noindex/SwiftlierUIKit.build/Debug-xros/SwiftlierUIKit-t.build/Objects-normal/arm64/SwiftlierUIKit.LinkFileList (in target 'SwiftlierUIKit' from project 'SwiftlierUIKit')
cd /Users/admin/builder/spi-builder-workspace
write-file /Users/admin/builder/spi-builder-workspace/.derivedData/Build/Intermediates.noindex/SwiftlierUIKit.build/Debug-xros/SwiftlierUIKit-t.build/Objects-normal/arm64/SwiftlierUIKit.LinkFileList
WriteAuxiliaryFile /Users/admin/builder/spi-builder-workspace/.derivedData/Build/Intermediates.noindex/SwiftlierUIKit.build/Debug-xros/SwiftlierUIKit-t.build/Objects-normal/arm64/SwiftlierUIKit-OutputFileMap.json (in target 'SwiftlierUIKit' from project 'SwiftlierUIKit')
cd /Users/admin/builder/spi-builder-workspace
write-file /Users/admin/builder/spi-builder-workspace/.derivedData/Build/Intermediates.noindex/SwiftlierUIKit.build/Debug-xros/SwiftlierUIKit-t.build/Objects-normal/arm64/SwiftlierUIKit-OutputFileMap.json
WriteAuxiliaryFile /Users/admin/builder/spi-builder-workspace/.derivedData/Build/Intermediates.noindex/Swiftlier.build/Debug-xros/Swiftlier-t.build/Swiftlier.DependencyStaticMetadataFileList (in target 'Swiftlier' from project 'Swiftlier')
cd /Users/admin/builder/spi-builder-workspace/.dependencies/checkouts/Swiftlier
write-file /Users/admin/builder/spi-builder-workspace/.derivedData/Build/Intermediates.noindex/Swiftlier.build/Debug-xros/Swiftlier-t.build/Swiftlier.DependencyStaticMetadataFileList
WriteAuxiliaryFile /Users/admin/builder/spi-builder-workspace/.derivedData/Build/Intermediates.noindex/Swiftlier.build/Debug-xros/Swiftlier-t.build/Swiftlier.DependencyMetadataFileList (in target 'Swiftlier' from project 'Swiftlier')
cd /Users/admin/builder/spi-builder-workspace/.dependencies/checkouts/Swiftlier
write-file /Users/admin/builder/spi-builder-workspace/.derivedData/Build/Intermediates.noindex/Swiftlier.build/Debug-xros/Swiftlier-t.build/Swiftlier.DependencyMetadataFileList
Copy /Users/admin/builder/spi-builder-workspace/.derivedData/Build/Intermediates.noindex/GeneratedModuleMaps-xros/SwiftlierUIKit.modulemap /Users/admin/builder/spi-builder-workspace/.derivedData/Build/Intermediates.noindex/SwiftlierUIKit.build/Debug-xros/SwiftlierUIKit-t.build/SwiftlierUIKit.modulemap (in target 'SwiftlierUIKit' from project 'SwiftlierUIKit')
cd /Users/admin/builder/spi-builder-workspace
builtin-copy -exclude .DS_Store -exclude CVS -exclude .svn -exclude .git -exclude .hg -resolve-src-symlinks /Users/admin/builder/spi-builder-workspace/.derivedData/Build/Intermediates.noindex/SwiftlierUIKit.build/Debug-xros/SwiftlierUIKit-t.build/SwiftlierUIKit.modulemap /Users/admin/builder/spi-builder-workspace/.derivedData/Build/Intermediates.noindex/GeneratedModuleMaps-xros
WriteAuxiliaryFile /Users/admin/builder/spi-builder-workspace/.derivedData/Build/Intermediates.noindex/Swiftlier.build/Debug-xros/Swiftlier-t.build/Objects-normal/arm64/Swiftlier.SwiftFileList (in target 'Swiftlier' from project 'Swiftlier')
cd /Users/admin/builder/spi-builder-workspace/.dependencies/checkouts/Swiftlier
write-file /Users/admin/builder/spi-builder-workspace/.derivedData/Build/Intermediates.noindex/Swiftlier.build/Debug-xros/Swiftlier-t.build/Objects-normal/arm64/Swiftlier.SwiftFileList
Copy /Users/admin/builder/spi-builder-workspace/.derivedData/Build/Intermediates.noindex/GeneratedModuleMaps-xros/Swiftlier.modulemap /Users/admin/builder/spi-builder-workspace/.derivedData/Build/Intermediates.noindex/Swiftlier.build/Debug-xros/Swiftlier-t.build/Swiftlier.modulemap (in target 'Swiftlier' from project 'Swiftlier')
cd /Users/admin/builder/spi-builder-workspace/.dependencies/checkouts/Swiftlier
builtin-copy -exclude .DS_Store -exclude CVS -exclude .svn -exclude .git -exclude .hg -resolve-src-symlinks /Users/admin/builder/spi-builder-workspace/.derivedData/Build/Intermediates.noindex/Swiftlier.build/Debug-xros/Swiftlier-t.build/Swiftlier.modulemap /Users/admin/builder/spi-builder-workspace/.derivedData/Build/Intermediates.noindex/GeneratedModuleMaps-xros
SwiftDriver Swiftlier normal arm64 com.apple.xcode.tools.swift.compiler (in target 'Swiftlier' from project 'Swiftlier')
cd /Users/admin/builder/spi-builder-workspace/.swiftpm/xcode
builtin-SwiftDriver -- /Applications/Xcode-27.0.0-Release.Candidate.app/Contents/Developer/Toolchains/XcodeDefault.xctoolchain/usr/bin/swiftc -parse-as-library -module-name Swiftlier -Onone @/Users/admin/builder/spi-builder-workspace/.derivedData/Build/Intermediates.noindex/Swiftlier.build/Debug-xros/Swiftlier-t.build/Objects-normal/arm64/Swiftlier.SwiftFileList -DSWIFT_PACKAGE -DDEBUG -DSWIFT_MODULE_RESOURCE_BUNDLE_UNAVAILABLE -DXcode -plugin-path /Applications/Xcode-27.0.0-Release.Candidate.app/Contents/Developer/Toolchains/XcodeDefault.xctoolchain/usr/lib/swift/host/plugins/testing -enable-experimental-feature DebugDescriptionMacro -sdk /Applications/Xcode-27.0.0-Release.Candidate.app/Contents/Developer/Platforms/XROS.platform/Developer/SDKs/XROS27.0.sdk -target arm64-apple-xros1.0 -g -module-cache-path /Users/admin/builder/spi-builder-workspace/.derivedData/ModuleCache.noindex -Xfrontend -serialize-debugging-options -profile-coverage-mapping -profile-generate -enable-testing -suppress-warnings -index-store-path /Users/admin/builder/spi-builder-workspace/.derivedData/Index.noindex/DataStore -Xcc -D_LIBCPP_HARDENING_MODE\=_LIBCPP_HARDENING_MODE_DEBUG -swift-version 5 -I /Users/admin/builder/spi-builder-workspace/.derivedData/Build/Products/Debug-xros -Isystem /Applications/Xcode-27.0.0-Release.Candidate.app/Contents/Developer/Platforms/XROS.platform/Developer/usr/lib -F /Users/admin/builder/spi-builder-workspace/.derivedData/Build/Products/Debug-xros -F /Applications/Xcode-27.0.0-Release.Candidate.app/Contents/Developer/Platforms/XROS.platform/Developer/Library/Frameworks -F /Applications/Xcode-27.0.0-Release.Candidate.app/Contents/Developer/Platforms/XROS.platform/Developer/SDKs/XROS27.0.sdk/Developer/Library/Frameworks -c -j10 -enable-batch-mode -incremental -Xcc -ivfsstatcache -Xcc /Users/admin/builder/spi-builder-workspace/.derivedData/SDKStatCaches.noindex/xros27.0-24M361-e829b21a6f8c9b70876ba0858053c044735bd543db762f57723cac368afd1ce4.sdkstatcache -output-file-map /Users/admin/builder/spi-builder-workspace/.derivedData/Build/Intermediates.noindex/Swiftlier.build/Debug-xros/Swiftlier-t.build/Objects-normal/arm64/Swiftlier-OutputFileMap.json -save-temps -no-color-diagnostics -explicit-module-build -module-cache-path /Users/admin/builder/spi-builder-workspace/.derivedData/Build/Intermediates.noindex/SwiftExplicitPrecompiledModules -clang-scanner-module-cache-path /Users/admin/builder/spi-builder-workspace/.derivedData/ModuleCache.noindex -sdk-module-cache-path /Users/admin/builder/spi-builder-workspace/.derivedData/SDKExplicitPrecompiledModules -emit-dependencies -emit-module -emit-module-path /Users/admin/builder/spi-builder-workspace/.derivedData/Build/Intermediates.noindex/Swiftlier.build/Debug-xros/Swiftlier-t.build/Objects-normal/arm64/Swiftlier.swiftmodule -serialize-diagnostics -dependency-scan-serialize-diagnostics-path /Users/admin/builder/spi-builder-workspace/.derivedData/Build/Intermediates.noindex/Swiftlier.build/Debug-xros/Swiftlier-t.build/Objects-normal/arm64/Swiftlier-dependency-scan.dia -validate-clang-modules-once -clang-build-session-file /Users/admin/builder/spi-builder-workspace/.derivedData/ModuleCache.noindex/Session.modulevalidation -Xcc -fmodules-prune-interval\=86400 -Xcc -fmodules-prune-after\=345600 -emit-const-values -const-gather-protocols-list /Users/admin/builder/spi-builder-workspace/.derivedData/Build/Intermediates.noindex/Swiftlier.build/Debug-xros/Swiftlier-t.build/Objects-normal/arm64/Swiftlier_const_extract_protocols.json -Xcc -I/Users/admin/builder/spi-builder-workspace/.derivedData/Build/Products/Debug-xros/include -Xcc -I/Users/admin/builder/spi-builder-workspace/.derivedData/Build/Intermediates.noindex/Swiftlier.build/Debug-xros/Swiftlier-t.build/DerivedSources-normal/arm64 -Xcc -I/Users/admin/builder/spi-builder-workspace/.derivedData/Build/Intermediates.noindex/Swiftlier.build/Debug-xros/Swiftlier-t.build/DerivedSources/arm64 -Xcc -I/Users/admin/builder/spi-builder-workspace/.derivedData/Build/Intermediates.noindex/Swiftlier.build/Debug-xros/Swiftlier-t.build/DerivedSources -Xcc -DSWIFT_PACKAGE -Xcc -DDEBUG\=1 -emit-objc-header -emit-objc-header-path /Users/admin/builder/spi-builder-workspace/.derivedData/Build/Intermediates.noindex/Swiftlier.build/Debug-xros/Swiftlier-t.build/Objects-normal/arm64/Swiftlier-Swift.h -working-directory /Users/admin/builder/spi-builder-workspace/.swiftpm/xcode -experimental-emit-module-separately -disable-cmo
SwiftExplicitDependencyGeneratePcm arm64 /Users/admin/builder/spi-builder-workspace/.derivedData/SDKExplicitPrecompiledModules/SwiftShims-CI4H5RO9IYFFWQ2COB512Q2S9.pcm
SwiftExplicitDependencyGeneratePcm arm64 /Users/admin/builder/spi-builder-workspace/.derivedData/SDKExplicitPrecompiledModules/_Builtin_stdarg-CDA349K2K4US766844K8E0PVA.pcm
SwiftExplicitDependencyGeneratePcm arm64 /Users/admin/builder/spi-builder-workspace/.derivedData/SDKExplicitPrecompiledModules/_Builtin_stddef-5NQ9Z1GV07GBSRQGAQCGXGVRI.pcm
SwiftExplicitDependencyGeneratePcm arm64 /Users/admin/builder/spi-builder-workspace/.derivedData/SDKExplicitPrecompiledModules/ptrcheck-BXA97MNLI4BB0HF5I8MJE403D.pcm
SwiftExplicitDependencyGeneratePcm arm64 /Users/admin/builder/spi-builder-workspace/.derivedData/SDKExplicitPrecompiledModules/_Builtin_float-6WKHNW5S40U2QGHXXGETUDIRA.pcm
SwiftExplicitDependencyGeneratePcm arm64 /Users/admin/builder/spi-builder-workspace/.derivedData/SDKExplicitPrecompiledModules/_AvailabilityInternal-1Q8IQP6M38UWSGZ95UCEY2M44.pcm
SwiftExplicitDependencyGeneratePcm arm64 /Users/admin/builder/spi-builder-workspace/.derivedData/SDKExplicitPrecompiledModules/_Builtin_stdbool-5BU2ADS7JXQMYENKQHW9X8XOU.pcm
SwiftExplicitDependencyGeneratePcm arm64 /Users/admin/builder/spi-builder-workspace/.derivedData/SDKExplicitPrecompiledModules/ptrauth-1WBA714DZSVUL5JQDJ08CLKZ.pcm
SwiftExplicitDependencyGeneratePcm arm64 /Users/admin/builder/spi-builder-workspace/.derivedData/SDKExplicitPrecompiledModules/_SwiftConcurrencyShims-C8XHKSHX96D5YYALNM4W70Z0O.pcm
SwiftExplicitDependencyGeneratePcm arm64 /Users/admin/builder/spi-builder-workspace/.derivedData/SDKExplicitPrecompiledModules/_DarwinFoundation1-5RGRVV2TZ6WC4WZW5IXF8NQ04.pcm
SwiftExplicitDependencyGeneratePcm arm64 /Users/admin/builder/spi-builder-workspace/.derivedData/SDKExplicitPrecompiledModules/_DarwinFoundation2-ENTECK156YEWITZRRBTOCE4KR.pcm
SwiftExplicitDependencyGeneratePcm arm64 /Users/admin/builder/spi-builder-workspace/.derivedData/SDKExplicitPrecompiledModules/_Builtin_limits-425JDMN5HPM3D0UEI8LEHP6NM.pcm
SwiftExplicitDependencyGeneratePcm arm64 /Users/admin/builder/spi-builder-workspace/.derivedData/SDKExplicitPrecompiledModules/string_h-2GT67HHHHK5CF1V1S31LH0PU2.pcm
SwiftExplicitDependencyGeneratePcm arm64 /Users/admin/builder/spi-builder-workspace/.derivedData/SDKExplicitPrecompiledModules/sys_types-AYM0BHR77VKMWZCO2T0XGV2HF.pcm
SwiftExplicitDependencyGeneratePcm arm64 /Users/admin/builder/spi-builder-workspace/.derivedData/SDKExplicitPrecompiledModules/_Builtin_stdint-8OR6T47OOYJA90ZBO3N1USDE.pcm
SwiftExplicitDependencyGeneratePcm arm64 /Users/admin/builder/spi-builder-workspace/.derivedData/SDKExplicitPrecompiledModules/_DarwinFoundation3-9ZHN6JKBS40BBA81RQMV8H0IC.pcm
SwiftExplicitDependencyGeneratePcm arm64 /Users/admin/builder/spi-builder-workspace/.derivedData/SDKExplicitPrecompiledModules/_Builtin_inttypes-11B64KJD36B3YOHBR1BBXBJY8.pcm
SwiftExplicitDependencyGeneratePcm arm64 /Users/admin/builder/spi-builder-workspace/.derivedData/SDKExplicitPrecompiledModules/Darwin-60P5LVNQO3ESRRM5DCJ05PFNK.pcm
SwiftExplicitDependencyGeneratePcm arm64 /Users/admin/builder/spi-builder-workspace/.derivedData/SDKExplicitPrecompiledModules/ObjectiveC-26TIBFYCEJZVP216ZZAU1X8KN.pcm
SwiftExplicitDependencyGeneratePcm arm64 /Users/admin/builder/spi-builder-workspace/.derivedData/SDKExplicitPrecompiledModules/os_object-692CJ8BG6RE5H04487EJJOVXW.pcm
SwiftExplicitDependencyGeneratePcm arm64 /Users/admin/builder/spi-builder-workspace/.derivedData/SDKExplicitPrecompiledModules/os_workgroup-4U1VXMWIZD80E7PRUQF2G7P9X.pcm
SwiftExplicitDependencyGeneratePcm arm64 /Users/admin/builder/spi-builder-workspace/.derivedData/SDKExplicitPrecompiledModules/Dispatch-CLT3466HKC22GCKAWSCNG0H7T.pcm
SwiftExplicitDependencyGeneratePcm arm64 /Users/admin/builder/spi-builder-workspace/.derivedData/SDKExplicitPrecompiledModules/XPC-EP5EU7FNGP4VOA3EDM18P1KHO.pcm
SwiftExplicitDependencyGeneratePcm arm64 /Users/admin/builder/spi-builder-workspace/.derivedData/SDKExplicitPrecompiledModules/CoreFoundation-AVLTZVCXBU2TO75JCN4AGU8XJ.pcm
SwiftExplicitDependencyGeneratePcm arm64 /Users/admin/builder/spi-builder-workspace/.derivedData/SDKExplicitPrecompiledModules/Security-8TH2M8WJIQMET4SADWX0N8372.pcm
SwiftExplicitDependencyGeneratePcm arm64 /Users/admin/builder/spi-builder-workspace/.derivedData/SDKExplicitPrecompiledModules/CFNetwork-5MI70N1VLDQSWTX4COWLMSIRO.pcm
SwiftExplicitDependencyGeneratePcm arm64 /Users/admin/builder/spi-builder-workspace/.derivedData/SDKExplicitPrecompiledModules/Foundation-8GON1KVEKRN3NOQI8RETBRWJP.pcm
SwiftCompile normal arm64 Compiling\ LimitedQueue.swift,\ OrderedDictionary.swift,\ PatchyRange.swift,\ SelectableValue.swift,\ Syncable.swift,\ WeakWrapper.swift /Users/admin/builder/spi-builder-workspace/.dependencies/checkouts/Swiftlier/Sources/Swiftlier/Model/Containers/LimitedQueue.swift /Users/admin/builder/spi-builder-workspace/.dependencies/checkouts/Swiftlier/Sources/Swiftlier/Model/Containers/OrderedDictionary.swift /Users/admin/builder/spi-builder-workspace/.dependencies/checkouts/Swiftlier/Sources/Swiftlier/Model/Containers/PatchyRange.swift /Users/admin/builder/spi-builder-workspace/.dependencies/checkouts/Swiftlier/Sources/Swiftlier/Model/Containers/SelectableValue.swift /Users/admin/builder/spi-builder-workspace/.dependencies/checkouts/Swiftlier/Sources/Swiftlier/Model/Containers/Syncable.swift /Users/admin/builder/spi-builder-workspace/.dependencies/checkouts/Swiftlier/Sources/Swiftlier/Model/Containers/WeakWrapper.swift (in target 'Swiftlier' from project 'Swiftlier')
SwiftCompile normal arm64 /Users/admin/builder/spi-builder-workspace/.dependencies/checkouts/Swiftlier/Sources/Swiftlier/Model/Containers/LimitedQueue.swift (in target 'Swiftlier' from project 'Swiftlier')
cd /Users/admin/builder/spi-builder-workspace/.swiftpm/xcode
builtin-SwiftPerFileCompile LimitedQueue.swift
SwiftCompile normal arm64 /Users/admin/builder/spi-builder-workspace/.dependencies/checkouts/Swiftlier/Sources/Swiftlier/Model/Containers/OrderedDictionary.swift (in target 'Swiftlier' from project 'Swiftlier')
cd /Users/admin/builder/spi-builder-workspace/.swiftpm/xcode
builtin-SwiftPerFileCompile OrderedDictionary.swift
SwiftCompile normal arm64 /Users/admin/builder/spi-builder-workspace/.dependencies/checkouts/Swiftlier/Sources/Swiftlier/Model/Containers/PatchyRange.swift (in target 'Swiftlier' from project 'Swiftlier')
cd /Users/admin/builder/spi-builder-workspace/.swiftpm/xcode
builtin-SwiftPerFileCompile PatchyRange.swift
SwiftCompile normal arm64 /Users/admin/builder/spi-builder-workspace/.dependencies/checkouts/Swiftlier/Sources/Swiftlier/Model/Containers/SelectableValue.swift (in target 'Swiftlier' from project 'Swiftlier')
cd /Users/admin/builder/spi-builder-workspace/.swiftpm/xcode
builtin-SwiftPerFileCompile SelectableValue.swift
SwiftCompile normal arm64 /Users/admin/builder/spi-builder-workspace/.dependencies/checkouts/Swiftlier/Sources/Swiftlier/Model/Containers/Syncable.swift (in target 'Swiftlier' from project 'Swiftlier')
cd /Users/admin/builder/spi-builder-workspace/.swiftpm/xcode
builtin-SwiftPerFileCompile Syncable.swift
SwiftCompile normal arm64 /Users/admin/builder/spi-builder-workspace/.dependencies/checkouts/Swiftlier/Sources/Swiftlier/Model/Containers/WeakWrapper.swift (in target 'Swiftlier' from project 'Swiftlier')
cd /Users/admin/builder/spi-builder-workspace/.swiftpm/xcode
builtin-SwiftPerFileCompile WeakWrapper.swift
SwiftEmitModule normal arm64 Emitting\ module\ for\ Swiftlier (in target 'Swiftlier' from project 'Swiftlier')
SwiftCompile normal arm64 (in target 'Swiftlier' from project 'Swiftlier')
cd /Users/admin/builder/spi-builder-workspace/.swiftpm/xcode
SwiftCompile normal arm64 Compiling\ EventCenter.swift,\ MultiCallback.swift,\ Observable.swift,\ ObservableArray.swift,\ ObservableDictionary.swift,\ ObservableReference.swift /Users/admin/builder/spi-builder-workspace/.dependencies/checkouts/Swiftlier/Sources/Swiftlier/Model/Observable/EventCenter.swift /Users/admin/builder/spi-builder-workspace/.dependencies/checkouts/Swiftlier/Sources/Swiftlier/Model/Observable/MultiCallback.swift /Users/admin/builder/spi-builder-workspace/.dependencies/checkouts/Swiftlier/Sources/Swiftlier/Model/Observable/Observable.swift /Users/admin/builder/spi-builder-workspace/.dependencies/checkouts/Swiftlier/Sources/Swiftlier/Model/Observable/ObservableArray.swift /Users/admin/builder/spi-builder-workspace/.dependencies/checkouts/Swiftlier/Sources/Swiftlier/Model/Observable/ObservableDictionary.swift /Users/admin/builder/spi-builder-workspace/.dependencies/checkouts/Swiftlier/Sources/Swiftlier/Model/Observable/ObservableReference.swift (in target 'Swiftlier' from project 'Swiftlier')
SwiftCompile normal arm64 /Users/admin/builder/spi-builder-workspace/.dependencies/checkouts/Swiftlier/Sources/Swiftlier/Model/Observable/EventCenter.swift (in target 'Swiftlier' from project 'Swiftlier')
cd /Users/admin/builder/spi-builder-workspace/.swiftpm/xcode
builtin-SwiftPerFileCompile EventCenter.swift
SwiftCompile normal arm64 /Users/admin/builder/spi-builder-workspace/.dependencies/checkouts/Swiftlier/Sources/Swiftlier/Model/Observable/MultiCallback.swift (in target 'Swiftlier' from project 'Swiftlier')
cd /Users/admin/builder/spi-builder-workspace/.swiftpm/xcode
builtin-SwiftPerFileCompile MultiCallback.swift
SwiftCompile normal arm64 /Users/admin/builder/spi-builder-workspace/.dependencies/checkouts/Swiftlier/Sources/Swiftlier/Model/Observable/Observable.swift (in target 'Swiftlier' from project 'Swiftlier')
cd /Users/admin/builder/spi-builder-workspace/.swiftpm/xcode
builtin-SwiftPerFileCompile Observable.swift
SwiftCompile normal arm64 /Users/admin/builder/spi-builder-workspace/.dependencies/checkouts/Swiftlier/Sources/Swiftlier/Model/Observable/ObservableArray.swift (in target 'Swiftlier' from project 'Swiftlier')
cd /Users/admin/builder/spi-builder-workspace/.swiftpm/xcode
builtin-SwiftPerFileCompile ObservableArray.swift
SwiftCompile normal arm64 /Users/admin/builder/spi-builder-workspace/.dependencies/checkouts/Swiftlier/Sources/Swiftlier/Model/Observable/ObservableDictionary.swift (in target 'Swiftlier' from project 'Swiftlier')
cd /Users/admin/builder/spi-builder-workspace/.swiftpm/xcode
builtin-SwiftPerFileCompile ObservableDictionary.swift
SwiftCompile normal arm64 /Users/admin/builder/spi-builder-workspace/.dependencies/checkouts/Swiftlier/Sources/Swiftlier/Model/Observable/ObservableReference.swift (in target 'Swiftlier' from project 'Swiftlier')
cd /Users/admin/builder/spi-builder-workspace/.swiftpm/xcode
builtin-SwiftPerFileCompile ObservableReference.swift
SwiftCompile normal arm64 Compiling\ UniquelyIdentifiable.swift,\ CSVStreamReader.swift,\ DelimiterStreamReader.swift,\ StreamReader.swift,\ Date+Testable.swift,\ URLSession+Testing.swift /Users/admin/builder/spi-builder-workspace/.dependencies/checkouts/Swiftlier/Sources/Swiftlier/Model/Types/UniquelyIdentifiable.swift /Users/admin/builder/spi-builder-workspace/.dependencies/checkouts/Swiftlier/Sources/Swiftlier/Streams/CSVStreamReader.swift /Users/admin/builder/spi-builder-workspace/.dependencies/checkouts/Swiftlier/Sources/Swiftlier/Streams/DelimiterStreamReader.swift /Users/admin/builder/spi-builder-workspace/.dependencies/checkouts/Swiftlier/Sources/Swiftlier/Streams/StreamReader.swift /Users/admin/builder/spi-builder-workspace/.dependencies/checkouts/Swiftlier/Sources/Swiftlier/Testing/Date+Testable.swift /Users/admin/builder/spi-builder-workspace/.dependencies/checkouts/Swiftlier/Sources/Swiftlier/Testing/URLSession+Testing.swift (in target 'Swiftlier' from project 'Swiftlier')
SwiftCompile normal arm64 /Users/admin/builder/spi-builder-workspace/.dependencies/checkouts/Swiftlier/Sources/Swiftlier/Model/Types/UniquelyIdentifiable.swift (in target 'Swiftlier' from project 'Swiftlier')
cd /Users/admin/builder/spi-builder-workspace/.swiftpm/xcode
builtin-SwiftPerFileCompile UniquelyIdentifiable.swift
SwiftCompile normal arm64 /Users/admin/builder/spi-builder-workspace/.dependencies/checkouts/Swiftlier/Sources/Swiftlier/Streams/CSVStreamReader.swift (in target 'Swiftlier' from project 'Swiftlier')
cd /Users/admin/builder/spi-builder-workspace/.swiftpm/xcode
builtin-SwiftPerFileCompile CSVStreamReader.swift
SwiftCompile normal arm64 /Users/admin/builder/spi-builder-workspace/.dependencies/checkouts/Swiftlier/Sources/Swiftlier/Streams/DelimiterStreamReader.swift (in target 'Swiftlier' from project 'Swiftlier')
cd /Users/admin/builder/spi-builder-workspace/.swiftpm/xcode
builtin-SwiftPerFileCompile DelimiterStreamReader.swift
SwiftCompile normal arm64 /Users/admin/builder/spi-builder-workspace/.dependencies/checkouts/Swiftlier/Sources/Swiftlier/Streams/StreamReader.swift (in target 'Swiftlier' from project 'Swiftlier')
cd /Users/admin/builder/spi-builder-workspace/.swiftpm/xcode
builtin-SwiftPerFileCompile StreamReader.swift
SwiftCompile normal arm64 /Users/admin/builder/spi-builder-workspace/.dependencies/checkouts/Swiftlier/Sources/Swiftlier/Testing/Date+Testable.swift (in target 'Swiftlier' from project 'Swiftlier')
cd /Users/admin/builder/spi-builder-workspace/.swiftpm/xcode
builtin-SwiftPerFileCompile Date+Testable.swift
SwiftCompile normal arm64 /Users/admin/builder/spi-builder-workspace/.dependencies/checkouts/Swiftlier/Sources/Swiftlier/Testing/URLSession+Testing.swift (in target 'Swiftlier' from project 'Swiftlier')
cd /Users/admin/builder/spi-builder-workspace/.swiftpm/xcode
builtin-SwiftPerFileCompile URLSession+Testing.swift
SwiftCompile normal arm64 Compiling\ JSON.swift,\ NativeTypesStructured.swift,\ Structured.swift,\ XML.swift,\ Age.swift,\ AlwaysEqual.swift /Users/admin/builder/spi-builder-workspace/.dependencies/checkouts/Swiftlier/Sources/Swiftlier/Model/Structured/JSON.swift /Users/admin/builder/spi-builder-workspace/.dependencies/checkouts/Swiftlier/Sources/Swiftlier/Model/Structured/NativeTypesStructured.swift /Users/admin/builder/spi-builder-workspace/.dependencies/checkouts/Swiftlier/Sources/Swiftlier/Model/Structured/Structured.swift /Users/admin/builder/spi-builder-workspace/.dependencies/checkouts/Swiftlier/Sources/Swiftlier/Model/Structured/XML.swift /Users/admin/builder/spi-builder-workspace/.dependencies/checkouts/Swiftlier/Sources/Swiftlier/Model/Types/Age.swift /Users/admin/builder/spi-builder-workspace/.dependencies/checkouts/Swiftlier/Sources/Swiftlier/Model/Types/AlwaysEqual.swift (in target 'Swiftlier' from project 'Swiftlier')
SwiftCompile normal arm64 /Users/admin/builder/spi-builder-workspace/.dependencies/checkouts/Swiftlier/Sources/Swiftlier/Model/Structured/JSON.swift (in target 'Swiftlier' from project 'Swiftlier')
cd /Users/admin/builder/spi-builder-workspace/.swiftpm/xcode
builtin-SwiftPerFileCompile JSON.swift
SwiftCompile normal arm64 /Users/admin/builder/spi-builder-workspace/.dependencies/checkouts/Swiftlier/Sources/Swiftlier/Model/Structured/NativeTypesStructured.swift (in target 'Swiftlier' from project 'Swiftlier')
cd /Users/admin/builder/spi-builder-workspace/.swiftpm/xcode
builtin-SwiftPerFileCompile NativeTypesStructured.swift
SwiftCompile normal arm64 /Users/admin/builder/spi-builder-workspace/.dependencies/checkouts/Swiftlier/Sources/Swiftlier/Model/Structured/Structured.swift (in target 'Swiftlier' from project 'Swiftlier')
cd /Users/admin/builder/spi-builder-workspace/.swiftpm/xcode
builtin-SwiftPerFileCompile Structured.swift
SwiftCompile normal arm64 /Users/admin/builder/spi-builder-workspace/.dependencies/checkouts/Swiftlier/Sources/Swiftlier/Model/Structured/XML.swift (in target 'Swiftlier' from project 'Swiftlier')
cd /Users/admin/builder/spi-builder-workspace/.swiftpm/xcode
builtin-SwiftPerFileCompile XML.swift
SwiftCompile normal arm64 /Users/admin/builder/spi-builder-workspace/.dependencies/checkouts/Swiftlier/Sources/Swiftlier/Model/Types/Age.swift (in target 'Swiftlier' from project 'Swiftlier')
cd /Users/admin/builder/spi-builder-workspace/.swiftpm/xcode
builtin-SwiftPerFileCompile Age.swift
SwiftCompile normal arm64 /Users/admin/builder/spi-builder-workspace/.dependencies/checkouts/Swiftlier/Sources/Swiftlier/Model/Types/AlwaysEqual.swift (in target 'Swiftlier' from project 'Swiftlier')
cd /Users/admin/builder/spi-builder-workspace/.swiftpm/xcode
builtin-SwiftPerFileCompile AlwaysEqual.swift
SwiftCompile normal arm64 Compiling\ Angle.swift,\ Day.swift,\ EmailAddress.swift,\ HTML.swift,\ Mass.swift,\ Price.swift /Users/admin/builder/spi-builder-workspace/.dependencies/checkouts/Swiftlier/Sources/Swiftlier/Model/Types/Angle.swift /Users/admin/builder/spi-builder-workspace/.dependencies/checkouts/Swiftlier/Sources/Swiftlier/Model/Types/Day.swift /Users/admin/builder/spi-builder-workspace/.dependencies/checkouts/Swiftlier/Sources/Swiftlier/Model/Types/EmailAddress.swift /Users/admin/builder/spi-builder-workspace/.dependencies/checkouts/Swiftlier/Sources/Swiftlier/Model/Types/HTML.swift /Users/admin/builder/spi-builder-workspace/.dependencies/checkouts/Swiftlier/Sources/Swiftlier/Model/Types/Mass.swift /Users/admin/builder/spi-builder-workspace/.dependencies/checkouts/Swiftlier/Sources/Swiftlier/Model/Types/Price.swift (in target 'Swiftlier' from project 'Swiftlier')
SwiftCompile normal arm64 /Users/admin/builder/spi-builder-workspace/.dependencies/checkouts/Swiftlier/Sources/Swiftlier/Model/Types/Angle.swift (in target 'Swiftlier' from project 'Swiftlier')
cd /Users/admin/builder/spi-builder-workspace/.swiftpm/xcode
builtin-SwiftPerFileCompile Angle.swift
SwiftCompile normal arm64 /Users/admin/builder/spi-builder-workspace/.dependencies/checkouts/Swiftlier/Sources/Swiftlier/Model/Types/Day.swift (in target 'Swiftlier' from project 'Swiftlier')
cd /Users/admin/builder/spi-builder-workspace/.swiftpm/xcode
builtin-SwiftPerFileCompile Day.swift
SwiftCompile normal arm64 /Users/admin/builder/spi-builder-workspace/.dependencies/checkouts/Swiftlier/Sources/Swiftlier/Model/Types/EmailAddress.swift (in target 'Swiftlier' from project 'Swiftlier')
cd /Users/admin/builder/spi-builder-workspace/.swiftpm/xcode
builtin-SwiftPerFileCompile EmailAddress.swift
SwiftCompile normal arm64 /Users/admin/builder/spi-builder-workspace/.dependencies/checkouts/Swiftlier/Sources/Swiftlier/Model/Types/HTML.swift (in target 'Swiftlier' from project 'Swiftlier')
cd /Users/admin/builder/spi-builder-workspace/.swiftpm/xcode
builtin-SwiftPerFileCompile HTML.swift
SwiftCompile normal arm64 /Users/admin/builder/spi-builder-workspace/.dependencies/checkouts/Swiftlier/Sources/Swiftlier/Model/Types/Mass.swift (in target 'Swiftlier' from project 'Swiftlier')
cd /Users/admin/builder/spi-builder-workspace/.swiftpm/xcode
builtin-SwiftPerFileCompile Mass.swift
SwiftCompile normal arm64 /Users/admin/builder/spi-builder-workspace/.dependencies/checkouts/Swiftlier/Sources/Swiftlier/Model/Types/Price.swift (in target 'Swiftlier' from project 'Swiftlier')
cd /Users/admin/builder/spi-builder-workspace/.swiftpm/xcode
builtin-SwiftPerFileCompile Price.swift
SwiftCompile normal arm64 Compiling\ Data+Base64.swift,\ Date+Formatting.swift,\ Double+Formatting.swift,\ HeartRateFormatter.swift,\ TimeInterval+Formatting.swift,\ BinarySearchTree.swift /Users/admin/builder/spi-builder-workspace/.dependencies/checkouts/Swiftlier/Sources/Swiftlier/Formatting/Data+Base64.swift /Users/admin/builder/spi-builder-workspace/.dependencies/checkouts/Swiftlier/Sources/Swiftlier/Formatting/Date+Formatting.swift /Users/admin/builder/spi-builder-workspace/.dependencies/checkouts/Swiftlier/Sources/Swiftlier/Formatting/Double+Formatting.swift /Users/admin/builder/spi-builder-workspace/.dependencies/checkouts/Swiftlier/Sources/Swiftlier/Formatting/HeartRateFormatter.swift /Users/admin/builder/spi-builder-workspace/.dependencies/checkouts/Swiftlier/Sources/Swiftlier/Formatting/TimeInterval+Formatting.swift /Users/admin/builder/spi-builder-workspace/.dependencies/checkouts/Swiftlier/Sources/Swiftlier/Model/Containers/BinarySearchTree.swift (in target 'Swiftlier' from project 'Swiftlier')
SwiftCompile normal arm64 /Users/admin/builder/spi-builder-workspace/.dependencies/checkouts/Swiftlier/Sources/Swiftlier/Formatting/Data+Base64.swift (in target 'Swiftlier' from project 'Swiftlier')
cd /Users/admin/builder/spi-builder-workspace/.swiftpm/xcode
builtin-SwiftPerFileCompile Data+Base64.swift
SwiftCompile normal arm64 /Users/admin/builder/spi-builder-workspace/.dependencies/checkouts/Swiftlier/Sources/Swiftlier/Formatting/Date+Formatting.swift (in target 'Swiftlier' from project 'Swiftlier')
cd /Users/admin/builder/spi-builder-workspace/.swiftpm/xcode
builtin-SwiftPerFileCompile Date+Formatting.swift
SwiftCompile normal arm64 /Users/admin/builder/spi-builder-workspace/.dependencies/checkouts/Swiftlier/Sources/Swiftlier/Formatting/Double+Formatting.swift (in target 'Swiftlier' from project 'Swiftlier')
cd /Users/admin/builder/spi-builder-workspace/.swiftpm/xcode
builtin-SwiftPerFileCompile Double+Formatting.swift
SwiftCompile normal arm64 /Users/admin/builder/spi-builder-workspace/.dependencies/checkouts/Swiftlier/Sources/Swiftlier/Formatting/HeartRateFormatter.swift (in target 'Swiftlier' from project 'Swiftlier')
cd /Users/admin/builder/spi-builder-workspace/.swiftpm/xcode
builtin-SwiftPerFileCompile HeartRateFormatter.swift
SwiftCompile normal arm64 /Users/admin/builder/spi-builder-workspace/.dependencies/checkouts/Swiftlier/Sources/Swiftlier/Formatting/TimeInterval+Formatting.swift (in target 'Swiftlier' from project 'Swiftlier')
cd /Users/admin/builder/spi-builder-workspace/.swiftpm/xcode
builtin-SwiftPerFileCompile TimeInterval+Formatting.swift
SwiftCompile normal arm64 /Users/admin/builder/spi-builder-workspace/.dependencies/checkouts/Swiftlier/Sources/Swiftlier/Model/Containers/BinarySearchTree.swift (in target 'Swiftlier' from project 'Swiftlier')
cd /Users/admin/builder/spi-builder-workspace/.swiftpm/xcode
builtin-SwiftPerFileCompile BinarySearchTree.swift
SwiftCompile normal arm64 Compiling\ OperationBasedError.swift,\ OtherSwiftlierError.swift,\ SwiftlierError.swift,\ SwiftlierResult.swift,\ FileSystem+iOSDirectories.swift,\ FileSystem.swift /Users/admin/builder/spi-builder-workspace/.dependencies/checkouts/Swiftlier/Sources/Swiftlier/Errors/OperationBasedError.swift /Users/admin/builder/spi-builder-workspace/.dependencies/checkouts/Swiftlier/Sources/Swiftlier/Errors/OtherSwiftlierError.swift /Users/admin/builder/spi-builder-workspace/.dependencies/checkouts/Swiftlier/Sources/Swiftlier/Errors/SwiftlierError.swift /Users/admin/builder/spi-builder-workspace/.dependencies/checkouts/Swiftlier/Sources/Swiftlier/Errors/SwiftlierResult.swift /Users/admin/builder/spi-builder-workspace/.dependencies/checkouts/Swiftlier/Sources/Swiftlier/FileSystem/FileSystem+iOSDirectories.swift /Users/admin/builder/spi-builder-workspace/.dependencies/checkouts/Swiftlier/Sources/Swiftlier/FileSystem/FileSystem.swift (in target 'Swiftlier' from project 'Swiftlier')
SwiftCompile normal arm64 /Users/admin/builder/spi-builder-workspace/.dependencies/checkouts/Swiftlier/Sources/Swiftlier/Errors/OperationBasedError.swift (in target 'Swiftlier' from project 'Swiftlier')
cd /Users/admin/builder/spi-builder-workspace/.swiftpm/xcode
builtin-SwiftPerFileCompile OperationBasedError.swift
SwiftCompile normal arm64 /Users/admin/builder/spi-builder-workspace/.dependencies/checkouts/Swiftlier/Sources/Swiftlier/Errors/OtherSwiftlierError.swift (in target 'Swiftlier' from project 'Swiftlier')
cd /Users/admin/builder/spi-builder-workspace/.swiftpm/xcode
builtin-SwiftPerFileCompile OtherSwiftlierError.swift
SwiftCompile normal arm64 /Users/admin/builder/spi-builder-workspace/.dependencies/checkouts/Swiftlier/Sources/Swiftlier/Errors/SwiftlierError.swift (in target 'Swiftlier' from project 'Swiftlier')
cd /Users/admin/builder/spi-builder-workspace/.swiftpm/xcode
builtin-SwiftPerFileCompile SwiftlierError.swift
SwiftCompile normal arm64 /Users/admin/builder/spi-builder-workspace/.dependencies/checkouts/Swiftlier/Sources/Swiftlier/Errors/SwiftlierResult.swift (in target 'Swiftlier' from project 'Swiftlier')
cd /Users/admin/builder/spi-builder-workspace/.swiftpm/xcode
builtin-SwiftPerFileCompile SwiftlierResult.swift
SwiftCompile normal arm64 /Users/admin/builder/spi-builder-workspace/.dependencies/checkouts/Swiftlier/Sources/Swiftlier/FileSystem/FileSystem+iOSDirectories.swift (in target 'Swiftlier' from project 'Swiftlier')
cd /Users/admin/builder/spi-builder-workspace/.swiftpm/xcode
builtin-SwiftPerFileCompile FileSystem+iOSDirectories.swift
SwiftCompile normal arm64 /Users/admin/builder/spi-builder-workspace/.dependencies/checkouts/Swiftlier/Sources/Swiftlier/FileSystem/FileSystem.swift (in target 'Swiftlier' from project 'Swiftlier')
cd /Users/admin/builder/spi-builder-workspace/.swiftpm/xcode
builtin-SwiftPerFileCompile FileSystem.swift
SwiftCompile normal arm64 Compiling\ Coding+Helpers.swift,\ CodingKeys.swift,\ NativeTypesDecoder.swift,\ NativeTypesEncoder.swift,\ PercentEncodable.swift,\ SpecDecoder.swift,\ Collection+Enhancments.swift /Users/admin/builder/spi-builder-workspace/.dependencies/checkouts/Swiftlier/Sources/Swiftlier/Coding/Coding+Helpers.swift /Users/admin/builder/spi-builder-workspace/.dependencies/checkouts/Swiftlier/Sources/Swiftlier/Coding/CodingKeys.swift /Users/admin/builder/spi-builder-workspace/.dependencies/checkouts/Swiftlier/Sources/Swiftlier/Coding/NativeTypesDecoder.swift /Users/admin/builder/spi-builder-workspace/.dependencies/checkouts/Swiftlier/Sources/Swiftlier/Coding/NativeTypesEncoder.swift /Users/admin/builder/spi-builder-workspace/.dependencies/checkouts/Swiftlier/Sources/Swiftlier/Coding/PercentEncodable.swift /Users/admin/builder/spi-builder-workspace/.dependencies/checkouts/Swiftlier/Sources/Swiftlier/Coding/SpecDecoder.swift /Users/admin/builder/spi-builder-workspace/.dependencies/checkouts/Swiftlier/Sources/Swiftlier/Enhancements/Collection+Enhancments.swift (in target 'Swiftlier' from project 'Swiftlier')
SwiftCompile normal arm64 /Users/admin/builder/spi-builder-workspace/.dependencies/checkouts/Swiftlier/Sources/Swiftlier/Coding/Coding+Helpers.swift (in target 'Swiftlier' from project 'Swiftlier')
cd /Users/admin/builder/spi-builder-workspace/.swiftpm/xcode
builtin-SwiftPerFileCompile Coding+Helpers.swift
SwiftCompile normal arm64 /Users/admin/builder/spi-builder-workspace/.dependencies/checkouts/Swiftlier/Sources/Swiftlier/Coding/CodingKeys.swift (in target 'Swiftlier' from project 'Swiftlier')
cd /Users/admin/builder/spi-builder-workspace/.swiftpm/xcode
builtin-SwiftPerFileCompile CodingKeys.swift
SwiftCompile normal arm64 /Users/admin/builder/spi-builder-workspace/.dependencies/checkouts/Swiftlier/Sources/Swiftlier/Coding/NativeTypesDecoder.swift (in target 'Swiftlier' from project 'Swiftlier')
cd /Users/admin/builder/spi-builder-workspace/.swiftpm/xcode
builtin-SwiftPerFileCompile NativeTypesDecoder.swift
SwiftCompile normal arm64 /Users/admin/builder/spi-builder-workspace/.dependencies/checkouts/Swiftlier/Sources/Swiftlier/Coding/NativeTypesEncoder.swift (in target 'Swiftlier' from project 'Swiftlier')
cd /Users/admin/builder/spi-builder-workspace/.swiftpm/xcode
builtin-SwiftPerFileCompile NativeTypesEncoder.swift
SwiftCompile normal arm64 /Users/admin/builder/spi-builder-workspace/.dependencies/checkouts/Swiftlier/Sources/Swiftlier/Coding/PercentEncodable.swift (in target 'Swiftlier' from project 'Swiftlier')
cd /Users/admin/builder/spi-builder-workspace/.swiftpm/xcode
builtin-SwiftPerFileCompile PercentEncodable.swift
SwiftCompile normal arm64 /Users/admin/builder/spi-builder-workspace/.dependencies/checkouts/Swiftlier/Sources/Swiftlier/Coding/SpecDecoder.swift (in target 'Swiftlier' from project 'Swiftlier')
cd /Users/admin/builder/spi-builder-workspace/.swiftpm/xcode
builtin-SwiftPerFileCompile SpecDecoder.swift
SwiftCompile normal arm64 /Users/admin/builder/spi-builder-workspace/.dependencies/checkouts/Swiftlier/Sources/Swiftlier/Enhancements/Collection+Enhancments.swift (in target 'Swiftlier' from project 'Swiftlier')
cd /Users/admin/builder/spi-builder-workspace/.swiftpm/xcode
builtin-SwiftPerFileCompile Collection+Enhancments.swift
SwiftCompile normal arm64 Compiling\ Path+Coding.swift,\ Path.swift,\ PersistenceService.swift,\ ReferenceTypePersistenceService.swift,\ ValueTypePersistenceService.swift,\ Bool+Formatting.swift /Users/admin/builder/spi-builder-workspace/.dependencies/checkouts/Swiftlier/Sources/Swiftlier/FileSystem/Path+Coding.swift /Users/admin/builder/spi-builder-workspace/.dependencies/checkouts/Swiftlier/Sources/Swiftlier/FileSystem/Path.swift /Users/admin/builder/spi-builder-workspace/.dependencies/checkouts/Swiftlier/Sources/Swiftlier/FileSystem/PersistenceService.swift /Users/admin/builder/spi-builder-workspace/.dependencies/checkouts/Swiftlier/Sources/Swiftlier/FileSystem/ReferenceTypePersistenceService.swift /Users/admin/builder/spi-builder-workspace/.dependencies/checkouts/Swiftlier/Sources/Swiftlier/FileSystem/ValueTypePersistenceService.swift /Users/admin/builder/spi-builder-workspace/.dependencies/checkouts/Swiftlier/Sources/Swiftlier/Formatting/Bool+Formatting.swift (in target 'Swiftlier' from project 'Swiftlier')
SwiftCompile normal arm64 /Users/admin/builder/spi-builder-workspace/.dependencies/checkouts/Swiftlier/Sources/Swiftlier/FileSystem/Path+Coding.swift (in target 'Swiftlier' from project 'Swiftlier')
cd /Users/admin/builder/spi-builder-workspace/.swiftpm/xcode
builtin-SwiftPerFileCompile Path+Coding.swift
SwiftCompile normal arm64 /Users/admin/builder/spi-builder-workspace/.dependencies/checkouts/Swiftlier/Sources/Swiftlier/FileSystem/Path.swift (in target 'Swiftlier' from project 'Swiftlier')
cd /Users/admin/builder/spi-builder-workspace/.swiftpm/xcode
builtin-SwiftPerFileCompile Path.swift
SwiftCompile normal arm64 /Users/admin/builder/spi-builder-workspace/.dependencies/checkouts/Swiftlier/Sources/Swiftlier/FileSystem/PersistenceService.swift (in target 'Swiftlier' from project 'Swiftlier')
cd /Users/admin/builder/spi-builder-workspace/.swiftpm/xcode
builtin-SwiftPerFileCompile PersistenceService.swift
SwiftCompile normal arm64 /Users/admin/builder/spi-builder-workspace/.dependencies/checkouts/Swiftlier/Sources/Swiftlier/FileSystem/ReferenceTypePersistenceService.swift (in target 'Swiftlier' from project 'Swiftlier')
cd /Users/admin/builder/spi-builder-workspace/.swiftpm/xcode
builtin-SwiftPerFileCompile ReferenceTypePersistenceService.swift
SwiftCompile normal arm64 /Users/admin/builder/spi-builder-workspace/.dependencies/checkouts/Swiftlier/Sources/Swiftlier/FileSystem/ValueTypePersistenceService.swift (in target 'Swiftlier' from project 'Swiftlier')
cd /Users/admin/builder/spi-builder-workspace/.swiftpm/xcode
builtin-SwiftPerFileCompile ValueTypePersistenceService.swift
SwiftCompile normal arm64 /Users/admin/builder/spi-builder-workspace/.dependencies/checkouts/Swiftlier/Sources/Swiftlier/Formatting/Bool+Formatting.swift (in target 'Swiftlier' from project 'Swiftlier')
cd /Users/admin/builder/spi-builder-workspace/.swiftpm/xcode
builtin-SwiftPerFileCompile Bool+Formatting.swift
SwiftCompile normal arm64 Compiling\ Data+Processing.swift,\ Date+Helpers.swift,\ DispatchQueue+Enhancements.swift,\ String+Enhancements.swift,\ URL+Enhancements.swift,\ AnySwiftlierError.swift,\ GenericSwiftlierError.swift /Users/admin/builder/spi-builder-workspace/.dependencies/checkouts/Swiftlier/Sources/Swiftlier/Enhancements/Data+Processing.swift /Users/admin/builder/spi-builder-workspace/.dependencies/checkouts/Swiftlier/Sources/Swiftlier/Enhancements/Date+Helpers.swift /Users/admin/builder/spi-builder-workspace/.dependencies/checkouts/Swiftlier/Sources/Swiftlier/Enhancements/DispatchQueue+Enhancements.swift /Users/admin/builder/spi-builder-workspace/.dependencies/checkouts/Swiftlier/Sources/Swiftlier/Enhancements/String+Enhancements.swift /Users/admin/builder/spi-builder-workspace/.dependencies/checkouts/Swiftlier/Sources/Swiftlier/Enhancements/URL+Enhancements.swift /Users/admin/builder/spi-builder-workspace/.dependencies/checkouts/Swiftlier/Sources/Swiftlier/Errors/AnySwiftlierError.swift /Users/admin/builder/spi-builder-workspace/.dependencies/checkouts/Swiftlier/Sources/Swiftlier/Errors/GenericSwiftlierError.swift (in target 'Swiftlier' from project 'Swiftlier')
SwiftCompile normal arm64 /Users/admin/builder/spi-builder-workspace/.dependencies/checkouts/Swiftlier/Sources/Swiftlier/Enhancements/Data+Processing.swift (in target 'Swiftlier' from project 'Swiftlier')
cd /Users/admin/builder/spi-builder-workspace/.swiftpm/xcode
builtin-SwiftPerFileCompile Data+Processing.swift
SwiftCompile normal arm64 /Users/admin/builder/spi-builder-workspace/.dependencies/checkouts/Swiftlier/Sources/Swiftlier/Enhancements/Date+Helpers.swift (in target 'Swiftlier' from project 'Swiftlier')
cd /Users/admin/builder/spi-builder-workspace/.swiftpm/xcode
builtin-SwiftPerFileCompile Date+Helpers.swift
SwiftCompile normal arm64 /Users/admin/builder/spi-builder-workspace/.dependencies/checkouts/Swiftlier/Sources/Swiftlier/Enhancements/DispatchQueue+Enhancements.swift (in target 'Swiftlier' from project 'Swiftlier')
cd /Users/admin/builder/spi-builder-workspace/.swiftpm/xcode
builtin-SwiftPerFileCompile DispatchQueue+Enhancements.swift
SwiftCompile normal arm64 /Users/admin/builder/spi-builder-workspace/.dependencies/checkouts/Swiftlier/Sources/Swiftlier/Enhancements/String+Enhancements.swift (in target 'Swiftlier' from project 'Swiftlier')
cd /Users/admin/builder/spi-builder-workspace/.swiftpm/xcode
builtin-SwiftPerFileCompile String+Enhancements.swift
SwiftCompile normal arm64 /Users/admin/builder/spi-builder-workspace/.dependencies/checkouts/Swiftlier/Sources/Swiftlier/Enhancements/URL+Enhancements.swift (in target 'Swiftlier' from project 'Swiftlier')
cd /Users/admin/builder/spi-builder-workspace/.swiftpm/xcode
builtin-SwiftPerFileCompile URL+Enhancements.swift
SwiftCompile normal arm64 /Users/admin/builder/spi-builder-workspace/.dependencies/checkouts/Swiftlier/Sources/Swiftlier/Errors/AnySwiftlierError.swift (in target 'Swiftlier' from project 'Swiftlier')
cd /Users/admin/builder/spi-builder-workspace/.swiftpm/xcode
builtin-SwiftPerFileCompile AnySwiftlierError.swift
SwiftCompile normal arm64 /Users/admin/builder/spi-builder-workspace/.dependencies/checkouts/Swiftlier/Sources/Swiftlier/Errors/GenericSwiftlierError.swift (in target 'Swiftlier' from project 'Swiftlier')
cd /Users/admin/builder/spi-builder-workspace/.swiftpm/xcode
builtin-SwiftPerFileCompile GenericSwiftlierError.swift
SwiftDriverJobDiscovery normal arm64 Emitting module for Swiftlier (in target 'Swiftlier' from project 'Swiftlier')
SwiftDriver\ Compilation\ Requirements Swiftlier normal arm64 com.apple.xcode.tools.swift.compiler (in target 'Swiftlier' from project 'Swiftlier')
cd /Users/admin/builder/spi-builder-workspace/.swiftpm/xcode
builtin-Swift-Compilation-Requirements -- /Applications/Xcode-27.0.0-Release.Candidate.app/Contents/Developer/Toolchains/XcodeDefault.xctoolchain/usr/bin/swiftc -parse-as-library -module-name Swiftlier -Onone @/Users/admin/builder/spi-builder-workspace/.derivedData/Build/Intermediates.noindex/Swiftlier.build/Debug-xros/Swiftlier-t.build/Objects-normal/arm64/Swiftlier.SwiftFileList -DSWIFT_PACKAGE -DDEBUG -DSWIFT_MODULE_RESOURCE_BUNDLE_UNAVAILABLE -DXcode -plugin-path /Applications/Xcode-27.0.0-Release.Candidate.app/Contents/Developer/Toolchains/XcodeDefault.xctoolchain/usr/lib/swift/host/plugins/testing -enable-experimental-feature DebugDescriptionMacro -sdk /Applications/Xcode-27.0.0-Release.Candidate.app/Contents/Developer/Platforms/XROS.platform/Developer/SDKs/XROS27.0.sdk -target arm64-apple-xros1.0 -g -module-cache-path /Users/admin/builder/spi-builder-workspace/.derivedData/ModuleCache.noindex -Xfrontend -serialize-debugging-options -profile-coverage-mapping -profile-generate -enable-testing -suppress-warnings -index-store-path /Users/admin/builder/spi-builder-workspace/.derivedData/Index.noindex/DataStore -Xcc -D_LIBCPP_HARDENING_MODE\=_LIBCPP_HARDENING_MODE_DEBUG -swift-version 5 -I /Users/admin/builder/spi-builder-workspace/.derivedData/Build/Products/Debug-xros -Isystem /Applications/Xcode-27.0.0-Release.Candidate.app/Contents/Developer/Platforms/XROS.platform/Developer/usr/lib -F /Users/admin/builder/spi-builder-workspace/.derivedData/Build/Products/Debug-xros -F /Applications/Xcode-27.0.0-Release.Candidate.app/Contents/Developer/Platforms/XROS.platform/Developer/Library/Frameworks -F /Applications/Xcode-27.0.0-Release.Candidate.app/Contents/Developer/Platforms/XROS.platform/Developer/SDKs/XROS27.0.sdk/Developer/Library/Frameworks -c -j10 -enable-batch-mode -incremental -Xcc -ivfsstatcache -Xcc /Users/admin/builder/spi-builder-workspace/.derivedData/SDKStatCaches.noindex/xros27.0-24M361-e829b21a6f8c9b70876ba0858053c044735bd543db762f57723cac368afd1ce4.sdkstatcache -output-file-map /Users/admin/builder/spi-builder-workspace/.derivedData/Build/Intermediates.noindex/Swiftlier.build/Debug-xros/Swiftlier-t.build/Objects-normal/arm64/Swiftlier-OutputFileMap.json -save-temps -no-color-diagnostics -explicit-module-build -module-cache-path /Users/admin/builder/spi-builder-workspace/.derivedData/Build/Intermediates.noindex/SwiftExplicitPrecompiledModules -clang-scanner-module-cache-path /Users/admin/builder/spi-builder-workspace/.derivedData/ModuleCache.noindex -sdk-module-cache-path /Users/admin/builder/spi-builder-workspace/.derivedData/SDKExplicitPrecompiledModules -emit-dependencies -emit-module -emit-module-path /Users/admin/builder/spi-builder-workspace/.derivedData/Build/Intermediates.noindex/Swiftlier.build/Debug-xros/Swiftlier-t.build/Objects-normal/arm64/Swiftlier.swiftmodule -serialize-diagnostics -dependency-scan-serialize-diagnostics-path /Users/admin/builder/spi-builder-workspace/.derivedData/Build/Intermediates.noindex/Swiftlier.build/Debug-xros/Swiftlier-t.build/Objects-normal/arm64/Swiftlier-dependency-scan.dia -validate-clang-modules-once -clang-build-session-file /Users/admin/builder/spi-builder-workspace/.derivedData/ModuleCache.noindex/Session.modulevalidation -Xcc -fmodules-prune-interval\=86400 -Xcc -fmodules-prune-after\=345600 -emit-const-values -const-gather-protocols-list /Users/admin/builder/spi-builder-workspace/.derivedData/Build/Intermediates.noindex/Swiftlier.build/Debug-xros/Swiftlier-t.build/Objects-normal/arm64/Swiftlier_const_extract_protocols.json -Xcc -I/Users/admin/builder/spi-builder-workspace/.derivedData/Build/Products/Debug-xros/include -Xcc -I/Users/admin/builder/spi-builder-workspace/.derivedData/Build/Intermediates.noindex/Swiftlier.build/Debug-xros/Swiftlier-t.build/DerivedSources-normal/arm64 -Xcc -I/Users/admin/builder/spi-builder-workspace/.derivedData/Build/Intermediates.noindex/Swiftlier.build/Debug-xros/Swiftlier-t.build/DerivedSources/arm64 -Xcc -I/Users/admin/builder/spi-builder-workspace/.derivedData/Build/Intermediates.noindex/Swiftlier.build/Debug-xros/Swiftlier-t.build/DerivedSources -Xcc -DSWIFT_PACKAGE -Xcc -DDEBUG\=1 -emit-objc-header -emit-objc-header-path /Users/admin/builder/spi-builder-workspace/.derivedData/Build/Intermediates.noindex/Swiftlier.build/Debug-xros/Swiftlier-t.build/Objects-normal/arm64/Swiftlier-Swift.h -working-directory /Users/admin/builder/spi-builder-workspace/.swiftpm/xcode -experimental-emit-module-separately -disable-cmo
SwiftDriverJobDiscovery normal arm64 Compiling EventCenter.swift, MultiCallback.swift, Observable.swift, ObservableArray.swift, ObservableDictionary.swift, ObservableReference.swift (in target 'Swiftlier' from project 'Swiftlier')
SwiftDriverJobDiscovery normal arm64 Compiling Angle.swift, Day.swift, EmailAddress.swift, HTML.swift, Mass.swift, Price.swift (in target 'Swiftlier' from project 'Swiftlier')
SwiftDriverJobDiscovery normal arm64 Compiling LimitedQueue.swift, OrderedDictionary.swift, PatchyRange.swift, SelectableValue.swift, Syncable.swift, WeakWrapper.swift (in target 'Swiftlier' from project 'Swiftlier')
SwiftDriverJobDiscovery normal arm64 Compiling UniquelyIdentifiable.swift, CSVStreamReader.swift, DelimiterStreamReader.swift, StreamReader.swift, Date+Testable.swift, URLSession+Testing.swift (in target 'Swiftlier' from project 'Swiftlier')
SwiftDriverJobDiscovery normal arm64 Compiling Data+Processing.swift, Date+Helpers.swift, DispatchQueue+Enhancements.swift, String+Enhancements.swift, URL+Enhancements.swift, AnySwiftlierError.swift, GenericSwiftlierError.swift (in target 'Swiftlier' from project 'Swiftlier')
SwiftDriverJobDiscovery normal arm64 Compiling Path+Coding.swift, Path.swift, PersistenceService.swift, ReferenceTypePersistenceService.swift, ValueTypePersistenceService.swift, Bool+Formatting.swift (in target 'Swiftlier' from project 'Swiftlier')
SwiftDriverJobDiscovery normal arm64 Compiling OperationBasedError.swift, OtherSwiftlierError.swift, SwiftlierError.swift, SwiftlierResult.swift, FileSystem+iOSDirectories.swift, FileSystem.swift (in target 'Swiftlier' from project 'Swiftlier')
SwiftDriverJobDiscovery normal arm64 Compiling JSON.swift, NativeTypesStructured.swift, Structured.swift, XML.swift, Age.swift, AlwaysEqual.swift (in target 'Swiftlier' from project 'Swiftlier')
SwiftDriverJobDiscovery normal arm64 Compiling Data+Base64.swift, Date+Formatting.swift, Double+Formatting.swift, HeartRateFormatter.swift, TimeInterval+Formatting.swift, BinarySearchTree.swift (in target 'Swiftlier' from project 'Swiftlier')
SwiftDriverJobDiscovery normal arm64 Compiling Coding+Helpers.swift, CodingKeys.swift, NativeTypesDecoder.swift, NativeTypesEncoder.swift, PercentEncodable.swift, SpecDecoder.swift, Collection+Enhancments.swift (in target 'Swiftlier' from project 'Swiftlier')
SwiftMergeGeneratedHeaders /Users/admin/builder/spi-builder-workspace/.derivedData/Build/Intermediates.noindex/GeneratedModuleMaps-xros/Swiftlier-Swift.h /Users/admin/builder/spi-builder-workspace/.derivedData/Build/Intermediates.noindex/Swiftlier.build/Debug-xros/Swiftlier-t.build/Objects-normal/arm64/Swiftlier-Swift.h (in target 'Swiftlier' from project 'Swiftlier')
cd /Users/admin/builder/spi-builder-workspace/.dependencies/checkouts/Swiftlier
builtin-swiftHeaderTool -arch arm64 /Users/admin/builder/spi-builder-workspace/.derivedData/Build/Intermediates.noindex/Swiftlier.build/Debug-xros/Swiftlier-t.build/Objects-normal/arm64/Swiftlier-Swift.h -o /Users/admin/builder/spi-builder-workspace/.derivedData/Build/Intermediates.noindex/GeneratedModuleMaps-xros/Swiftlier-Swift.h
Copy /Users/admin/builder/spi-builder-workspace/.derivedData/Build/Products/Debug-xros/Swiftlier.swiftmodule/arm64-apple-xros.swiftmodule /Users/admin/builder/spi-builder-workspace/.derivedData/Build/Intermediates.noindex/Swiftlier.build/Debug-xros/Swiftlier-t.build/Objects-normal/arm64/Swiftlier.swiftmodule (in target 'Swiftlier' from project 'Swiftlier')
cd /Users/admin/builder/spi-builder-workspace/.dependencies/checkouts/Swiftlier
builtin-copy -exclude .DS_Store -exclude CVS -exclude .svn -exclude .git -exclude .hg -resolve-src-symlinks -rename /Users/admin/builder/spi-builder-workspace/.derivedData/Build/Intermediates.noindex/Swiftlier.build/Debug-xros/Swiftlier-t.build/Objects-normal/arm64/Swiftlier.swiftmodule /Users/admin/builder/spi-builder-workspace/.derivedData/Build/Products/Debug-xros/Swiftlier.swiftmodule/arm64-apple-xros.swiftmodule
Copy /Users/admin/builder/spi-builder-workspace/.derivedData/Build/Products/Debug-xros/Swiftlier.swiftmodule/arm64-apple-xros.abi.json /Users/admin/builder/spi-builder-workspace/.derivedData/Build/Intermediates.noindex/Swiftlier.build/Debug-xros/Swiftlier-t.build/Objects-normal/arm64/Swiftlier.abi.json (in target 'Swiftlier' from project 'Swiftlier')
cd /Users/admin/builder/spi-builder-workspace/.dependencies/checkouts/Swiftlier
builtin-copy -exclude .DS_Store -exclude CVS -exclude .svn -exclude .git -exclude .hg -resolve-src-symlinks -rename /Users/admin/builder/spi-builder-workspace/.derivedData/Build/Intermediates.noindex/Swiftlier.build/Debug-xros/Swiftlier-t.build/Objects-normal/arm64/Swiftlier.abi.json /Users/admin/builder/spi-builder-workspace/.derivedData/Build/Products/Debug-xros/Swiftlier.swiftmodule/arm64-apple-xros.abi.json
Copy /Users/admin/builder/spi-builder-workspace/.derivedData/Build/Products/Debug-xros/Swiftlier.swiftmodule/arm64-apple-xros.swiftdoc /Users/admin/builder/spi-builder-workspace/.derivedData/Build/Intermediates.noindex/Swiftlier.build/Debug-xros/Swiftlier-t.build/Objects-normal/arm64/Swiftlier.swiftdoc (in target 'Swiftlier' from project 'Swiftlier')
cd /Users/admin/builder/spi-builder-workspace/.dependencies/checkouts/Swiftlier
builtin-copy -exclude .DS_Store -exclude CVS -exclude .svn -exclude .git -exclude .hg -resolve-src-symlinks -rename /Users/admin/builder/spi-builder-workspace/.derivedData/Build/Intermediates.noindex/Swiftlier.build/Debug-xros/Swiftlier-t.build/Objects-normal/arm64/Swiftlier.swiftdoc /Users/admin/builder/spi-builder-workspace/.derivedData/Build/Products/Debug-xros/Swiftlier.swiftmodule/arm64-apple-xros.swiftdoc
Copy /Users/admin/builder/spi-builder-workspace/.derivedData/Build/Products/Debug-xros/Swiftlier.swiftmodule/Project/arm64-apple-xros.swiftsourceinfo /Users/admin/builder/spi-builder-workspace/.derivedData/Build/Intermediates.noindex/Swiftlier.build/Debug-xros/Swiftlier-t.build/Objects-normal/arm64/Swiftlier.swiftsourceinfo (in target 'Swiftlier' from project 'Swiftlier')
cd /Users/admin/builder/spi-builder-workspace/.dependencies/checkouts/Swiftlier
builtin-copy -exclude .DS_Store -exclude CVS -exclude .svn -exclude .git -exclude .hg -resolve-src-symlinks -rename /Users/admin/builder/spi-builder-workspace/.derivedData/Build/Intermediates.noindex/Swiftlier.build/Debug-xros/Swiftlier-t.build/Objects-normal/arm64/Swiftlier.swiftsourceinfo /Users/admin/builder/spi-builder-workspace/.derivedData/Build/Products/Debug-xros/Swiftlier.swiftmodule/Project/arm64-apple-xros.swiftsourceinfo
SwiftDriver\ Compilation Swiftlier normal arm64 com.apple.xcode.tools.swift.compiler (in target 'Swiftlier' from project 'Swiftlier')
cd /Users/admin/builder/spi-builder-workspace/.swiftpm/xcode
builtin-Swift-Compilation -- /Applications/Xcode-27.0.0-Release.Candidate.app/Contents/Developer/Toolchains/XcodeDefault.xctoolchain/usr/bin/swiftc -parse-as-library -module-name Swiftlier -Onone @/Users/admin/builder/spi-builder-workspace/.derivedData/Build/Intermediates.noindex/Swiftlier.build/Debug-xros/Swiftlier-t.build/Objects-normal/arm64/Swiftlier.SwiftFileList -DSWIFT_PACKAGE -DDEBUG -DSWIFT_MODULE_RESOURCE_BUNDLE_UNAVAILABLE -DXcode -plugin-path /Applications/Xcode-27.0.0-Release.Candidate.app/Contents/Developer/Toolchains/XcodeDefault.xctoolchain/usr/lib/swift/host/plugins/testing -enable-experimental-feature DebugDescriptionMacro -sdk /Applications/Xcode-27.0.0-Release.Candidate.app/Contents/Developer/Platforms/XROS.platform/Developer/SDKs/XROS27.0.sdk -target arm64-apple-xros1.0 -g -module-cache-path /Users/admin/builder/spi-builder-workspace/.derivedData/ModuleCache.noindex -Xfrontend -serialize-debugging-options -profile-coverage-mapping -profile-generate -enable-testing -suppress-warnings -index-store-path /Users/admin/builder/spi-builder-workspace/.derivedData/Index.noindex/DataStore -Xcc -D_LIBCPP_HARDENING_MODE\=_LIBCPP_HARDENING_MODE_DEBUG -swift-version 5 -I /Users/admin/builder/spi-builder-workspace/.derivedData/Build/Products/Debug-xros -Isystem /Applications/Xcode-27.0.0-Release.Candidate.app/Contents/Developer/Platforms/XROS.platform/Developer/usr/lib -F /Users/admin/builder/spi-builder-workspace/.derivedData/Build/Products/Debug-xros -F /Applications/Xcode-27.0.0-Release.Candidate.app/Contents/Developer/Platforms/XROS.platform/Developer/Library/Frameworks -F /Applications/Xcode-27.0.0-Release.Candidate.app/Contents/Developer/Platforms/XROS.platform/Developer/SDKs/XROS27.0.sdk/Developer/Library/Frameworks -c -j10 -enable-batch-mode -incremental -Xcc -ivfsstatcache -Xcc /Users/admin/builder/spi-builder-workspace/.derivedData/SDKStatCaches.noindex/xros27.0-24M361-e829b21a6f8c9b70876ba0858053c044735bd543db762f57723cac368afd1ce4.sdkstatcache -output-file-map /Users/admin/builder/spi-builder-workspace/.derivedData/Build/Intermediates.noindex/Swiftlier.build/Debug-xros/Swiftlier-t.build/Objects-normal/arm64/Swiftlier-OutputFileMap.json -save-temps -no-color-diagnostics -explicit-module-build -module-cache-path /Users/admin/builder/spi-builder-workspace/.derivedData/Build/Intermediates.noindex/SwiftExplicitPrecompiledModules -clang-scanner-module-cache-path /Users/admin/builder/spi-builder-workspace/.derivedData/ModuleCache.noindex -sdk-module-cache-path /Users/admin/builder/spi-builder-workspace/.derivedData/SDKExplicitPrecompiledModules -emit-dependencies -emit-module -emit-module-path /Users/admin/builder/spi-builder-workspace/.derivedData/Build/Intermediates.noindex/Swiftlier.build/Debug-xros/Swiftlier-t.build/Objects-normal/arm64/Swiftlier.swiftmodule -serialize-diagnostics -dependency-scan-serialize-diagnostics-path /Users/admin/builder/spi-builder-workspace/.derivedData/Build/Intermediates.noindex/Swiftlier.build/Debug-xros/Swiftlier-t.build/Objects-normal/arm64/Swiftlier-dependency-scan.dia -validate-clang-modules-once -clang-build-session-file /Users/admin/builder/spi-builder-workspace/.derivedData/ModuleCache.noindex/Session.modulevalidation -Xcc -fmodules-prune-interval\=86400 -Xcc -fmodules-prune-after\=345600 -emit-const-values -const-gather-protocols-list /Users/admin/builder/spi-builder-workspace/.derivedData/Build/Intermediates.noindex/Swiftlier.build/Debug-xros/Swiftlier-t.build/Objects-normal/arm64/Swiftlier_const_extract_protocols.json -Xcc -I/Users/admin/builder/spi-builder-workspace/.derivedData/Build/Products/Debug-xros/include -Xcc -I/Users/admin/builder/spi-builder-workspace/.derivedData/Build/Intermediates.noindex/Swiftlier.build/Debug-xros/Swiftlier-t.build/DerivedSources-normal/arm64 -Xcc -I/Users/admin/builder/spi-builder-workspace/.derivedData/Build/Intermediates.noindex/Swiftlier.build/Debug-xros/Swiftlier-t.build/DerivedSources/arm64 -Xcc -I/Users/admin/builder/spi-builder-workspace/.derivedData/Build/Intermediates.noindex/Swiftlier.build/Debug-xros/Swiftlier-t.build/DerivedSources -Xcc -DSWIFT_PACKAGE -Xcc -DDEBUG\=1 -emit-objc-header -emit-objc-header-path /Users/admin/builder/spi-builder-workspace/.derivedData/Build/Intermediates.noindex/Swiftlier.build/Debug-xros/Swiftlier-t.build/Objects-normal/arm64/Swiftlier-Swift.h -working-directory /Users/admin/builder/spi-builder-workspace/.swiftpm/xcode -experimental-emit-module-separately -disable-cmo
Ld /Users/admin/builder/spi-builder-workspace/.derivedData/Build/Products/Debug-xros/Swiftlier.o normal (in target 'Swiftlier' from project 'Swiftlier')
cd /Users/admin/builder/spi-builder-workspace/.dependencies/checkouts/Swiftlier
/Applications/Xcode-27.0.0-Release.Candidate.app/Contents/Developer/Toolchains/XcodeDefault.xctoolchain/usr/bin/clang -Xlinker -reproducible -target arm64-apple-xros1.0 -r -isysroot /Applications/Xcode-27.0.0-Release.Candidate.app/Contents/Developer/Platforms/XROS.platform/Developer/SDKs/XROS27.0.sdk -O0 -w -Xlinker -no_warn_duplicate_libraries -F/Users/admin/builder/spi-builder-workspace/.derivedData/Build/Intermediates.noindex/EagerLinkingTBDs/Debug-xros -F/Users/admin/builder/spi-builder-workspace/.derivedData/Build/Products/Debug-xros -iframework /Applications/Xcode-27.0.0-Release.Candidate.app/Contents/Developer/Platforms/XROS.platform/Developer/Library/Frameworks -iframework /Applications/Xcode-27.0.0-Release.Candidate.app/Contents/Developer/Platforms/XROS.platform/Developer/SDKs/XROS27.0.sdk/Developer/Library/Frameworks -filelist /Users/admin/builder/spi-builder-workspace/.derivedData/Build/Intermediates.noindex/Swiftlier.build/Debug-xros/Swiftlier-t.build/Objects-normal/arm64/Swiftlier.LinkFileList -nostdlib -Xlinker -object_path_lto -Xlinker /Users/admin/builder/spi-builder-workspace/.derivedData/Build/Intermediates.noindex/Swiftlier.build/Debug-xros/Swiftlier-t.build/Objects-normal/arm64/Swiftlier_lto.o -Xlinker -no_deduplicate -Xlinker -debug_variant -Xlinker -dependency_info -Xlinker /Users/admin/builder/spi-builder-workspace/.derivedData/Build/Intermediates.noindex/Swiftlier.build/Debug-xros/Swiftlier-t.build/Objects-normal/arm64/Swiftlier_dependency_info.dat -fobjc-link-runtime -L/Applications/Xcode-27.0.0-Release.Candidate.app/Contents/Developer/Toolchains/XcodeDefault.xctoolchain/usr/lib/swift/xros -L/usr/lib/swift -Xlinker -add_ast_path -Xlinker /Users/admin/builder/spi-builder-workspace/.derivedData/Build/Intermediates.noindex/Swiftlier.build/Debug-xros/Swiftlier-t.build/Objects-normal/arm64/Swiftlier.swiftmodule -o /Users/admin/builder/spi-builder-workspace/.derivedData/Build/Products/Debug-xros/Swiftlier.o
SwiftDriver SwiftlierUIKit normal arm64 com.apple.xcode.tools.swift.compiler (in target 'SwiftlierUIKit' from project 'SwiftlierUIKit')
cd /Users/admin/builder/spi-builder-workspace/.swiftpm/xcode
builtin-SwiftDriver -- /Applications/Xcode-27.0.0-Release.Candidate.app/Contents/Developer/Toolchains/XcodeDefault.xctoolchain/usr/bin/swiftc -parse-as-library -module-name SwiftlierUIKit -Onone @/Users/admin/builder/spi-builder-workspace/.derivedData/Build/Intermediates.noindex/SwiftlierUIKit.build/Debug-xros/SwiftlierUIKit-t.build/Objects-normal/arm64/SwiftlierUIKit.SwiftFileList -DSWIFT_PACKAGE -DDEBUG -DSWIFT_MODULE_RESOURCE_BUNDLE_UNAVAILABLE -DXcode -plugin-path /Applications/Xcode-27.0.0-Release.Candidate.app/Contents/Developer/Toolchains/XcodeDefault.xctoolchain/usr/lib/swift/host/plugins/testing -enable-experimental-feature DebugDescriptionMacro -sdk /Applications/Xcode-27.0.0-Release.Candidate.app/Contents/Developer/Platforms/XROS.platform/Developer/SDKs/XROS27.0.sdk -target arm64-apple-xros1.0 -g -module-cache-path /Users/admin/builder/spi-builder-workspace/.derivedData/ModuleCache.noindex -Xfrontend -serialize-debugging-options -profile-coverage-mapping -profile-generate -enable-testing -index-store-path /Users/admin/builder/spi-builder-workspace/.derivedData/Index.noindex/DataStore -Xcc -D_LIBCPP_HARDENING_MODE\=_LIBCPP_HARDENING_MODE_DEBUG -swift-version 5 -I /Users/admin/builder/spi-builder-workspace/.derivedData/Build/Products/Debug-xros -Isystem /Applications/Xcode-27.0.0-Release.Candidate.app/Contents/Developer/Platforms/XROS.platform/Developer/usr/lib -F /Users/admin/builder/spi-builder-workspace/.derivedData/Build/Products/Debug-xros/PackageFrameworks -F /Users/admin/builder/spi-builder-workspace/.derivedData/Build/Products/Debug-xros -F /Applications/Xcode-27.0.0-Release.Candidate.app/Contents/Developer/Platforms/XROS.platform/Developer/Library/Frameworks -F /Applications/Xcode-27.0.0-Release.Candidate.app/Contents/Developer/Platforms/XROS.platform/Developer/SDKs/XROS27.0.sdk/Developer/Library/Frameworks -c -j10 -enable-batch-mode -incremental -Xcc -ivfsstatcache -Xcc /Users/admin/builder/spi-builder-workspace/.derivedData/SDKStatCaches.noindex/xros27.0-24M361-e829b21a6f8c9b70876ba0858053c044735bd543db762f57723cac368afd1ce4.sdkstatcache -output-file-map /Users/admin/builder/spi-builder-workspace/.derivedData/Build/Intermediates.noindex/SwiftlierUIKit.build/Debug-xros/SwiftlierUIKit-t.build/Objects-normal/arm64/SwiftlierUIKit-OutputFileMap.json -save-temps -no-color-diagnostics -explicit-module-build -module-cache-path /Users/admin/builder/spi-builder-workspace/.derivedData/Build/Intermediates.noindex/SwiftExplicitPrecompiledModules -clang-scanner-module-cache-path /Users/admin/builder/spi-builder-workspace/.derivedData/ModuleCache.noindex -sdk-module-cache-path /Users/admin/builder/spi-builder-workspace/.derivedData/SDKExplicitPrecompiledModules -emit-dependencies -emit-module -emit-module-path /Users/admin/builder/spi-builder-workspace/.derivedData/Build/Intermediates.noindex/SwiftlierUIKit.build/Debug-xros/SwiftlierUIKit-t.build/Objects-normal/arm64/SwiftlierUIKit.swiftmodule -serialize-diagnostics -dependency-scan-serialize-diagnostics-path /Users/admin/builder/spi-builder-workspace/.derivedData/Build/Intermediates.noindex/SwiftlierUIKit.build/Debug-xros/SwiftlierUIKit-t.build/Objects-normal/arm64/SwiftlierUIKit-dependency-scan.dia -validate-clang-modules-once -clang-build-session-file /Users/admin/builder/spi-builder-workspace/.derivedData/ModuleCache.noindex/Session.modulevalidation -Xcc -fmodules-prune-interval\=86400 -Xcc -fmodules-prune-after\=345600 -emit-const-values -const-gather-protocols-list /Users/admin/builder/spi-builder-workspace/.derivedData/Build/Intermediates.noindex/SwiftlierUIKit.build/Debug-xros/SwiftlierUIKit-t.build/Objects-normal/arm64/SwiftlierUIKit_const_extract_protocols.json -Xcc -I/Users/admin/builder/spi-builder-workspace/.derivedData/Build/Products/Debug-xros/include -Xcc -I/Users/admin/builder/spi-builder-workspace/.derivedData/Build/Intermediates.noindex/SwiftlierUIKit.build/Debug-xros/SwiftlierUIKit-t.build/DerivedSources-normal/arm64 -Xcc -I/Users/admin/builder/spi-builder-workspace/.derivedData/Build/Intermediates.noindex/SwiftlierUIKit.build/Debug-xros/SwiftlierUIKit-t.build/DerivedSources/arm64 -Xcc -I/Users/admin/builder/spi-builder-workspace/.derivedData/Build/Intermediates.noindex/SwiftlierUIKit.build/Debug-xros/SwiftlierUIKit-t.build/DerivedSources -Xcc -DSWIFT_PACKAGE -Xcc -DDEBUG\=1 -emit-objc-header -emit-objc-header-path /Users/admin/builder/spi-builder-workspace/.derivedData/Build/Intermediates.noindex/SwiftlierUIKit.build/Debug-xros/SwiftlierUIKit-t.build/Objects-normal/arm64/SwiftlierUIKit-Swift.h -working-directory /Users/admin/builder/spi-builder-workspace/.swiftpm/xcode -experimental-emit-module-separately -disable-cmo
ExtractAppIntentsMetadata (in target 'Swiftlier' from project 'Swiftlier')
cd /Users/admin/builder/spi-builder-workspace/.dependencies/checkouts/Swiftlier
/Applications/Xcode-27.0.0-Release.Candidate.app/Contents/Developer/Toolchains/XcodeDefault.xctoolchain/usr/bin/appintentsmetadataprocessor --toolchain-dir /var/run/com.apple.security.cryptexd/mnt/com.apple.MobileAsset.MetalToolchain-v27.1.266.1.FaHeMh/Metal.xctoolchain --module-name Swiftlier --sdk-root /Applications/Xcode-27.0.0-Release.Candidate.app/Contents/Developer/Platforms/XROS.platform/Developer/SDKs/XROS27.0.sdk --xcode-version 27A266a --platform-family xrOS --deployment-target 1.0 --bundle-identifier swiftlier.Swiftlier --output /Users/admin/builder/spi-builder-workspace/.derivedData/Build/Products/Debug-xros/Swiftlier.appintents --target-triple arm64-apple-xros1.0 --binary-file /Users/admin/builder/spi-builder-workspace/.derivedData/Build/Products/Debug-xros/Swiftlier.o --dependency-file /Users/admin/builder/spi-builder-workspace/.derivedData/Build/Intermediates.noindex/Swiftlier.build/Debug-xros/Swiftlier-t.build/Objects-normal/arm64/Swiftlier_dependency_info.dat --stringsdata-file /Users/admin/builder/spi-builder-workspace/.derivedData/Build/Intermediates.noindex/Swiftlier.build/Debug-xros/Swiftlier-t.build/Objects-normal/arm64/ExtractedAppShortcutsMetadata.stringsdata --source-file-list /Users/admin/builder/spi-builder-workspace/.derivedData/Build/Intermediates.noindex/Swiftlier.build/Debug-xros/Swiftlier-t.build/Objects-normal/arm64/Swiftlier.SwiftFileList --metadata-file-list /Users/admin/builder/spi-builder-workspace/.derivedData/Build/Intermediates.noindex/Swiftlier.build/Debug-xros/Swiftlier-t.build/Swiftlier.DependencyMetadataFileList --static-metadata-file-list /Users/admin/builder/spi-builder-workspace/.derivedData/Build/Intermediates.noindex/Swiftlier.build/Debug-xros/Swiftlier-t.build/Swiftlier.DependencyStaticMetadataFileList --swift-const-vals-list /Users/admin/builder/spi-builder-workspace/.derivedData/Build/Intermediates.noindex/Swiftlier.build/Debug-xros/Swiftlier-t.build/Objects-normal/arm64/Swiftlier.SwiftConstValuesFileList --force --compile-time-extraction --deployment-aware-processing --no-app-shortcuts-localization
2026-09-17 05:33:03.867 appintentsmetadataprocessor[760:4697] Starting appintentsmetadataprocessor export
2026-09-17 05:33:03.963 appintentsmetadataprocessor[760:4697] Extracted no relevant App Intents symbols, skipping writing output
SwiftExplicitDependencyGeneratePcm arm64 /Users/admin/builder/spi-builder-workspace/.derivedData/SDKExplicitPrecompiledModules/UniformTypeIdentifiers-E5KMWDZEKS4QW9RO1KBRDEXV6.pcm
SwiftExplicitDependencyGeneratePcm arm64 /Users/admin/builder/spi-builder-workspace/.derivedData/SDKExplicitPrecompiledModules/_Builtin_stdatomic-1VUZPM79PNCAHXVBERD53WRSF.pcm
SwiftExplicitDependencyGeneratePcm arm64 /Users/admin/builder/spi-builder-workspace/.derivedData/SDKExplicitPrecompiledModules/UIUtilities-AOVGLUWEAN6CG2UZFNESGSP6C.pcm
SwiftExplicitDependencyGeneratePcm arm64 /Users/admin/builder/spi-builder-workspace/.derivedData/SDKExplicitPrecompiledModules/DeveloperToolsSupport-46GOQP8J1QTHLYQSJW81T8UZ3.pcm
SwiftExplicitDependencyGeneratePcm arm64 /Users/admin/builder/spi-builder-workspace/.derivedData/SDKExplicitPrecompiledModules/Symbols-8G2XC01RPQ5HYIZE6JNUT864I.pcm
SwiftExplicitDependencyGeneratePcm arm64 /Users/admin/builder/spi-builder-workspace/.derivedData/SDKExplicitPrecompiledModules/_Builtin_tgmath-BPYSMHWI520EQRL2HW519ZY7Z.pcm
SwiftExplicitDependencyGeneratePcm arm64 /Users/admin/builder/spi-builder-workspace/.derivedData/SDKExplicitPrecompiledModules/IOSurface-5FE9U89GVFF9A7X7AGO2R8ENI.pcm
SwiftExplicitDependencyGeneratePcm arm64 /Users/admin/builder/spi-builder-workspace/.derivedData/SDKExplicitPrecompiledModules/CoreGraphics-BFUJ177R223UT2ZI327ZTZY91.pcm
SwiftExplicitDependencyGeneratePcm arm64 /Users/admin/builder/spi-builder-workspace/.derivedData/SDKExplicitPrecompiledModules/MachO-3XTHY7HWV6RF3KXKYQVHUBUXK.pcm
SwiftExplicitDependencyGeneratePcm arm64 /Users/admin/builder/spi-builder-workspace/.derivedData/SDKExplicitPrecompiledModules/UserNotifications-8IIV1V1FPNAPA4LY1Y23LOM2N.pcm
SwiftExplicitDependencyGeneratePcm arm64 /Users/admin/builder/spi-builder-workspace/.derivedData/SDKExplicitPrecompiledModules/_Builtin_intrinsics-BC5IJI3YI34RQ61ZNVDRDZ6RN.pcm
SwiftExplicitDependencyGeneratePcm arm64 /Users/admin/builder/spi-builder-workspace/.derivedData/SDKExplicitPrecompiledModules/_LocationEssentials-8GQGFVARUE99D8VJX3TINY0VP.pcm
SwiftExplicitDependencyGeneratePcm arm64 /Users/admin/builder/spi-builder-workspace/.derivedData/SDKExplicitPrecompiledModules/DataDetection-BANTQ3WXXGKZJYC0LLB3MD9K0.pcm
SwiftExplicitDependencyGeneratePcm arm64 /Users/admin/builder/spi-builder-workspace/.derivedData/SDKExplicitPrecompiledModules/CoreTransferable-8TBYAKHCX6UC8QQSS7BD8GQK5.pcm
SwiftExplicitDependencyGeneratePcm arm64 /Users/admin/builder/spi-builder-workspace/.derivedData/SDKExplicitPrecompiledModules/Metal-EKNUM9P3PRIBHZK1ZBD6BA2T7.pcm
SwiftExplicitDependencyGeneratePcm arm64 /Users/admin/builder/spi-builder-workspace/.derivedData/SDKExplicitPrecompiledModules/OpenGLES-56BKSYXNVAP91BYZRWAKQZKGI.pcm
SwiftExplicitDependencyGeneratePcm arm64 /Users/admin/builder/spi-builder-workspace/.derivedData/SDKExplicitPrecompiledModules/os-1004XEJ3IXOOAU0KL58SM3D0K.pcm
SwiftExplicitDependencyGeneratePcm arm64 /Users/admin/builder/spi-builder-workspace/.derivedData/SDKExplicitPrecompiledModules/CoreLocation-1SN37095DAPVJ068LLP9TBDQX.pcm
SwiftExplicitDependencyGeneratePcm arm64 /Users/admin/builder/spi-builder-workspace/.derivedData/SDKExplicitPrecompiledModules/CoreText-6F9TY5TEPCCZ1K2KYM4GMEGHD.pcm
SwiftExplicitDependencyGeneratePcm arm64 /Users/admin/builder/spi-builder-workspace/.derivedData/SDKExplicitPrecompiledModules/FileProvider-C9I28SI56F2SEVH1BCWTKGODO.pcm
SwiftExplicitDependencyGeneratePcm arm64 /Users/admin/builder/spi-builder-workspace/.derivedData/SDKExplicitPrecompiledModules/Accessibility-1DR4J4YDVDGAYQTZ0FKZ1PU09.pcm
SwiftExplicitDependencyGeneratePcm arm64 /Users/admin/builder/spi-builder-workspace/.derivedData/SDKExplicitPrecompiledModules/ImageIO-5CC6COR9KJYI1UBL7CSHLU2OG.pcm
SwiftExplicitDependencyGeneratePcm arm64 /Users/admin/builder/spi-builder-workspace/.derivedData/SDKExplicitPrecompiledModules/OSLog-BNGT87TS0GMBFF7TY70HHB69.pcm
SwiftExplicitDependencyGeneratePcm arm64 /Users/admin/builder/spi-builder-workspace/.derivedData/SDKExplicitPrecompiledModules/CoreMotion-10LV922UPGE28QX2SOIO7ALIZ.pcm
SwiftExplicitDependencyGeneratePcm arm64 /Users/admin/builder/spi-builder-workspace/.derivedData/SDKExplicitPrecompiledModules/simd-9XXAB17Y6E4BBPQADD61NZ23.pcm
SwiftExplicitDependencyGeneratePcm arm64 /Users/admin/builder/spi-builder-workspace/.derivedData/SDKExplicitPrecompiledModules/CoreVideo-E12HJSJSLO0YKWYBES11UKJ02.pcm
SwiftExplicitDependencyGeneratePcm arm64 /Users/admin/builder/spi-builder-workspace/.derivedData/SDKExplicitPrecompiledModules/CoreImage-8WF1P230U10QM666EQMNV7OF1.pcm
SwiftExplicitDependencyGeneratePcm arm64 /Users/admin/builder/spi-builder-workspace/.derivedData/SDKExplicitPrecompiledModules/QuartzCore-12T8WVKUNCL1N7VXH87MM4YOB.pcm
SwiftExplicitDependencyGeneratePcm arm64 /Users/admin/builder/spi-builder-workspace/.derivedData/SDKExplicitPrecompiledModules/UIKit-2D2PMAAE45TMO6S28UCGCO5BR.pcm
SwiftExplicitDependencyGeneratePcm arm64 /Users/admin/builder/spi-builder-workspace/.derivedData/SDKExplicitPrecompiledModules/Spatial-5E0I2846LO3ZE24CSVR2O57TI.pcm
SwiftExplicitDependencyGeneratePcm arm64 /Users/admin/builder/spi-builder-workspace/.derivedData/SDKExplicitPrecompiledModules/SwiftUICore-6OBBMA39VFD4CB6SG2PE41FAP.pcm
SwiftEmitModule normal arm64 Emitting\ module\ for\ SwiftlierUIKit (in target 'SwiftlierUIKit' from project 'SwiftlierUIKit')
/Users/admin/builder/spi-builder-workspace/Sources/SwiftlierUIKit/Controller/TaskService.swift:141:29: warning: using 'class' keyword to define a class-constrained protocol is deprecated; use 'AnyObject' instead [#deprecation]
139 | }
140 |
141 | public protocol SingleTask: class {
| `- warning: using 'class' keyword to define a class-constrained protocol is deprecated; use 'AnyObject' instead [#deprecation]
142 | var identifier: String { get }
143 | var scheduledFor: Date? { get set }
/Users/admin/builder/spi-builder-workspace/Sources/SwiftlierUIKit/Model/Form.swift:25:24: warning: using 'class' keyword to define a class-constrained protocol is deprecated; use 'AnyObject' instead [#deprecation]
23 |
24 |
25 | public protocol Field: class {
| `- warning: using 'class' keyword to define a class-constrained protocol is deprecated; use 'AnyObject' instead [#deprecation]
26 | var label: String {get}
27 | var displayValue: String {get}
/Users/admin/builder/spi-builder-workspace/Sources/SwiftlierUIKit/View/CGMath.swift:125:1: warning: extension declares a conformance of imported type 'CGFloat' to imported protocol 'AngleValue'; this will not behave correctly if the owners of 'CoreFoundation' introduce this conformance in the future
123 | }
124 |
125 | extension CGFloat: AngleValue {
| |- warning: extension declares a conformance of imported type 'CGFloat' to imported protocol 'AngleValue'; this will not behave correctly if the owners of 'CoreFoundation' introduce this conformance in the future
| `- note: add '@retroactive' to silence this warning
126 | public var sine: CGFloat {
127 | return sin(self)
/Users/admin/builder/spi-builder-workspace/Sources/SwiftlierUIKit/View/RoundedBorderButton.swift:22:42: error: 'UIScreen' is unavailable in visionOS
20 |
21 | @IBInspectable
22 | public var borderSize: CGFloat = 1 / UIScreen.main.scale {
| `- error: 'UIScreen' is unavailable in visionOS
23 | didSet {
24 | self.update()
/Applications/Xcode-27.0.0-Release.Candidate.app/Contents/Developer/Platforms/XROS.platform/Developer/SDKs/XROS27.0.sdk/System/Library/Frameworks/UIKit.framework/Headers/UIScreen.h:54:12: note: 'UIScreen' has been explicitly marked unavailable here
52 |
53 | UIKIT_EXTERN API_AVAILABLE(ios(2.0)) API_UNAVAILABLE(visionos, watchos) NS_SWIFT_UI_ACTOR
54 | @interface UIScreen : NSObject <UITraitEnvironment>
| `- note: 'UIScreen' has been explicitly marked unavailable here
55 |
56 | @property(class, nonatomic, readonly) NSArray<UIScreen *> *screens API_DEPRECATED("Use UIApplication.shared.openSessions to find open sessions with scenes from other screens", ios(3.2, 16.0), visionos(1.0, 1.0)) API_UNAVAILABLE(watchos); // all screens currently attached to the device
Failed frontend command:
SwiftCompile normal arm64 (in target 'SwiftlierUIKit' from project 'SwiftlierUIKit')
cd /Users/admin/builder/spi-builder-workspace/.swiftpm/xcode
/Applications/Xcode-27.0.0-Release.Candidate.app/Contents/Developer/Toolchains/XcodeDefault.xctoolchain/usr/bin/swift-frontend -frontend -emit-module -experimental-skip-non-inlinable-function-bodies-without-types /Users/admin/builder/spi-builder-workspace/Sources/SwiftlierUIKit/Controller/Alert.swift /Users/admin/builder/spi-builder-workspace/Sources/SwiftlierUIKit/Controller/DataSourceType.swift /Users/admin/builder/spi-builder-workspace/Sources/SwiftlierUIKit/Controller/DatePickerViewController.swift /Users/admin/builder/spi-builder-workspace/Sources/SwiftlierUIKit/Controller/FormViewController.swift /Users/admin/builder/spi-builder-workspace/Sources/SwiftlierUIKit/Controller/KeyboardConstraintAdjuster.swift /Users/admin/builder/spi-builder-workspace/Sources/SwiftlierUIKit/Controller/KeyboardTracker.swift /Users/admin/builder/spi-builder-workspace/Sources/SwiftlierUIKit/Controller/LayeredTableViewController.swift /Users/admin/builder/spi-builder-workspace/Sources/SwiftlierUIKit/Controller/LimitedSizeViewController.swift /Users/admin/builder/spi-builder-workspace/Sources/SwiftlierUIKit/Controller/MenuViewController.swift /Users/admin/builder/spi-builder-workspace/Sources/SwiftlierUIKit/Controller/SelectListViewController.swift /Users/admin/builder/spi-builder-workspace/Sources/SwiftlierUIKit/Controller/TaskService.swift /Users/admin/builder/spi-builder-workspace/Sources/SwiftlierUIKit/Controller/UIBarButtonItem+BlockTarget.swift /Users/admin/builder/spi-builder-workspace/Sources/SwiftlierUIKit/Controller/UIButton+BlockTarget.swift /Users/admin/builder/spi-builder-workspace/Sources/SwiftlierUIKit/Controller/UICollectionView+EasyRegister.swift /Users/admin/builder/spi-builder-workspace/Sources/SwiftlierUIKit/Controller/UINavigationController+Helpers.swift /Users/admin/builder/spi-builder-workspace/Sources/SwiftlierUIKit/Controller/UITableView+EasyRegister.swift /Users/admin/builder/spi-builder-workspace/Sources/SwiftlierUIKit/Controller/UIViewController+Helpers.swift /Users/admin/builder/spi-builder-workspace/Sources/SwiftlierUIKit/Controller/UIViewController+PhotoViewing.swift /Users/admin/builder/spi-builder-workspace/Sources/SwiftlierUIKit/Controller/UIViewController+Transitions.swift /Users/admin/builder/spi-builder-workspace/Sources/SwiftlierUIKit/Controller/WebViewController.swift /Users/admin/builder/spi-builder-workspace/Sources/SwiftlierUIKit/Controller/ZoomThroughTransition.swift /Users/admin/builder/spi-builder-workspace/Sources/SwiftlierUIKit/Model/Date+DispatchTime.swift /Users/admin/builder/spi-builder-workspace/Sources/SwiftlierUIKit/Model/EnergyFormatting.swift /Users/admin/builder/spi-builder-workspace/Sources/SwiftlierUIKit/Model/Float+Factory.swift /Users/admin/builder/spi-builder-workspace/Sources/SwiftlierUIKit/Model/Form.swift /Users/admin/builder/spi-builder-workspace/Sources/SwiftlierUIKit/Model/Menu.swift /Users/admin/builder/spi-builder-workspace/Sources/SwiftlierUIKit/Model/ObfuscatedData.swift /Users/admin/builder/spi-builder-workspace/Sources/SwiftlierUIKit/Model/ObservableArray+UI.swift /Users/admin/builder/spi-builder-workspace/Sources/SwiftlierUIKit/Model/Path+Image.swift /Users/admin/builder/spi-builder-workspace/Sources/SwiftlierUIKit/Model/Transformation.swift /Users/admin/builder/spi-builder-workspace/Sources/SwiftlierUIKit/Model/UIColor+Encodable.swift /Users/admin/builder/spi-builder-workspace/Sources/SwiftlierUIKit/Model/UIColor+Factory.swift /Users/admin/builder/spi-builder-workspace/Sources/SwiftlierUIKit/Model/UIDevice+AppIdioms.swift /Users/admin/builder/spi-builder-workspace/Sources/SwiftlierUIKit/Model/UIImage+Editing.swift /Users/admin/builder/spi-builder-workspace/Sources/SwiftlierUIKit/View/BubbleView.swift /Users/admin/builder/spi-builder-workspace/Sources/SwiftlierUIKit/View/CGContext+ThreadSafe.swift /Users/admin/builder/spi-builder-workspace/Sources/SwiftlierUIKit/View/CGMath.swift /Users/admin/builder/spi-builder-workspace/Sources/SwiftlierUIKit/View/CircleBorderView.swift /Users/admin/builder/spi-builder-workspace/Sources/SwiftlierUIKit/View/CustomGradientView.swift /Users/admin/builder/spi-builder-workspace/Sources/SwiftlierUIKit/View/DiagonalGradientView.swift /Users/admin/builder/spi-builder-workspace/Sources/SwiftlierUIKit/View/MonthAndYearPicker.swift /Users/admin/builder/spi-builder-workspace/Sources/SwiftlierUIKit/View/NSLayoutConstraint+SwifPlusPlus.swift /Users/admin/builder/spi-builder-workspace/Sources/SwiftlierUIKit/View/NSLayoutContraint+Factory.swift /Users/admin/builder/spi-builder-workspace/Sources/SwiftlierUIKit/View/PassThroughTouchView.swift /Users/admin/builder/spi-builder-workspace/Sources/SwiftlierUIKit/View/PlaceholderTextView.swift /Users/admin/builder/spi-builder-workspace/Sources/SwiftlierUIKit/View/RoundedBorderButton.swift /Users/admin/builder/spi-builder-workspace/Sources/SwiftlierUIKit/View/RoundedBorderView.swift /Users/admin/builder/spi-builder-workspace/Sources/SwiftlierUIKit/View/SectionHeaderWithButtonView.swift /Users/admin/builder/spi-builder-workspace/Sources/SwiftlierUIKit/View/ShadowView.swift /Users/admin/builder/spi-builder-workspace/Sources/SwiftlierUIKit/View/ThinLayoutConstraint.swift /Users/admin/builder/spi-builder-workspace/Sources/SwiftlierUIKit/View/UIView+Animations.swift /Users/admin/builder/spi-builder-workspace/Sources/SwiftlierUIKit/View/UIView+Constraints.swift /Users/admin/builder/spi-builder-workspace/Sources/SwiftlierUIKit/View/UIView+Drawing.swift /Users/admin/builder/spi-builder-workspace/Sources/SwiftlierUIKit/View/UIView+Helpers.swift /Users/admin/builder/spi-builder-workspace/Sources/SwiftlierUIKit/View/UIView+ImageCapture.swift /Users/admin/builder/spi-builder-workspace/Sources/SwiftlierUIKit/View/UIView+Layout.swift /Users/admin/builder/spi-builder-workspace/Sources/SwiftlierUIKit/View/VerticalGradientView.swift -target arm64-apple-xros1.0 -disable-cross-import-overlay-search -load-resolved-plugin /Applications/Xcode-27.0.0-Release.Candidate.app/Contents/Developer/Platforms/XROS.platform/Developer/usr/lib/swift/host/plugins/libFoundationMacros.dylib\#/Applications/Xcode-27.0.0-Release.Candidate.app/Contents/Developer/Platforms/XROS.platform/Developer/usr/bin/swift-plugin-server\#FoundationMacros -load-resolved-plugin /Applications/Xcode-27.0.0-Release.Candidate.app/Contents/Developer/Platforms/XROS.platform/Developer/usr/lib/swift/host/plugins/libObservationMacros.dylib\#/Applications/Xcode-27.0.0-Release.Candidate.app/Contents/Developer/Platforms/XROS.platform/Developer/usr/bin/swift-plugin-server\#ObservationMacros -load-resolved-plugin /Applications/Xcode-27.0.0-Release.Candidate.app/Contents/Developer/Platforms/XROS.platform/Developer/usr/lib/swift/host/plugins/libPreviewsMacros.dylib\#/Applications/Xcode-27.0.0-Release.Candidate.app/Contents/Developer/Platforms/XROS.platform/Developer/usr/bin/swift-plugin-server\#PreviewsMacros -load-resolved-plugin /Applications/Xcode-27.0.0-Release.Candidate.app/Contents/Developer/Platforms/XROS.platform/Developer/usr/lib/swift/host/plugins/libSwiftMacros.dylib\#/Applications/Xcode-27.0.0-Release.Candidate.app/Contents/Developer/Platforms/XROS.platform/Developer/usr/bin/swift-plugin-server\#SwiftMacros -load-resolved-plugin /Applications/Xcode-27.0.0-Release.Candidate.app/Contents/Developer/Platforms/XROS.platform/Developer/usr/lib/swift/host/plugins/libSwiftUIMacros.dylib\#/Applications/Xcode-27.0.0-Release.Candidate.app/Contents/Developer/Platforms/XROS.platform/Developer/usr/bin/swift-plugin-server\#SwiftUIMacros -disable-implicit-swift-modules -Xcc -fno-implicit-modules -Xcc -fno-implicit-module-maps -explicit-swift-module-map-file /Users/admin/builder/spi-builder-workspace/.derivedData/Build/Intermediates.noindex/SwiftlierUIKit.build/Debug-xros/SwiftlierUIKit-t.build/Objects-normal/arm64/SwiftlierUIKit-dependencies-1.json -Xllvm -aarch64-use-tbi -enable-objc-interop -stack-check -sdk /Applications/Xcode-27.0.0-Release.Candidate.app/Contents/Developer/Platforms/XROS.platform/Developer/SDKs/XROS27.0.sdk -I /Users/admin/builder/spi-builder-workspace/.derivedData/Build/Products/Debug-xros -Isystem /Applications/Xcode-27.0.0-Release.Candidate.app/Contents/Developer/Platforms/XROS.platform/Developer/usr/lib -F /Users/admin/builder/spi-builder-workspace/.derivedData/Build/Products/Debug-xros/PackageFrameworks -F /Users/admin/builder/spi-builder-workspace/.derivedData/Build/Products/Debug-xros -F /Applications/Xcode-27.0.0-Release.Candidate.app/Contents/Developer/Platforms/XROS.platform/Developer/Library/Frameworks -F /Applications/Xcode-27.0.0-Release.Candidate.app/Contents/Developer/Platforms/XROS.platform/Developer/SDKs/XROS27.0.sdk/Developer/Library/Frameworks -module-cache-path /Users/admin/builder/spi-builder-workspace/.derivedData/Build/Intermediates.noindex/SwiftExplicitPrecompiledModules -no-color-diagnostics -Xcc -fno-color-diagnostics -enable-testing -g -debug-info-format\=dwarf -dwarf-version\=4 -profile-generate -profile-coverage-mapping -swift-version 5 -Onone -D SWIFT_PACKAGE -D DEBUG -D SWIFT_MODULE_RESOURCE_BUNDLE_UNAVAILABLE -D Xcode -serialize-debugging-options -enable-experimental-feature DebugDescriptionMacro -empty-abi-descriptor -validate-clang-modules-once -clang-build-session-file /Users/admin/builder/spi-builder-workspace/.derivedData/ModuleCache.noindex/Session.modulevalidation -Xcc -working-directory -Xcc /Users/admin/builder/spi-builder-workspace/.swiftpm/xcode -enable-anonymous-context-mangled-names -file-compilation-dir /Users/admin/builder/spi-builder-workspace/.swiftpm/xcode -Xcc -D_LIBCPP_HARDENING_MODE\=_LIBCPP_HARDENING_MODE_DEBUG -Xcc -ivfsstatcache -Xcc /Users/admin/builder/spi-builder-workspace/.derivedData/SDKStatCaches.noindex/xros27.0-24M361-e829b21a6f8c9b70876ba0858053c044735bd543db762f57723cac368afd1ce4.sdkstatcache -Xcc -fmodules-prune-interval\=86400 -Xcc -fmodules-prune-after\=345600 -Xcc -I/Users/admin/builder/spi-builder-workspace/.derivedData/Build/Products/Debug-xros/include -Xcc -I/Users/admin/builder/spi-builder-workspace/.derivedData/Build/Intermediates.noindex/SwiftlierUIKit.build/Debug-xros/SwiftlierUIKit-t.build/DerivedSources-normal/arm64 -Xcc -I/Users/admin/builder/spi-builder-workspace/.derivedData/Build/Intermediates.noindex/SwiftlierUIKit.build/Debug-xros/SwiftlierUIKit-t.build/DerivedSources/arm64 -Xcc -I/Users/admin/builder/spi-builder-workspace/.derivedData/Build/Intermediates.noindex/SwiftlierUIKit.build/Debug-xros/SwiftlierUIKit-t.build/DerivedSources -Xcc -DSWIFT_PACKAGE -Xcc -DDEBUG\=1 -no-auto-bridging-header-chaining -module-name SwiftlierUIKit -const-gather-protocols-file /Users/admin/builder/spi-builder-workspace/.derivedData/Build/Intermediates.noindex/SwiftlierUIKit.build/Debug-xros/SwiftlierUIKit-t.build/Objects-normal/arm64/SwiftlierUIKit_const_extract_protocols.json -disable-clang-spi -clang-target arm64-apple-xros27.0 -target-sdk-version 27.0 -target-sdk-name xros27.0 -in-process-plugin-server-path /Applications/Xcode-27.0.0-Release.Candidate.app/Contents/Developer/Toolchains/XcodeDefault.xctoolchain/usr/lib/swift/host/libSwiftInProcPluginServer.dylib -emit-module-doc-path /Users/admin/builder/spi-builder-workspace/.derivedData/Build/Intermediates.noindex/SwiftlierUIKit.build/Debug-xros/SwiftlierUIKit-t.build/Objects-normal/arm64/SwiftlierUIKit.swiftdoc -emit-module-source-info-path /Users/admin/builder/spi-builder-workspace/.derivedData/Build/Intermediates.noindex/SwiftlierUIKit.build/Debug-xros/SwiftlierUIKit-t.build/Objects-normal/arm64/SwiftlierUIKit.swiftsourceinfo -emit-objc-header-path /Users/admin/builder/spi-builder-workspace/.derivedData/Build/Intermediates.noindex/SwiftlierUIKit.build/Debug-xros/SwiftlierUIKit-t.build/Objects-normal/arm64/SwiftlierUIKit-Swift.h -serialize-diagnostics-path /Users/admin/builder/spi-builder-workspace/.derivedData/Build/Intermediates.noindex/SwiftlierUIKit.build/Debug-xros/SwiftlierUIKit-t.build/Objects-normal/arm64/SwiftlierUIKit-primary-emit-module.dia -emit-dependencies-path /Users/admin/builder/spi-builder-workspace/.derivedData/Build/Intermediates.noindex/SwiftlierUIKit.build/Debug-xros/SwiftlierUIKit-t.build/Objects-normal/arm64/SwiftlierUIKit-primary-emit-module.d -parse-as-library -o /Users/admin/builder/spi-builder-workspace/.derivedData/Build/Intermediates.noindex/SwiftlierUIKit.build/Debug-xros/SwiftlierUIKit-t.build/Objects-normal/arm64/SwiftlierUIKit.swiftmodule -emit-abi-descriptor-path /Users/admin/builder/spi-builder-workspace/.derivedData/Build/Intermediates.noindex/SwiftlierUIKit.build/Debug-xros/SwiftlierUIKit-t.build/Objects-normal/arm64/SwiftlierUIKit.abi.json
SwiftCompile normal arm64 Compiling\ UIViewController+Transitions.swift,\ WebViewController.swift,\ ZoomThroughTransition.swift,\ Date+DispatchTime.swift,\ EnergyFormatting.swift,\ Float+Factory.swift /Users/admin/builder/spi-builder-workspace/Sources/SwiftlierUIKit/Controller/UIViewController+Transitions.swift /Users/admin/builder/spi-builder-workspace/Sources/SwiftlierUIKit/Controller/WebViewController.swift /Users/admin/builder/spi-builder-workspace/Sources/SwiftlierUIKit/Controller/ZoomThroughTransition.swift /Users/admin/builder/spi-builder-workspace/Sources/SwiftlierUIKit/Model/Date+DispatchTime.swift /Users/admin/builder/spi-builder-workspace/Sources/SwiftlierUIKit/Model/EnergyFormatting.swift /Users/admin/builder/spi-builder-workspace/Sources/SwiftlierUIKit/Model/Float+Factory.swift (in target 'SwiftlierUIKit' from project 'SwiftlierUIKit')
SwiftCompile normal arm64 /Users/admin/builder/spi-builder-workspace/Sources/SwiftlierUIKit/Controller/UIViewController+Transitions.swift (in target 'SwiftlierUIKit' from project 'SwiftlierUIKit')
cd /Users/admin/builder/spi-builder-workspace/.swiftpm/xcode
builtin-SwiftPerFileCompile UIViewController+Transitions.swift
SwiftCompile normal arm64 /Users/admin/builder/spi-builder-workspace/Sources/SwiftlierUIKit/Controller/WebViewController.swift (in target 'SwiftlierUIKit' from project 'SwiftlierUIKit')
cd /Users/admin/builder/spi-builder-workspace/.swiftpm/xcode
builtin-SwiftPerFileCompile WebViewController.swift
SwiftCompile normal arm64 /Users/admin/builder/spi-builder-workspace/Sources/SwiftlierUIKit/Controller/ZoomThroughTransition.swift (in target 'SwiftlierUIKit' from project 'SwiftlierUIKit')
cd /Users/admin/builder/spi-builder-workspace/.swiftpm/xcode
builtin-SwiftPerFileCompile ZoomThroughTransition.swift
SwiftCompile normal arm64 /Users/admin/builder/spi-builder-workspace/Sources/SwiftlierUIKit/Model/Date+DispatchTime.swift (in target 'SwiftlierUIKit' from project 'SwiftlierUIKit')
cd /Users/admin/builder/spi-builder-workspace/.swiftpm/xcode
builtin-SwiftPerFileCompile Date+DispatchTime.swift
SwiftCompile normal arm64 /Users/admin/builder/spi-builder-workspace/Sources/SwiftlierUIKit/Model/EnergyFormatting.swift (in target 'SwiftlierUIKit' from project 'SwiftlierUIKit')
cd /Users/admin/builder/spi-builder-workspace/.swiftpm/xcode
builtin-SwiftPerFileCompile EnergyFormatting.swift
SwiftCompile normal arm64 /Users/admin/builder/spi-builder-workspace/Sources/SwiftlierUIKit/Model/Float+Factory.swift (in target 'SwiftlierUIKit' from project 'SwiftlierUIKit')
cd /Users/admin/builder/spi-builder-workspace/.swiftpm/xcode
builtin-SwiftPerFileCompile Float+Factory.swift
/Users/admin/builder/spi-builder-workspace/Sources/SwiftlierUIKit/Controller/ZoomThroughTransition.swift:29:49: error: 'keyWindow' is unavailable in visionOS
27 | return
28 | }
29 | let windowBounds = UIApplication.shared.keyWindow!.bounds
| `- error: 'keyWindow' is unavailable in visionOS
30 |
31 | destinationView.frame = sourceView.frame
/Applications/Xcode-27.0.0-Release.Candidate.app/Contents/Developer/Platforms/XROS.platform/Developer/SDKs/XROS27.0.sdk/System/Library/Frameworks/UIKit.framework/Headers/UIApplication.h:108:51: note: 'keyWindow' has been explicitly marked unavailable here
106 | - (void)sendEvent:(UIEvent *)event;
107 |
108 | @property(nullable, nonatomic,readonly) UIWindow *keyWindow API_DEPRECATED("Should not be used for applications that support multiple scenes as it returns a key window across all connected scenes", ios(2.0, 13.0)) API_UNAVAILABLE(visionos, watchos);
| `- note: 'keyWindow' has been explicitly marked unavailable here
109 | @property(nonatomic,readonly) NSArray<__kindof UIWindow *> *windows API_DEPRECATED("Use UIWindowScene.windows on a relevant window scene instead", ios(2.0, 15.0), visionos(1.0, 1.0)) API_UNAVAILABLE(watchos);
110 |
/Users/admin/builder/spi-builder-workspace/Sources/SwiftlierUIKit/Controller/ZoomThroughTransition.swift:66:30: error: 'keyWindow' is unavailable in visionOS
64 | }
65 |
66 | UIApplication.shared.keyWindow!.insertSubview(sourceView, aboveSubview: destinationView)
| `- error: 'keyWindow' is unavailable in visionOS
67 |
68 | UIView.animate(withDuration: 0.3,
/Applications/Xcode-27.0.0-Release.Candidate.app/Contents/Developer/Platforms/XROS.platform/Developer/SDKs/XROS27.0.sdk/System/Library/Frameworks/UIKit.framework/Headers/UIApplication.h:108:51: note: 'keyWindow' has been explicitly marked unavailable here
106 | - (void)sendEvent:(UIEvent *)event;
107 |
108 | @property(nullable, nonatomic,readonly) UIWindow *keyWindow API_DEPRECATED("Should not be used for applications that support multiple scenes as it returns a key window across all connected scenes", ios(2.0, 13.0)) API_UNAVAILABLE(visionos, watchos);
| `- note: 'keyWindow' has been explicitly marked unavailable here
109 | @property(nonatomic,readonly) NSArray<__kindof UIWindow *> *windows API_DEPRECATED("Use UIWindowScene.windows on a relevant window scene instead", ios(2.0, 15.0), visionos(1.0, 1.0)) API_UNAVAILABLE(watchos);
110 |
SwiftCompile normal arm64 Compiling\ UIColor+Encodable.swift,\ UIColor+Factory.swift,\ UIDevice+AppIdioms.swift,\ UIImage+Editing.swift,\ BubbleView.swift,\ CGContext+ThreadSafe.swift /Users/admin/builder/spi-builder-workspace/Sources/SwiftlierUIKit/Model/UIColor+Encodable.swift /Users/admin/builder/spi-builder-workspace/Sources/SwiftlierUIKit/Model/UIColor+Factory.swift /Users/admin/builder/spi-builder-workspace/Sources/SwiftlierUIKit/Model/UIDevice+AppIdioms.swift /Users/admin/builder/spi-builder-workspace/Sources/SwiftlierUIKit/Model/UIImage+Editing.swift /Users/admin/builder/spi-builder-workspace/Sources/SwiftlierUIKit/View/BubbleView.swift /Users/admin/builder/spi-builder-workspace/Sources/SwiftlierUIKit/View/CGContext+ThreadSafe.swift (in target 'SwiftlierUIKit' from project 'SwiftlierUIKit')
SwiftCompile normal arm64 /Users/admin/builder/spi-builder-workspace/Sources/SwiftlierUIKit/Model/UIColor+Encodable.swift (in target 'SwiftlierUIKit' from project 'SwiftlierUIKit')
cd /Users/admin/builder/spi-builder-workspace/.swiftpm/xcode
builtin-SwiftPerFileCompile UIColor+Encodable.swift
SwiftCompile normal arm64 /Users/admin/builder/spi-builder-workspace/Sources/SwiftlierUIKit/Model/UIColor+Factory.swift (in target 'SwiftlierUIKit' from project 'SwiftlierUIKit')
cd /Users/admin/builder/spi-builder-workspace/.swiftpm/xcode
builtin-SwiftPerFileCompile UIColor+Factory.swift
SwiftCompile normal arm64 /Users/admin/builder/spi-builder-workspace/Sources/SwiftlierUIKit/Model/UIDevice+AppIdioms.swift (in target 'SwiftlierUIKit' from project 'SwiftlierUIKit')
cd /Users/admin/builder/spi-builder-workspace/.swiftpm/xcode
builtin-SwiftPerFileCompile UIDevice+AppIdioms.swift
SwiftCompile normal arm64 /Users/admin/builder/spi-builder-workspace/Sources/SwiftlierUIKit/Model/UIImage+Editing.swift (in target 'SwiftlierUIKit' from project 'SwiftlierUIKit')
cd /Users/admin/builder/spi-builder-workspace/.swiftpm/xcode
builtin-SwiftPerFileCompile UIImage+Editing.swift
SwiftCompile normal arm64 /Users/admin/builder/spi-builder-workspace/Sources/SwiftlierUIKit/View/BubbleView.swift (in target 'SwiftlierUIKit' from project 'SwiftlierUIKit')
cd /Users/admin/builder/spi-builder-workspace/.swiftpm/xcode
builtin-SwiftPerFileCompile BubbleView.swift
SwiftCompile normal arm64 /Users/admin/builder/spi-builder-workspace/Sources/SwiftlierUIKit/View/CGContext+ThreadSafe.swift (in target 'SwiftlierUIKit' from project 'SwiftlierUIKit')
cd /Users/admin/builder/spi-builder-workspace/.swiftpm/xcode
builtin-SwiftPerFileCompile CGContext+ThreadSafe.swift
/Users/admin/builder/spi-builder-workspace/Sources/SwiftlierUIKit/Model/UIColor+Factory.swift:43:17: warning: 'scanLocation' was deprecated in visionOS 1.0 [#DeprecatedDeclaration]
41 | var rgbValue: UInt32 = 0
42 | let scanner = Scanner(string: finalHexString)
43 | scanner.scanLocation = 1 // bypass '#' character
| `- warning: 'scanLocation' was deprecated in visionOS 1.0 [#DeprecatedDeclaration]
44 | scanner.scanHexInt32(&rgbValue)
45 | let red = CGFloat((rgbValue & 0xFF0000) >> 16) / 255.0
/Users/admin/builder/spi-builder-workspace/Sources/SwiftlierUIKit/Model/UIColor+Factory.swift:44:17: warning: 'scanHexInt32' was deprecated in visionOS 1.0 [#DeprecatedDeclaration]
42 | let scanner = Scanner(string: finalHexString)
43 | scanner.scanLocation = 1 // bypass '#' character
44 | scanner.scanHexInt32(&rgbValue)
| `- warning: 'scanHexInt32' was deprecated in visionOS 1.0 [#DeprecatedDeclaration]
45 | let red = CGFloat((rgbValue & 0xFF0000) >> 16) / 255.0
46 | let green = CGFloat((rgbValue & 0xFF00) >> 8) / 255.0
/Users/admin/builder/spi-builder-workspace/Sources/SwiftlierUIKit/Model/UIDevice+AppIdioms.swift:17:9: warning: switch must be exhaustive
15 | extension UIDevice {
16 | public var appIdiom: AppIdiom {
17 | switch self.userInterfaceIdiom {
| |- warning: switch must be exhaustive
| |- note: add missing case: '.mac'
| |- note: add missing case: '.vision'
| `- note: add missing cases
18 | case .pad, .tv, .carPlay, .unspecified:
19 | return .pad
SwiftCompile normal arm64 Compiling\ UIView+Drawing.swift,\ UIView+Helpers.swift,\ UIView+ImageCapture.swift,\ UIView+Layout.swift,\ VerticalGradientView.swift /Users/admin/builder/spi-builder-workspace/Sources/SwiftlierUIKit/View/UIView+Drawing.swift /Users/admin/builder/spi-builder-workspace/Sources/SwiftlierUIKit/View/UIView+Helpers.swift /Users/admin/builder/spi-builder-workspace/Sources/SwiftlierUIKit/View/UIView+ImageCapture.swift /Users/admin/builder/spi-builder-workspace/Sources/SwiftlierUIKit/View/UIView+Layout.swift /Users/admin/builder/spi-builder-workspace/Sources/SwiftlierUIKit/View/VerticalGradientView.swift (in target 'SwiftlierUIKit' from project 'SwiftlierUIKit')
/Users/admin/builder/spi-builder-workspace/Sources/SwiftlierUIKit/View/UIView+Drawing.swift:13:21: error: 'UIScreen' is unavailable in visionOS
11 | extension UIView {
12 | public func scaledRound(_ value: CGFloat) -> CGFloat {
13 | let scale = UIScreen.main.scale
| `- error: 'UIScreen' is unavailable in visionOS
14 | return round(value * scale) / scale
15 | }
/Applications/Xcode-27.0.0-Release.Candidate.app/Contents/Developer/Platforms/XROS.platform/Developer/SDKs/XROS27.0.sdk/System/Library/Frameworks/UIKit.framework/Headers/UIScreen.h:54:12: note: 'UIScreen' has been explicitly marked unavailable here
52 |
53 | UIKIT_EXTERN API_AVAILABLE(ios(2.0)) API_UNAVAILABLE(visionos, watchos) NS_SWIFT_UI_ACTOR
54 | @interface UIScreen : NSObject <UITraitEnvironment>
| `- note: 'UIScreen' has been explicitly marked unavailable here
55 |
56 | @property(class, nonatomic, readonly) NSArray<UIScreen *> *screens API_DEPRECATED("Use UIApplication.shared.openSessions to find open sessions with scenes from other screens", ios(3.2, 16.0), visionos(1.0, 1.0)) API_UNAVAILABLE(watchos); // all screens currently attached to the device
/Users/admin/builder/spi-builder-workspace/Sources/SwiftlierUIKit/View/UIView+Drawing.swift:18:21: error: 'UIScreen' is unavailable in visionOS
16 |
17 | public func scaledFloor(_ value: CGFloat) -> CGFloat {
18 | let scale = UIScreen.main.scale
| `- error: 'UIScreen' is unavailable in visionOS
19 | return floor(value * scale) / scale
20 | }
/Applications/Xcode-27.0.0-Release.Candidate.app/Contents/Developer/Platforms/XROS.platform/Developer/SDKs/XROS27.0.sdk/System/Library/Frameworks/UIKit.framework/Headers/UIScreen.h:54:12: note: 'UIScreen' has been explicitly marked unavailable here
52 |
53 | UIKIT_EXTERN API_AVAILABLE(ios(2.0)) API_UNAVAILABLE(visionos, watchos) NS_SWIFT_UI_ACTOR
54 | @interface UIScreen : NSObject <UITraitEnvironment>
| `- note: 'UIScreen' has been explicitly marked unavailable here
55 |
56 | @property(class, nonatomic, readonly) NSArray<UIScreen *> *screens API_DEPRECATED("Use UIApplication.shared.openSessions to find open sessions with scenes from other screens", ios(3.2, 16.0), visionos(1.0, 1.0)) API_UNAVAILABLE(watchos); // all screens currently attached to the device
SwiftCompile normal arm64 /Users/admin/builder/spi-builder-workspace/Sources/SwiftlierUIKit/View/UIView+Drawing.swift (in target 'SwiftlierUIKit' from project 'SwiftlierUIKit')
cd /Users/admin/builder/spi-builder-workspace/.swiftpm/xcode
builtin-SwiftPerFileCompile UIView+Drawing.swift
SwiftCompile normal arm64 /Users/admin/builder/spi-builder-workspace/Sources/SwiftlierUIKit/View/UIView+Helpers.swift (in target 'SwiftlierUIKit' from project 'SwiftlierUIKit')
cd /Users/admin/builder/spi-builder-workspace/.swiftpm/xcode
builtin-SwiftPerFileCompile UIView+Helpers.swift
SwiftCompile normal arm64 /Users/admin/builder/spi-builder-workspace/Sources/SwiftlierUIKit/View/UIView+ImageCapture.swift (in target 'SwiftlierUIKit' from project 'SwiftlierUIKit')
cd /Users/admin/builder/spi-builder-workspace/.swiftpm/xcode
builtin-SwiftPerFileCompile UIView+ImageCapture.swift
SwiftCompile normal arm64 /Users/admin/builder/spi-builder-workspace/Sources/SwiftlierUIKit/View/UIView+Layout.swift (in target 'SwiftlierUIKit' from project 'SwiftlierUIKit')
cd /Users/admin/builder/spi-builder-workspace/.swiftpm/xcode
builtin-SwiftPerFileCompile UIView+Layout.swift
SwiftCompile normal arm64 /Users/admin/builder/spi-builder-workspace/Sources/SwiftlierUIKit/View/VerticalGradientView.swift (in target 'SwiftlierUIKit' from project 'SwiftlierUIKit')
cd /Users/admin/builder/spi-builder-workspace/.swiftpm/xcode
builtin-SwiftPerFileCompile VerticalGradientView.swift
SwiftCompile normal arm64 Compiling\ CGMath.swift,\ CircleBorderView.swift,\ CustomGradientView.swift,\ DiagonalGradientView.swift,\ MonthAndYearPicker.swift,\ NSLayoutConstraint+SwifPlusPlus.swift /Users/admin/builder/spi-builder-workspace/Sources/SwiftlierUIKit/View/CGMath.swift /Users/admin/builder/spi-builder-workspace/Sources/SwiftlierUIKit/View/CircleBorderView.swift /Users/admin/builder/spi-builder-workspace/Sources/SwiftlierUIKit/View/CustomGradientView.swift /Users/admin/builder/spi-builder-workspace/Sources/SwiftlierUIKit/View/DiagonalGradientView.swift /Users/admin/builder/spi-builder-workspace/Sources/SwiftlierUIKit/View/MonthAndYearPicker.swift /Users/admin/builder/spi-builder-workspace/Sources/SwiftlierUIKit/View/NSLayoutConstraint+SwifPlusPlus.swift (in target 'SwiftlierUIKit' from project 'SwiftlierUIKit')
SwiftCompile normal arm64 /Users/admin/builder/spi-builder-workspace/Sources/SwiftlierUIKit/View/CGMath.swift (in target 'SwiftlierUIKit' from project 'SwiftlierUIKit')
cd /Users/admin/builder/spi-builder-workspace/.swiftpm/xcode
builtin-SwiftPerFileCompile CGMath.swift
SwiftCompile normal arm64 /Users/admin/builder/spi-builder-workspace/Sources/SwiftlierUIKit/View/CircleBorderView.swift (in target 'SwiftlierUIKit' from project 'SwiftlierUIKit')
cd /Users/admin/builder/spi-builder-workspace/.swiftpm/xcode
builtin-SwiftPerFileCompile CircleBorderView.swift
SwiftCompile normal arm64 /Users/admin/builder/spi-builder-workspace/Sources/SwiftlierUIKit/View/CustomGradientView.swift (in target 'SwiftlierUIKit' from project 'SwiftlierUIKit')
cd /Users/admin/builder/spi-builder-workspace/.swiftpm/xcode
builtin-SwiftPerFileCompile CustomGradientView.swift
SwiftCompile normal arm64 /Users/admin/builder/spi-builder-workspace/Sources/SwiftlierUIKit/View/DiagonalGradientView.swift (in target 'SwiftlierUIKit' from project 'SwiftlierUIKit')
cd /Users/admin/builder/spi-builder-workspace/.swiftpm/xcode
builtin-SwiftPerFileCompile DiagonalGradientView.swift
SwiftCompile normal arm64 /Users/admin/builder/spi-builder-workspace/Sources/SwiftlierUIKit/View/MonthAndYearPicker.swift (in target 'SwiftlierUIKit' from project 'SwiftlierUIKit')
cd /Users/admin/builder/spi-builder-workspace/.swiftpm/xcode
builtin-SwiftPerFileCompile MonthAndYearPicker.swift
SwiftCompile normal arm64 /Users/admin/builder/spi-builder-workspace/Sources/SwiftlierUIKit/View/NSLayoutConstraint+SwifPlusPlus.swift (in target 'SwiftlierUIKit' from project 'SwiftlierUIKit')
cd /Users/admin/builder/spi-builder-workspace/.swiftpm/xcode
builtin-SwiftPerFileCompile NSLayoutConstraint+SwifPlusPlus.swift
/Users/admin/builder/spi-builder-workspace/Sources/SwiftlierUIKit/View/CGMath.swift:125:1: warning: extension declares a conformance of imported type 'CGFloat' to imported protocol 'AngleValue'; this will not behave correctly if the owners of 'CoreFoundation' introduce this conformance in the future
123 | }
124 |
125 | extension CGFloat: AngleValue {
| |- warning: extension declares a conformance of imported type 'CGFloat' to imported protocol 'AngleValue'; this will not behave correctly if the owners of 'CoreFoundation' introduce this conformance in the future
| `- note: add '@retroactive' to silence this warning
126 | public var sine: CGFloat {
127 | return sin(self)
SwiftCompile normal arm64 Compiling\ UIButton+BlockTarget.swift,\ UICollectionView+EasyRegister.swift,\ UINavigationController+Helpers.swift,\ UITableView+EasyRegister.swift,\ UIViewController+Helpers.swift,\ UIViewController+PhotoViewing.swift /Users/admin/builder/spi-builder-workspace/Sources/SwiftlierUIKit/Controller/UIButton+BlockTarget.swift /Users/admin/builder/spi-builder-workspace/Sources/SwiftlierUIKit/Controller/UICollectionView+EasyRegister.swift /Users/admin/builder/spi-builder-workspace/Sources/SwiftlierUIKit/Controller/UINavigationController+Helpers.swift /Users/admin/builder/spi-builder-workspace/Sources/SwiftlierUIKit/Controller/UITableView+EasyRegister.swift /Users/admin/builder/spi-builder-workspace/Sources/SwiftlierUIKit/Controller/UIViewController+Helpers.swift /Users/admin/builder/spi-builder-workspace/Sources/SwiftlierUIKit/Controller/UIViewController+PhotoViewing.swift (in target 'SwiftlierUIKit' from project 'SwiftlierUIKit')
/Users/admin/builder/spi-builder-workspace/Sources/SwiftlierUIKit/Controller/UICollectionView+EasyRegister.swift:15:19: warning: 'UINib' was deprecated in visionOS 1.0: Loading Interface Builder products will not be supported in a future version of visionOS. [#DeprecatedDeclaration]
13 | let nibName = self.nibName(from: type)
14 | let bundle = Bundle(for: type)
15 | let nib = UINib(nibName: nibName, bundle: bundle)
| `- warning: 'UINib' was deprecated in visionOS 1.0: Loading Interface Builder products will not be supported in a future version of visionOS. [#DeprecatedDeclaration]
16 | self.register(nib, forCellWithReuseIdentifier: nibName)
17 | }
/Users/admin/builder/spi-builder-workspace/Sources/SwiftlierUIKit/Controller/UICollectionView+EasyRegister.swift:16:14: warning: 'register(_:forCellWithReuseIdentifier:)' was deprecated in visionOS 1.0: Loading Interface Builder products will not be supported in a future version of visionOS. [#DeprecatedDeclaration]
14 | let bundle = Bundle(for: type)
15 | let nib = UINib(nibName: nibName, bundle: bundle)
16 | self.register(nib, forCellWithReuseIdentifier: nibName)
| `- warning: 'register(_:forCellWithReuseIdentifier:)' was deprecated in visionOS 1.0: Loading Interface Builder products will not be supported in a future version of visionOS. [#DeprecatedDeclaration]
17 | }
18 |
/Users/admin/builder/spi-builder-workspace/Sources/SwiftlierUIKit/Controller/UITableView+EasyRegister.swift:20:19: warning: 'UINib' was deprecated in visionOS 1.0: Loading Interface Builder products will not be supported in a future version of visionOS. [#DeprecatedDeclaration]
18 | let nibName = self.nibName(fromType: type)
19 | let bundle = Bundle(for: type)
20 | let nib = UINib(nibName: nibName, bundle: bundle)
| `- warning: 'UINib' was deprecated in visionOS 1.0: Loading Interface Builder products will not be supported in a future version of visionOS. [#DeprecatedDeclaration]
21 | self.register(nib, forCellReuseIdentifier: nibName)
22 | }
/Users/admin/builder/spi-builder-workspace/Sources/SwiftlierUIKit/Controller/UITableView+EasyRegister.swift:21:14: warning: 'register(_:forCellReuseIdentifier:)' was deprecated in visionOS 1.0: Loading Interface Builder products will not be supported in a future version of visionOS. [#DeprecatedDeclaration]
19 | let bundle = Bundle(for: type)
20 | let nib = UINib(nibName: nibName, bundle: bundle)
21 | self.register(nib, forCellReuseIdentifier: nibName)
| `- warning: 'register(_:forCellReuseIdentifier:)' was deprecated in visionOS 1.0: Loading Interface Builder products will not be supported in a future version of visionOS. [#DeprecatedDeclaration]
22 | }
23 |
SwiftCompile normal arm64 /Users/admin/builder/spi-builder-workspace/Sources/SwiftlierUIKit/Controller/UIButton+BlockTarget.swift (in target 'SwiftlierUIKit' from project 'SwiftlierUIKit')
cd /Users/admin/builder/spi-builder-workspace/.swiftpm/xcode
builtin-SwiftPerFileCompile UIButton+BlockTarget.swift
SwiftCompile normal arm64 /Users/admin/builder/spi-builder-workspace/Sources/SwiftlierUIKit/Controller/UICollectionView+EasyRegister.swift (in target 'SwiftlierUIKit' from project 'SwiftlierUIKit')
cd /Users/admin/builder/spi-builder-workspace/.swiftpm/xcode
builtin-SwiftPerFileCompile UICollectionView+EasyRegister.swift
SwiftCompile normal arm64 /Users/admin/builder/spi-builder-workspace/Sources/SwiftlierUIKit/Controller/UINavigationController+Helpers.swift (in target 'SwiftlierUIKit' from project 'SwiftlierUIKit')
cd /Users/admin/builder/spi-builder-workspace/.swiftpm/xcode
builtin-SwiftPerFileCompile UINavigationController+Helpers.swift
SwiftCompile normal arm64 /Users/admin/builder/spi-builder-workspace/Sources/SwiftlierUIKit/Controller/UITableView+EasyRegister.swift (in target 'SwiftlierUIKit' from project 'SwiftlierUIKit')
cd /Users/admin/builder/spi-builder-workspace/.swiftpm/xcode
builtin-SwiftPerFileCompile UITableView+EasyRegister.swift
SwiftCompile normal arm64 /Users/admin/builder/spi-builder-workspace/Sources/SwiftlierUIKit/Controller/UIViewController+Helpers.swift (in target 'SwiftlierUIKit' from project 'SwiftlierUIKit')
cd /Users/admin/builder/spi-builder-workspace/.swiftpm/xcode
builtin-SwiftPerFileCompile UIViewController+Helpers.swift
SwiftCompile normal arm64 /Users/admin/builder/spi-builder-workspace/Sources/SwiftlierUIKit/Controller/UIViewController+PhotoViewing.swift (in target 'SwiftlierUIKit' from project 'SwiftlierUIKit')
cd /Users/admin/builder/spi-builder-workspace/.swiftpm/xcode
builtin-SwiftPerFileCompile UIViewController+PhotoViewing.swift
SwiftCompile normal arm64 Compiling\ NSLayoutContraint+Factory.swift,\ PassThroughTouchView.swift,\ PlaceholderTextView.swift,\ RoundedBorderButton.swift,\ RoundedBorderView.swift /Users/admin/builder/spi-builder-workspace/Sources/SwiftlierUIKit/View/NSLayoutContraint+Factory.swift /Users/admin/builder/spi-builder-workspace/Sources/SwiftlierUIKit/View/PassThroughTouchView.swift /Users/admin/builder/spi-builder-workspace/Sources/SwiftlierUIKit/View/PlaceholderTextView.swift /Users/admin/builder/spi-builder-workspace/Sources/SwiftlierUIKit/View/RoundedBorderButton.swift /Users/admin/builder/spi-builder-workspace/Sources/SwiftlierUIKit/View/RoundedBorderView.swift (in target 'SwiftlierUIKit' from project 'SwiftlierUIKit')
/Users/admin/builder/spi-builder-workspace/Sources/SwiftlierUIKit/View/RoundedBorderButton.swift:22:42: error: 'UIScreen' is unavailable in visionOS
20 |
21 | @IBInspectable
22 | public var borderSize: CGFloat = 1 / UIScreen.main.scale {
| `- error: 'UIScreen' is unavailable in visionOS
23 | didSet {
24 | self.update()
/Applications/Xcode-27.0.0-Release.Candidate.app/Contents/Developer/Platforms/XROS.platform/Developer/SDKs/XROS27.0.sdk/System/Library/Frameworks/UIKit.framework/Headers/UIScreen.h:54:12: note: 'UIScreen' has been explicitly marked unavailable here
52 |
53 | UIKIT_EXTERN API_AVAILABLE(ios(2.0)) API_UNAVAILABLE(visionos, watchos) NS_SWIFT_UI_ACTOR
54 | @interface UIScreen : NSObject <UITraitEnvironment>
| `- note: 'UIScreen' has been explicitly marked unavailable here
55 |
56 | @property(class, nonatomic, readonly) NSArray<UIScreen *> *screens API_DEPRECATED("Use UIApplication.shared.openSessions to find open sessions with scenes from other screens", ios(3.2, 16.0), visionos(1.0, 1.0)) API_UNAVAILABLE(watchos); // all screens currently attached to the device
/Users/admin/builder/spi-builder-workspace/Sources/SwiftlierUIKit/View/RoundedBorderButton.swift:36:15: warning: 'awakeFromNib()' was deprecated in visionOS 1.0: Loading Interface Builder products will not be supported in a future version of visionOS. [#DeprecatedDeclaration]
34 |
35 | open override func awakeFromNib() {
36 | super.awakeFromNib()
| `- warning: 'awakeFromNib()' was deprecated in visionOS 1.0: Loading Interface Builder products will not be supported in a future version of visionOS. [#DeprecatedDeclaration]
37 |
38 | self.update()
/Users/admin/builder/spi-builder-workspace/Sources/SwiftlierUIKit/View/RoundedBorderView.swift:36:15: warning: 'awakeFromNib()' was deprecated in visionOS 1.0: Loading Interface Builder products will not be supported in a future version of visionOS. [#DeprecatedDeclaration]
34 |
35 | override open func awakeFromNib() {
36 | super.awakeFromNib()
| `- warning: 'awakeFromNib()' was deprecated in visionOS 1.0: Loading Interface Builder products will not be supported in a future version of visionOS. [#DeprecatedDeclaration]
37 |
38 | self.update()
SwiftCompile normal arm64 /Users/admin/builder/spi-builder-workspace/Sources/SwiftlierUIKit/View/NSLayoutContraint+Factory.swift (in target 'SwiftlierUIKit' from project 'SwiftlierUIKit')
cd /Users/admin/builder/spi-builder-workspace/.swiftpm/xcode
builtin-SwiftPerFileCompile NSLayoutContraint+Factory.swift
SwiftCompile normal arm64 /Users/admin/builder/spi-builder-workspace/Sources/SwiftlierUIKit/View/PassThroughTouchView.swift (in target 'SwiftlierUIKit' from project 'SwiftlierUIKit')
cd /Users/admin/builder/spi-builder-workspace/.swiftpm/xcode
builtin-SwiftPerFileCompile PassThroughTouchView.swift
SwiftCompile normal arm64 /Users/admin/builder/spi-builder-workspace/Sources/SwiftlierUIKit/View/PlaceholderTextView.swift (in target 'SwiftlierUIKit' from project 'SwiftlierUIKit')
cd /Users/admin/builder/spi-builder-workspace/.swiftpm/xcode
builtin-SwiftPerFileCompile PlaceholderTextView.swift
SwiftCompile normal arm64 /Users/admin/builder/spi-builder-workspace/Sources/SwiftlierUIKit/View/RoundedBorderButton.swift (in target 'SwiftlierUIKit' from project 'SwiftlierUIKit')
cd /Users/admin/builder/spi-builder-workspace/.swiftpm/xcode
builtin-SwiftPerFileCompile RoundedBorderButton.swift
SwiftCompile normal arm64 /Users/admin/builder/spi-builder-workspace/Sources/SwiftlierUIKit/View/RoundedBorderView.swift (in target 'SwiftlierUIKit' from project 'SwiftlierUIKit')
cd /Users/admin/builder/spi-builder-workspace/.swiftpm/xcode
builtin-SwiftPerFileCompile RoundedBorderView.swift
SwiftCompile normal arm64 Compiling\ Form.swift,\ Menu.swift,\ ObfuscatedData.swift,\ ObservableArray+UI.swift,\ Path+Image.swift,\ Transformation.swift /Users/admin/builder/spi-builder-workspace/Sources/SwiftlierUIKit/Model/Form.swift /Users/admin/builder/spi-builder-workspace/Sources/SwiftlierUIKit/Model/Menu.swift /Users/admin/builder/spi-builder-workspace/Sources/SwiftlierUIKit/Model/ObfuscatedData.swift /Users/admin/builder/spi-builder-workspace/Sources/SwiftlierUIKit/Model/ObservableArray+UI.swift /Users/admin/builder/spi-builder-workspace/Sources/SwiftlierUIKit/Model/Path+Image.swift /Users/admin/builder/spi-builder-workspace/Sources/SwiftlierUIKit/Model/Transformation.swift (in target 'SwiftlierUIKit' from project 'SwiftlierUIKit')
SwiftCompile normal arm64 /Users/admin/builder/spi-builder-workspace/Sources/SwiftlierUIKit/Model/Form.swift (in target 'SwiftlierUIKit' from project 'SwiftlierUIKit')
cd /Users/admin/builder/spi-builder-workspace/.swiftpm/xcode
builtin-SwiftPerFileCompile Form.swift
SwiftCompile normal arm64 /Users/admin/builder/spi-builder-workspace/Sources/SwiftlierUIKit/Model/Menu.swift (in target 'SwiftlierUIKit' from project 'SwiftlierUIKit')
cd /Users/admin/builder/spi-builder-workspace/.swiftpm/xcode
builtin-SwiftPerFileCompile Menu.swift
SwiftCompile normal arm64 /Users/admin/builder/spi-builder-workspace/Sources/SwiftlierUIKit/Model/ObfuscatedData.swift (in target 'SwiftlierUIKit' from project 'SwiftlierUIKit')
cd /Users/admin/builder/spi-builder-workspace/.swiftpm/xcode
builtin-SwiftPerFileCompile ObfuscatedData.swift
SwiftCompile normal arm64 /Users/admin/builder/spi-builder-workspace/Sources/SwiftlierUIKit/Model/ObservableArray+UI.swift (in target 'SwiftlierUIKit' from project 'SwiftlierUIKit')
cd /Users/admin/builder/spi-builder-workspace/.swiftpm/xcode
builtin-SwiftPerFileCompile ObservableArray+UI.swift
SwiftCompile normal arm64 /Users/admin/builder/spi-builder-workspace/Sources/SwiftlierUIKit/Model/Path+Image.swift (in target 'SwiftlierUIKit' from project 'SwiftlierUIKit')
cd /Users/admin/builder/spi-builder-workspace/.swiftpm/xcode
builtin-SwiftPerFileCompile Path+Image.swift
SwiftCompile normal arm64 /Users/admin/builder/spi-builder-workspace/Sources/SwiftlierUIKit/Model/Transformation.swift (in target 'SwiftlierUIKit' from project 'SwiftlierUIKit')
cd /Users/admin/builder/spi-builder-workspace/.swiftpm/xcode
builtin-SwiftPerFileCompile Transformation.swift
SwiftCompile normal arm64 Compiling\ SectionHeaderWithButtonView.swift,\ ShadowView.swift,\ ThinLayoutConstraint.swift,\ UIView+Animations.swift,\ UIView+Constraints.swift /Users/admin/builder/spi-builder-workspace/Sources/SwiftlierUIKit/View/SectionHeaderWithButtonView.swift /Users/admin/builder/spi-builder-workspace/Sources/SwiftlierUIKit/View/ShadowView.swift /Users/admin/builder/spi-builder-workspace/Sources/SwiftlierUIKit/View/ThinLayoutConstraint.swift /Users/admin/builder/spi-builder-workspace/Sources/SwiftlierUIKit/View/UIView+Animations.swift /Users/admin/builder/spi-builder-workspace/Sources/SwiftlierUIKit/View/UIView+Constraints.swift (in target 'SwiftlierUIKit' from project 'SwiftlierUIKit')
/Users/admin/builder/spi-builder-workspace/Sources/SwiftlierUIKit/View/ShadowView.swift:43:15: warning: 'awakeFromNib()' was deprecated in visionOS 1.0: Loading Interface Builder products will not be supported in a future version of visionOS. [#DeprecatedDeclaration]
41 |
42 | override open func awakeFromNib() {
43 | super.awakeFromNib()
| `- warning: 'awakeFromNib()' was deprecated in visionOS 1.0: Loading Interface Builder products will not be supported in a future version of visionOS. [#DeprecatedDeclaration]
44 |
45 | self.update()
SwiftCompile normal arm64 /Users/admin/builder/spi-builder-workspace/Sources/SwiftlierUIKit/View/SectionHeaderWithButtonView.swift (in target 'SwiftlierUIKit' from project 'SwiftlierUIKit')
cd /Users/admin/builder/spi-builder-workspace/.swiftpm/xcode
builtin-SwiftPerFileCompile SectionHeaderWithButtonView.swift
SwiftCompile normal arm64 /Users/admin/builder/spi-builder-workspace/Sources/SwiftlierUIKit/View/ShadowView.swift (in target 'SwiftlierUIKit' from project 'SwiftlierUIKit')
cd /Users/admin/builder/spi-builder-workspace/.swiftpm/xcode
builtin-SwiftPerFileCompile ShadowView.swift
SwiftCompile normal arm64 /Users/admin/builder/spi-builder-workspace/Sources/SwiftlierUIKit/View/ThinLayoutConstraint.swift (in target 'SwiftlierUIKit' from project 'SwiftlierUIKit')
cd /Users/admin/builder/spi-builder-workspace/.swiftpm/xcode
builtin-SwiftPerFileCompile ThinLayoutConstraint.swift
SwiftCompile normal arm64 /Users/admin/builder/spi-builder-workspace/Sources/SwiftlierUIKit/View/UIView+Animations.swift (in target 'SwiftlierUIKit' from project 'SwiftlierUIKit')
cd /Users/admin/builder/spi-builder-workspace/.swiftpm/xcode
builtin-SwiftPerFileCompile UIView+Animations.swift
SwiftCompile normal arm64 /Users/admin/builder/spi-builder-workspace/Sources/SwiftlierUIKit/View/UIView+Constraints.swift (in target 'SwiftlierUIKit' from project 'SwiftlierUIKit')
cd /Users/admin/builder/spi-builder-workspace/.swiftpm/xcode
builtin-SwiftPerFileCompile UIView+Constraints.swift
SwiftCompile normal arm64 Compiling\ Alert.swift,\ DataSourceType.swift,\ DatePickerViewController.swift,\ FormViewController.swift,\ KeyboardConstraintAdjuster.swift,\ KeyboardTracker.swift /Users/admin/builder/spi-builder-workspace/Sources/SwiftlierUIKit/Controller/Alert.swift /Users/admin/builder/spi-builder-workspace/Sources/SwiftlierUIKit/Controller/DataSourceType.swift /Users/admin/builder/spi-builder-workspace/Sources/SwiftlierUIKit/Controller/DatePickerViewController.swift /Users/admin/builder/spi-builder-workspace/Sources/SwiftlierUIKit/Controller/FormViewController.swift /Users/admin/builder/spi-builder-workspace/Sources/SwiftlierUIKit/Controller/KeyboardConstraintAdjuster.swift /Users/admin/builder/spi-builder-workspace/Sources/SwiftlierUIKit/Controller/KeyboardTracker.swift (in target 'SwiftlierUIKit' from project 'SwiftlierUIKit')
SwiftCompile normal arm64 /Users/admin/builder/spi-builder-workspace/Sources/SwiftlierUIKit/Controller/Alert.swift (in target 'SwiftlierUIKit' from project 'SwiftlierUIKit')
cd /Users/admin/builder/spi-builder-workspace/.swiftpm/xcode
builtin-SwiftPerFileCompile Alert.swift
SwiftCompile normal arm64 /Users/admin/builder/spi-builder-workspace/Sources/SwiftlierUIKit/Controller/DataSourceType.swift (in target 'SwiftlierUIKit' from project 'SwiftlierUIKit')
cd /Users/admin/builder/spi-builder-workspace/.swiftpm/xcode
builtin-SwiftPerFileCompile DataSourceType.swift
SwiftCompile normal arm64 /Users/admin/builder/spi-builder-workspace/Sources/SwiftlierUIKit/Controller/DatePickerViewController.swift (in target 'SwiftlierUIKit' from project 'SwiftlierUIKit')
cd /Users/admin/builder/spi-builder-workspace/.swiftpm/xcode
builtin-SwiftPerFileCompile DatePickerViewController.swift
SwiftCompile normal arm64 /Users/admin/builder/spi-builder-workspace/Sources/SwiftlierUIKit/Controller/FormViewController.swift (in target 'SwiftlierUIKit' from project 'SwiftlierUIKit')
cd /Users/admin/builder/spi-builder-workspace/.swiftpm/xcode
builtin-SwiftPerFileCompile FormViewController.swift
SwiftCompile normal arm64 /Users/admin/builder/spi-builder-workspace/Sources/SwiftlierUIKit/Controller/KeyboardConstraintAdjuster.swift (in target 'SwiftlierUIKit' from project 'SwiftlierUIKit')
cd /Users/admin/builder/spi-builder-workspace/.swiftpm/xcode
builtin-SwiftPerFileCompile KeyboardConstraintAdjuster.swift
SwiftCompile normal arm64 /Users/admin/builder/spi-builder-workspace/Sources/SwiftlierUIKit/Controller/KeyboardTracker.swift (in target 'SwiftlierUIKit' from project 'SwiftlierUIKit')
cd /Users/admin/builder/spi-builder-workspace/.swiftpm/xcode
builtin-SwiftPerFileCompile KeyboardTracker.swift
SwiftCompile normal arm64 Compiling\ LayeredTableViewController.swift,\ LimitedSizeViewController.swift,\ MenuViewController.swift,\ SelectListViewController.swift,\ TaskService.swift,\ UIBarButtonItem+BlockTarget.swift /Users/admin/builder/spi-builder-workspace/Sources/SwiftlierUIKit/Controller/LayeredTableViewController.swift /Users/admin/builder/spi-builder-workspace/Sources/SwiftlierUIKit/Controller/LimitedSizeViewController.swift /Users/admin/builder/spi-builder-workspace/Sources/SwiftlierUIKit/Controller/MenuViewController.swift /Users/admin/builder/spi-builder-workspace/Sources/SwiftlierUIKit/Controller/SelectListViewController.swift /Users/admin/builder/spi-builder-workspace/Sources/SwiftlierUIKit/Controller/TaskService.swift /Users/admin/builder/spi-builder-workspace/Sources/SwiftlierUIKit/Controller/UIBarButtonItem+BlockTarget.swift (in target 'SwiftlierUIKit' from project 'SwiftlierUIKit')
SwiftCompile normal arm64 /Users/admin/builder/spi-builder-workspace/Sources/SwiftlierUIKit/Controller/LayeredTableViewController.swift (in target 'SwiftlierUIKit' from project 'SwiftlierUIKit')
cd /Users/admin/builder/spi-builder-workspace/.swiftpm/xcode
builtin-SwiftPerFileCompile LayeredTableViewController.swift
SwiftCompile normal arm64 /Users/admin/builder/spi-builder-workspace/Sources/SwiftlierUIKit/Controller/LimitedSizeViewController.swift (in target 'SwiftlierUIKit' from project 'SwiftlierUIKit')
cd /Users/admin/builder/spi-builder-workspace/.swiftpm/xcode
builtin-SwiftPerFileCompile LimitedSizeViewController.swift
SwiftCompile normal arm64 /Users/admin/builder/spi-builder-workspace/Sources/SwiftlierUIKit/Controller/MenuViewController.swift (in target 'SwiftlierUIKit' from project 'SwiftlierUIKit')
cd /Users/admin/builder/spi-builder-workspace/.swiftpm/xcode
builtin-SwiftPerFileCompile MenuViewController.swift
SwiftCompile normal arm64 /Users/admin/builder/spi-builder-workspace/Sources/SwiftlierUIKit/Controller/SelectListViewController.swift (in target 'SwiftlierUIKit' from project 'SwiftlierUIKit')
cd /Users/admin/builder/spi-builder-workspace/.swiftpm/xcode
builtin-SwiftPerFileCompile SelectListViewController.swift
SwiftCompile normal arm64 /Users/admin/builder/spi-builder-workspace/Sources/SwiftlierUIKit/Controller/TaskService.swift (in target 'SwiftlierUIKit' from project 'SwiftlierUIKit')
cd /Users/admin/builder/spi-builder-workspace/.swiftpm/xcode
builtin-SwiftPerFileCompile TaskService.swift
SwiftCompile normal arm64 /Users/admin/builder/spi-builder-workspace/Sources/SwiftlierUIKit/Controller/UIBarButtonItem+BlockTarget.swift (in target 'SwiftlierUIKit' from project 'SwiftlierUIKit')
cd /Users/admin/builder/spi-builder-workspace/.swiftpm/xcode
builtin-SwiftPerFileCompile UIBarButtonItem+BlockTarget.swift
PruneExplicitPrecompiledModules /Users/admin/builder/spi-builder-workspace/.derivedData/SDKExplicitPrecompiledModules
PruneExplicitPrecompiledModules /Users/admin/builder/spi-builder-workspace/.derivedData/Build/Intermediates.noindex/SwiftExplicitPrecompiledModules
PruneExplicitPrecompiledModules /Users/admin/builder/spi-builder-workspace/.derivedData/Build/Intermediates.noindex/ExplicitPrecompiledModules
2026-09-17 05:32:56.387 xcodebuild[682:4318] [MT] IDERunDestination: Supported platforms for the buildables in the current scheme is empty.
** BUILD FAILED **
The following build commands failed:
SwiftCompile normal arm64 (in target 'SwiftlierUIKit' from project 'SwiftlierUIKit')
SwiftEmitModule normal arm64 Emitting\ module\ for\ SwiftlierUIKit (in target 'SwiftlierUIKit' from project 'SwiftlierUIKit')
Building workspace SwiftlierUIKit with scheme SwiftlierUIKit
(3 failures)
Command line invocation:
/Applications/Xcode-27.0.0-Release.Candidate.app/Contents/Developer/usr/bin/xcodebuild -IDEClonedSourcePackagesDirPathOverride=/Users/admin/builder/spi-builder-workspace/.dependencies -resolvePackageDependencies
Resolve Package Graph
Resolved source packages:
SwiftlierUIKit: /Users/admin/builder/spi-builder-workspace
Swiftlier: https://github.com/drewag/Swiftlier.git @ 6.1.3
resolved source packages: SwiftlierUIKit, Swiftlier
2026-09-17 05:33:06.935 xcodebuild[802:4893] [MT] IDERunDestination: Supported platforms for the buildables in the current scheme is empty.
{
"dependencies" : [
{
"identity" : "swiftlier",
"requirement" : {
"range" : [
{
"lower_bound" : "6.0.0",
"upper_bound" : "7.0.0"
}
]
},
"type" : "sourceControl",
"url" : "https://github.com/drewag/Swiftlier.git"
}
],
"manifest_display_name" : "SwiftlierUIKit",
"name" : "SwiftlierUIKit",
"path" : "/Users/admin/builder/spi-builder-workspace",
"platforms" : [
{
"name" : "ios",
"version" : "8.0"
}
],
"products" : [
{
"name" : "SwiftlierUIKit",
"targets" : [
"SwiftlierUIKit"
],
"type" : {
"library" : [
"automatic"
]
}
}
],
"targets" : [
{
"c99name" : "SwiftlierUIKitTests",
"module_type" : "SwiftTarget",
"name" : "SwiftlierUIKitTests",
"path" : "Tests/SwiftlierUIKitTests",
"sources" : [
"AlertTests.swift",
"CGMathTests.swift",
"ColorTests.swift",
"DataSourceTypeTests.swift",
"ObfuscatedDataTests.swift",
"Path_ImageTests.swift",
"UIView_ConstraintsTests.swift"
],
"target_dependencies" : [
"SwiftlierUIKit"
],
"type" : "test"
},
{
"c99name" : "SwiftlierUIKit",
"module_type" : "SwiftTarget",
"name" : "SwiftlierUIKit",
"path" : "Sources",
"product_dependencies" : [
"Swiftlier"
],
"product_memberships" : [
"SwiftlierUIKit"
],
"sources" : [
"SwiftlierUIKit/Controller/Alert.swift",
"SwiftlierUIKit/Controller/DataSourceType.swift",
"SwiftlierUIKit/Controller/DatePickerViewController.swift",
"SwiftlierUIKit/Controller/FormViewController.swift",
"SwiftlierUIKit/Controller/KeyboardConstraintAdjuster.swift",
"SwiftlierUIKit/Controller/KeyboardTracker.swift",
"SwiftlierUIKit/Controller/LayeredTableViewController.swift",
"SwiftlierUIKit/Controller/LimitedSizeViewController.swift",
"SwiftlierUIKit/Controller/MenuViewController.swift",
"SwiftlierUIKit/Controller/SelectListViewController.swift",
"SwiftlierUIKit/Controller/TaskService.swift",
"SwiftlierUIKit/Controller/UIBarButtonItem+BlockTarget.swift",
"SwiftlierUIKit/Controller/UIButton+BlockTarget.swift",
"SwiftlierUIKit/Controller/UICollectionView+EasyRegister.swift",
"SwiftlierUIKit/Controller/UINavigationController+Helpers.swift",
"SwiftlierUIKit/Controller/UITableView+EasyRegister.swift",
"SwiftlierUIKit/Controller/UIViewController+Helpers.swift",
"SwiftlierUIKit/Controller/UIViewController+PhotoViewing.swift",
"SwiftlierUIKit/Controller/UIViewController+Transitions.swift",
"SwiftlierUIKit/Controller/WebViewController.swift",
"SwiftlierUIKit/Controller/ZoomThroughTransition.swift",
"SwiftlierUIKit/Model/Date+DispatchTime.swift",
"SwiftlierUIKit/Model/EnergyFormatting.swift",
"SwiftlierUIKit/Model/Float+Factory.swift",
"SwiftlierUIKit/Model/Form.swift",
"SwiftlierUIKit/Model/Menu.swift",
"SwiftlierUIKit/Model/ObfuscatedData.swift",
"SwiftlierUIKit/Model/ObservableArray+UI.swift",
"SwiftlierUIKit/Model/Path+Image.swift",
"SwiftlierUIKit/Model/Transformation.swift",
"SwiftlierUIKit/Model/UIColor+Encodable.swift",
"SwiftlierUIKit/Model/UIColor+Factory.swift",
"SwiftlierUIKit/Model/UIDevice+AppIdioms.swift",
"SwiftlierUIKit/Model/UIImage+Editing.swift",
"SwiftlierUIKit/View/BubbleView.swift",
"SwiftlierUIKit/View/CGContext+ThreadSafe.swift",
"SwiftlierUIKit/View/CGMath.swift",
"SwiftlierUIKit/View/CircleBorderView.swift",
"SwiftlierUIKit/View/CustomGradientView.swift",
"SwiftlierUIKit/View/DiagonalGradientView.swift",
"SwiftlierUIKit/View/MonthAndYearPicker.swift",
"SwiftlierUIKit/View/NSLayoutConstraint+SwifPlusPlus.swift",
"SwiftlierUIKit/View/NSLayoutContraint+Factory.swift",
"SwiftlierUIKit/View/PassThroughTouchView.swift",
"SwiftlierUIKit/View/PlaceholderTextView.swift",
"SwiftlierUIKit/View/RoundedBorderButton.swift",
"SwiftlierUIKit/View/RoundedBorderView.swift",
"SwiftlierUIKit/View/SectionHeaderWithButtonView.swift",
"SwiftlierUIKit/View/ShadowView.swift",
"SwiftlierUIKit/View/ThinLayoutConstraint.swift",
"SwiftlierUIKit/View/UIView+Animations.swift",
"SwiftlierUIKit/View/UIView+Constraints.swift",
"SwiftlierUIKit/View/UIView+Drawing.swift",
"SwiftlierUIKit/View/UIView+Helpers.swift",
"SwiftlierUIKit/View/UIView+ImageCapture.swift",
"SwiftlierUIKit/View/UIView+Layout.swift",
"SwiftlierUIKit/View/VerticalGradientView.swift"
],
"type" : "library"
}
],
"tools_version" : "5.0"
}
{
"workspace" : {
"name" : "SwiftlierUIKit",
"schemes" : [
"SwiftlierUIKit"
]
}
}
2026-09-17 05:33:08.203 xcodebuild[810:4963] [MT] IDERunDestination: Supported platforms for the buildables in the current scheme is empty.
Running build ...
env DEVELOPER_DIR=/Applications/Xcode-27.0.0-Release.Candidate.app xcrun xcodebuild -IDEClonedSourcePackagesDirPathOverride=$PWD/.dependencies -skipMacroValidation -skipPackagePluginValidation -derivedDataPath $PWD/.derivedData build -scheme SwiftlierUIKit -destination generic/platform=xrOS
Command line invocation:
/Applications/Xcode-27.0.0-Release.Candidate.app/Contents/Developer/usr/bin/xcodebuild -IDEClonedSourcePackagesDirPathOverride=/Users/admin/builder/spi-builder-workspace/.dependencies -skipMacroValidation -skipPackagePluginValidation -derivedDataPath /Users/admin/builder/spi-builder-workspace/.derivedData build -scheme SwiftlierUIKit -destination generic/platform=xrOS
Resolve Package Graph
Resolved source packages:
SwiftlierUIKit: /Users/admin/builder/spi-builder-workspace
Swiftlier: https://github.com/drewag/Swiftlier.git @ 6.1.3
ComputePackagePrebuildTargetDependencyGraph
Prepare packages
CreateBuildRequest
SendProjectDescription
CreateBuildOperation
ComputeTargetDependencyGraph
note: Building targets in dependency order
note: Target dependency graph (4 targets)
Target 'SwiftlierUIKit-product' in project 'SwiftlierUIKit'
➜ Explicit dependency on target 'SwiftlierUIKit' in project 'SwiftlierUIKit'
➜ Explicit dependency on target 'Swiftlier-product' in project 'Swiftlier'
Target 'SwiftlierUIKit' in project 'SwiftlierUIKit'
➜ Explicit dependency on target 'Swiftlier-product' in project 'Swiftlier'
Target 'Swiftlier-product' in project 'Swiftlier'
➜ Explicit dependency on target 'Swiftlier' in project 'Swiftlier'
Target 'Swiftlier' in project 'Swiftlier' (no dependencies)
GatherProvisioningInputs
CreateBuildDescription
ClangStatCache /Applications/Xcode-27.0.0-Release.Candidate.app/Contents/Developer/Toolchains/XcodeDefault.xctoolchain/usr/bin/clang-stat-cache /Applications/Xcode-27.0.0-Release.Candidate.app/Contents/Developer/Platforms/XROS.platform/Developer/SDKs/XROS27.0.sdk /Users/admin/builder/spi-builder-workspace/.derivedData/SDKStatCaches.noindex/xros27.0-24M361-e829b21a6f8c9b70876ba0858053c044735bd543db762f57723cac368afd1ce4.sdkstatcache
cd /Users/admin/builder/spi-builder-workspace/.swiftpm/xcode
/Applications/Xcode-27.0.0-Release.Candidate.app/Contents/Developer/Toolchains/XcodeDefault.xctoolchain/usr/bin/clang-stat-cache /Applications/Xcode-27.0.0-Release.Candidate.app/Contents/Developer/Platforms/XROS.platform/Developer/SDKs/XROS27.0.sdk -o /Users/admin/builder/spi-builder-workspace/.derivedData/SDKStatCaches.noindex/xros27.0-24M361-e829b21a6f8c9b70876ba0858053c044735bd543db762f57723cac368afd1ce4.sdkstatcache
SwiftDriver SwiftlierUIKit normal arm64 com.apple.xcode.tools.swift.compiler (in target 'SwiftlierUIKit' from project 'SwiftlierUIKit')
cd /Users/admin/builder/spi-builder-workspace/.swiftpm/xcode
builtin-SwiftDriver -- /Applications/Xcode-27.0.0-Release.Candidate.app/Contents/Developer/Toolchains/XcodeDefault.xctoolchain/usr/bin/swiftc -parse-as-library -module-name SwiftlierUIKit -Onone @/Users/admin/builder/spi-builder-workspace/.derivedData/Build/Intermediates.noindex/SwiftlierUIKit.build/Debug-xros/SwiftlierUIKit-t.build/Objects-normal/arm64/SwiftlierUIKit.SwiftFileList -DSWIFT_PACKAGE -DDEBUG -DSWIFT_MODULE_RESOURCE_BUNDLE_UNAVAILABLE -DXcode -plugin-path /Applications/Xcode-27.0.0-Release.Candidate.app/Contents/Developer/Toolchains/XcodeDefault.xctoolchain/usr/lib/swift/host/plugins/testing -enable-experimental-feature DebugDescriptionMacro -sdk /Applications/Xcode-27.0.0-Release.Candidate.app/Contents/Developer/Platforms/XROS.platform/Developer/SDKs/XROS27.0.sdk -target arm64-apple-xros1.0 -g -module-cache-path /Users/admin/builder/spi-builder-workspace/.derivedData/ModuleCache.noindex -Xfrontend -serialize-debugging-options -profile-coverage-mapping -profile-generate -enable-testing -index-store-path /Users/admin/builder/spi-builder-workspace/.derivedData/Index.noindex/DataStore -Xcc -D_LIBCPP_HARDENING_MODE\=_LIBCPP_HARDENING_MODE_DEBUG -swift-version 5 -I /Users/admin/builder/spi-builder-workspace/.derivedData/Build/Products/Debug-xros -Isystem /Applications/Xcode-27.0.0-Release.Candidate.app/Contents/Developer/Platforms/XROS.platform/Developer/usr/lib -F /Users/admin/builder/spi-builder-workspace/.derivedData/Build/Products/Debug-xros/PackageFrameworks -F /Users/admin/builder/spi-builder-workspace/.derivedData/Build/Products/Debug-xros -F /Applications/Xcode-27.0.0-Release.Candidate.app/Contents/Developer/Platforms/XROS.platform/Developer/Library/Frameworks -F /Applications/Xcode-27.0.0-Release.Candidate.app/Contents/Developer/Platforms/XROS.platform/Developer/SDKs/XROS27.0.sdk/Developer/Library/Frameworks -c -j10 -enable-batch-mode -incremental -Xcc -ivfsstatcache -Xcc /Users/admin/builder/spi-builder-workspace/.derivedData/SDKStatCaches.noindex/xros27.0-24M361-e829b21a6f8c9b70876ba0858053c044735bd543db762f57723cac368afd1ce4.sdkstatcache -output-file-map /Users/admin/builder/spi-builder-workspace/.derivedData/Build/Intermediates.noindex/SwiftlierUIKit.build/Debug-xros/SwiftlierUIKit-t.build/Objects-normal/arm64/SwiftlierUIKit-OutputFileMap.json -save-temps -no-color-diagnostics -explicit-module-build -module-cache-path /Users/admin/builder/spi-builder-workspace/.derivedData/Build/Intermediates.noindex/SwiftExplicitPrecompiledModules -clang-scanner-module-cache-path /Users/admin/builder/spi-builder-workspace/.derivedData/ModuleCache.noindex -sdk-module-cache-path /Users/admin/builder/spi-builder-workspace/.derivedData/SDKExplicitPrecompiledModules -emit-dependencies -emit-module -emit-module-path /Users/admin/builder/spi-builder-workspace/.derivedData/Build/Intermediates.noindex/SwiftlierUIKit.build/Debug-xros/SwiftlierUIKit-t.build/Objects-normal/arm64/SwiftlierUIKit.swiftmodule -serialize-diagnostics -dependency-scan-serialize-diagnostics-path /Users/admin/builder/spi-builder-workspace/.derivedData/Build/Intermediates.noindex/SwiftlierUIKit.build/Debug-xros/SwiftlierUIKit-t.build/Objects-normal/arm64/SwiftlierUIKit-dependency-scan.dia -validate-clang-modules-once -clang-build-session-file /Users/admin/builder/spi-builder-workspace/.derivedData/ModuleCache.noindex/Session.modulevalidation -Xcc -fmodules-prune-interval\=86400 -Xcc -fmodules-prune-after\=345600 -emit-const-values -const-gather-protocols-list /Users/admin/builder/spi-builder-workspace/.derivedData/Build/Intermediates.noindex/SwiftlierUIKit.build/Debug-xros/SwiftlierUIKit-t.build/Objects-normal/arm64/SwiftlierUIKit_const_extract_protocols.json -Xcc -I/Users/admin/builder/spi-builder-workspace/.derivedData/Build/Products/Debug-xros/include -Xcc -I/Users/admin/builder/spi-builder-workspace/.derivedData/Build/Intermediates.noindex/SwiftlierUIKit.build/Debug-xros/SwiftlierUIKit-t.build/DerivedSources-normal/arm64 -Xcc -I/Users/admin/builder/spi-builder-workspace/.derivedData/Build/Intermediates.noindex/SwiftlierUIKit.build/Debug-xros/SwiftlierUIKit-t.build/DerivedSources/arm64 -Xcc -I/Users/admin/builder/spi-builder-workspace/.derivedData/Build/Intermediates.noindex/SwiftlierUIKit.build/Debug-xros/SwiftlierUIKit-t.build/DerivedSources -Xcc -DSWIFT_PACKAGE -Xcc -DDEBUG\=1 -emit-objc-header -emit-objc-header-path /Users/admin/builder/spi-builder-workspace/.derivedData/Build/Intermediates.noindex/SwiftlierUIKit.build/Debug-xros/SwiftlierUIKit-t.build/Objects-normal/arm64/SwiftlierUIKit-Swift.h -working-directory /Users/admin/builder/spi-builder-workspace/.swiftpm/xcode -experimental-emit-module-separately -disable-cmo
SwiftCompile normal arm64 Compiling\ LayeredTableViewController.swift,\ LimitedSizeViewController.swift,\ MenuViewController.swift,\ SelectListViewController.swift,\ TaskService.swift,\ UIBarButtonItem+BlockTarget.swift /Users/admin/builder/spi-builder-workspace/Sources/SwiftlierUIKit/Controller/LayeredTableViewController.swift /Users/admin/builder/spi-builder-workspace/Sources/SwiftlierUIKit/Controller/LimitedSizeViewController.swift /Users/admin/builder/spi-builder-workspace/Sources/SwiftlierUIKit/Controller/MenuViewController.swift /Users/admin/builder/spi-builder-workspace/Sources/SwiftlierUIKit/Controller/SelectListViewController.swift /Users/admin/builder/spi-builder-workspace/Sources/SwiftlierUIKit/Controller/TaskService.swift /Users/admin/builder/spi-builder-workspace/Sources/SwiftlierUIKit/Controller/UIBarButtonItem+BlockTarget.swift (in target 'SwiftlierUIKit' from project 'SwiftlierUIKit')
SwiftCompile normal arm64 /Users/admin/builder/spi-builder-workspace/Sources/SwiftlierUIKit/Controller/LayeredTableViewController.swift (in target 'SwiftlierUIKit' from project 'SwiftlierUIKit')
cd /Users/admin/builder/spi-builder-workspace/.swiftpm/xcode
builtin-SwiftPerFileCompile LayeredTableViewController.swift
SwiftCompile normal arm64 /Users/admin/builder/spi-builder-workspace/Sources/SwiftlierUIKit/Controller/LimitedSizeViewController.swift (in target 'SwiftlierUIKit' from project 'SwiftlierUIKit')
cd /Users/admin/builder/spi-builder-workspace/.swiftpm/xcode
builtin-SwiftPerFileCompile LimitedSizeViewController.swift
SwiftCompile normal arm64 /Users/admin/builder/spi-builder-workspace/Sources/SwiftlierUIKit/Controller/MenuViewController.swift (in target 'SwiftlierUIKit' from project 'SwiftlierUIKit')
cd /Users/admin/builder/spi-builder-workspace/.swiftpm/xcode
builtin-SwiftPerFileCompile MenuViewController.swift
SwiftCompile normal arm64 /Users/admin/builder/spi-builder-workspace/Sources/SwiftlierUIKit/Controller/SelectListViewController.swift (in target 'SwiftlierUIKit' from project 'SwiftlierUIKit')
cd /Users/admin/builder/spi-builder-workspace/.swiftpm/xcode
builtin-SwiftPerFileCompile SelectListViewController.swift
SwiftCompile normal arm64 /Users/admin/builder/spi-builder-workspace/Sources/SwiftlierUIKit/Controller/TaskService.swift (in target 'SwiftlierUIKit' from project 'SwiftlierUIKit')
cd /Users/admin/builder/spi-builder-workspace/.swiftpm/xcode
builtin-SwiftPerFileCompile TaskService.swift
SwiftCompile normal arm64 /Users/admin/builder/spi-builder-workspace/Sources/SwiftlierUIKit/Controller/UIBarButtonItem+BlockTarget.swift (in target 'SwiftlierUIKit' from project 'SwiftlierUIKit')
cd /Users/admin/builder/spi-builder-workspace/.swiftpm/xcode
builtin-SwiftPerFileCompile UIBarButtonItem+BlockTarget.swift
SwiftCompile normal arm64 Compiling\ Alert.swift,\ DataSourceType.swift,\ DatePickerViewController.swift,\ FormViewController.swift,\ KeyboardConstraintAdjuster.swift,\ KeyboardTracker.swift /Users/admin/builder/spi-builder-workspace/Sources/SwiftlierUIKit/Controller/Alert.swift /Users/admin/builder/spi-builder-workspace/Sources/SwiftlierUIKit/Controller/DataSourceType.swift /Users/admin/builder/spi-builder-workspace/Sources/SwiftlierUIKit/Controller/DatePickerViewController.swift /Users/admin/builder/spi-builder-workspace/Sources/SwiftlierUIKit/Controller/FormViewController.swift /Users/admin/builder/spi-builder-workspace/Sources/SwiftlierUIKit/Controller/KeyboardConstraintAdjuster.swift /Users/admin/builder/spi-builder-workspace/Sources/SwiftlierUIKit/Controller/KeyboardTracker.swift (in target 'SwiftlierUIKit' from project 'SwiftlierUIKit')
SwiftCompile normal arm64 /Users/admin/builder/spi-builder-workspace/Sources/SwiftlierUIKit/Controller/Alert.swift (in target 'SwiftlierUIKit' from project 'SwiftlierUIKit')
cd /Users/admin/builder/spi-builder-workspace/.swiftpm/xcode
builtin-SwiftPerFileCompile Alert.swift
SwiftCompile normal arm64 /Users/admin/builder/spi-builder-workspace/Sources/SwiftlierUIKit/Controller/DataSourceType.swift (in target 'SwiftlierUIKit' from project 'SwiftlierUIKit')
cd /Users/admin/builder/spi-builder-workspace/.swiftpm/xcode
builtin-SwiftPerFileCompile DataSourceType.swift
SwiftCompile normal arm64 /Users/admin/builder/spi-builder-workspace/Sources/SwiftlierUIKit/Controller/DatePickerViewController.swift (in target 'SwiftlierUIKit' from project 'SwiftlierUIKit')
cd /Users/admin/builder/spi-builder-workspace/.swiftpm/xcode
builtin-SwiftPerFileCompile DatePickerViewController.swift
SwiftCompile normal arm64 /Users/admin/builder/spi-builder-workspace/Sources/SwiftlierUIKit/Controller/FormViewController.swift (in target 'SwiftlierUIKit' from project 'SwiftlierUIKit')
cd /Users/admin/builder/spi-builder-workspace/.swiftpm/xcode
builtin-SwiftPerFileCompile FormViewController.swift
SwiftCompile normal arm64 /Users/admin/builder/spi-builder-workspace/Sources/SwiftlierUIKit/Controller/KeyboardConstraintAdjuster.swift (in target 'SwiftlierUIKit' from project 'SwiftlierUIKit')
cd /Users/admin/builder/spi-builder-workspace/.swiftpm/xcode
builtin-SwiftPerFileCompile KeyboardConstraintAdjuster.swift
SwiftCompile normal arm64 /Users/admin/builder/spi-builder-workspace/Sources/SwiftlierUIKit/Controller/KeyboardTracker.swift (in target 'SwiftlierUIKit' from project 'SwiftlierUIKit')
cd /Users/admin/builder/spi-builder-workspace/.swiftpm/xcode
builtin-SwiftPerFileCompile KeyboardTracker.swift
SwiftCompile normal arm64 Compiling\ UIViewController+Transitions.swift,\ WebViewController.swift,\ ZoomThroughTransition.swift,\ Date+DispatchTime.swift,\ EnergyFormatting.swift,\ Float+Factory.swift /Users/admin/builder/spi-builder-workspace/Sources/SwiftlierUIKit/Controller/UIViewController+Transitions.swift /Users/admin/builder/spi-builder-workspace/Sources/SwiftlierUIKit/Controller/WebViewController.swift /Users/admin/builder/spi-builder-workspace/Sources/SwiftlierUIKit/Controller/ZoomThroughTransition.swift /Users/admin/builder/spi-builder-workspace/Sources/SwiftlierUIKit/Model/Date+DispatchTime.swift /Users/admin/builder/spi-builder-workspace/Sources/SwiftlierUIKit/Model/EnergyFormatting.swift /Users/admin/builder/spi-builder-workspace/Sources/SwiftlierUIKit/Model/Float+Factory.swift (in target 'SwiftlierUIKit' from project 'SwiftlierUIKit')
/Users/admin/builder/spi-builder-workspace/Sources/SwiftlierUIKit/Controller/ZoomThroughTransition.swift:29:49: error: 'keyWindow' is unavailable in visionOS
27 | return
28 | }
29 | let windowBounds = UIApplication.shared.keyWindow!.bounds
| `- error: 'keyWindow' is unavailable in visionOS
30 |
31 | destinationView.frame = sourceView.frame
/Applications/Xcode-27.0.0-Release.Candidate.app/Contents/Developer/Platforms/XROS.platform/Developer/SDKs/XROS27.0.sdk/System/Library/Frameworks/UIKit.framework/Headers/UIApplication.h:108:51: note: 'keyWindow' has been explicitly marked unavailable here
106 | - (void)sendEvent:(UIEvent *)event;
107 |
108 | @property(nullable, nonatomic,readonly) UIWindow *keyWindow API_DEPRECATED("Should not be used for applications that support multiple scenes as it returns a key window across all connected scenes", ios(2.0, 13.0)) API_UNAVAILABLE(visionos, watchos);
| `- note: 'keyWindow' has been explicitly marked unavailable here
109 | @property(nonatomic,readonly) NSArray<__kindof UIWindow *> *windows API_DEPRECATED("Use UIWindowScene.windows on a relevant window scene instead", ios(2.0, 15.0), visionos(1.0, 1.0)) API_UNAVAILABLE(watchos);
110 |
/Users/admin/builder/spi-builder-workspace/Sources/SwiftlierUIKit/Controller/ZoomThroughTransition.swift:66:30: error: 'keyWindow' is unavailable in visionOS
64 | }
65 |
66 | UIApplication.shared.keyWindow!.insertSubview(sourceView, aboveSubview: destinationView)
| `- error: 'keyWindow' is unavailable in visionOS
67 |
68 | UIView.animate(withDuration: 0.3,
/Applications/Xcode-27.0.0-Release.Candidate.app/Contents/Developer/Platforms/XROS.platform/Developer/SDKs/XROS27.0.sdk/System/Library/Frameworks/UIKit.framework/Headers/UIApplication.h:108:51: note: 'keyWindow' has been explicitly marked unavailable here
106 | - (void)sendEvent:(UIEvent *)event;
107 |
108 | @property(nullable, nonatomic,readonly) UIWindow *keyWindow API_DEPRECATED("Should not be used for applications that support multiple scenes as it returns a key window across all connected scenes", ios(2.0, 13.0)) API_UNAVAILABLE(visionos, watchos);
| `- note: 'keyWindow' has been explicitly marked unavailable here
109 | @property(nonatomic,readonly) NSArray<__kindof UIWindow *> *windows API_DEPRECATED("Use UIWindowScene.windows on a relevant window scene instead", ios(2.0, 15.0), visionos(1.0, 1.0)) API_UNAVAILABLE(watchos);
110 |
SwiftCompile normal arm64 /Users/admin/builder/spi-builder-workspace/Sources/SwiftlierUIKit/Controller/UIViewController+Transitions.swift (in target 'SwiftlierUIKit' from project 'SwiftlierUIKit')
cd /Users/admin/builder/spi-builder-workspace/.swiftpm/xcode
builtin-SwiftPerFileCompile UIViewController+Transitions.swift
SwiftCompile normal arm64 /Users/admin/builder/spi-builder-workspace/Sources/SwiftlierUIKit/Controller/WebViewController.swift (in target 'SwiftlierUIKit' from project 'SwiftlierUIKit')
cd /Users/admin/builder/spi-builder-workspace/.swiftpm/xcode
builtin-SwiftPerFileCompile WebViewController.swift
SwiftCompile normal arm64 /Users/admin/builder/spi-builder-workspace/Sources/SwiftlierUIKit/Controller/ZoomThroughTransition.swift (in target 'SwiftlierUIKit' from project 'SwiftlierUIKit')
cd /Users/admin/builder/spi-builder-workspace/.swiftpm/xcode
builtin-SwiftPerFileCompile ZoomThroughTransition.swift
SwiftCompile normal arm64 /Users/admin/builder/spi-builder-workspace/Sources/SwiftlierUIKit/Model/Date+DispatchTime.swift (in target 'SwiftlierUIKit' from project 'SwiftlierUIKit')
cd /Users/admin/builder/spi-builder-workspace/.swiftpm/xcode
builtin-SwiftPerFileCompile Date+DispatchTime.swift
SwiftCompile normal arm64 /Users/admin/builder/spi-builder-workspace/Sources/SwiftlierUIKit/Model/EnergyFormatting.swift (in target 'SwiftlierUIKit' from project 'SwiftlierUIKit')
cd /Users/admin/builder/spi-builder-workspace/.swiftpm/xcode
builtin-SwiftPerFileCompile EnergyFormatting.swift
SwiftCompile normal arm64 /Users/admin/builder/spi-builder-workspace/Sources/SwiftlierUIKit/Model/Float+Factory.swift (in target 'SwiftlierUIKit' from project 'SwiftlierUIKit')
cd /Users/admin/builder/spi-builder-workspace/.swiftpm/xcode
builtin-SwiftPerFileCompile Float+Factory.swift
SwiftCompile normal arm64 Compiling\ CGMath.swift,\ CircleBorderView.swift,\ CustomGradientView.swift,\ DiagonalGradientView.swift,\ MonthAndYearPicker.swift,\ NSLayoutConstraint+SwifPlusPlus.swift /Users/admin/builder/spi-builder-workspace/Sources/SwiftlierUIKit/View/CGMath.swift /Users/admin/builder/spi-builder-workspace/Sources/SwiftlierUIKit/View/CircleBorderView.swift /Users/admin/builder/spi-builder-workspace/Sources/SwiftlierUIKit/View/CustomGradientView.swift /Users/admin/builder/spi-builder-workspace/Sources/SwiftlierUIKit/View/DiagonalGradientView.swift /Users/admin/builder/spi-builder-workspace/Sources/SwiftlierUIKit/View/MonthAndYearPicker.swift /Users/admin/builder/spi-builder-workspace/Sources/SwiftlierUIKit/View/NSLayoutConstraint+SwifPlusPlus.swift (in target 'SwiftlierUIKit' from project 'SwiftlierUIKit')
SwiftCompile normal arm64 /Users/admin/builder/spi-builder-workspace/Sources/SwiftlierUIKit/View/CGMath.swift (in target 'SwiftlierUIKit' from project 'SwiftlierUIKit')
cd /Users/admin/builder/spi-builder-workspace/.swiftpm/xcode
builtin-SwiftPerFileCompile CGMath.swift
SwiftCompile normal arm64 /Users/admin/builder/spi-builder-workspace/Sources/SwiftlierUIKit/View/CircleBorderView.swift (in target 'SwiftlierUIKit' from project 'SwiftlierUIKit')
cd /Users/admin/builder/spi-builder-workspace/.swiftpm/xcode
builtin-SwiftPerFileCompile CircleBorderView.swift
SwiftCompile normal arm64 /Users/admin/builder/spi-builder-workspace/Sources/SwiftlierUIKit/View/CustomGradientView.swift (in target 'SwiftlierUIKit' from project 'SwiftlierUIKit')
cd /Users/admin/builder/spi-builder-workspace/.swiftpm/xcode
builtin-SwiftPerFileCompile CustomGradientView.swift
SwiftCompile normal arm64 /Users/admin/builder/spi-builder-workspace/Sources/SwiftlierUIKit/View/DiagonalGradientView.swift (in target 'SwiftlierUIKit' from project 'SwiftlierUIKit')
cd /Users/admin/builder/spi-builder-workspace/.swiftpm/xcode
builtin-SwiftPerFileCompile DiagonalGradientView.swift
SwiftCompile normal arm64 /Users/admin/builder/spi-builder-workspace/Sources/SwiftlierUIKit/View/MonthAndYearPicker.swift (in target 'SwiftlierUIKit' from project 'SwiftlierUIKit')
cd /Users/admin/builder/spi-builder-workspace/.swiftpm/xcode
builtin-SwiftPerFileCompile MonthAndYearPicker.swift
SwiftCompile normal arm64 /Users/admin/builder/spi-builder-workspace/Sources/SwiftlierUIKit/View/NSLayoutConstraint+SwifPlusPlus.swift (in target 'SwiftlierUIKit' from project 'SwiftlierUIKit')
cd /Users/admin/builder/spi-builder-workspace/.swiftpm/xcode
builtin-SwiftPerFileCompile NSLayoutConstraint+SwifPlusPlus.swift
/Users/admin/builder/spi-builder-workspace/Sources/SwiftlierUIKit/View/CGMath.swift:125:1: warning: extension declares a conformance of imported type 'CGFloat' to imported protocol 'AngleValue'; this will not behave correctly if the owners of 'CoreFoundation' introduce this conformance in the future
123 | }
124 |
125 | extension CGFloat: AngleValue {
| |- warning: extension declares a conformance of imported type 'CGFloat' to imported protocol 'AngleValue'; this will not behave correctly if the owners of 'CoreFoundation' introduce this conformance in the future
| `- note: add '@retroactive' to silence this warning
126 | public var sine: CGFloat {
127 | return sin(self)
SwiftCompile normal arm64 Compiling\ UIButton+BlockTarget.swift,\ UICollectionView+EasyRegister.swift,\ UINavigationController+Helpers.swift,\ UITableView+EasyRegister.swift,\ UIViewController+Helpers.swift,\ UIViewController+PhotoViewing.swift /Users/admin/builder/spi-builder-workspace/Sources/SwiftlierUIKit/Controller/UIButton+BlockTarget.swift /Users/admin/builder/spi-builder-workspace/Sources/SwiftlierUIKit/Controller/UICollectionView+EasyRegister.swift /Users/admin/builder/spi-builder-workspace/Sources/SwiftlierUIKit/Controller/UINavigationController+Helpers.swift /Users/admin/builder/spi-builder-workspace/Sources/SwiftlierUIKit/Controller/UITableView+EasyRegister.swift /Users/admin/builder/spi-builder-workspace/Sources/SwiftlierUIKit/Controller/UIViewController+Helpers.swift /Users/admin/builder/spi-builder-workspace/Sources/SwiftlierUIKit/Controller/UIViewController+PhotoViewing.swift (in target 'SwiftlierUIKit' from project 'SwiftlierUIKit')
/Users/admin/builder/spi-builder-workspace/Sources/SwiftlierUIKit/Controller/UICollectionView+EasyRegister.swift:15:19: warning: 'UINib' was deprecated in visionOS 1.0: Loading Interface Builder products will not be supported in a future version of visionOS. [#DeprecatedDeclaration]
13 | let nibName = self.nibName(from: type)
14 | let bundle = Bundle(for: type)
15 | let nib = UINib(nibName: nibName, bundle: bundle)
| `- warning: 'UINib' was deprecated in visionOS 1.0: Loading Interface Builder products will not be supported in a future version of visionOS. [#DeprecatedDeclaration]
16 | self.register(nib, forCellWithReuseIdentifier: nibName)
17 | }
/Users/admin/builder/spi-builder-workspace/Sources/SwiftlierUIKit/Controller/UICollectionView+EasyRegister.swift:16:14: warning: 'register(_:forCellWithReuseIdentifier:)' was deprecated in visionOS 1.0: Loading Interface Builder products will not be supported in a future version of visionOS. [#DeprecatedDeclaration]
14 | let bundle = Bundle(for: type)
15 | let nib = UINib(nibName: nibName, bundle: bundle)
16 | self.register(nib, forCellWithReuseIdentifier: nibName)
| `- warning: 'register(_:forCellWithReuseIdentifier:)' was deprecated in visionOS 1.0: Loading Interface Builder products will not be supported in a future version of visionOS. [#DeprecatedDeclaration]
17 | }
18 |
/Users/admin/builder/spi-builder-workspace/Sources/SwiftlierUIKit/Controller/UITableView+EasyRegister.swift:20:19: warning: 'UINib' was deprecated in visionOS 1.0: Loading Interface Builder products will not be supported in a future version of visionOS. [#DeprecatedDeclaration]
18 | let nibName = self.nibName(fromType: type)
19 | let bundle = Bundle(for: type)
20 | let nib = UINib(nibName: nibName, bundle: bundle)
| `- warning: 'UINib' was deprecated in visionOS 1.0: Loading Interface Builder products will not be supported in a future version of visionOS. [#DeprecatedDeclaration]
21 | self.register(nib, forCellReuseIdentifier: nibName)
22 | }
/Users/admin/builder/spi-builder-workspace/Sources/SwiftlierUIKit/Controller/UITableView+EasyRegister.swift:21:14: warning: 'register(_:forCellReuseIdentifier:)' was deprecated in visionOS 1.0: Loading Interface Builder products will not be supported in a future version of visionOS. [#DeprecatedDeclaration]
19 | let bundle = Bundle(for: type)
20 | let nib = UINib(nibName: nibName, bundle: bundle)
21 | self.register(nib, forCellReuseIdentifier: nibName)
| `- warning: 'register(_:forCellReuseIdentifier:)' was deprecated in visionOS 1.0: Loading Interface Builder products will not be supported in a future version of visionOS. [#DeprecatedDeclaration]
22 | }
23 |
SwiftCompile normal arm64 /Users/admin/builder/spi-builder-workspace/Sources/SwiftlierUIKit/Controller/UIButton+BlockTarget.swift (in target 'SwiftlierUIKit' from project 'SwiftlierUIKit')
cd /Users/admin/builder/spi-builder-workspace/.swiftpm/xcode
builtin-SwiftPerFileCompile UIButton+BlockTarget.swift
SwiftCompile normal arm64 /Users/admin/builder/spi-builder-workspace/Sources/SwiftlierUIKit/Controller/UICollectionView+EasyRegister.swift (in target 'SwiftlierUIKit' from project 'SwiftlierUIKit')
cd /Users/admin/builder/spi-builder-workspace/.swiftpm/xcode
builtin-SwiftPerFileCompile UICollectionView+EasyRegister.swift
SwiftCompile normal arm64 /Users/admin/builder/spi-builder-workspace/Sources/SwiftlierUIKit/Controller/UINavigationController+Helpers.swift (in target 'SwiftlierUIKit' from project 'SwiftlierUIKit')
cd /Users/admin/builder/spi-builder-workspace/.swiftpm/xcode
builtin-SwiftPerFileCompile UINavigationController+Helpers.swift
SwiftCompile normal arm64 /Users/admin/builder/spi-builder-workspace/Sources/SwiftlierUIKit/Controller/UITableView+EasyRegister.swift (in target 'SwiftlierUIKit' from project 'SwiftlierUIKit')
cd /Users/admin/builder/spi-builder-workspace/.swiftpm/xcode
builtin-SwiftPerFileCompile UITableView+EasyRegister.swift
SwiftCompile normal arm64 /Users/admin/builder/spi-builder-workspace/Sources/SwiftlierUIKit/Controller/UIViewController+Helpers.swift (in target 'SwiftlierUIKit' from project 'SwiftlierUIKit')
cd /Users/admin/builder/spi-builder-workspace/.swiftpm/xcode
builtin-SwiftPerFileCompile UIViewController+Helpers.swift
SwiftCompile normal arm64 /Users/admin/builder/spi-builder-workspace/Sources/SwiftlierUIKit/Controller/UIViewController+PhotoViewing.swift (in target 'SwiftlierUIKit' from project 'SwiftlierUIKit')
cd /Users/admin/builder/spi-builder-workspace/.swiftpm/xcode
builtin-SwiftPerFileCompile UIViewController+PhotoViewing.swift
SwiftCompile normal arm64 Compiling\ UIColor+Encodable.swift,\ UIColor+Factory.swift,\ UIDevice+AppIdioms.swift,\ UIImage+Editing.swift,\ BubbleView.swift,\ CGContext+ThreadSafe.swift /Users/admin/builder/spi-builder-workspace/Sources/SwiftlierUIKit/Model/UIColor+Encodable.swift /Users/admin/builder/spi-builder-workspace/Sources/SwiftlierUIKit/Model/UIColor+Factory.swift /Users/admin/builder/spi-builder-workspace/Sources/SwiftlierUIKit/Model/UIDevice+AppIdioms.swift /Users/admin/builder/spi-builder-workspace/Sources/SwiftlierUIKit/Model/UIImage+Editing.swift /Users/admin/builder/spi-builder-workspace/Sources/SwiftlierUIKit/View/BubbleView.swift /Users/admin/builder/spi-builder-workspace/Sources/SwiftlierUIKit/View/CGContext+ThreadSafe.swift (in target 'SwiftlierUIKit' from project 'SwiftlierUIKit')
/Users/admin/builder/spi-builder-workspace/Sources/SwiftlierUIKit/Model/UIColor+Factory.swift:43:17: warning: 'scanLocation' was deprecated in visionOS 1.0 [#DeprecatedDeclaration]
41 | var rgbValue: UInt32 = 0
42 | let scanner = Scanner(string: finalHexString)
43 | scanner.scanLocation = 1 // bypass '#' character
| `- warning: 'scanLocation' was deprecated in visionOS 1.0 [#DeprecatedDeclaration]
44 | scanner.scanHexInt32(&rgbValue)
45 | let red = CGFloat((rgbValue & 0xFF0000) >> 16) / 255.0
/Users/admin/builder/spi-builder-workspace/Sources/SwiftlierUIKit/Model/UIColor+Factory.swift:44:17: warning: 'scanHexInt32' was deprecated in visionOS 1.0 [#DeprecatedDeclaration]
42 | let scanner = Scanner(string: finalHexString)
43 | scanner.scanLocation = 1 // bypass '#' character
44 | scanner.scanHexInt32(&rgbValue)
| `- warning: 'scanHexInt32' was deprecated in visionOS 1.0 [#DeprecatedDeclaration]
45 | let red = CGFloat((rgbValue & 0xFF0000) >> 16) / 255.0
46 | let green = CGFloat((rgbValue & 0xFF00) >> 8) / 255.0
/Users/admin/builder/spi-builder-workspace/Sources/SwiftlierUIKit/Model/UIDevice+AppIdioms.swift:17:9: warning: switch must be exhaustive
15 | extension UIDevice {
16 | public var appIdiom: AppIdiom {
17 | switch self.userInterfaceIdiom {
| |- warning: switch must be exhaustive
| |- note: add missing case: '.mac'
| |- note: add missing case: '.vision'
| `- note: add missing cases
18 | case .pad, .tv, .carPlay, .unspecified:
19 | return .pad
SwiftCompile normal arm64 /Users/admin/builder/spi-builder-workspace/Sources/SwiftlierUIKit/Model/UIColor+Encodable.swift (in target 'SwiftlierUIKit' from project 'SwiftlierUIKit')
cd /Users/admin/builder/spi-builder-workspace/.swiftpm/xcode
builtin-SwiftPerFileCompile UIColor+Encodable.swift
SwiftCompile normal arm64 /Users/admin/builder/spi-builder-workspace/Sources/SwiftlierUIKit/Model/UIColor+Factory.swift (in target 'SwiftlierUIKit' from project 'SwiftlierUIKit')
cd /Users/admin/builder/spi-builder-workspace/.swiftpm/xcode
builtin-SwiftPerFileCompile UIColor+Factory.swift
SwiftCompile normal arm64 /Users/admin/builder/spi-builder-workspace/Sources/SwiftlierUIKit/Model/UIDevice+AppIdioms.swift (in target 'SwiftlierUIKit' from project 'SwiftlierUIKit')
cd /Users/admin/builder/spi-builder-workspace/.swiftpm/xcode
builtin-SwiftPerFileCompile UIDevice+AppIdioms.swift
SwiftCompile normal arm64 /Users/admin/builder/spi-builder-workspace/Sources/SwiftlierUIKit/Model/UIImage+Editing.swift (in target 'SwiftlierUIKit' from project 'SwiftlierUIKit')
cd /Users/admin/builder/spi-builder-workspace/.swiftpm/xcode
builtin-SwiftPerFileCompile UIImage+Editing.swift
SwiftCompile normal arm64 /Users/admin/builder/spi-builder-workspace/Sources/SwiftlierUIKit/View/BubbleView.swift (in target 'SwiftlierUIKit' from project 'SwiftlierUIKit')
cd /Users/admin/builder/spi-builder-workspace/.swiftpm/xcode
builtin-SwiftPerFileCompile BubbleView.swift
SwiftCompile normal arm64 /Users/admin/builder/spi-builder-workspace/Sources/SwiftlierUIKit/View/CGContext+ThreadSafe.swift (in target 'SwiftlierUIKit' from project 'SwiftlierUIKit')
cd /Users/admin/builder/spi-builder-workspace/.swiftpm/xcode
builtin-SwiftPerFileCompile CGContext+ThreadSafe.swift
SwiftCompile normal arm64 Compiling\ NSLayoutContraint+Factory.swift,\ PassThroughTouchView.swift,\ PlaceholderTextView.swift,\ RoundedBorderButton.swift,\ RoundedBorderView.swift /Users/admin/builder/spi-builder-workspace/Sources/SwiftlierUIKit/View/NSLayoutContraint+Factory.swift /Users/admin/builder/spi-builder-workspace/Sources/SwiftlierUIKit/View/PassThroughTouchView.swift /Users/admin/builder/spi-builder-workspace/Sources/SwiftlierUIKit/View/PlaceholderTextView.swift /Users/admin/builder/spi-builder-workspace/Sources/SwiftlierUIKit/View/RoundedBorderButton.swift /Users/admin/builder/spi-builder-workspace/Sources/SwiftlierUIKit/View/RoundedBorderView.swift (in target 'SwiftlierUIKit' from project 'SwiftlierUIKit')
/Users/admin/builder/spi-builder-workspace/Sources/SwiftlierUIKit/View/RoundedBorderButton.swift:22:42: error: 'UIScreen' is unavailable in visionOS
20 |
21 | @IBInspectable
22 | public var borderSize: CGFloat = 1 / UIScreen.main.scale {
| `- error: 'UIScreen' is unavailable in visionOS
23 | didSet {
24 | self.update()
/Applications/Xcode-27.0.0-Release.Candidate.app/Contents/Developer/Platforms/XROS.platform/Developer/SDKs/XROS27.0.sdk/System/Library/Frameworks/UIKit.framework/Headers/UIScreen.h:54:12: note: 'UIScreen' has been explicitly marked unavailable here
52 |
53 | UIKIT_EXTERN API_AVAILABLE(ios(2.0)) API_UNAVAILABLE(visionos, watchos) NS_SWIFT_UI_ACTOR
54 | @interface UIScreen : NSObject <UITraitEnvironment>
| `- note: 'UIScreen' has been explicitly marked unavailable here
55 |
56 | @property(class, nonatomic, readonly) NSArray<UIScreen *> *screens API_DEPRECATED("Use UIApplication.shared.openSessions to find open sessions with scenes from other screens", ios(3.2, 16.0), visionos(1.0, 1.0)) API_UNAVAILABLE(watchos); // all screens currently attached to the device
/Users/admin/builder/spi-builder-workspace/Sources/SwiftlierUIKit/View/RoundedBorderButton.swift:36:15: warning: 'awakeFromNib()' was deprecated in visionOS 1.0: Loading Interface Builder products will not be supported in a future version of visionOS. [#DeprecatedDeclaration]
34 |
35 | open override func awakeFromNib() {
36 | super.awakeFromNib()
| `- warning: 'awakeFromNib()' was deprecated in visionOS 1.0: Loading Interface Builder products will not be supported in a future version of visionOS. [#DeprecatedDeclaration]
37 |
38 | self.update()
/Users/admin/builder/spi-builder-workspace/Sources/SwiftlierUIKit/View/RoundedBorderView.swift:36:15: warning: 'awakeFromNib()' was deprecated in visionOS 1.0: Loading Interface Builder products will not be supported in a future version of visionOS. [#DeprecatedDeclaration]
34 |
35 | override open func awakeFromNib() {
36 | super.awakeFromNib()
| `- warning: 'awakeFromNib()' was deprecated in visionOS 1.0: Loading Interface Builder products will not be supported in a future version of visionOS. [#DeprecatedDeclaration]
37 |
38 | self.update()
SwiftCompile normal arm64 /Users/admin/builder/spi-builder-workspace/Sources/SwiftlierUIKit/View/NSLayoutContraint+Factory.swift (in target 'SwiftlierUIKit' from project 'SwiftlierUIKit')
cd /Users/admin/builder/spi-builder-workspace/.swiftpm/xcode
builtin-SwiftPerFileCompile NSLayoutContraint+Factory.swift
SwiftCompile normal arm64 /Users/admin/builder/spi-builder-workspace/Sources/SwiftlierUIKit/View/PassThroughTouchView.swift (in target 'SwiftlierUIKit' from project 'SwiftlierUIKit')
cd /Users/admin/builder/spi-builder-workspace/.swiftpm/xcode
builtin-SwiftPerFileCompile PassThroughTouchView.swift
SwiftCompile normal arm64 /Users/admin/builder/spi-builder-workspace/Sources/SwiftlierUIKit/View/PlaceholderTextView.swift (in target 'SwiftlierUIKit' from project 'SwiftlierUIKit')
cd /Users/admin/builder/spi-builder-workspace/.swiftpm/xcode
builtin-SwiftPerFileCompile PlaceholderTextView.swift
SwiftCompile normal arm64 /Users/admin/builder/spi-builder-workspace/Sources/SwiftlierUIKit/View/RoundedBorderButton.swift (in target 'SwiftlierUIKit' from project 'SwiftlierUIKit')
cd /Users/admin/builder/spi-builder-workspace/.swiftpm/xcode
builtin-SwiftPerFileCompile RoundedBorderButton.swift
SwiftCompile normal arm64 /Users/admin/builder/spi-builder-workspace/Sources/SwiftlierUIKit/View/RoundedBorderView.swift (in target 'SwiftlierUIKit' from project 'SwiftlierUIKit')
cd /Users/admin/builder/spi-builder-workspace/.swiftpm/xcode
builtin-SwiftPerFileCompile RoundedBorderView.swift
SwiftCompile normal arm64 Compiling\ SectionHeaderWithButtonView.swift,\ ShadowView.swift,\ ThinLayoutConstraint.swift,\ UIView+Animations.swift,\ UIView+Constraints.swift /Users/admin/builder/spi-builder-workspace/Sources/SwiftlierUIKit/View/SectionHeaderWithButtonView.swift /Users/admin/builder/spi-builder-workspace/Sources/SwiftlierUIKit/View/ShadowView.swift /Users/admin/builder/spi-builder-workspace/Sources/SwiftlierUIKit/View/ThinLayoutConstraint.swift /Users/admin/builder/spi-builder-workspace/Sources/SwiftlierUIKit/View/UIView+Animations.swift /Users/admin/builder/spi-builder-workspace/Sources/SwiftlierUIKit/View/UIView+Constraints.swift (in target 'SwiftlierUIKit' from project 'SwiftlierUIKit')
/Users/admin/builder/spi-builder-workspace/Sources/SwiftlierUIKit/View/ShadowView.swift:43:15: warning: 'awakeFromNib()' was deprecated in visionOS 1.0: Loading Interface Builder products will not be supported in a future version of visionOS. [#DeprecatedDeclaration]
41 |
42 | override open func awakeFromNib() {
43 | super.awakeFromNib()
| `- warning: 'awakeFromNib()' was deprecated in visionOS 1.0: Loading Interface Builder products will not be supported in a future version of visionOS. [#DeprecatedDeclaration]
44 |
45 | self.update()
SwiftCompile normal arm64 /Users/admin/builder/spi-builder-workspace/Sources/SwiftlierUIKit/View/SectionHeaderWithButtonView.swift (in target 'SwiftlierUIKit' from project 'SwiftlierUIKit')
cd /Users/admin/builder/spi-builder-workspace/.swiftpm/xcode
builtin-SwiftPerFileCompile SectionHeaderWithButtonView.swift
SwiftCompile normal arm64 /Users/admin/builder/spi-builder-workspace/Sources/SwiftlierUIKit/View/ShadowView.swift (in target 'SwiftlierUIKit' from project 'SwiftlierUIKit')
cd /Users/admin/builder/spi-builder-workspace/.swiftpm/xcode
builtin-SwiftPerFileCompile ShadowView.swift
SwiftCompile normal arm64 /Users/admin/builder/spi-builder-workspace/Sources/SwiftlierUIKit/View/ThinLayoutConstraint.swift (in target 'SwiftlierUIKit' from project 'SwiftlierUIKit')
cd /Users/admin/builder/spi-builder-workspace/.swiftpm/xcode
builtin-SwiftPerFileCompile ThinLayoutConstraint.swift
SwiftCompile normal arm64 /Users/admin/builder/spi-builder-workspace/Sources/SwiftlierUIKit/View/UIView+Animations.swift (in target 'SwiftlierUIKit' from project 'SwiftlierUIKit')
cd /Users/admin/builder/spi-builder-workspace/.swiftpm/xcode
builtin-SwiftPerFileCompile UIView+Animations.swift
SwiftCompile normal arm64 /Users/admin/builder/spi-builder-workspace/Sources/SwiftlierUIKit/View/UIView+Constraints.swift (in target 'SwiftlierUIKit' from project 'SwiftlierUIKit')
cd /Users/admin/builder/spi-builder-workspace/.swiftpm/xcode
builtin-SwiftPerFileCompile UIView+Constraints.swift
SwiftCompile normal arm64 Compiling\ UIView+Drawing.swift,\ UIView+Helpers.swift,\ UIView+ImageCapture.swift,\ UIView+Layout.swift,\ VerticalGradientView.swift /Users/admin/builder/spi-builder-workspace/Sources/SwiftlierUIKit/View/UIView+Drawing.swift /Users/admin/builder/spi-builder-workspace/Sources/SwiftlierUIKit/View/UIView+Helpers.swift /Users/admin/builder/spi-builder-workspace/Sources/SwiftlierUIKit/View/UIView+ImageCapture.swift /Users/admin/builder/spi-builder-workspace/Sources/SwiftlierUIKit/View/UIView+Layout.swift /Users/admin/builder/spi-builder-workspace/Sources/SwiftlierUIKit/View/VerticalGradientView.swift (in target 'SwiftlierUIKit' from project 'SwiftlierUIKit')
/Users/admin/builder/spi-builder-workspace/Sources/SwiftlierUIKit/View/UIView+Drawing.swift:13:21: error: 'UIScreen' is unavailable in visionOS
11 | extension UIView {
12 | public func scaledRound(_ value: CGFloat) -> CGFloat {
13 | let scale = UIScreen.main.scale
| `- error: 'UIScreen' is unavailable in visionOS
14 | return round(value * scale) / scale
15 | }
/Applications/Xcode-27.0.0-Release.Candidate.app/Contents/Developer/Platforms/XROS.platform/Developer/SDKs/XROS27.0.sdk/System/Library/Frameworks/UIKit.framework/Headers/UIScreen.h:54:12: note: 'UIScreen' has been explicitly marked unavailable here
52 |
53 | UIKIT_EXTERN API_AVAILABLE(ios(2.0)) API_UNAVAILABLE(visionos, watchos) NS_SWIFT_UI_ACTOR
54 | @interface UIScreen : NSObject <UITraitEnvironment>
| `- note: 'UIScreen' has been explicitly marked unavailable here
55 |
56 | @property(class, nonatomic, readonly) NSArray<UIScreen *> *screens API_DEPRECATED("Use UIApplication.shared.openSessions to find open sessions with scenes from other screens", ios(3.2, 16.0), visionos(1.0, 1.0)) API_UNAVAILABLE(watchos); // all screens currently attached to the device
/Users/admin/builder/spi-builder-workspace/Sources/SwiftlierUIKit/View/UIView+Drawing.swift:18:21: error: 'UIScreen' is unavailable in visionOS
16 |
17 | public func scaledFloor(_ value: CGFloat) -> CGFloat {
18 | let scale = UIScreen.main.scale
| `- error: 'UIScreen' is unavailable in visionOS
19 | return floor(value * scale) / scale
20 | }
/Applications/Xcode-27.0.0-Release.Candidate.app/Contents/Developer/Platforms/XROS.platform/Developer/SDKs/XROS27.0.sdk/System/Library/Frameworks/UIKit.framework/Headers/UIScreen.h:54:12: note: 'UIScreen' has been explicitly marked unavailable here
52 |
53 | UIKIT_EXTERN API_AVAILABLE(ios(2.0)) API_UNAVAILABLE(visionos, watchos) NS_SWIFT_UI_ACTOR
54 | @interface UIScreen : NSObject <UITraitEnvironment>
| `- note: 'UIScreen' has been explicitly marked unavailable here
55 |
56 | @property(class, nonatomic, readonly) NSArray<UIScreen *> *screens API_DEPRECATED("Use UIApplication.shared.openSessions to find open sessions with scenes from other screens", ios(3.2, 16.0), visionos(1.0, 1.0)) API_UNAVAILABLE(watchos); // all screens currently attached to the device
SwiftCompile normal arm64 /Users/admin/builder/spi-builder-workspace/Sources/SwiftlierUIKit/View/UIView+Drawing.swift (in target 'SwiftlierUIKit' from project 'SwiftlierUIKit')
cd /Users/admin/builder/spi-builder-workspace/.swiftpm/xcode
builtin-SwiftPerFileCompile UIView+Drawing.swift
SwiftCompile normal arm64 /Users/admin/builder/spi-builder-workspace/Sources/SwiftlierUIKit/View/UIView+Helpers.swift (in target 'SwiftlierUIKit' from project 'SwiftlierUIKit')
cd /Users/admin/builder/spi-builder-workspace/.swiftpm/xcode
builtin-SwiftPerFileCompile UIView+Helpers.swift
SwiftCompile normal arm64 /Users/admin/builder/spi-builder-workspace/Sources/SwiftlierUIKit/View/UIView+ImageCapture.swift (in target 'SwiftlierUIKit' from project 'SwiftlierUIKit')
cd /Users/admin/builder/spi-builder-workspace/.swiftpm/xcode
builtin-SwiftPerFileCompile UIView+ImageCapture.swift
SwiftCompile normal arm64 /Users/admin/builder/spi-builder-workspace/Sources/SwiftlierUIKit/View/UIView+Layout.swift (in target 'SwiftlierUIKit' from project 'SwiftlierUIKit')
cd /Users/admin/builder/spi-builder-workspace/.swiftpm/xcode
builtin-SwiftPerFileCompile UIView+Layout.swift
SwiftCompile normal arm64 /Users/admin/builder/spi-builder-workspace/Sources/SwiftlierUIKit/View/VerticalGradientView.swift (in target 'SwiftlierUIKit' from project 'SwiftlierUIKit')
cd /Users/admin/builder/spi-builder-workspace/.swiftpm/xcode
builtin-SwiftPerFileCompile VerticalGradientView.swift
SwiftEmitModule normal arm64 Emitting\ module\ for\ SwiftlierUIKit (in target 'SwiftlierUIKit' from project 'SwiftlierUIKit')
/Users/admin/builder/spi-builder-workspace/Sources/SwiftlierUIKit/Controller/TaskService.swift:141:29: warning: using 'class' keyword to define a class-constrained protocol is deprecated; use 'AnyObject' instead [#deprecation]
139 | }
140 |
141 | public protocol SingleTask: class {
| `- warning: using 'class' keyword to define a class-constrained protocol is deprecated; use 'AnyObject' instead [#deprecation]
142 | var identifier: String { get }
143 | var scheduledFor: Date? { get set }
/Users/admin/builder/spi-builder-workspace/Sources/SwiftlierUIKit/Model/Form.swift:25:24: warning: using 'class' keyword to define a class-constrained protocol is deprecated; use 'AnyObject' instead [#deprecation]
23 |
24 |
25 | public protocol Field: class {
| `- warning: using 'class' keyword to define a class-constrained protocol is deprecated; use 'AnyObject' instead [#deprecation]
26 | var label: String {get}
27 | var displayValue: String {get}
/Users/admin/builder/spi-builder-workspace/Sources/SwiftlierUIKit/View/CGMath.swift:125:1: warning: extension declares a conformance of imported type 'CGFloat' to imported protocol 'AngleValue'; this will not behave correctly if the owners of 'CoreFoundation' introduce this conformance in the future
123 | }
124 |
125 | extension CGFloat: AngleValue {
| |- warning: extension declares a conformance of imported type 'CGFloat' to imported protocol 'AngleValue'; this will not behave correctly if the owners of 'CoreFoundation' introduce this conformance in the future
| `- note: add '@retroactive' to silence this warning
126 | public var sine: CGFloat {
127 | return sin(self)
/Users/admin/builder/spi-builder-workspace/Sources/SwiftlierUIKit/View/RoundedBorderButton.swift:22:42: error: 'UIScreen' is unavailable in visionOS
20 |
21 | @IBInspectable
22 | public var borderSize: CGFloat = 1 / UIScreen.main.scale {
| `- error: 'UIScreen' is unavailable in visionOS
23 | didSet {
24 | self.update()
/Applications/Xcode-27.0.0-Release.Candidate.app/Contents/Developer/Platforms/XROS.platform/Developer/SDKs/XROS27.0.sdk/System/Library/Frameworks/UIKit.framework/Headers/UIScreen.h:54:12: note: 'UIScreen' has been explicitly marked unavailable here
52 |
53 | UIKIT_EXTERN API_AVAILABLE(ios(2.0)) API_UNAVAILABLE(visionos, watchos) NS_SWIFT_UI_ACTOR
54 | @interface UIScreen : NSObject <UITraitEnvironment>
| `- note: 'UIScreen' has been explicitly marked unavailable here
55 |
56 | @property(class, nonatomic, readonly) NSArray<UIScreen *> *screens API_DEPRECATED("Use UIApplication.shared.openSessions to find open sessions with scenes from other screens", ios(3.2, 16.0), visionos(1.0, 1.0)) API_UNAVAILABLE(watchos); // all screens currently attached to the device
Failed frontend command:
/Applications/Xcode-27.0.0-Release.Candidate.app/Contents/Developer/Toolchains/XcodeDefault.xctoolchain/usr/bin/swift-frontend -frontend -emit-module -experimental-skip-non-inlinable-function-bodies-without-types /Users/admin/builder/spi-builder-workspace/Sources/SwiftlierUIKit/Controller/Alert.swift /Users/admin/builder/spi-builder-workspace/Sources/SwiftlierUIKit/Controller/DataSourceType.swift /Users/admin/builder/spi-builder-workspace/Sources/SwiftlierUIKit/Controller/DatePickerViewController.swift /Users/admin/builder/spi-builder-workspace/Sources/SwiftlierUIKit/Controller/FormViewController.swift /Users/admin/builder/spi-builder-workspace/Sources/SwiftlierUIKit/Controller/KeyboardConstraintAdjuster.swift /Users/admin/builder/spi-builder-workspace/Sources/SwiftlierUIKit/Controller/KeyboardTracker.swift /Users/admin/builder/spi-builder-workspace/Sources/SwiftlierUIKit/Controller/LayeredTableViewController.swift /Users/admin/builder/spi-builder-workspace/Sources/SwiftlierUIKit/Controller/LimitedSizeViewController.swift /Users/admin/builder/spi-builder-workspace/Sources/SwiftlierUIKit/Controller/MenuViewController.swift /Users/admin/builder/spi-builder-workspace/Sources/SwiftlierUIKit/Controller/SelectListViewController.swift /Users/admin/builder/spi-builder-workspace/Sources/SwiftlierUIKit/Controller/TaskService.swift /Users/admin/builder/spi-builder-workspace/Sources/SwiftlierUIKit/Controller/UIBarButtonItem+BlockTarget.swift /Users/admin/builder/spi-builder-workspace/Sources/SwiftlierUIKit/Controller/UIButton+BlockTarget.swift /Users/admin/builder/spi-builder-workspace/Sources/SwiftlierUIKit/Controller/UICollectionView+EasyRegister.swift /Users/admin/builder/spi-builder-workspace/Sources/SwiftlierUIKit/Controller/UINavigationController+Helpers.swift /Users/admin/builder/spi-builder-workspace/Sources/SwiftlierUIKit/Controller/UITableView+EasyRegister.swift /Users/admin/builder/spi-builder-workspace/Sources/SwiftlierUIKit/Controller/UIViewController+Helpers.swift /Users/admin/builder/spi-builder-workspace/Sources/SwiftlierUIKit/Controller/UIViewController+PhotoViewing.swift /Users/admin/builder/spi-builder-workspace/Sources/SwiftlierUIKit/Controller/UIViewController+Transitions.swift /Users/admin/builder/spi-builder-workspace/Sources/SwiftlierUIKit/Controller/WebViewController.swift /Users/admin/builder/spi-builder-workspace/Sources/SwiftlierUIKit/Controller/ZoomThroughTransition.swift /Users/admin/builder/spi-builder-workspace/Sources/SwiftlierUIKit/Model/Date+DispatchTime.swift /Users/admin/builder/spi-builder-workspace/Sources/SwiftlierUIKit/Model/EnergyFormatting.swift /Users/admin/builder/spi-builder-workspace/Sources/SwiftlierUIKit/Model/Float+Factory.swift /Users/admin/builder/spi-builder-workspace/Sources/SwiftlierUIKit/Model/Form.swift /Users/admin/builder/spi-builder-workspace/Sources/SwiftlierUIKit/Model/Menu.swift /Users/admin/builder/spi-builder-workspace/Sources/SwiftlierUIKit/Model/ObfuscatedData.swift /Users/admin/builder/spi-builder-workspace/Sources/SwiftlierUIKit/Model/ObservableArray+UI.swift /Users/admin/builder/spi-builder-workspace/Sources/SwiftlierUIKit/Model/Path+Image.swift /Users/admin/builder/spi-builder-workspace/Sources/SwiftlierUIKit/Model/Transformation.swift /Users/admin/builder/spi-builder-workspace/Sources/SwiftlierUIKit/Model/UIColor+Encodable.swift /Users/admin/builder/spi-builder-workspace/Sources/SwiftlierUIKit/Model/UIColor+Factory.swift /Users/admin/builder/spi-builder-workspace/Sources/SwiftlierUIKit/Model/UIDevice+AppIdioms.swift /Users/admin/builder/spi-builder-workspace/Sources/SwiftlierUIKit/Model/UIImage+Editing.swift /Users/admin/builder/spi-builder-workspace/Sources/SwiftlierUIKit/View/BubbleView.swift /Users/admin/builder/spi-builder-workspace/Sources/SwiftlierUIKit/View/CGContext+ThreadSafe.swift /Users/admin/builder/spi-builder-workspace/Sources/SwiftlierUIKit/View/CGMath.swift /Users/admin/builder/spi-builder-workspace/Sources/SwiftlierUIKit/View/CircleBorderView.swift /Users/admin/builder/spi-builder-workspace/Sources/SwiftlierUIKit/View/CustomGradientView.swift /Users/admin/builder/spi-builder-workspace/Sources/SwiftlierUIKit/View/DiagonalGradientView.swift /Users/admin/builder/spi-builder-workspace/Sources/SwiftlierUIKit/View/MonthAndYearPicker.swift /Users/admin/builder/spi-builder-workspace/Sources/SwiftlierUIKit/View/NSLayoutConstraint+SwifPlusPlus.swift /Users/admin/builder/spi-builder-workspace/Sources/SwiftlierUIKit/View/NSLayoutContraint+Factory.swift /Users/admin/builder/spi-builder-workspace/Sources/SwiftlierUIKit/View/PassThroughTouchView.swift /Users/admin/builder/spi-builder-workspace/Sources/SwiftlierUIKit/View/PlaceholderTextView.swift /Users/admin/builder/spi-builder-workspace/Sources/SwiftlierUIKit/View/RoundedBorderButton.swift /Users/admin/builder/spi-builder-workspace/Sources/SwiftlierUIKit/View/RoundedBorderView.swift /Users/admin/builder/spi-builder-workspace/Sources/SwiftlierUIKit/View/SectionHeaderWithButtonView.swift /Users/admin/builder/spi-builder-workspace/Sources/SwiftlierUIKit/View/ShadowView.swift /Users/admin/builder/spi-builder-workspace/Sources/SwiftlierUIKit/View/ThinLayoutConstraint.swift /Users/admin/builder/spi-builder-workspace/Sources/SwiftlierUIKit/View/UIView+Animations.swift /Users/admin/builder/spi-builder-workspace/Sources/SwiftlierUIKit/View/UIView+Constraints.swift /Users/admin/builder/spi-builder-workspace/Sources/SwiftlierUIKit/View/UIView+Drawing.swift /Users/admin/builder/spi-builder-workspace/Sources/SwiftlierUIKit/View/UIView+Helpers.swift /Users/admin/builder/spi-builder-workspace/Sources/SwiftlierUIKit/View/UIView+ImageCapture.swift /Users/admin/builder/spi-builder-workspace/Sources/SwiftlierUIKit/View/UIView+Layout.swift /Users/admin/builder/spi-builder-workspace/Sources/SwiftlierUIKit/View/VerticalGradientView.swift -target arm64-apple-xros1.0 -disable-cross-import-overlay-search -load-resolved-plugin /Applications/Xcode-27.0.0-Release.Candidate.app/Contents/Developer/Platforms/XROS.platform/Developer/usr/lib/swift/host/plugins/libFoundationMacros.dylib\#/Applications/Xcode-27.0.0-Release.Candidate.app/Contents/Developer/Platforms/XROS.platform/Developer/usr/bin/swift-plugin-server\#FoundationMacros -load-resolved-plugin /Applications/Xcode-27.0.0-Release.Candidate.app/Contents/Developer/Platforms/XROS.platform/Developer/usr/lib/swift/host/plugins/libObservationMacros.dylib\#/Applications/Xcode-27.0.0-Release.Candidate.app/Contents/Developer/Platforms/XROS.platform/Developer/usr/bin/swift-plugin-server\#ObservationMacros -load-resolved-plugin /Applications/Xcode-27.0.0-Release.Candidate.app/Contents/Developer/Platforms/XROS.platform/Developer/usr/lib/swift/host/plugins/libPreviewsMacros.dylib\#/Applications/Xcode-27.0.0-Release.Candidate.app/Contents/Developer/Platforms/XROS.platform/Developer/usr/bin/swift-plugin-server\#PreviewsMacros -load-resolved-plugin /Applications/Xcode-27.0.0-Release.Candidate.app/Contents/Developer/Platforms/XROS.platform/Developer/usr/lib/swift/host/plugins/libSwiftMacros.dylib\#/Applications/Xcode-27.0.0-Release.Candidate.app/Contents/Developer/Platforms/XROS.platform/Developer/usr/bin/swift-plugin-server\#SwiftMacros -load-resolved-plugin /Applications/Xcode-27.0.0-Release.Candidate.app/Contents/Developer/Platforms/XROS.platform/Developer/usr/lib/swift/host/plugins/libSwiftUIMacros.dylib\#/Applications/Xcode-27.0.0-Release.Candidate.app/Contents/Developer/Platforms/XROS.platform/Developer/usr/bin/swift-plugin-server\#SwiftUIMacros -disable-implicit-swift-modules -Xcc -fno-implicit-modules -Xcc -fno-implicit-module-maps -explicit-swift-module-map-file /Users/admin/builder/spi-builder-workspace/.derivedData/Build/Intermediates.noindex/SwiftlierUIKit.build/Debug-xros/SwiftlierUIKit-t.build/Objects-normal/arm64/SwiftlierUIKit-dependencies-1.json -Xllvm -aarch64-use-tbi -enable-objc-interop -stack-check -sdk /Applications/Xcode-27.0.0-Release.Candidate.app/Contents/Developer/Platforms/XROS.platform/Developer/SDKs/XROS27.0.sdk -I /Users/admin/builder/spi-builder-workspace/.derivedData/Build/Products/Debug-xros -Isystem /Applications/Xcode-27.0.0-Release.Candidate.app/Contents/Developer/Platforms/XROS.platform/Developer/usr/lib -F /Users/admin/builder/spi-builder-workspace/.derivedData/Build/Products/Debug-xros/PackageFrameworks -F /Users/admin/builder/spi-builder-workspace/.derivedData/Build/Products/Debug-xros -F /Applications/Xcode-27.0.0-Release.Candidate.app/Contents/Developer/Platforms/XROS.platform/Developer/Library/Frameworks -F /Applications/Xcode-27.0.0-Release.Candidate.app/Contents/Developer/Platforms/XROS.platform/Developer/SDKs/XROS27.0.sdk/Developer/Library/Frameworks -module-cache-path /Users/admin/builder/spi-builder-workspace/.derivedData/Build/Intermediates.noindex/SwiftExplicitPrecompiledModules -no-color-diagnostics -Xcc -fno-color-diagnostics -enable-testing -g -debug-info-format\=dwarf -dwarf-version\=4 -profile-generate -profile-coverage-mapping -swift-version 5 -Onone -D SWIFT_PACKAGE -D DEBUG -D SWIFT_MODULE_RESOURCE_BUNDLE_UNAVAILABLE -D Xcode -serialize-debugging-options -enable-experimental-feature DebugDescriptionMacro -empty-abi-descriptor -validate-clang-modules-once -clang-build-session-file /Users/admin/builder/spi-builder-workspace/.derivedData/ModuleCache.noindex/Session.modulevalidation -Xcc -working-directory -Xcc /Users/admin/builder/spi-builder-workspace/.swiftpm/xcode -enable-anonymous-context-mangled-names -file-compilation-dir /Users/admin/builder/spi-builder-workspace/.swiftpm/xcode -Xcc -D_LIBCPP_HARDENING_MODE\=_LIBCPP_HARDENING_MODE_DEBUG -Xcc -ivfsstatcache -Xcc /Users/admin/builder/spi-builder-workspace/.derivedData/SDKStatCaches.noindex/xros27.0-24M361-e829b21a6f8c9b70876ba0858053c044735bd543db762f57723cac368afd1ce4.sdkstatcache -Xcc -fmodules-prune-interval\=86400 -Xcc -fmodules-prune-after\=345600 -Xcc -I/Users/admin/builder/spi-builder-workspace/.derivedData/Build/Products/Debug-xros/include -Xcc -I/Users/admin/builder/spi-builder-workspace/.derivedData/Build/Intermediates.noindex/SwiftlierUIKit.build/Debug-xros/SwiftlierUIKit-t.build/DerivedSources-normal/arm64 -Xcc -I/Users/admin/builder/spi-builder-workspace/.derivedData/Build/Intermediates.noindex/SwiftlierUIKit.build/Debug-xros/SwiftlierUIKit-t.build/DerivedSources/arm64 -Xcc -I/Users/admin/builder/spi-builder-workspace/.derivedData/Build/Intermediates.noindex/SwiftlierUIKit.build/Debug-xros/SwiftlierUIKit-t.build/DerivedSources -Xcc -DSWIFT_PACKAGE -Xcc -DDEBUG\=1 -no-auto-bridging-header-chaining -module-name SwiftlierUIKit -const-gather-protocols-file /Users/admin/builder/spi-builder-workspace/.derivedData/Build/Intermediates.noindex/SwiftlierUIKit.build/Debug-xros/SwiftlierUIKit-t.build/Objects-normal/arm64/SwiftlierUIKit_const_extract_protocols.json -disable-clang-spi -clang-target arm64-apple-xros27.0 -target-sdk-version 27.0 -target-sdk-name xros27.0 -in-process-plugin-server-path /Applications/Xcode-27.0.0-Release.Candidate.app/Contents/Developer/Toolchains/XcodeDefault.xctoolchain/usr/lib/swift/host/libSwiftInProcPluginServer.dylib -emit-module-doc-path /Users/admin/builder/spi-builder-workspace/.derivedData/Build/Intermediates.noindex/SwiftlierUIKit.build/Debug-xros/SwiftlierUIKit-t.build/Objects-normal/arm64/SwiftlierUIKit.swiftdoc -emit-module-source-info-path /Users/admin/builder/spi-builder-workspace/.derivedData/Build/Intermediates.noindex/SwiftlierUIKit.build/Debug-xros/SwiftlierUIKit-t.build/Objects-normal/arm64/SwiftlierUIKit.swiftsourceinfo -emit-objc-header-path /Users/admin/builder/spi-builder-workspace/.derivedData/Build/Intermediates.noindex/SwiftlierUIKit.build/Debug-xros/SwiftlierUIKit-t.build/Objects-normal/arm64/SwiftlierUIKit-Swift.h -serialize-diagnostics-path /Users/admin/builder/spi-builder-workspace/.derivedData/Build/Intermediates.noindex/SwiftlierUIKit.build/Debug-xros/SwiftlierUIKit-t.build/Objects-normal/arm64/SwiftlierUIKit-primary-emit-module.dia -emit-dependencies-path /Users/admin/builder/spi-builder-workspace/.derivedData/Build/Intermediates.noindex/SwiftlierUIKit.build/Debug-xros/SwiftlierUIKit-t.build/Objects-normal/arm64/SwiftlierUIKit-primary-emit-module.d -parse-as-library -o /Users/admin/builder/spi-builder-workspace/.derivedData/Build/Intermediates.noindex/SwiftlierUIKit.build/Debug-xros/SwiftlierUIKit-t.build/Objects-normal/arm64/SwiftlierUIKit.swiftmodule -emit-abi-descriptor-path /Users/admin/builder/spi-builder-workspace/.derivedData/Build/Intermediates.noindex/SwiftlierUIKit.build/Debug-xros/SwiftlierUIKit-t.build/Objects-normal/arm64/SwiftlierUIKit.abi.json
SwiftCompile normal arm64 (in target 'SwiftlierUIKit' from project 'SwiftlierUIKit')
cd /Users/admin/builder/spi-builder-workspace/.swiftpm/xcode
SwiftCompile normal arm64 Compiling\ Form.swift,\ Menu.swift,\ ObfuscatedData.swift,\ ObservableArray+UI.swift,\ Path+Image.swift,\ Transformation.swift /Users/admin/builder/spi-builder-workspace/Sources/SwiftlierUIKit/Model/Form.swift /Users/admin/builder/spi-builder-workspace/Sources/SwiftlierUIKit/Model/Menu.swift /Users/admin/builder/spi-builder-workspace/Sources/SwiftlierUIKit/Model/ObfuscatedData.swift /Users/admin/builder/spi-builder-workspace/Sources/SwiftlierUIKit/Model/ObservableArray+UI.swift /Users/admin/builder/spi-builder-workspace/Sources/SwiftlierUIKit/Model/Path+Image.swift /Users/admin/builder/spi-builder-workspace/Sources/SwiftlierUIKit/Model/Transformation.swift (in target 'SwiftlierUIKit' from project 'SwiftlierUIKit')
SwiftCompile normal arm64 /Users/admin/builder/spi-builder-workspace/Sources/SwiftlierUIKit/Model/Form.swift (in target 'SwiftlierUIKit' from project 'SwiftlierUIKit')
cd /Users/admin/builder/spi-builder-workspace/.swiftpm/xcode
builtin-SwiftPerFileCompile Form.swift
SwiftCompile normal arm64 /Users/admin/builder/spi-builder-workspace/Sources/SwiftlierUIKit/Model/Menu.swift (in target 'SwiftlierUIKit' from project 'SwiftlierUIKit')
cd /Users/admin/builder/spi-builder-workspace/.swiftpm/xcode
builtin-SwiftPerFileCompile Menu.swift
SwiftCompile normal arm64 /Users/admin/builder/spi-builder-workspace/Sources/SwiftlierUIKit/Model/ObfuscatedData.swift (in target 'SwiftlierUIKit' from project 'SwiftlierUIKit')
cd /Users/admin/builder/spi-builder-workspace/.swiftpm/xcode
builtin-SwiftPerFileCompile ObfuscatedData.swift
SwiftCompile normal arm64 /Users/admin/builder/spi-builder-workspace/Sources/SwiftlierUIKit/Model/ObservableArray+UI.swift (in target 'SwiftlierUIKit' from project 'SwiftlierUIKit')
cd /Users/admin/builder/spi-builder-workspace/.swiftpm/xcode
builtin-SwiftPerFileCompile ObservableArray+UI.swift
SwiftCompile normal arm64 /Users/admin/builder/spi-builder-workspace/Sources/SwiftlierUIKit/Model/Path+Image.swift (in target 'SwiftlierUIKit' from project 'SwiftlierUIKit')
cd /Users/admin/builder/spi-builder-workspace/.swiftpm/xcode
builtin-SwiftPerFileCompile Path+Image.swift
SwiftCompile normal arm64 /Users/admin/builder/spi-builder-workspace/Sources/SwiftlierUIKit/Model/Transformation.swift (in target 'SwiftlierUIKit' from project 'SwiftlierUIKit')
cd /Users/admin/builder/spi-builder-workspace/.swiftpm/xcode
builtin-SwiftPerFileCompile Transformation.swift
PruneExplicitPrecompiledModules /Users/admin/builder/spi-builder-workspace/.derivedData/Build/Intermediates.noindex/ExplicitPrecompiledModules
PruneExplicitPrecompiledModules /Users/admin/builder/spi-builder-workspace/.derivedData/SDKExplicitPrecompiledModules
PruneExplicitPrecompiledModules /Users/admin/builder/spi-builder-workspace/.derivedData/Build/Intermediates.noindex/SwiftExplicitPrecompiledModules
2026-09-17 05:33:09.207 xcodebuild[811:4989] [MT] IDERunDestination: Supported platforms for the buildables in the current scheme is empty.
** BUILD FAILED **
The following build commands failed:
SwiftEmitModule normal arm64 Emitting\ module\ for\ SwiftlierUIKit (in target 'SwiftlierUIKit' from project 'SwiftlierUIKit')
SwiftCompile normal arm64 (in target 'SwiftlierUIKit' from project 'SwiftlierUIKit')
Building workspace SwiftlierUIKit with scheme SwiftlierUIKit
(3 failures)
BUILD FAILURE 6.4 visionOS