The Swift Package Index logo.Swift Package Index

Build Information

Failed to build GoogleCloudTranslateV3, reference 0.5.0 (3bee81), with Swift 6.2 for Android on 12 Oct 2026 06:35:25 UTC.

Build Command

bash -c docker run --pull=always --rm -v "checkouts-53886768-0":/host -w "$PWD" -e JAVA_HOME="/root/.sdkman/candidates/java/current" -e SPI_BUILD="1" -e SPI_PROCESSING="1" registry.gitlab.com/saguaro1/spi-images:android-6.2-latest swift build --swift-sdk aarch64-unknown-linux-android28 2>&1

Build Log

========================================
RunAll
========================================
Builder version: 5.1.1
Interrupt handler set up.
========================================
Checkout
========================================
Clone URL: https://github.com/googleapis/swift-google-cloud-translate-v3.git
Reference: 0.5.0
Initialized empty Git repository in /host/spi-builder-workspace/.git/
hint: Using 'master' as the name for the initial branch. This default branch name
hint: is subject to change. To configure the initial branch name to use in all
hint: of your new repositories, which will suppress this warning, call:
hint:
hint: 	git config --global init.defaultBranch <name>
hint:
hint: Names commonly chosen instead of 'master' are 'main', 'trunk' and
hint: 'development'. The just-created branch can be renamed via this command:
hint:
hint: 	git branch -m <name>
From https://github.com/googleapis/swift-google-cloud-translate-v3
 * tag               0.5.0      -> FETCH_HEAD
HEAD is now at 3bee813 chore: release circa 2026-10-07 (#1382)
Cloned https://github.com/googleapis/swift-google-cloud-translate-v3.git
Revision (git rev-parse @):
3bee81325b9be962b276088b4d2da0dd3b8efcd4
SPI manifest file found: $PWD/.spi.yml
SUCCESS checkout https://github.com/googleapis/swift-google-cloud-translate-v3.git at 0.5.0
========================================
Build
========================================
Selected platform:         android
Swift version:             6.2
Building package at path:  $PWD
https://github.com/googleapis/swift-google-cloud-translate-v3.git
Running build ...
bash -c docker run --pull=always --rm -v "checkouts-53886768-0":/host -w "$PWD" -e JAVA_HOME="/root/.sdkman/candidates/java/current" -e SPI_BUILD="1" -e SPI_PROCESSING="1" registry.gitlab.com/saguaro1/spi-images:android-6.2-latest swift build --swift-sdk aarch64-unknown-linux-android28 2>&1
android-6.2-latest: Pulling from saguaro1/spi-images
Digest: sha256:a839c9ce201f1dacc8eb056626ec7ab0a1c6d53d7b77c83feda395f4507c51be
Status: Image is up to date for registry.gitlab.com/saguaro1/spi-images:android-6.2-latest
Fetching https://github.com/googleapis/swift-google-cloud-location
Fetching https://github.com/googleapis/swift-google-rpc
Fetching https://github.com/googleapis/swift-google-wkt
Fetching https://github.com/apple/swift-log
Fetching https://github.com/googleapis/swift-google-gax
Fetching https://github.com/googleapis/swift-google-longrunning
[1/1748] Fetching swift-google-gax
[19/2367] Fetching swift-google-gax, swift-google-longrunning
[38/10624] Fetching swift-google-gax, swift-google-longrunning, swift-log
[947/11046] Fetching swift-google-gax, swift-google-longrunning, swift-log, swift-google-rpc
[2174/12069] Fetching swift-google-gax, swift-google-longrunning, swift-log, swift-google-rpc, swift-google-wkt
[5099/12621] Fetching swift-google-gax, swift-google-longrunning, swift-log, swift-google-rpc, swift-google-wkt, swift-google-cloud-location
Fetched https://github.com/googleapis/swift-google-cloud-location from cache (0.47s)
Fetched https://github.com/googleapis/swift-google-rpc from cache (0.47s)
Fetched https://github.com/googleapis/swift-google-gax from cache (0.47s)
Fetching https://github.com/googleapis/swift-google-auth
Fetched https://github.com/googleapis/swift-google-wkt from cache (0.48s)
Fetched https://github.com/googleapis/swift-google-longrunning from cache (0.53s)
Fetched https://github.com/apple/swift-log from cache (0.53s)
[1/1023] Fetching swift-google-auth
Fetched https://github.com/googleapis/swift-google-auth from cache (0.47s)
Computing version for https://github.com/googleapis/swift-google-wkt
Computed https://github.com/googleapis/swift-google-wkt at 0.5.0 (1.09s)
Fetching https://github.com/swift-extras/swift-extras-base64
[1/954] Fetching swift-extras-base64
Fetched https://github.com/swift-extras/swift-extras-base64 from cache (0.40s)
Computing version for https://github.com/googleapis/swift-google-rpc
Computed https://github.com/googleapis/swift-google-rpc at 0.5.0 (0.56s)
Computing version for https://github.com/googleapis/swift-google-longrunning
Computed https://github.com/googleapis/swift-google-longrunning at 0.5.0 (0.15s)
Computing version for https://github.com/googleapis/swift-google-gax
Computed https://github.com/googleapis/swift-google-gax at 0.5.0 (0.15s)
Fetching https://github.com/swift-server/async-http-client.git
Fetching https://github.com/apple/swift-nio
[1/16464] Fetching async-http-client
[11362/102844] Fetching async-http-client, swift-nio
Fetched https://github.com/swift-server/async-http-client.git from cache (3.24s)
Fetched https://github.com/apple/swift-nio from cache (3.27s)
Computing version for https://github.com/googleapis/swift-google-cloud-location
Computed https://github.com/googleapis/swift-google-cloud-location at 0.5.0 (3.43s)
Computing version for https://github.com/googleapis/swift-google-auth
Computed https://github.com/googleapis/swift-google-auth at 0.5.0 (0.14s)
Fetching https://github.com/vapor/jwt-kit.git
Fetching https://github.com/apple/swift-system.git
[1/10254] Fetching jwt-kit
[8615/17495] Fetching jwt-kit, swift-system
Fetched https://github.com/vapor/jwt-kit.git from cache (0.91s)
Fetched https://github.com/apple/swift-system.git from cache (0.94s)
Computing version for https://github.com/swift-extras/swift-extras-base64
Computed https://github.com/swift-extras/swift-extras-base64 at 1.2.0 (1.09s)
Computing version for https://github.com/swift-server/async-http-client.git
Computed https://github.com/swift-server/async-http-client.git at 1.36.2 (0.17s)
Fetching https://github.com/apple/swift-distributed-tracing.git
Fetching https://github.com/apple/swift-atomics.git
Fetching https://github.com/apple/swift-service-context.git
Fetching https://github.com/apple/swift-algorithms.git
Fetching https://github.com/apple/swift-nio-transport-services.git
Fetching https://github.com/apple/swift-nio-extras.git
[1/1501] Fetching swift-service-context
[1502/4368] Fetching swift-service-context, swift-nio-transport-services
[1617/6257] Fetching swift-service-context, swift-nio-transport-services, swift-atomics
[2085/12961] Fetching swift-service-context, swift-nio-transport-services, swift-atomics, swift-nio-extras
[5492/19125] Fetching swift-service-context, swift-nio-transport-services, swift-atomics, swift-nio-extras, swift-algorithms
[19126/25676] Fetching swift-service-context, swift-nio-transport-services, swift-atomics, swift-nio-extras, swift-algorithms, swift-distributed-tracing
Fetched https://github.com/apple/swift-nio-extras.git from cache (0.54s)
Fetching https://github.com/apple/swift-configuration.git
[12487/18972] Fetching swift-service-context, swift-nio-transport-services, swift-atomics, swift-algorithms, swift-distributed-tracing
Fetched https://github.com/apple/swift-nio-transport-services.git from cache (0.84s)
Fetched https://github.com/apple/swift-service-context.git from cache (0.84s)
Fetched https://github.com/apple/swift-atomics.git from cache (0.84s)
Fetched https://github.com/apple/swift-algorithms.git from cache (0.84s)
Fetched https://github.com/apple/swift-distributed-tracing.git from cache (0.84s)
Fetching https://github.com/apple/swift-nio-http2.git
Fetching https://github.com/apple/swift-nio-ssl.git
[1/3928] Fetching swift-configuration
Fetched https://github.com/apple/swift-configuration.git from cache (0.49s)
[1/16880] Fetching swift-nio-ssl
[1689/29174] Fetching swift-nio-ssl, swift-nio-http2
Fetched https://github.com/apple/swift-nio-http2.git from cache (1.02s)
Fetched https://github.com/apple/swift-nio-ssl.git from cache (1.33s)
Computing version for https://github.com/apple/swift-service-context.git
Computed https://github.com/apple/swift-service-context.git at 1.3.0 (2.31s)
Computing version for https://github.com/apple/swift-algorithms.git
Computed https://github.com/apple/swift-algorithms.git at 1.2.1 (0.86s)
Fetching https://github.com/apple/swift-numerics.git
[1/6742] Fetching swift-numerics
Fetched https://github.com/apple/swift-numerics.git from cache (0.53s)
Computing version for https://github.com/apple/swift-log
Computed https://github.com/apple/swift-log at 1.16.1 (0.69s)
Computing version for https://github.com/apple/swift-distributed-tracing.git
Computed https://github.com/apple/swift-distributed-tracing.git at 1.5.0 (0.14s)
Computing version for https://github.com/apple/swift-atomics.git
Computed https://github.com/apple/swift-atomics.git at 1.3.1 (0.13s)
Computing version for https://github.com/apple/swift-numerics.git
Computed https://github.com/apple/swift-numerics.git at 1.1.1 (0.13s)
Computing version for https://github.com/apple/swift-nio
Computed https://github.com/apple/swift-nio at 2.104.0 (0.33s)
Fetching https://github.com/apple/swift-collections.git
[1/28703] Fetching swift-collections
Fetched https://github.com/apple/swift-collections.git from cache (1.22s)
Computing version for https://github.com/apple/swift-configuration.git
Computed https://github.com/apple/swift-configuration.git at 1.2.2 (2.01s)
Fetching https://github.com/swift-server/swift-service-lifecycle
[1/2867] Fetching swift-service-lifecycle
Fetched https://github.com/swift-server/swift-service-lifecycle from cache (0.52s)
Computing version for https://github.com/apple/swift-nio-transport-services.git
Computed https://github.com/apple/swift-nio-transport-services.git at 1.28.0 (0.67s)
Computing version for https://github.com/swift-server/swift-service-lifecycle
Computed https://github.com/swift-server/swift-service-lifecycle at 2.12.1 (0.14s)
Fetching https://github.com/apple/swift-async-algorithms.git
[1/6820] Fetching swift-async-algorithms
Fetched https://github.com/apple/swift-async-algorithms.git from cache (0.61s)
Computing version for https://github.com/apple/swift-async-algorithms.git
Computed https://github.com/apple/swift-async-algorithms.git at 1.1.7 (0.81s)
Computing version for https://github.com/apple/swift-collections.git
Computed https://github.com/apple/swift-collections.git at 1.7.2 (0.23s)
Computing version for https://github.com/apple/swift-nio-http2.git
Computed https://github.com/apple/swift-nio-http2.git at 1.46.0 (0.15s)
Computing version for https://github.com/vapor/jwt-kit.git
Computed https://github.com/vapor/jwt-kit.git at 5.7.1 (0.13s)
Fetching https://github.com/apple/swift-certificates.git
Fetching https://github.com/apple/swift-crypto.git
[1/18629] Fetching swift-crypto
[2/26242] Fetching swift-crypto, swift-certificates
Fetched https://github.com/apple/swift-certificates.git from cache (1.18s)
Fetched https://github.com/apple/swift-crypto.git from cache (1.19s)
Computing version for https://github.com/apple/swift-crypto.git
Computed https://github.com/apple/swift-crypto.git at 4.5.2 (1.79s)
Fetching https://github.com/apple/swift-asn1.git
[1/2009] Fetching swift-asn1
Fetched https://github.com/apple/swift-asn1.git from cache (0.57s)
Computing version for https://github.com/apple/swift-asn1.git
Computed https://github.com/apple/swift-asn1.git at 1.7.3 (0.75s)
Computing version for https://github.com/apple/swift-certificates.git
Computed https://github.com/apple/swift-certificates.git at 1.21.0 (0.19s)
Computing version for https://github.com/apple/swift-nio-ssl.git
Computed https://github.com/apple/swift-nio-ssl.git at 2.37.5 (0.18s)
Computing version for https://github.com/apple/swift-system.git
Computed https://github.com/apple/swift-system.git at 1.8.1 (0.17s)
Computing version for https://github.com/apple/swift-nio-extras.git
Computed https://github.com/apple/swift-nio-extras.git at 1.35.1 (0.26s)
Fetching https://github.com/apple/swift-http-types.git
Fetching https://github.com/apple/swift-http-structured-headers.git
[1/1939] Fetching swift-http-types
[2/3192] Fetching swift-http-types, swift-http-structured-headers
Fetched https://github.com/apple/swift-http-structured-headers.git from cache (0.42s)
Fetched https://github.com/apple/swift-http-types.git from cache (0.42s)
Computing version for https://github.com/apple/swift-http-structured-headers.git
Computed https://github.com/apple/swift-http-structured-headers.git at 1.7.0 (0.57s)
Computing version for https://github.com/apple/swift-http-types.git
Computed https://github.com/apple/swift-http-types.git at 1.8.0 (0.17s)
Creating working copy for https://github.com/apple/swift-async-algorithms.git
Working copy of https://github.com/apple/swift-async-algorithms.git resolved at 1.1.7
Creating working copy for https://github.com/googleapis/swift-google-gax
Working copy of https://github.com/googleapis/swift-google-gax resolved at 0.5.0
Creating working copy for https://github.com/apple/swift-asn1.git
Working copy of https://github.com/apple/swift-asn1.git resolved at 1.7.3
Creating working copy for https://github.com/apple/swift-collections.git
Working copy of https://github.com/apple/swift-collections.git resolved at 1.7.2
Creating working copy for https://github.com/apple/swift-nio-http2.git
Working copy of https://github.com/apple/swift-nio-http2.git resolved at 1.46.0
Creating working copy for https://github.com/apple/swift-nio
Working copy of https://github.com/apple/swift-nio resolved at 2.104.0
Creating working copy for https://github.com/apple/swift-nio-transport-services.git
Working copy of https://github.com/apple/swift-nio-transport-services.git resolved at 1.28.0
Creating working copy for https://github.com/swift-extras/swift-extras-base64
Working copy of https://github.com/swift-extras/swift-extras-base64 resolved at 1.2.0
Creating working copy for https://github.com/swift-server/async-http-client.git
Working copy of https://github.com/swift-server/async-http-client.git resolved at 1.36.2
Creating working copy for https://github.com/swift-server/swift-service-lifecycle
Working copy of https://github.com/swift-server/swift-service-lifecycle resolved at 2.12.1
Creating working copy for https://github.com/googleapis/swift-google-wkt
Working copy of https://github.com/googleapis/swift-google-wkt resolved at 0.5.0
Creating working copy for https://github.com/apple/swift-crypto.git
Working copy of https://github.com/apple/swift-crypto.git resolved at 4.5.2
Creating working copy for https://github.com/apple/swift-nio-extras.git
Working copy of https://github.com/apple/swift-nio-extras.git resolved at 1.35.1
Creating working copy for https://github.com/googleapis/swift-google-cloud-location
Working copy of https://github.com/googleapis/swift-google-cloud-location resolved at 0.5.0
Creating working copy for https://github.com/apple/swift-http-structured-headers.git
Working copy of https://github.com/apple/swift-http-structured-headers.git resolved at 1.7.0
Creating working copy for https://github.com/apple/swift-http-types.git
Working copy of https://github.com/apple/swift-http-types.git resolved at 1.8.0
Creating working copy for https://github.com/apple/swift-distributed-tracing.git
Working copy of https://github.com/apple/swift-distributed-tracing.git resolved at 1.5.0
Creating working copy for https://github.com/googleapis/swift-google-auth
Working copy of https://github.com/googleapis/swift-google-auth resolved at 0.5.0
Creating working copy for https://github.com/apple/swift-algorithms.git
Working copy of https://github.com/apple/swift-algorithms.git resolved at 1.2.1
Creating working copy for https://github.com/apple/swift-log
Working copy of https://github.com/apple/swift-log resolved at 1.16.1
Creating working copy for https://github.com/vapor/jwt-kit.git
Working copy of https://github.com/vapor/jwt-kit.git resolved at 5.7.1
Creating working copy for https://github.com/apple/swift-system.git
Working copy of https://github.com/apple/swift-system.git resolved at 1.8.1
Creating working copy for https://github.com/apple/swift-service-context.git
Working copy of https://github.com/apple/swift-service-context.git resolved at 1.3.0
Creating working copy for https://github.com/googleapis/swift-google-rpc
Working copy of https://github.com/googleapis/swift-google-rpc resolved at 0.5.0
Creating working copy for https://github.com/googleapis/swift-google-longrunning
Working copy of https://github.com/googleapis/swift-google-longrunning resolved at 0.5.0
Creating working copy for https://github.com/apple/swift-atomics.git
Working copy of https://github.com/apple/swift-atomics.git resolved at 1.3.1
Creating working copy for https://github.com/apple/swift-configuration.git
Working copy of https://github.com/apple/swift-configuration.git resolved at 1.2.2
Creating working copy for https://github.com/apple/swift-certificates.git
Working copy of https://github.com/apple/swift-certificates.git resolved at 1.21.0
Creating working copy for https://github.com/apple/swift-nio-ssl.git
Working copy of https://github.com/apple/swift-nio-ssl.git resolved at 2.37.5
Creating working copy for https://github.com/apple/swift-numerics.git
Working copy of https://github.com/apple/swift-numerics.git resolved at 1.1.1
Building for debugging...
[0/1070] Write sources
[53/1070] Compiling a_digest.cc
[54/1070] Write swift-version--11D90AFD9DD3AB2.txt
[54/1070] Write sources
[59/1070] Compiling _NumericsShims _NumericsShims.c
[59/1070] Write sources
[90/1070] Compiling _AtomicsShims.c
[91/1070] Compiling SimpleFIPS202.c
[91/1070] Compiling CXKCPShims shims.c
[93/1076] Compiling a_sign.cc
[93/1076] Compiling asn1_gen.cc
[93/1076] Compiling algorithm.cc
[96/1076] Compiling by_file.cc
[97/1076] Compiling a_verify.cc
[98/1076] Compiling by_dir.cc
[100/1148] Emitting module ServiceContextModule
[101/1148] Emitting module InternalCollectionsUtilities
[102/1151] Emitting module Logging
[103/1152] Compiling InternalCollectionsUtilities Strideable+LimitHelpers.swift
[104/1152] Compiling InternalCollectionsUtilities String+Padding.swift
[105/1154] Compiling Logging LoggingSystem.swift
[108/1154] Compiling InternalCollectionsUtilities TemporaryAllocation.swift
[109/1154] Compiling InternalCollectionsUtilities _UnsafeBitSet+Index.swift
[110/1154] Compiling SwiftASN1 DER.swift
[111/1154] Compiling SwiftASN1 Errors.swift
[112/1154] Compiling InternalCollectionsUtilities RandomAccessCollection+Offsets.swift
[113/1154] Compiling InternalCollectionsUtilities Span+Extras.swift
[114/1154] Compiling InternalCollectionsUtilities Iterable+CopyContents.swift
[115/1154] Compiling InternalCollectionsUtilities Iterable+Equality.swift
[116/1154] Compiling InternalCollectionsUtilities LifetimeOverride.swift
[117/1154] Compiling InternalCollectionsUtilities MutableRef.swift
[118/1154] Compiling _NIODataStructures _TinyArray.swift
[119/1154] Compiling InternalCollectionsUtilities BorrowingIteratorProtocol+Extras.swift
[120/1154] Compiling InternalCollectionsUtilities Debugging.swift
[121/1154] Compiling InternalCollectionsUtilities Descriptions.swift
[122/1154] Compiling InternalCollectionsUtilities UnsafeRawBufferPointer+Extras.swift
[123/1154] Compiling InternalCollectionsUtilities _SortedCollection.swift
[124/1154] Compiling InternalCollectionsUtilities _UniqueCollection.swift
[125/1154] Compiling Logging Logger+With.swift
[126/1154] Compiling InternalCollectionsUtilities BorrowingIteratorProtocol+Equality.swift
[130/1154] Compiling InternalCollectionsUtilities FixedWidthInteger+roundUpToPowerOfTwo.swift
[131/1154] Compiling InternalCollectionsUtilities Integer rank.swift
[132/1154] Compiling InternalCollectionsUtilities UInt+first and last set bit.swift
[133/1154] Compiling InternalCollectionsUtilities UInt+reversed.swift
[136/1154] Emitting module RealModule
[137/1155] Compiling Logging Logger.swift
[138/1155] Compiling RealModule RealFunctions.swift
[146/1155] Emitting module _NIOBase64
[147/1155] Compiling _NIOBase64 Base64.swift
[148/1156] Compiling RealModule Float80+Real.swift
[149/1156] Compiling RealModule Real.swift
[153/1156] Compiling RealModule Float16+Real.swift
[156/1156] Compiling RealModule RelaxedArithmetic.swift
[157/1156] Compiling _NIODataStructures PriorityQueue.swift
[158/1156] Compiling _CertificateInternals _TinyArray.swift
[159/1156] Emitting module _CertificateInternals
[160/1158] Compiling _NIODataStructures Heap.swift
[161/1158] Emitting module _NIODataStructures
[162/1159] Compiling ServiceContextModule ServiceContextKey.swift
[163/1159] Compiling ServiceContextModule ServiceContext.swift
[164/1159] Compiling InternalCollectionsUtilities UnsafeMutablePointer+Extras.swift
[165/1159] Compiling InternalCollectionsUtilities UnsafeMutableRawBufferPointer+Extras.swift
[166/1160] Compiling InternalCollectionsUtilities UnsafePointer+Extras.swift
[167/1160] Compiling InternalCollectionsUtilities _UnsafeBitSet+_Word.swift
[168/1160] Compiling InternalCollectionsUtilities _UnsafeBitSet.swift
[169/1160] Compiling InternalCollectionsUtilities UnsafeBufferPointer+Extras.swift
[170/1160] Compiling InternalCollectionsUtilities UnsafeMutableBufferPointer+Extras.swift
[178/1166] Compiling Logging Logger+Attributes.swift
[178/1166] Wrapping AST for _NIOBase64 for debugging
[179/1166] Wrapping AST for RealModule for debugging
[180/1172] Wrapping AST for _NIODataStructures for debugging
[181/1172] Wrapping AST for _CertificateInternals for debugging
[182/1172] Wrapping AST for ServiceContextModule for debugging
[183/1172] Wrapping AST for InternalCollectionsUtilities for debugging
[184/1175] Compiling KeccakSponge.c
[186/1176] Compiling Instrumentation NoOpInstrument.swift
[186/1176] Compiling KeccakHash.c
[188/1176] Compiling SpanPreview OutputSpan+InputSpanHelpers.swift
[189/1176] Compiling SpanPreview InputSpan.swift
[189/1176] Compiling CNIOWindows shim.c
[191/1176] Compiling SpanPreview MutableSpan+InputSpanHelpers.swift
[192/1176] Compiling Instrumentation MultiplexInstrument.swift
[192/1176] Compiling CNIOWindows WSAStartup.c
[193/1176] Compiling CSystem shims.c
[195/1176] Emitting module SpanPreview
[195/1177] Compiling CNIOWASI CNIOWASI.c
[196/1177] Compiling CNIOPosix event_loop_id.c
[198/1177] Emitting module Instrumentation
[199/1177] Compiling CNIOOpenBSD shim.c
[201/1177] Compiling ExtrasBase64 Base32+Span.swift
[201/1177] Compiling CNIOLinux liburing_shims.c
[204/1183] Compiling CNIOLinux shim.c
[205/1256] Wrapping AST for SpanPreview for debugging
[207/1256] Compiling DequeModule RigidDeque+Prepend.swift
[208/1256] Compiling DequeModule RigidDeque+Removals.swift
[209/1256] Compiling DequeModule RigidDeque+Replacements.swift
[210/1256] Compiling DequeModule RigidDeque+Testing.swift
[211/1256] Compiling DequeModule RigidDeque.swift
[212/1256] Compiling DequeModule UniqueDeque+Append.swift
[212/1261] Compiling KeccakP-1600-opt64.c
[213/1261] Compiling CNIOLLHTTP c_nio_llhttp.c
[214/1261] Compiling CNIOLLHTTP c_nio_http.c
[215/1261] Compiling CNIOFreeBSD shim.c
[216/1261] Compiling CNIOExtrasZlib zutil.c
[217/1261] Compiling CNIOLLHTTP c_nio_api.c
[219/1261] Compiling SystemPackage FilePathTempWindows.swift
[220/1261] Compiling SystemPackage FilePathWindows.swift
[221/1261] Compiling SystemPackage FilePermissions.swift
[222/1261] Compiling DequeModule RigidDeque+Initializers.swift
[223/1261] Compiling DequeModule RigidDeque+Insertions.swift
[224/1261] Compiling SystemPackage Constants.swift
[224/1261] Compiling CNIOExtrasZlib trees.c
[226/1261] Compiling DequeModule UniqueDeque+Initializers.swift
[227/1261] Compiling DequeModule UniqueDeque+Insertions.swift
[228/1261] Compiling DequeModule UniqueDeque+Iterable.swift
[229/1261] Compiling DequeModule UniqueDeque+Prepend.swift
[230/1261] Compiling DequeModule UniqueDeque+Removals.swift
[231/1261] Compiling SystemPackage Stat.swift
[232/1261] Compiling SystemPackage RawBuffer.swift
[233/1261] Compiling SystemPackage Syscalls.swift
[234/1261] Compiling SystemPackage WindowsSyscallAdapters.swift
[235/1261] Compiling SystemPackage MachPort.swift
[236/1261] Compiling SystemPackage PlatformString.swift
[237/1261] Compiling SystemPackage Exports.swift
[238/1261] Compiling SystemPackage Mocking.swift
[239/1261] Compiling SystemPackage FileFlags.swift
[240/1261] Compiling SystemPackage FileMode.swift
[241/1261] Compiling SystemPackage FileType.swift
[242/1261] Compiling SystemPackage Identifiers.swift
[242/1261] Compiling CNIOExtrasZlib inftrees.c
[243/1261] Compiling CNIOExtrasZlib inffast.c
[244/1261] Compiling CNIOExtrasZlib inflate.c
[245/1261] Compiling CNIOExtrasZlib crc32.c
[247/1261] Emitting module SwiftASN1
[247/1261] Compiling CNIOExtrasZlib adler32.c
[248/1261] Compiling CNIODarwin shim.c
[249/1261] Compiling CNIOExtrasZlib deflate.c
[250/1261] Compiling fiat_p256_adx_sqr.S
[251/1261] Compiling fiat_p256_adx_mul.S
[252/1261] Compiling fiat_curve25519_adx_square.S
[253/1261] Compiling fiat_curve25519_adx_mul.S
[254/1261] Compiling CNIOBoringSSLShims shims.c
[256/1261] Compiling DequeModule Deque+Codable.swift
[257/1261] Compiling DequeModule Deque+Collection.swift
[258/1261] Compiling DequeModule Deque+CustomReflectable.swift
[259/1261] Compiling DequeModule Deque+Descriptions.swift
[260/1261] Compiling Instrumentation InstrumentationSystem.swift
[261/1261] Compiling Instrumentation Instrument.swift
[262/1261] Compiling Instrumentation Locks.swift
[264/1262] Compiling DequeModule Deque+Extras.swift
[265/1262] Compiling DequeModule Deque+Hashable.swift
[266/1262] Compiling DequeModule Deque+Testing.swift
[267/1262] Compiling DequeModule Deque._Storage.swift
[288/1267] Compiling DequeModule Deque+Equatable.swift
[289/1267] Compiling DequeModule Deque+ExpressibleByArrayLiteral.swift
[294/1268] Compiling Logging MetadataProvider.swift
[295/1269] Compiling SystemPackage FilePathTemp.swift
[296/1269] Compiling SystemPackage FilePathTempPosix.swift
[313/1269] Wrapping AST for SwiftASN1 for debugging
[314/1277] Wrapping AST for Logging for debugging
[321/1277] Emitting module SystemPackage
[321/1277] Wrapping AST for Instrumentation for debugging
[323/1277] Compiling Tracing InstrumentationSystem+Tracing.swift
[324/1278] Compiling Tracing TracerProtocol.swift
[325/1278] Compiling Tracing WithTracer.swift
[326/1278] Emitting module Tracing
[327/1278] Compiling Tracing TracingTime.swift
[328/1278] Compiling Tracing TracerProtocol+Legacy.swift
[329/1278] Compiling Tracing Tracer.swift
[329/1278] Compiling tls_record.cc
[330/1278] Compiling tls_method.cc
[332/1278] Compiling Tracing NoOpTracer.swift
[333/1278] Compiling Tracing SpanProtocol.swift
[335/1279] Compiling SystemPackage SystemString.swift
[336/1279] Compiling SystemPackage Util+StringArray.swift
[337/1279] Compiling SystemPackage Util.swift
[338/1279] Compiling SystemPackage UtilConsumers.swift
[339/1279] Compiling SystemPackage WinSDK+Overlay.swift
[340/1280] Wrapping AST for Tracing for debugging
[341/1280] Wrapping AST for SystemPackage for debugging
[342/1280] Compiling tls13_server.cc
[344/1280] Compiling DequeModule UniqueDeque+Replacements.swift
[345/1280] Compiling DequeModule UniqueDeque.swift
[346/1280] Compiling DequeModule _DequeSlot.swift
[347/1280] Compiling DequeModule _UnsafeDequeHandle.swift
[348/1280] Compiling DequeModule _UnsafeDequeSegments.swift
[349/1280] Emitting module DequeModule
[350/1281] Compiling tls13_enc.cc
[351/1311] Compiling tls13_client.cc
[352/1324] Wrapping AST for DequeModule for debugging
[353/1324] Compiling tls13_both.cc
[355/1324] Emitting module Configuration
[356/1329] Compiling Configuration JSONSnapshot.swift
[357/1329] Compiling Configuration PropertyListSnapshot.swift
[358/1329] Compiling Configuration ReloadingFileProvider.swift
[359/1329] Compiling Configuration ReloadingFileProviderMetrics.swift
[360/1329] Compiling Configuration YAMLSnapshot.swift
[361/1329] Compiling Configuration InMemoryProvider.swift
[362/1329] Compiling Configuration Deprecations.swift
[363/1329] Compiling Configuration ExpressibleByConfigInt.swift
[364/1329] Compiling Configuration ExpressibleByConfigString.swift
[365/1329] Compiling Configuration CLIKeyEncoder.swift
[366/1329] Compiling Configuration ConfigKeyEncoder.swift
[367/1329] Compiling Configuration DotSeparatorKeyDecoder.swift
[367/1329] Compiling t1_enc.cc
[368/1329] Compiling ssl_x509.cc
[369/1329] Compiling ssl_versions.cc
[370/1329] Compiling ssl_transcript.cc
[371/1329] Compiling ssl_stat.cc
[372/1329] Compiling ssl_session.cc
[373/1329] Compiling ssl_privkey.cc
[374/1329] Compiling ssl_key_share.cc
[375/1329] Compiling ssl_file.cc
[377/1329] Compiling ExtrasBase64 Base32.swift
[378/1329] Compiling ExtrasBase64 Base64+Span.swift
[379/1329] Compiling ExtrasBase64 Base64.swift
[380/1329] Compiling Configuration SeparatorKeyEncoder.swift
[381/1329] Compiling Configuration MultiProvider.swift
[382/1329] Compiling Configuration CLIArgumentParser.swift
[383/1329] Compiling Configuration CLISnapshot.swift
[384/1329] Compiling Configuration CommandLineArgumentsProvider.swift
[385/1329] Compiling Configuration EnvironmentFileParser.swift
[386/1329] Compiling Configuration AccessReporter.swift
[386/1329] Compiling ssl_credential.cc
[388/1329] Compiling Configuration AccessLogger.swift
[389/1329] Compiling Configuration FileAccessLogger.swift
[390/1329] Compiling Configuration ConfigContext.swift
[391/1329] Compiling Configuration ConfigKey.swift
[392/1329] Compiling Configuration ConfigProvider.swift
[393/1329] Emitting module ExtrasBase64
[394/1330] Compiling ssl_lib.cc
[396/1361] Compiling Configuration CombineLatestManyStorage.swift
[397/1361] Compiling Configuration AsyncSequences.swift
[398/1361] Compiling Configuration FoundationExtensions.swift
[399/1361] Compiling Configuration Span.swift
[400/1361] Compiling Configuration ConfigBytesFromStringDecoder.swift
[401/1361] Compiling GoogleWKT WKTUInt32Value.swift
[402/1361] Compiling GoogleWKT WKTUInt64Value.swift
[403/1361] Compiling GoogleWKT WKTField.swift
[404/1361] Compiling GoogleWKT WKTMethod.swift
[405/1361] Compiling GoogleWKT WKTMixin.swift
[406/1361] Compiling GoogleWKT WKTOption.swift
[407/1361] Compiling Configuration MutableInMemoryProvider.swift
[408/1361] Compiling Configuration ConfigProvider+Operators.swift
[409/1361] Compiling Configuration KeyMappingProvider.swift
[410/1361] Compiling Configuration SecretsSpecifier.swift
[411/1361] Compiling Configuration AsyncCombineLatestManySequence.swift
[412/1361] Compiling Configuration CombineLatestManyStateMachine.swift
[412/1361] Compiling ssl_cipher.cc
[413/1361] Wrapping AST for ExtrasBase64 for debugging
[414/1361] Compiling ssl_cert.cc
[415/1361] Compiling ssl_buffer.cc
[416/1361] Compiling ssl_asn1.cc
[417/1361] Compiling ssl_aead_ctx.cc
[419/1361] Compiling GoogleWKT WKTEmpty.swift
[420/1361] Compiling GoogleWKT WKTFieldMask.swift
[421/1361] Compiling GoogleWKT WKTFloatValue.swift
[422/1361] Compiling GoogleWKT WKTInt32Value.swift
[423/1361] Compiling GoogleWKT WKTInt64Value.swift
[424/1361] Compiling GoogleWKT WKTRecursive.swift
[425/1362] Compiling s3_pkt.cc
[426/1362] Wrapping AST for Configuration for debugging
[428/1362] Compiling GoogleWKT UnknownFields.swift
[429/1362] Compiling GoogleWKT WKTAny.swift
[430/1362] Compiling GoogleWKT WKTAnyError.swift
[431/1362] Compiling GoogleWKT WKTBoolValue.swift
[432/1362] Compiling GoogleWKT WKTBytesValue.swift
[436/1366] Compiling s3_lib.cc
[438/1366] Compiling GoogleWKT WKTDoubleValue.swift
[439/1366] Compiling GoogleWKT WKTDuration.swift
[446/1366] Emitting module GoogleWKT
[447/1366] Compiling GoogleWKT AnyPackable.swift
[448/1366] Compiling GoogleWKT DecodeToDefault.swift
[449/1366] Compiling GoogleWKT DiscoveryBase64.swift
[450/1366] Compiling GoogleWKT ProtoJSONDecoder.swift
[451/1366] Compiling GoogleWKT ProtoJSONEncoder.swift
[451/1366] Compiling s3_both.cc
[453/1366] Compiling GoogleWKT WKTValue.swift
[454/1366] Compiling GoogleWKT WKTApi.swift
[455/1366] Compiling GoogleWKT WKTEnum.swift
[456/1366] Compiling GoogleWKT WKTEnumValue.swift
[457/1366] Compiling GoogleWKT WKTStringValue.swift
[458/1366] Compiling GoogleWKT WKTTimestamp.swift
[461/1366] Compiling GoogleWKT WKTSourceContext.swift
[462/1366] Compiling GoogleWKT WKTSyntax.swift
[463/1366] Compiling GoogleWKT WKTType.swift
[464/1366] Compiling GoogleWKT PackageVersion.swift
[465/1367] Compiling handshake_server.cc
[466/1382] Compiling handshake.cc
[467/1382] Compiling handoff.cc
[468/1382] Wrapping AST for GoogleWKT for debugging
[469/1382] Compiling handshake_client.cc
[471/1382] Emitting module GoogleRpc
[472/1384] Compiling GoogleRpc LocalizedMessage.swift
[473/1384] Compiling GoogleRpc PackageVersion.swift
[473/1384] Compiling encrypted_client_hello.cc
[475/1384] Compiling GoogleRpc RequestInfo.swift
[476/1384] Compiling GoogleRpc ResourceInfo.swift
[477/1384] Compiling GoogleRpc DebugInfo.swift
[478/1384] Compiling GoogleRpc ErrorInfo.swift
[479/1384] Compiling GoogleRpc Help.swift
[480/1384] Compiling GoogleRpc HttpHeader.swift
[481/1384] Compiling GoogleRpc BadRequest.swift
[482/1384] Compiling GoogleRpc Code.swift
[483/1384] Compiling GoogleRpc RetryInfo.swift
[484/1384] Compiling GoogleRpc Status.swift
[484/1384] Compiling extensions.cc
[486/1384] Compiling GoogleRpc HttpRequest.swift
[487/1384] Compiling GoogleRpc HttpResponse.swift
[488/1384] Compiling GoogleRpc PreconditionFailure.swift
[489/1384] Compiling GoogleRpc QuotaFailure.swift
[490/1385] Compiling md5-x86_64-linux.S
[491/1385] Compiling dtls_record.cc
[492/1385] Wrapping AST for GoogleRpc for debugging
[493/1385] Compiling md5-x86_64-apple.S
[494/1385] Compiling md5-586-linux.S
[495/1385] Compiling md5-586-apple.S
[496/1385] Compiling chacha20_poly1305_x86_64-linux.S
[497/1385] Compiling chacha20_poly1305_x86_64-apple.S
[498/1385] Compiling chacha20_poly1305_armv8-win.S
[499/1385] Compiling chacha20_poly1305_armv8-linux.S
[500/1385] Compiling chacha20_poly1305_armv8-apple.S
[501/1385] Compiling dtls_method.cc
[502/1385] Compiling chacha-x86_64-linux.S
[503/1385] Compiling chacha-x86_64-apple.S
[504/1385] Compiling chacha-x86-linux.S
[505/1385] Compiling d1_lib.cc
[506/1385] Compiling chacha-x86-apple.S
[507/1385] Compiling chacha-armv8-win.S
[508/1385] Compiling d1_pkt.cc
[509/1385] Compiling d1_srtp.cc
[509/1385] Compiling chacha-armv4-linux.S
[511/1385] Compiling chacha-armv8-apple.S
[512/1385] Compiling aes128gcmsiv-x86_64-linux.S
[513/1385] Compiling chacha-armv8-linux.S
[514/1385] Compiling err_data.cc
[515/1385] Compiling aes128gcmsiv-x86_64-apple.S
[515/1385] Compiling x86_64-mont-linux.S
[515/1385] Compiling x86_64-mont5-apple.S
[518/1385] Compiling x86_64-mont-apple.S
[519/1385] Compiling x86_64-mont5-linux.S
[520/1385] Compiling vpaes-x86_64-apple.S
[521/1385] Compiling x86-mont-linux.S
[522/1385] Compiling vpaes-x86-apple.S
[523/1385] Compiling vpaes-x86_64-linux.S
[524/1385] Compiling x86-mont-apple.S
[525/1385] Compiling vpaes-x86-linux.S
[526/1385] Compiling vpaes-armv8-win.S
[527/1385] Compiling vpaes-armv8-apple.S
[528/1385] Compiling vpaes-armv7-linux.S
[529/1385] Compiling sha512-x86_64-linux.S
[530/1385] Compiling sha512-x86_64-apple.S
[531/1385] Compiling vpaes-armv8-linux.S
[532/1385] Compiling sha512-armv8-win.S
[533/1385] Compiling sha512-armv8-apple.S
[534/1385] Compiling sha512-armv4-linux.S
[535/1385] Compiling sha512-586-linux.S
[536/1385] Compiling sha512-armv8-linux.S
[536/1385] Compiling sha512-586-apple.S
[538/1385] Compiling sha256-x86_64-linux.S
[539/1385] Compiling sha256-x86_64-apple.S
[540/1385] Compiling bio_ssl.cc
[541/1385] Compiling sha256-armv8-win.S
[542/1385] Compiling sha256-armv8-apple.S
[543/1385] Compiling sha256-armv4-linux.S
[544/1385] Compiling sha256-armv8-linux.S
[545/1385] Compiling sha256-586-linux.S
[546/1385] Compiling sha256-586-apple.S
[547/1385] Compiling sha1-x86_64-linux.S
[548/1385] Compiling sha1-x86_64-apple.S
[549/1385] Compiling sha1-armv8-win.S
[550/1385] Compiling sha1-armv8-apple.S
[551/1385] Compiling sha1-586-linux.S
[552/1385] Compiling sha1-armv8-linux.S
[553/1385] Compiling sha1-armv4-large-linux.S
[554/1385] Compiling sha1-586-apple.S
[555/1385] Compiling rsaz-avx2-linux.S
[556/1385] Compiling d1_both.cc
[557/1385] Compiling rsaz-avx2-apple.S
[558/1385] Compiling rdrand-x86_64-linux.S
[559/1385] Compiling p256_beeu-x86_64-asm-linux.S
[560/1385] Compiling rdrand-x86_64-apple.S
[561/1385] Compiling p256_beeu-x86_64-asm-apple.S
[562/1385] Compiling p256_beeu-armv8-asm-win.S
[563/1385] Compiling p256_beeu-armv8-asm-linux.S
[564/1385] Compiling p256_beeu-armv8-asm-apple.S
[565/1385] Compiling p256-x86_64-asm-linux.S
[566/1385] Compiling p256-armv8-asm-win.S
[567/1385] Compiling p256-x86_64-asm-apple.S
[568/1385] Compiling p256-armv8-asm-apple.S
[569/1385] Compiling ghashv8-armv8-win.S
[570/1385] Compiling p256-armv8-asm-linux.S
[571/1385] Compiling ghashv8-armv8-linux.S
[572/1385] Compiling ghashv8-armv7-linux.S
[573/1385] Compiling ghashv8-armv8-apple.S
[574/1385] Compiling ghash-x86_64-apple.S
[575/1385] Compiling ghash-x86_64-linux.S
[576/1385] Compiling ghash-x86-linux.S
[577/1385] Compiling ghash-x86-apple.S
[578/1385] Compiling ghash-ssse3-x86_64-linux.S
[579/1385] Compiling ghash-ssse3-x86_64-apple.S
[580/1385] Compiling ghash-ssse3-x86-linux.S
[581/1385] Compiling ghash-neon-armv8-win.S
[582/1385] Compiling ghash-neon-armv8-linux.S
[583/1385] Compiling ghash-ssse3-x86-apple.S
[584/1385] Compiling ghash-neon-armv8-apple.S
[585/1385] Compiling ghash-armv4-linux.S
[586/1385] Compiling co-586-linux.S
[587/1385] Compiling co-586-apple.S
[588/1385] Compiling bsaes-armv7-linux.S
[589/1385] Compiling bn-armv8-win.S
[590/1385] Compiling bn-armv8-linux.S
[591/1385] Compiling bn-armv8-apple.S
[592/1385] Compiling bn-586-linux.S
[593/1385] Compiling bn-586-apple.S
[594/1385] Compiling armv8-mont-win.S
[595/1385] Compiling aesv8-gcm-armv8-win.S
[596/1385] Compiling armv8-mont-apple.S
[597/1385] Compiling armv4-mont-linux.S
[598/1385] Compiling armv8-mont-linux.S
[599/1385] Compiling aesv8-gcm-armv8-apple.S
[600/1385] Compiling aesv8-gcm-armv8-linux.S
[601/1385] Compiling aesv8-armv8-win.S
[602/1385] Compiling aesv8-armv8-linux.S
[603/1385] Compiling aesv8-armv7-linux.S
[604/1385] Compiling aesv8-armv8-apple.S
[605/1385] Compiling aesni-x86_64-apple.S
[606/1385] Compiling aesni-x86_64-linux.S
[607/1385] Compiling aesni-x86-apple.S
[608/1385] Compiling aesni-x86-linux.S
[609/1385] Compiling aesni-gcm-x86_64-linux.S
[610/1385] Compiling aesni-gcm-x86_64-apple.S
[611/1385] Compiling aes-gcm-avx2-x86_64-apple.S
[612/1385] Compiling aes-gcm-avx10-x86_64-linux.S
[613/1385] Compiling aes-gcm-avx2-x86_64-linux.S
[614/1385] Compiling aes-gcm-avx10-x86_64-apple.S
[615/1385] Compiling x_sig.cc
[616/1385] Compiling x_val.cc
[617/1385] Compiling x_x509a.cc
[618/1385] Compiling x_spki.cc
[619/1385] Compiling x_req.cc
[620/1385] Compiling x_x509.cc
[621/1385] Compiling x_pubkey.cc
[622/1385] Compiling x_name.cc
[623/1385] Compiling x_exten.cc
[624/1385] Compiling x509spki.cc
[625/1385] Compiling x_algor.cc
[626/1385] Compiling x_attrib.cc
[627/1385] Compiling x_crl.cc
[628/1385] Compiling x509rset.cc
[629/1385] Compiling x509name.cc
[629/1385] Compiling x_all.cc
[631/1385] Compiling x509_txt.cc
[632/1385] Compiling x509cset.cc
[633/1385] Compiling x509_vpm.cc
[634/1385] Compiling x509_v3.cc
[635/1385] Compiling x509_trs.cc
[636/1385] Compiling x509_vfy.cc
[637/1385] Compiling x509_set.cc
[638/1385] Compiling x509_req.cc
[639/1385] Compiling x509_def.cc
[640/1385] Compiling x509_obj.cc
[640/1385] Compiling x509_ext.cc
[642/1385] Compiling x509_d2.cc
[643/1385] Compiling x509_lu.cc
[644/1385] Compiling x509.cc
[645/1385] Compiling x509_cmp.cc
[646/1385] Compiling x509_att.cc
[647/1385] Compiling v3_skey.cc
[648/1385] Compiling v3_prn.cc
[649/1385] Compiling v3_pmaps.cc
[650/1385] Compiling v3_purp.cc
[651/1385] Compiling v3_utl.cc
[652/1385] Compiling v3_ocsp.cc
[652/1385] Compiling v3_pcons.cc
[654/1385] Compiling v3_ncons.cc
[655/1385] Compiling v3_ia5.cc
[655/1385] Compiling v3_int.cc
[657/1385] Compiling v3_lib.cc
[657/1385] Compiling v3_info.cc
[659/1385] Compiling v3_enum.cc
[660/1385] Compiling v3_extku.cc
[661/1385] Compiling v3_genn.cc
[662/1385] Compiling v3_crld.cc
[663/1385] Compiling v3_bcons.cc
[663/1385] Compiling v3_bitst.cc
[665/1385] Compiling v3_conf.cc
[666/1385] Compiling v3_cpols.cc
[667/1385] Compiling v3_akeya.cc
[668/1385] Compiling v3_alt.cc
[669/1385] Compiling v3_akey.cc
[670/1385] Compiling t_x509a.cc
[671/1385] Compiling i2d_pr.cc
[672/1385] Compiling t_crl.cc
[673/1385] Compiling name_print.cc
[673/1385] Compiling t_x509.cc
[675/1385] Compiling t_req.cc
[676/1385] Compiling rsa_pss.cc
[677/1385] Compiling policy.cc
[678/1385] Compiling by_file.cc
[679/1385] Compiling by_dir.cc
[680/1385] Compiling a_verify.cc
[681/1385] Compiling algorithm.cc
[682/1385] Compiling voprf.cc
[683/1385] Compiling a_sign.cc
[684/1385] Compiling a_digest.cc
[685/1385] Compiling asn1_gen.cc
[686/1385] Compiling trust_token.cc
[687/1385] Compiling thread_win.cc
[688/1385] Compiling thread.cc
[689/1385] Compiling thread_pthread.cc
[690/1385] Compiling thread_none.cc
[691/1385] Compiling stack.cc
[692/1385] Compiling pmbtoken.cc
[693/1385] Compiling slhdsa.cc
[694/1385] Compiling spake2plus.cc
[695/1385] Compiling sha512.cc
[696/1385] Compiling sha256.cc
[697/1385] Compiling siphash.cc
[698/1385] Compiling sha1.cc
[699/1385] Compiling rsa_print.cc
[700/1385] Compiling rsa_extra.cc
[701/1385] Compiling rsa_crypt.cc
[702/1385] Compiling rc4.cc
[703/1385] Compiling windows.cc
[704/1385] Compiling refcount.cc
[705/1385] Compiling urandom.cc
[706/1385] Compiling trusty.cc
[707/1385] Compiling rand.cc
[708/1385] Compiling rsa_asn1.cc
[709/1385] Compiling passive.cc
[710/1385] Compiling poly1305_arm_asm.S
[711/1385] Compiling ios.cc
[712/1385] Compiling getentropy.cc
[713/1385] Compiling forkunsafe.cc
[714/1385] Compiling fork_detect.cc
[715/1385] Compiling deterministic.cc
[716/1385] Compiling poly1305_vec.cc
[717/1385] Compiling pool.cc
[718/1385] Compiling poly1305_arm.cc
[719/1385] Compiling poly1305.cc
[720/1385] Compiling pkcs7.cc
[721/1385] Compiling pkcs8.cc
[722/1385] Compiling pkcs8_x509.cc
[723/1385] Compiling p5_pbev2.cc
[724/1385] Compiling pkcs7_x509.cc
[725/1385] Compiling pem_xaux.cc
[726/1385] Compiling pem_x509.cc
[727/1385] Compiling pem_pkey.cc
[728/1385] Compiling pem_pk8.cc
[729/1385] Compiling pem_oth.cc
[730/1385] Compiling mlkem.cc
[731/1385] Compiling pem_info.cc
[732/1385] Compiling pem_lib.cc
[733/1385] Compiling pem_all.cc
[734/1385] Compiling obj_xref.cc
[735/1385] Compiling obj.cc
[736/1385] Compiling mldsa.cc
[737/1385] Compiling poly_rq_mul.S
[738/1385] Compiling fips_shared_support.cc
[739/1385] Compiling md5.cc
[740/1385] Compiling mem.cc
[741/1385] Compiling lhash.cc
[742/1385] Compiling md4.cc
[743/1385] Compiling kyber.cc
[744/1385] Compiling ex_data.cc
[745/1385] Compiling hrss.cc
[746/1385] Compiling sign.cc
[747/1385] Compiling scrypt.cc
[748/1385] Compiling hpke.cc
[749/1385] Compiling print.cc
[750/1385] Compiling pbkdf.cc
[751/1385] Compiling p_x25519.cc
[752/1385] Compiling p_rsa_asn1.cc
[753/1385] Compiling p_x25519_asn1.cc
[754/1385] Compiling p_rsa.cc
[755/1385] Compiling p_ed25519_asn1.cc
[756/1385] Compiling p_hkdf.cc
[757/1385] Compiling p_ed25519.cc
[758/1385] Compiling p_ec_asn1.cc
[759/1385] Compiling p_ec.cc
[760/1385] Compiling p_dh.cc
[761/1385] Compiling p_dh_asn1.cc
[762/1385] Compiling evp_ctx.cc
[763/1385] Compiling p_dsa_asn1.cc
[764/1385] Compiling evp_asn1.cc
[765/1385] Compiling evp.cc
[765/1385] Compiling err.cc
[767/1385] Compiling engine.cc
[768/1385] Compiling ecdh.cc
[769/1385] Compiling hash_to_curve.cc
[770/1385] Compiling ecdsa_asn1.cc
[771/1385] Compiling ec_derive.cc
[772/1385] Compiling dsa.cc
[773/1385] Compiling bcm.cc
[774/1385] Compiling dsa_asn1.cc
[775/1385] Compiling ec_asn1.cc
[776/1385] Compiling params.cc
[777/1385] Compiling x25519-asm-arm.S
[778/1385] Compiling digest_extra.cc
[779/1385] Compiling des.cc
[780/1385] Compiling dh_asn1.cc
[781/1385] Compiling curve25519_64_adx.cc
[782/1385] Compiling crypto.cc
[783/1385] Compiling cpu_intel.cc
[784/1385] Compiling cpu_arm_linux.cc
[785/1385] Compiling spake25519.cc
[786/1385] Compiling curve25519.cc
[787/1385] Compiling cpu_arm_freebsd.cc
[788/1385] Compiling cpu_aarch64_win.cc
[789/1385] Compiling cpu_aarch64_sysreg.cc
[790/1385] Compiling cpu_aarch64_openbsd.cc
[791/1385] Compiling cpu_aarch64_linux.cc
[792/1385] Compiling cpu_aarch64_fuchsia.cc
[793/1385] Compiling cpu_aarch64_apple.cc
[794/1385] Compiling get_cipher.cc
[795/1385] Compiling conf.cc
[795/1385] Compiling tls_cbc.cc
[797/1385] Compiling e_tls.cc
[798/1385] Compiling e_rc4.cc
[799/1385] Compiling e_rc2.cc
[800/1385] Compiling e_null.cc
[801/1385] Compiling e_des.cc
[802/1385] Compiling e_aesgcmsiv.cc
[803/1385] Compiling e_chacha20poly1305.cc
[804/1385] Compiling e_aesctrhmac.cc
[805/1385] Compiling derive_key.cc
[806/1385] Compiling chacha.cc
[807/1385] Compiling unicode.cc
[808/1385] Compiling buf.cc
[809/1385] Compiling cbb.cc
[810/1385] Compiling cbs.cc
[811/1385] Compiling ber.cc
[812/1385] Compiling asn1_compat.cc
[813/1385] Compiling bn_asn1.cc
[814/1385] Compiling convert.cc
[815/1385] Compiling blake2.cc
[816/1385] Compiling socket_helper.cc
[817/1385] Compiling printf.cc
[818/1385] Compiling socket.cc
[819/1385] Compiling pair.cc
[820/1385] Compiling hexdump.cc
[821/1385] Compiling file.cc
[822/1385] Compiling errno.cc
[823/1385] Compiling fd.cc
[824/1385] Compiling connect.cc
[825/1385] Compiling bio_mem.cc
[826/1385] Compiling bio.cc
[827/1385] Compiling base64.cc
[828/1385] Compiling tasn_fre.cc
[829/1385] Compiling tasn_typ.cc
[830/1385] Compiling tasn_utl.cc
[831/1385] Compiling tasn_enc.cc
[832/1385] Compiling tasn_new.cc
[833/1385] Compiling f_string.cc
[834/1385] Compiling posix_time.cc
[835/1385] Compiling tasn_dec.cc
[836/1385] Compiling f_int.cc
[837/1385] Compiling asn_pack.cc
[838/1385] Compiling asn1_par.cc
[839/1385] Compiling asn1_lib.cc
[840/1385] Compiling a_utctm.cc
[841/1385] Compiling a_type.cc
[842/1385] Compiling a_time.cc
[842/1385] Compiling a_octet.cc
[844/1385] Compiling a_strex.cc
[845/1385] Compiling a_strnid.cc
[846/1385] Compiling a_object.cc
[847/1385] Compiling a_i2d_fp.cc
[848/1385] Compiling a_dup.cc
[849/1385] Compiling a_mbstr.cc
[850/1385] Compiling a_int.cc
[851/1385] Compiling a_d2i_fp.cc
[852/1385] Compiling a_gentm.cc
[852/1385] Compiling CGoogleGaxCRC32C CGoogleGaxCRC32C.c
[854/1385] Compiling fiat_p256_adx_sqr.S
[855/1385] Compiling fiat_p256_adx_mul.S
[856/1385] Compiling fiat_curve25519_adx_square.S
[857/1385] Compiling fiat_curve25519_adx_mul.S
[858/1385] Compiling md5-x86_64-linux.S
[859/1385] Compiling md5-x86_64-apple.S
[860/1385] Compiling a_bitstr.cc
[861/1385] Compiling md5-586-linux.S
[861/1385] Compiling md5-586-apple.S
[863/1385] Compiling chacha20_poly1305_x86_64-linux.S
[864/1385] Compiling chacha20_poly1305_x86_64-apple.S
[865/1385] Compiling chacha20_poly1305_armv8-win.S
[866/1385] Compiling chacha20_poly1305_armv8-apple.S
[867/1385] Compiling chacha-x86_64-linux.S
[868/1385] Compiling chacha20_poly1305_armv8-linux.S
[869/1385] Compiling a_bool.cc
[870/1385] Compiling CCryptoBoringSSLShims shims.c
[871/1385] Compiling chacha-x86-linux.S
[872/1385] Compiling chacha-x86_64-apple.S
[873/1385] Compiling chacha-x86-apple.S
[874/1385] Compiling chacha-armv8-win.S
[875/1385] Compiling chacha-armv8-apple.S
[876/1385] Compiling chacha-armv4-linux.S
[877/1385] Compiling aes128gcmsiv-x86_64-linux.S
[878/1385] Compiling chacha-armv8-linux.S
[879/1385] Compiling aes128gcmsiv-x86_64-apple.S
[880/1385] Compiling x86_64-mont5-linux.S
[881/1385] Compiling x86_64-mont5-apple.S
[882/1385] Compiling x86_64-mont-linux.S
[883/1385] Compiling x86_64-mont-apple.S
[884/1385] Compiling x86-mont-linux.S
[884/1385] Compiling x86-mont-apple.S
[886/1385] Compiling vpaes-x86_64-linux.S
[887/1385] Compiling vpaes-x86_64-apple.S
[888/1385] Compiling vpaes-x86-linux.S
[889/1385] Compiling vpaes-x86-apple.S
[890/1385] Compiling vpaes-armv8-win.S
[891/1385] Compiling vpaes-armv8-linux.S
[892/1385] Compiling vpaes-armv8-apple.S
[893/1385] Compiling vpaes-armv7-linux.S
[894/1385] Compiling sha512-x86_64-apple.S
[895/1385] Compiling sha512-x86_64-linux.S
[896/1385] Compiling sha512-armv8-win.S
[897/1385] Compiling sha512-armv8-apple.S
[898/1385] Compiling sha512-armv4-linux.S
[898/1385] Compiling sha512-586-linux.S
[900/1385] Compiling sha512-armv8-linux.S
[901/1385] Compiling sha512-586-apple.S
[902/1385] Compiling err_data.cc
[903/1385] Compiling sha256-x86_64-apple.S
[904/1385] Compiling sha256-armv8-win.S
[905/1385] Compiling sha256-x86_64-linux.S
[906/1385] Compiling sha256-armv8-apple.S
[907/1385] Compiling sha256-armv4-linux.S
[908/1385] Compiling sha256-armv8-linux.S
[909/1385] Compiling sha256-586-linux.S
[910/1385] Compiling sha256-586-apple.S
[911/1385] Compiling sha1-x86_64-linux.S
[912/1385] Compiling sha1-x86_64-apple.S
[913/1385] Compiling sha1-armv8-win.S
[914/1385] Compiling sha1-armv8-apple.S
[915/1385] Compiling sha1-armv4-large-linux.S
[916/1385] Compiling sha1-586-linux.S
[917/1385] Compiling sha1-586-apple.S
[918/1385] Compiling rsaz-avx2-linux.S
[919/1385] Compiling sha1-armv8-linux.S
[920/1385] Compiling rsaz-avx2-apple.S
[921/1385] Compiling rdrand-x86_64-linux.S
[922/1385] Compiling rdrand-x86_64-apple.S
[923/1385] Compiling p256_beeu-x86_64-asm-linux.S
[924/1385] Compiling p256_beeu-x86_64-asm-apple.S
[925/1385] Compiling p256_beeu-armv8-asm-linux.S
[926/1385] Compiling p256_beeu-armv8-asm-win.S
[927/1385] Compiling p256-x86_64-asm-linux.S
[928/1385] Compiling p256_beeu-armv8-asm-apple.S
[929/1385] Compiling p256-armv8-asm-win.S
[930/1385] Compiling p256-x86_64-asm-apple.S
[931/1385] Compiling p256-armv8-asm-linux.S
[932/1385] Compiling ghashv8-armv8-win.S
[932/1385] Compiling p256-armv8-asm-apple.S
[934/1385] Compiling ghashv8-armv8-apple.S
[934/1385] Compiling ghashv8-armv7-linux.S
[936/1385] Compiling ghashv8-armv8-linux.S
[937/1385] Compiling ghash-x86_64-linux.S
[938/1385] Compiling ghash-x86-linux.S
[939/1385] Compiling ghash-x86_64-apple.S
[940/1385] Compiling ghash-x86-apple.S
[941/1385] Compiling ghash-ssse3-x86_64-linux.S
[942/1385] Compiling ghash-ssse3-x86_64-apple.S
[943/1385] Compiling ghash-ssse3-x86-apple.S
[944/1385] Compiling ghash-ssse3-x86-linux.S
[945/1385] Compiling ghash-neon-armv8-win.S
[946/1385] Compiling ghash-neon-armv8-linux.S
[947/1385] Compiling ghash-neon-armv8-apple.S
[948/1385] Compiling ghash-armv4-linux.S
[949/1385] Compiling co-586-linux.S
[950/1385] Compiling co-586-apple.S
[951/1385] Compiling bsaes-armv7-linux.S
[952/1385] Compiling bn-armv8-win.S
[953/1385] Compiling bn-armv8-linux.S
[954/1385] Compiling bn-armv8-apple.S
[955/1385] Compiling bn-586-apple.S
[956/1385] Compiling bn-586-linux.S
[957/1385] Compiling armv8-mont-win.S
[958/1385] Compiling armv8-mont-linux.S
[959/1385] Compiling armv4-mont-linux.S
[959/1385] Compiling armv8-mont-apple.S
[961/1385] Compiling aesv8-gcm-armv8-win.S
[962/1385] Compiling aesv8-gcm-armv8-linux.S
[963/1385] Compiling aesv8-gcm-armv8-apple.S
[964/1385] Compiling aesv8-armv8-win.S
[965/1385] Compiling aesv8-armv8-apple.S
[966/1385] Compiling aesv8-armv7-linux.S
[967/1385] Compiling aesv8-armv8-linux.S
[968/1385] Compiling aesni-x86_64-linux.S
[969/1385] Compiling aesni-x86_64-apple.S
[970/1385] Compiling aesni-x86-apple.S
[971/1385] Compiling aesni-gcm-x86_64-linux.S
[972/1385] Compiling aesni-x86-linux.S
[973/1385] Compiling aes-gcm-avx512-x86_64-linux.S
[974/1385] Compiling aesni-gcm-x86_64-apple.S
[975/1385] Compiling aes-gcm-avx2-x86_64-apple.S
[976/1385] Compiling aes-gcm-avx512-x86_64-apple.S
[977/1385] Compiling aes-gcm-avx2-x86_64-linux.S
[978/1385] Compiling xwing.cc
[979/1385] Compiling x_sig.cc
[980/1385] Compiling x_spki.cc
[981/1385] Compiling x_x509a.cc
[982/1385] Compiling x_req.cc
[983/1385] Compiling x_x509.cc
[984/1385] Compiling c-nioatomics.c
[985/1385] Compiling x_pubkey.cc
[986/1385] Compiling x_exten.cc
[987/1385] Compiling x_name.cc
[988/1385] Compiling x_crl.cc
[989/1385] Compiling x_attrib.cc
[990/1385] Compiling c-atomics.c
[991/1392] Compiling x_all.cc
[993/1392] Compiling NIOConcurrencyHelpers NIOThreadPoolWorkAvailable.swift
[994/1392] Compiling NIOConcurrencyHelpers NIOLockedValueBox.swift
[994/1392] Compiling x_algor.cc
[995/1392] Compiling x509spki.cc
[997/1392] Compiling NIOConcurrencyHelpers NIOLock.swift
[998/1392] Compiling NIOConcurrencyHelpers atomics.swift
[999/1392] Compiling NIOConcurrencyHelpers lock.swift
[1000/1392] Compiling NIOConcurrencyHelpers NIOAtomic.swift
[1001/1392] Emitting module NIOConcurrencyHelpers
[1001/1393] Compiling x509rset.cc
[1003/1393] Compiling x509cset.cc
[1004/1393] Wrapping AST for NIOConcurrencyHelpers for debugging
[1005/1393] Compiling x509_vpm.cc
[1006/1393] Compiling x509_vfy.cc
[1007/1393] Compiling x509name.cc
[1008/1393] Compiling x509_txt.cc
[1009/1393] Compiling x509_v3.cc
[1010/1393] Compiling x509_trs.cc
[1011/1393] Compiling x509_req.cc
[1012/1393] Compiling x509_set.cc
[1013/1393] Compiling x509_obj.cc
[1014/1393] Compiling x509_ext.cc
[1015/1393] Compiling x509_lu.cc
[1016/1393] Compiling x509_def.cc
[1017/1393] Compiling x509_d2.cc
[1018/1393] Compiling x509_cmp.cc
[1019/1393] Compiling x509.cc
[1020/1393] Compiling x509_att.cc
[1021/1393] Compiling v3_skey.cc
[1022/1393] Compiling v3_utl.cc
[1023/1393] Compiling v3_purp.cc
[1024/1393] Compiling v3_prn.cc
[1025/1393] Compiling v3_pmaps.cc
[1026/1393] Compiling v3_pcons.cc
[1027/1393] Compiling v3_ocsp.cc
[1028/1393] Compiling v3_ncons.cc
[1029/1393] Compiling v3_lib.cc
[1030/1393] Compiling v3_int.cc
[1031/1393] Compiling v3_info.cc
[1032/1393] Compiling v3_ia5.cc
[1033/1393] Compiling v3_genn.cc
[1034/1393] Compiling v3_extku.cc
[1035/1393] Compiling v3_enum.cc
[1036/1393] Compiling v3_crld.cc
[1037/1393] Compiling v3_cpols.cc
[1038/1393] Compiling v3_bitst.cc
[1039/1393] Compiling v3_conf.cc
[1040/1393] Compiling v3_bcons.cc
[1041/1393] Compiling v3_alt.cc
[1042/1393] Compiling v3_akeya.cc
[1043/1393] Compiling v3_akey.cc
[1044/1393] Compiling t_x509.cc
[1045/1393] Compiling t_x509a.cc
[1046/1393] Compiling t_req.cc
[1047/1393] Compiling t_crl.cc
[1048/1393] Compiling rsa_pss.cc
[1049/1393] Compiling policy.cc
[1050/1393] Compiling i2d_pr.cc
[1051/1393] Compiling thread_win.cc
[1052/1393] Compiling name_print.cc
[1053/1393] Compiling trust_token.cc
[1054/1393] Compiling thread_pthread.cc
[1055/1393] Compiling voprf.cc
[1056/1393] Compiling thread_none.cc
[1057/1393] Compiling pmbtoken.cc
[1058/1393] Compiling thread.cc
[1059/1393] Compiling stack.cc
[1060/1393] Compiling siphash.cc
[1060/1393] Compiling sha512.cc
[1062/1393] Compiling sha256.cc
[1063/1393] Compiling sha1.cc
[1064/1393] Compiling rsa_print.cc
[1065/1393] Compiling spake2plus.cc
[1066/1393] Compiling slhdsa.cc
[1067/1393] Compiling rsa_extra.cc
[1068/1393] Compiling rc4.cc
[1069/1393] Compiling refcount.cc
[1070/1393] Compiling windows.cc
[1071/1393] Compiling rsa_crypt.cc
[1072/1393] Compiling urandom.cc
[1073/1393] Compiling trusty.cc
[1074/1393] Compiling rand.cc
[1075/1393] Compiling rsa_asn1.cc
[1076/1393] Compiling ios.cc
[1077/1393] Compiling passive.cc
[1078/1393] Compiling getentropy.cc
[1079/1393] Compiling poly1305_arm_asm.S
[1080/1393] Compiling forkunsafe.cc
[1081/1393] Compiling fork_detect.cc
[1081/1393] Compiling deterministic.cc
[1083/1393] Compiling pool.cc
[1083/1393] Compiling poly1305_vec.cc
[1085/1393] Compiling poly1305_arm.cc
[1086/1393] Compiling poly1305.cc
[1087/1393] Compiling pkcs8.cc
[1088/1393] Compiling p5_pbev2.cc
[1089/1393] Compiling pkcs8_x509.cc
[1090/1393] Compiling pkcs7_x509.cc
[1091/1393] Compiling pkcs7.cc
[1092/1393] Compiling pem_xaux.cc
[1093/1393] Compiling pem_x509.cc
[1094/1393] Compiling pem_pkey.cc
[1095/1393] Compiling pem_oth.cc
[1096/1393] Compiling pem_pk8.cc
[1097/1393] Compiling mlkem.cc
[1098/1393] Compiling pem_lib.cc
[1099/1393] Compiling pem_info.cc
[1100/1393] Compiling obj_xref.cc
[1101/1393] Compiling pem_all.cc
[1102/1393] Compiling obj.cc
[1103/1393] Compiling poly_rq_mul.S
[1104/1393] Compiling mldsa.cc
[1105/1393] Compiling lhash.cc
[1106/1393] Compiling mem.cc
[1107/1393] Compiling fips_shared_support.cc
[1108/1393] Compiling md5.cc
[1109/1393] Compiling md4.cc
[1110/1393] Compiling kyber.cc
[1111/1393] Compiling fuzzer_mode.cc
[1112/1393] Compiling ex_data.cc
[1113/1393] Compiling hpke.cc
[1114/1393] Compiling hrss.cc
[1115/1393] Compiling scrypt.cc
[1116/1393] Compiling print.cc
[1117/1393] Compiling sign.cc
[1118/1393] Compiling pbkdf.cc
[1119/1393] Compiling p_x25519_asn1.cc
[1120/1393] Compiling p_x25519.cc
[1121/1393] Compiling p_rsa_asn1.cc
[1122/1393] Compiling p_rsa.cc
[1123/1393] Compiling p_ed25519.cc
[1124/1393] Compiling p_hkdf.cc
[1125/1393] Compiling p_ed25519_asn1.cc
[1126/1393] Compiling p_ec_asn1.cc
[1127/1393] Compiling p_ec.cc
[1128/1393] Compiling p_dsa_asn1.cc
[1129/1393] Compiling p_dh.cc
[1130/1393] Compiling p_dh_asn1.cc
[1131/1393] Compiling evp_ctx.cc
[1132/1393] Compiling evp_asn1.cc
[1133/1393] Compiling err.cc
[1134/1393] Compiling ecdsa_p1363.cc
[1135/1393] Compiling engine.cc
[1136/1393] Compiling evp.cc
[1137/1393] Compiling ecdh.cc
[1138/1393] Compiling ecdsa_asn1.cc
[1139/1393] Compiling ec_derive.cc
[1140/1393] Compiling dsa.cc
[1141/1393] Compiling hash_to_curve.cc
[1142/1393] Compiling ec_asn1.cc
[1143/1393] Compiling dsa_asn1.cc
[1144/1393] Compiling digest_extra.cc
[1145/1393] Compiling x25519-asm-arm.S
[1146/1393] Compiling curve25519_64_adx.cc
[1147/1393] Compiling params.cc
[1148/1393] Compiling dh_asn1.cc
[1149/1393] Compiling des.cc
[1150/1393] Compiling spake25519.cc
[1151/1393] Compiling cpu_intel.cc
[1152/1393] Compiling crypto.cc
[1153/1393] Compiling curve25519.cc
[1154/1393] Compiling cpu_arm_linux.cc
[1155/1393] Compiling cpu_arm_freebsd.cc
[1156/1393] Compiling cpu_aarch64_win.cc
[1157/1393] Compiling cpu_aarch64_sysreg.cc
[1158/1393] Compiling cpu_aarch64_openbsd.cc
[1159/1393] Compiling cpu_aarch64_linux.cc
[1160/1393] Compiling cpu_aarch64_fuchsia.cc
[1161/1393] Compiling cpu_aarch64_apple.cc
[1162/1393] Compiling conf.cc
[1163/1393] Compiling get_cipher.cc
[1164/1393] Compiling tls_cbc.cc
[1165/1393] Compiling e_rc4.cc
[1166/1393] Compiling e_tls.cc
[1167/1393] Compiling e_rc2.cc
[1167/1393] Compiling cms.cc
[1169/1393] Compiling e_null.cc
[1170/1393] Compiling e_des.cc
[1171/1393] Compiling e_chacha20poly1305.cc
[1172/1393] Compiling derive_key.cc
[1172/1393] Compiling e_aeseax.cc
[1174/1393] Compiling e_aesgcmsiv.cc
[1175/1393] Compiling e_aesctrhmac.cc
[1176/1393] Compiling chacha.cc
[1177/1393] Compiling unicode.cc
[1178/1393] Compiling buf.cc
[1179/1393] Compiling sqrt.cc
[1180/1393] Compiling cbs.cc
[1181/1393] Compiling ber.cc
[1182/1393] Compiling exponentiation.cc
[1182/1393] Compiling asn1_compat.cc
[1184/1393] Compiling cbb.cc
[1185/1393] Compiling div.cc
[1186/1393] Compiling printf.cc
[1187/1393] Compiling blake2.cc
[1188/1393] Compiling hexdump.cc
[1189/1393] Compiling pair.cc
[1190/1393] Compiling bn_asn1.cc
[1191/1393] Compiling convert.cc
[1192/1393] Compiling file.cc
[1193/1393] Compiling fd.cc
[1194/1393] Compiling errno.cc
[1195/1393] Compiling bio_mem.cc
[1196/1393] Compiling base64.cc
[1197/1393] Compiling bio.cc
[1198/1393] Compiling tasn_utl.cc
[1199/1393] Compiling tasn_typ.cc
[1200/1393] Compiling tasn_fre.cc
[1201/1393] Compiling tasn_enc.cc
[1202/1393] Compiling posix_time.cc
[1203/1393] Compiling tasn_new.cc
[1204/1393] Compiling f_string.cc
[1205/1393] Compiling f_int.cc
[1206/1393] Compiling tasn_dec.cc
[1207/1393] Compiling asn_pack.cc
[1208/1393] Compiling asn1_par.cc
[1209/1393] Compiling asn1_lib.cc
[1210/1393] Compiling a_utctm.cc
[1211/1393] Compiling bcm.cc
[1212/1393] Compiling a_octet.cc
[1213/1393] Compiling a_time.cc
[1214/1393] Compiling a_type.cc
[1215/1393] Compiling a_strnid.cc
[1216/1393] Compiling a_strex.cc
[1217/1393] Compiling a_i2d_fp.cc
[1218/1393] Compiling a_dup.cc
[1219/1393] Compiling a_d2i_fp.cc
[1219/1393] Compiling a_mbstr.cc
[1219/1393] Write sources
[1224/1393] Compiling CAsyncHTTPClient CAsyncHTTPClient.c
[1225/1393] Compiling a_object.cc
[1226/1436] Compiling a_gentm.cc
[1227/1436] Compiling a_int.cc
[1228/1436] Compiling a_bool.cc
[1230/1436] Compiling Algorithms Permutations.swift
[1231/1436] Compiling Algorithms Product.swift
[1232/1436] Compiling Algorithms Joined.swift
[1233/1436] Compiling Algorithms Keyed.swift
[1233/1438] Compiling aes.cc
[1235/1438] Compiling Algorithms Combinations.swift
[1236/1438] Compiling Algorithms Partition.swift
[1237/1438] Compiling Algorithms Chain.swift
[1238/1438] Compiling Algorithms Chunked.swift
[1239/1438] Compiling Algorithms FirstNonNil.swift
[1240/1438] Compiling Algorithms FlattenCollection.swift
[1241/1438] Compiling Algorithms Grouped.swift
[1241/1438] Compiling a_bitstr.cc
[1243/1446] Compiling Atomics IntegerOperations.swift
[1244/1446] Compiling Atomics Unmanaged extensions.swift
[1245/1446] Compiling Algorithms Split.swift
[1246/1446] Compiling Algorithms Stride.swift
[1247/1446] Compiling Algorithms Suffix.swift
[1248/1449] Compiling Algorithms Compacted.swift
[1249/1449] Compiling Algorithms Cycle.swift
[1250/1449] Compiling Algorithms EitherSequence.swift
[1253/1449] Compiling Algorithms Reductions.swift
[1254/1449] Compiling Algorithms Rotate.swift
[1261/1449] Compiling Algorithms Trim.swift
[1262/1449] Compiling Algorithms Unique.swift
[1263/1449] Compiling Algorithms Windows.swift
[1264/1449] Compiling CryptoBoringWrapper RandomBytes.swift
[1265/1449] Compiling CryptoBoringWrapper FiniteFieldArithmeticContext.swift
[1266/1449] Compiling Algorithms AdjacentPairs.swift
[1272/1449] Compiling Algorithms Indexed.swift
[1273/1449] Compiling Algorithms Intersperse.swift
[1274/1449] Compiling CryptoBoringWrapper CryptoKitErrors_boring.swift
[1275/1449] Compiling CryptoBoringWrapper EllipticCurve.swift
[1276/1449] Emitting module CryptoBoringWrapper
[1277/1449] Compiling CryptoBoringWrapper ArbitraryPrecisionInteger.swift
[1278/1449] Compiling CryptoBoringWrapper BoringSSLAEAD.swift
[1279/1449] Compiling CryptoBoringWrapper EllipticCurvePoint.swift
[1280/1450] Wrapping AST for CryptoBoringWrapper for debugging
[1282/1534] Compiling Crypto AES-GCM.swift
[1283/1534] Compiling Crypto AES-GCM_boring.swift
[1284/1534] Compiling Crypto ChaChaPoly_boring.swift
[1285/1534] Compiling Crypto ASN1.swift
[1286/1534] Compiling Crypto ASN1Any.swift
[1287/1534] Compiling Crypto ASN1BitString.swift
[1288/1534] Emitting module Atomics
[1289/1535] Wrapping AST for Atomics for debugging
[1291/1599] Emitting module Algorithms
[1292/1600] Wrapping AST for Algorithms for debugging
[1294/1600] Compiling Crypto HKDF.swift
[1295/1600] Compiling Crypto AESWrap.swift
[1296/1600] Compiling Crypto AESWrap_boring.swift
[1297/1600] Compiling Crypto Ed25519_boring.swift
[1298/1600] Compiling Crypto NISTCurvesKeys_boring.swift
[1299/1600] Compiling Crypto X25519Keys_boring.swift
[1300/1600] Compiling Crypto Curve25519.swift
[1301/1600] Compiling Crypto Ed25519Keys.swift
[1302/1600] Compiling Crypto NISTCurvesKeys.swift
[1303/1600] Compiling Crypto X25519Keys.swift
[1304/1600] Compiling Crypto SymmetricKeys.swift
[1305/1600] Compiling Crypto HMAC.swift
[1306/1611] Compiling NIOCore NIOCoreSendableMetatype.swift
[1307/1611] Compiling NIOCore NIODecodedAsyncSequence.swift
[1308/1611] Compiling NIOCore NIOLoopBound.swift
[1309/1611] Compiling NIOCore NIOPooledRecvBufferAllocator.swift
[1310/1611] Compiling NIOCore NIOScheduledCallback.swift
[1311/1611] Compiling NIOCore NIOSendable.swift
[1312/1611] Compiling NIOCore NIOSplitLinesMessageDecoder.swift
[1313/1611] Compiling NIOCore NIOTransportAccessibleChannelCore.swift
[1314/1611] Compiling NIOCore RecvByteBufferAllocator.swift
[1315/1619] Compiling NIOCore CircularBuffer.swift
[1316/1619] Compiling NIOCore Codec.swift
[1317/1619] Compiling NIOCore ConvenienceOptionSupport.swift
[1318/1619] Compiling NIOCore DeadChannel.swift
[1319/1619] Compiling NIOCore DispatchQueue+WithFuture.swift
[1320/1619] Compiling NIOCore EventLoop+Deprecated.swift
[1321/1619] Compiling NIOCore EventLoop+SerialExecutor.swift
[1322/1619] Compiling NIOCore EventLoop.swift
[1323/1619] Compiling NIOCore EventLoopFuture+AssumeIsolated.swift
[1324/1619] Compiling NIOCore NIOThrowingAsyncSequenceProducer.swift
[1325/1619] Compiling NIOCore BSDSocketAPI.swift
[1326/1619] Compiling NIOCore ByteBuffer-aux.swift
[1327/1619] Emitting module Crypto
[1332/1619] Compiling NIOCore SingleStepByteToMessageDecoder.swift
[1333/1619] Compiling NIOCore SocketAddresses.swift
[1334/1619] Compiling NIOCore SocketOptionProvider.swift
[1335/1619] Compiling NIOCore SystemCallHelpers.swift
[1336/1619] Compiling NIOCore TimeAmount+Duration.swift
[1337/1619] Compiling NIOCore TypeAssistedChannelHandler.swift
[1338/1619] Compiling NIOCore UniversalBootstrapSupport.swift
[1339/1619] Compiling NIOCore Utilities.swift
[1340/1619] Compiling NIOCore EventLoopFuture+Deprecated.swift
[1341/1619] Compiling NIOCore EventLoopFuture+WithEventLoop.swift
[1342/1619] Compiling NIOCore EventLoopFuture.swift
[1343/1619] Compiling NIOCore FileDescriptor.swift
[1344/1619] Compiling NIOCore FileHandle.swift
[1345/1619] Compiling NIOCore FileRegion.swift
[1346/1619] Compiling NIOCore GlobalSingletons.swift
[1347/1619] Compiling NIOCore IO.swift
[1348/1619] Compiling NIOCore IOData.swift
[1349/1619] Compiling NIOCore IPProtocol.swift
[1350/1619] Compiling NIOCore IntegerBitPacking.swift
[1351/1619] Compiling NIOCore IntegerTypes.swift
[1352/1619] Compiling NIOCore Interfaces.swift
[1353/1619] Compiling NIOCore Linux.swift
[1354/1619] Compiling NIOCore MarkedCircularBuffer.swift
[1355/1619] Compiling NIOCore MulticastChannel.swift
[1356/1619] Compiling NIOCore NIOAny.swift
[1357/1619] Compiling NIOCore NIOCloseOnErrorHandler.swift
[1358/1619] Compiling NIOCore ByteBuffer-binaryEncodedLengthPrefix.swift
[1359/1619] Compiling NIOCore ByteBuffer-conversions.swift
[1360/1619] Compiling NIOCore ByteBuffer-core.swift
[1361/1619] Compiling NIOCore ByteBuffer-hex.swift
[1362/1619] Compiling NIOCore ByteBuffer-int.swift
[1363/1619] Compiling NIOCore ByteBuffer-lengthPrefix.swift
[1364/1619] Compiling NIOCore ByteBuffer-multi-int.swift
[1365/1619] Compiling NIOCore ByteBuffer-quicBinaryEncodingStrategy.swift
[1366/1619] Compiling NIOCore ByteBuffer-views.swift
[1367/1619] Compiling NIOCore Channel.swift
[1368/1619] Compiling NIOCore ChannelHandler.swift
[1369/1619] Compiling NIOCore ChannelHandlers.swift
[1370/1619] Compiling NIOCore ChannelInvoker.swift
[1371/1619] Compiling NIOCore ChannelOption.swift
[1372/1619] Compiling NIOCore ChannelPipeline.swift
[1373/1619] Compiling NIOCore AddressedEnvelope.swift
[1374/1619] Compiling NIOCore AsyncAwaitSupport.swift
[1375/1619] Compiling NIOCore AsyncChannel.swift
[1376/1619] Compiling NIOCore AsyncChannelHandler.swift
[1377/1619] Compiling NIOCore AsyncChannelInboundStream.swift
[1378/1619] Compiling NIOCore AsyncChannelOutboundWriter.swift
[1379/1619] Compiling NIOCore NIOAsyncSequenceProducer.swift
[1380/1619] Compiling NIOCore NIOAsyncSequenceProducerStrategies.swift
[1381/1619] Compiling NIOCore NIOAsyncWriter.swift
[1382/1619] Compiling Crypto Signature.swift
[1383/1619] Compiling Crypto CryptoKitErrors_boring.swift
[1384/1619] Compiling Crypto Optional+withUnsafeBytes_boring.swift
[1385/1619] Compiling Crypto RNG_boring.swift
[1386/1619] Compiling Crypto SafeCompare_boring.swift
[1387/1619] Compiling Crypto Zeroization_boring.swift
[1388/1619] Compiling Crypto _CryptoModuleAnchor.swift
[1389/1619] Compiling Crypto PrettyBytes.swift
[1390/1619] Compiling Crypto SafeCompare.swift
[1391/1619] Compiling Crypto SecureBytes.swift
[1392/1619] Compiling Crypto Zeroization.swift
[1416/1620] Wrapping AST for Crypto for debugging
[1418/1682] Compiling CryptoExtras CMAC.swift
[1419/1682] Compiling CryptoExtras ARC+API.swift
[1420/1682] Compiling CryptoExtras ARC.swift
[1421/1682] Compiling CryptoExtras ARCCredential.swift
[1422/1682] Compiling CryptoExtras ARCEncoding.swift
[1423/1682] Compiling CryptoExtras ARCPrecredential.swift
[1424/1682] Compiling CryptoExtras ARCPresentation.swift
[1425/1682] Compiling CryptoExtras ARCRequest.swift
[1426/1682] Compiling CryptoExtras ARCResponse.swift
[1435/1682] Compiling CryptoExtras PKCS8DERRepresentation.swift
[1436/1682] Compiling CryptoExtras PKCS8PrivateKey.swift
[1437/1682] Compiling CryptoExtras RFC8410AlgorithmIdentifier.swift
[1438/1682] Compiling CryptoExtras ECToolbox_boring.swift
[1439/1682] Compiling CryptoExtras ECToolbox.swift
[1440/1682] Compiling CryptoExtras HashToField.swift
[1441/1682] Compiling CryptoExtras KDF.swift
[1442/1682] Compiling CryptoExtras PBKDF2_boring.swift
[1443/1682] Compiling CryptoExtras PBKDF2_commoncrypto.swift
[1444/1690] Compiling CryptoExtras ARCServer.swift
[1445/1690] Compiling CryptoExtras ChaCha20CTR_boring.swift
[1446/1690] Compiling CryptoExtras ChaCha20CTR.swift
[1447/1690] Compiling CryptoExtras BoringSSLSHA512256Context.swift
[1448/1690] Compiling CryptoExtras BoringSSLSHA512256HashFunction.swift
[1449/1690] Compiling CryptoExtras SHA512256.swift
[1450/1690] Compiling CryptoExtras SHA512256Digest.swift
[1451/1690] Compiling CryptoExtras Curve25519+PEM.swift
[1452/1690] Compiling CryptoExtras ObjectIdentifier.swift
[1453/1690] Compiling CryptoExtras Data+Extensions.swift
[1454/1690] Compiling CryptoExtras DigestType.swift
[1455/1690] Compiling CryptoExtras Error.swift
[1456/1690] Compiling CryptoExtras I2OSP.swift
[1457/1690] Compiling CryptoExtras IntegerEncoding.swift
[1458/1690] Compiling CryptoExtras PEMDocument.swift
[1459/1690] Compiling CryptoExtras PrettyBytes.swift
[1460/1690] Compiling CryptoExtras SubjectPublicKeyInfo.swift
[1461/1690] Emitting module CryptoExtras
[1462/1690] Compiling CryptoExtras ThreadOps.swift
[1463/1690] Compiling CryptoExtras ThreadPosix.swift
[1464/1690] Compiling CryptoExtras ThreadSpecific.swift
[1465/1690] Compiling CryptoExtras ThreadWindows.swift
[1466/1690] Compiling CryptoExtras DLEQ.swift
[1467/1690] Compiling CryptoExtras Prover.swift
[1468/1690] Compiling CryptoExtras Verifier.swift
[1469/1690] Compiling CryptoExtras ZKPToolbox.swift
[1479/1690] Compiling CryptoExtras AES_CBC.swift
[1480/1690] Compiling CryptoExtras AES_CFB.swift
[1481/1690] Compiling CryptoExtras AES_CTR.swift
[1482/1690] Compiling CryptoExtras AES_GCM_SIV.swift
[1483/1690] Compiling CryptoExtras Block Function.swift
[1484/1690] Compiling CryptoExtras AES_CBC_boring.swift
[1485/1690] Compiling CryptoExtras AES_CFB_boring.swift
[1486/1690] Compiling CryptoExtras AES_CTR_boring.swift
[1487/1690] Compiling CryptoExtras AES_GCM_SIV_boring.swift
[1488/1690] Compiling CryptoExtras PBKDF2.swift
[1489/1690] Compiling CryptoExtras Scrypt_boring.swift
[1490/1690] Compiling CryptoExtras Scrypt.swift
[1491/1690] Compiling CryptoExtras OPRF.swift
[1492/1690] Compiling CryptoExtras OPRFClient.swift
[1493/1690] Compiling CryptoExtras OPRFServer.swift
[1494/1690] Compiling CryptoExtras VOPRF+API.swift
[1495/1690] Compiling CryptoExtras VOPRFClient.swift
[1496/1690] Compiling CryptoExtras VOPRFServer.swift
[1497/1690] Compiling CryptoExtras BoringSSLPassphraseCallbackManager.swift
[1498/1690] Compiling CryptoExtras RSA+BlindSigning.swift
[1499/1690] Compiling CryptoExtras RSA.swift
[1500/1690] Compiling CryptoExtras RSA_boring.swift
[1501/1690] Compiling CryptoExtras Reexport.swift
[1502/1690] Compiling CryptoExtras Zeroization_boring.swift
[1503/1690] Compiling CryptoExtras BoringSSLHelpers.swift
[1504/1690] Compiling CryptoExtras CryptoKitErrors_boring.swift
[1505/1691] Wrapping AST for CryptoExtras for debugging
[1507/1693] Compiling _CryptoExtras Exports.swift
[1508/1693] Emitting module _CryptoExtras
[1509/1694] Wrapping AST for _CryptoExtras for debugging
[1511/1789] Compiling X509 Extensions.swift
[1512/1789] Compiling X509 ExtensionsBuilder.swift
[1513/1789] Compiling X509 GeneralName.swift
[1514/1789] Compiling X509 Lock.swift
[1515/1789] Compiling X509 LockedValueBox.swift
[1516/1789] Compiling X509 BasicOCSPResponse.swift
[1517/1789] Compiling X509 DirectoryString.swift
[1518/1789] Compiling X509 OCSPCertID.swift
[1519/1789] Compiling X509 OCSPCertStatus.swift
[1520/1789] Compiling X509 CMSIssuerAndSerialNumber.swift
[1521/1789] Compiling X509 CMSOperations.swift
[1522/1789] Compiling X509 CMSSignature.swift
[1523/1789] Compiling X509 CMSSignedData.swift
[1524/1789] Compiling X509 CMSSignerIdentifier.swift
[1525/1789] Compiling X509 CMSSignerInfo.swift
[1526/1789] Compiling X509 CMSVersion.swift
[1527/1789] Compiling X509 Curve25519+DER.swift
[1528/1789] Compiling X509 CustomPrivateKey.swift
[1529/1789] Compiling X509 CertificateSerialNumber.swift
[1530/1789] Compiling X509 CertificateVersion.swift
[1531/1789] Compiling X509 CMSAttribute.swift
[1532/1789] Compiling X509 CMSContentInfo.swift
[1533/1789] Compiling X509 CMSEncapsulatedContentInfo.swift
[1534/1789] Compiling X509 NameConstraints.swift
[1535/1789] Compiling X509 SubjectAlternativeName.swift
[1536/1789] Compiling X509 SubjectKeyIdentifier.swift
[1537/1789] Compiling X509 Extension.swift
[1538/1789] Emitting module NIOCore
[1539/1805] Wrapping AST for NIOCore for debugging
[1541/1847] Compiling NIOFoundationEssentialsCompat Codable+ByteBuffer.swift
[1542/1847] Compiling X509 PKCS8PrivateKey.swift
[1543/1847] Compiling X509 PromiseAndFuture.swift
[1544/1847] Compiling X509 RDNAttribute.swift
[1545/1847] Compiling X509 RandomNumberGenerator+bytes.swift
[1546/1847] Compiling X509 RelativeDistinguishedName.swift
[1547/1847] Compiling X509 SEC1PrivateKey.swift
[1548/1847] Compiling X509 SecKeyWrapper.swift
[1549/1847] Compiling X509 Signature.swift
[1550/1847] Compiling X509 SignatureAlgorithm.swift
[1551/1847] Compiling X509 AllOfPolicies.swift
[1552/1847] Compiling X509 AnyPolicy.swift
[1553/1847] Compiling X509 CertificateStore.swift
[1554/1847] Compiling X509 CustomCertificateStore.swift
[1555/1860] Compiling NIOFoundationEssentialsCompat ByteBuffer-foundation.swift
[1556/1860] Emitting module NIOFoundationEssentialsCompat
[1557/1861] Wrapping AST for NIOFoundationEssentialsCompat for debugging
[1559/1861] Compiling NIOEmbedded AsyncTestingEventLoop.swift
[1560/1861] Compiling X509 DomainComponent.swift
[1561/1861] Compiling X509 EmailAddress.swift
[1562/1861] Compiling X509 LocalityName.swift
[1563/1861] Compiling X509 OrganizationName.swift
[1564/1861] Compiling X509 OrganizationalUnitName.swift
[1565/1861] Compiling X509 StateOrProvinceName.swift
[1566/1861] Compiling X509 StreetAddress.swift
[1567/1861] Compiling X509 Error.swift
[1568/1861] Compiling X509 AuthorityInformationAccess.swift
[1569/1861] Compiling X509 AuthorityKeyIdentifier.swift
[1570/1861] Compiling X509 BasicConstraints.swift
[1571/1861] Compiling X509 ExtendedKeyUsage.swift
[1572/1861] Compiling X509 ExtensionIdentifiers.swift
[1573/1861] Compiling X509 KeyUsage.swift
[1574/1861] Compiling NIOEmbedded AsyncTestingChannel.swift
[1575/1861] Emitting module NIOEmbedded
[1576/1861] Compiling NIOEmbedded Embedded.swift
[1578/1862] Compiling X509 OneOfPolicies.swift
[1579/1862] Compiling X509 PolicyBuilder.swift
[1580/1862] Compiling X509 BasicConstraintsPolicy.swift
[1581/1862] Compiling X509 DNSNames.swift
[1582/1862] Compiling X509 ExpiryPolicy.swift
[1583/1862] Compiling X509 IPConstraints.swift
[1584/1862] Compiling X509 NameConstraintsPolicy.swift
[1585/1862] Compiling X509 RFC5280Policy.swift
[1586/1862] Compiling X509 URIConstraints.swift
[1587/1862] Compiling X509 VersionPolicy.swift
[1588/1862] Compiling X509 ServerIdentityPolicy.swift
[1589/1862] Compiling X509 TrustRootLoading.swift
[1590/1862] Compiling X509 UnverifiedChain.swift
[1590/1862] Wrapping AST for NIOEmbedded for debugging
[1592/1862] Compiling NIOPosix BSDSocketAPICommon.swift
[1593/1862] Compiling NIOPosix BSDSocketAPIPosix.swift
[1594/1862] Compiling NIOPosix BSDSocketAPIWindows.swift
[1595/1862] Compiling NIOPosix BaseSocket.swift
[1596/1862] Compiling NIOPosix BaseSocketChannel+AccessibleTransport.swift
[1597/1862] Compiling NIOPosix BaseSocketChannel+SocketOptionProvider.swift
[1598/1862] Compiling NIOPosix BaseSocketChannel.swift
[1599/1862] Compiling NIOPosix PipeChannel.swift
[1600/1862] Compiling NIOPosix PipePair.swift
[1601/1862] Compiling NIOPosix Pool.swift
[1602/1862] Compiling NIOPosix PosixSingletons+ConcurrencyTakeOver.swift
[1603/1862] Compiling NIOPosix PosixSingletons.swift
[1604/1862] Compiling NIOPosix RawSocketBootstrap.swift
[1605/1862] Compiling NIOPosix System.swift
[1606/1862] Compiling NIOPosix Selectable.swift
[1607/1862] Compiling NIOPosix SelectableChannel.swift
[1608/1862] Compiling NIOPosix SelectableEventLoop.swift
[1609/1862] Compiling NIOPosix SelectorEpoll.swift
[1610/1862] Compiling NIOPosix SelectorGeneric.swift
[1611/1862] Compiling NIOPosix SelectorKqueue.swift
[1612/1862] Compiling NIOPosix SelectorUring.swift
[1613/1862] Compiling X509 OCSPSignature.swift
[1614/1862] Compiling X509 OCSPSingleRequest.swift
[1615/1862] Compiling X509 OCSPSingleResponse.swift
[1616/1862] Compiling X509 OCSPTBSRequest.swift
[1617/1862] Compiling X509 OCSPVersion.swift
[1618/1862] Compiling NIOPosix Resolver.swift
[1619/1862] Compiling NIOPosix BaseStreamSocketChannel.swift
[1620/1862] Compiling NIOPosix Bootstrap.swift
[1621/1862] Compiling NIOPosix ControlMessage.swift
[1622/1862] Compiling NIOPosix DatagramVectorReadManager.swift
[1623/1862] Compiling NIOPosix Errors+Any.swift
[1624/1862] Compiling NIOPosix FileDescriptor.swift
[1625/1862] Compiling NIOPosix GetaddrinfoResolver.swift
[1626/1862] Compiling NIOPosix SelectorWSAPoll.swift
[1627/1862] Compiling NIOPosix ServerSocket.swift
[1628/1862] Compiling NIOPosix Socket.swift
[1629/1862] Compiling NIOPosix SocketChannel.swift
[1630/1862] Compiling NIOPosix SocketProtocols.swift
[1631/1862] Compiling NIOPosix StructuredConcurrencyHelpers.swift
[1639/1869] Emitting module NIOPosix
[1640/1869] Emitting module X509
[1641/1869] Compiling NIOPosix HappyEyeballs.swift
[1642/1869] Compiling NIOPosix IO.swift
[1643/1869] Compiling NIOPosix IntegerBitPacking.swift
[1644/1869] Compiling NIOPosix IntegerTypes.swift
[1645/1869] Compiling NIOPosix Linux.swift
[1646/1869] Compiling NIOPosix LinuxCPUSet.swift
[1647/1869] Compiling NIOPosix LinuxUring.swift
[1648/1869] Compiling NIOPosix MultiThreadedEventLoopGroup.swift
[1649/1869] Compiling NIOPosix NIOPosixSendableMetatype.swift
[1650/1869] Compiling NIOPosix NIORandomizedDNSResolver.swift
[1651/1869] Compiling NIOPosix NIOThreadPool.swift
[1652/1869] Compiling NIOPosix NonBlockingFileIO.swift
[1653/1869] Compiling NIOPosix PendingDatagramWritesManager.swift
[1654/1869] Compiling NIOPosix PendingWritesManager.swift
[1669/1869] Compiling NIOPosix Thread.swift
[1670/1869] Compiling NIOPosix ThreadPosix.swift
[1671/1869] Compiling NIOPosix ThreadWindows.swift
[1672/1869] Compiling NIOPosix Utilities.swift
[1673/1869] Compiling NIOPosix VsockAddress.swift
[1674/1869] Compiling NIOPosix VsockChannelEvents.swift
[1675/1869] Compiling NIOPosix Windows.swift
[1704/1870] Wrapping AST for NIOPosix for debugging
[1706/1872] Emitting module NIO
[1707/1872] Compiling NIO Exports.swift
[1708/1872] Compiling X509 ValidatedCertificateChain.swift
[1709/1872] Compiling X509 VerificationDiagnostic.swift
[1710/1872] Compiling X509 Verifier.swift
[1711/1872] Compiling X509 VerifierPolicy.swift
[1712/1872] Compiling X509 AlgorithmIdentifier.swift
[1713/1872] Compiling X509 ECDSASignature.swift
[1714/1872] Compiling X509 RSAPKCS1PublicKey.swift
[1715/1872] Compiling X509 SubjectPublicKeyInfo.swift
[1716/1872] Compiling X509 TBSCertificate.swift
[1717/1872] Compiling X509 Time.swift
[1718/1872] Compiling X509 TimeCalculations.swift
[1719/1872] Compiling X509 Validity.swift
[1720/1872] Compiling X509 X509SendableMetatype.swift
[1722/1876] Wrapping AST for NIO for debugging
[1723/1914] Wrapping AST for X509 for debugging
[1725/1922] Compiling NIOFoundationCompat Exports.swift
[1726/1980] Compiling NIOFoundationCompat JSONSerialization+ByteBuffer.swift
[1727/1980] Compiling NIOFoundationCompat WaitSpinningRunLoop.swift
[1728/1980] Emitting module NIOFoundationCompat
[1729/1981] Wrapping AST for NIOFoundationCompat for debugging
[1731/1981] Compiling NIOSOCKS ClientStateMachine.swift
[1732/1981] Compiling NIOSOCKS SOCKSResponse.swift
[1733/1981] Compiling NIOSOCKS SelectedAuthenticationMethod.swift
[1734/1981] Compiling JWTKit LocaleClaim.swift
[1735/1981] Compiling JWTKit NotBeforeClaim.swift
[1736/1982] Compiling JWTKit SubjectClaim.swift
[1737/1982] Compiling JWTKit TenantIDClaim.swift
[1738/1982] Emitting module NIOSOCKS
[1739/1982] Compiling JWTKit ECDSACurveType.swift
[1740/1982] Compiling JWTKit ECDSAError.swift
[1741/1982] Compiling JWTKit ECDSA.swift
[1742/1982] Compiling JWTKit ECDSACurve.swift
[1743/1982] Compiling JWTKit MLDSAType.swift
[1744/1982] Compiling JWTKit JWTKeyCollection+UnsecuredNone.swift
[1745/1982] Compiling JWTKit UnsecuredNoneSigner.swift
[1746/1982] Compiling JWTKit JWTKeyCollection+RSA.swift
[1747/1982] Compiling JWTKit RSA.swift
[1748/1982] Compiling JWTKit RSAError.swift
[1749/1982] Compiling JWTKit RSASigner.swift
[1750/1982] Compiling JWTKit Base64URL.swift
[1751/1982] Compiling JWTKit CryptoSigner.swift
[1752/1984] Compiling NIOSOCKS ServerStateMachine.swift
[1754/1992] Compiling NIOTLS ApplicationProtocolNegotiationHandler.swift
[1755/1992] Compiling NIOTLS TLSEvents.swift
[1756/1992] Emitting module NIOTLS
[1757/1992] Compiling NIOTLS ProtocolNegotiationHandlerStateMachine.swift
[1758/1992] Compiling NIOTLS SNIHandler.swift
[1759/1992] Compiling NIOTLS NIOTypedApplicationProtocolNegotiationHandler.swift
[1759/1992] Wrapping AST for NIOSOCKS for debugging
[1762/1993] Compiling JWTKit P521+CurveType.swift
[1763/1993] Compiling JWTKit EdDSA.swift
[1763/1995] Wrapping AST for NIOTLS for debugging
[1768/1995] Compiling JWTKit JWTSerializer.swift
[1769/1995] Compiling JWTKit JWTSigner.swift
[1770/1995] Compiling JWTKit JWTKeyCollection+MLDSA.swift
[1771/1995] Compiling JWTKit MLDSA.swift
[1772/1995] Compiling JWTKit MLDSA65+MLDSAKey.swift
[1773/1995] Compiling JWTKit MLDSA87+MLDSAKey.swift
[1774/1995] Compiling JWTKit MLDSAError.swift
[1775/1995] Compiling JWTKit MLDSAKey.swift
[1776/1995] Compiling JWTKit MLDSASigner.swift
[1777/2007] Emitting module JWTKit
[1778/2025] Compiling NIOSSL NIOSSLHandler.swift
[1779/2025] Compiling NIOSSL SSLPrivateKey.swift
[1780/2025] Compiling JWTKit AudienceClaim.swift
[1781/2025] Compiling JWTKit BoolClaim.swift
[1782/2025] Compiling JWTKit ExpirationClaim.swift
[1783/2025] Compiling JWTKit GoogleHostedDomainClaim.swift
[1784/2025] Compiling JWTKit IDClaim.swift
[1785/2025] Compiling JWTKit IssuedAtClaim.swift
[1786/2025] Compiling JWTKit IssuerClaim.swift
[1787/2025] Compiling JWTKit JWTClaim.swift
[1788/2025] Compiling JWTKit JWTMultiValueClaim.swift
[1789/2025] Compiling JWTKit JWTUnixEpochClaim.swift
[1790/2025] Compiling NIOSSL NIOSSLClientHandler.swift
[1791/2025] Compiling NIOSSL NIOSSLHandler+Configuration.swift
[1794/2025] Compiling NIOSSL SSLPublicKey.swift
[1795/2025] Compiling NIOSSL SecurityFrameworkCertificateVerification.swift
[1796/2025] Compiling NIOSSL String+unsafeUninitializedCapacity.swift
[1797/2025] Compiling NIOSSL SSLCertificate.swift
[1798/2025] Compiling NIOSSL SSLCertificateExtensions.swift
[1799/2025] Compiling NIOSSL SSLCertificateName.swift
[1800/2025] Compiling NIOSSL SSLConnection.swift
[1801/2025] Compiling NIOSSL SubjectAlternativeName.swift
[1802/2025] Compiling NIOSSL NIOSSLSecureBytes.swift
[1803/2025] Compiling NIOSSL RNG.swift
[1804/2025] Compiling NIOSSL SafeCompare.swift
[1805/2025] Compiling NIOSSL SSLContext.swift
[1806/2025] Compiling NIOSSL SSLErrors.swift
[1807/2025] Compiling NIOSSL SSLInit.swift
[1808/2025] Compiling NIOSSL SSLPKCS12Bundle.swift
[1809/2025] Compiling NIOSSL AndroidCABundle.swift
[1810/2025] Compiling NIOSSL ByteBufferBIO.swift
[1811/2025] Compiling NIOSSL CustomPrivateKey.swift
[1812/2025] Compiling NIOSSL FreeBSDCABundle.swift
[1813/2025] Compiling NIOSSL IdentityVerification.swift
[1814/2025] Compiling NIOSSL NIOSSLServerHandler.swift
[1815/2025] Compiling NIOSSL ObjectIdentifier.swift
[1816/2025] Compiling NIOSSL PosixPort.swift
[1817/2025] Compiling NIOSSL SSLCallbacks.swift
[1818/2025] Compiling NIOSSL LinuxCABundle.swift
[1825/2025] Compiling JWTKit JWTAlgorithm.swift
[1826/2025] Compiling JWTKit JWTError.swift
[1827/2025] Compiling JWTKit JWTHeader+CommonFields.swift
[1828/2025] Compiling JWTKit JWTHeader.swift
[1829/2025] Compiling JWTKit JWTHeaderField.swift
[1830/2025] Compiling JWTKit JWTKeyCollection.swift
[1831/2025] Compiling JWTKit JWTParser+MandatoryVerificationFields.swift
[1832/2025] Compiling JWTKit JWTParser.swift
[1833/2025] Compiling JWTKit JWTPayload.swift
[1839/2025] Emitting module NIOHTTP1
[1841/2026] Compiling JWTKit CustomizedJSONCoders.swift
[1842/2026] Compiling JWTKit Utilities.swift
[1843/2026] Compiling JWTKit AppleIdentityToken.swift
[1844/2026] Compiling JWTKit FirebaseAuthIdentityToken.swift
[1845/2026] Compiling JWTKit GoogleIdentityToken.swift
[1846/2026] Compiling JWTKit MicrosoftIdentityToken.swift
[1847/2026] Compiling JWTKit EmptyPolicy.swift
[1848/2026] Compiling JWTKit ValidationTimePayload.swift
[1849/2026] Compiling JWTKit X5CVerifier.swift
[1850/2031] Wrapping AST for NIOHTTP1 for debugging
[1851/2044] Wrapping AST for JWTKit for debugging
[1857/2048] Emitting module NIOHTTPCompression
[1858/2048] Compiling NIOHTTPCompression HTTPCompression.swift
[1859/2048] Compiling NIOHPACK IndexedHeaderTable.swift
[1860/2048] Compiling NIOHPACK IntegerCoding.swift
[1861/2049] Compiling NIOHPACK HuffmanTables.swift
[1862/2049] Compiling NIOHTTPCompression HTTPResponseCompressor.swift
[1863/2049] Compiling NIOHTTPCompression HTTPDecompressor.swift
[1864/2049] Compiling NIOHTTPCompression HTTPRequestCompressor.swift
[1865/2049] Compiling NIOHTTPCompression HTTPDecompression.swift
[1867/2050] Compiling NIOHPACK StaticHeaderTable.swift
[1867/2050] Wrapping AST for NIOHTTPCompression for debugging
[1869/2050] Compiling NIOHPACK HPACKHeader.swift
[1870/2050] Compiling NIOHPACK HeaderTables.swift
[1871/2050] Compiling NIOHPACK DynamicHeaderTable.swift
[1872/2050] Compiling NIOHPACK HPACKDecoder.swift
[1873/2050] Compiling NIOHPACK HPACKEncoder.swift
[1874/2050] Emitting module NIOHPACK
[1875/2050] Compiling NIOHPACK HuffmanCoding.swift
[1877/2050] Compiling NIOHPACK HPACKErrors.swift
[1890/2051] Wrapping AST for NIOHPACK for debugging
[1892/2114] Compiling NIOHTTP2 RemotelyQuiescingState.swift
[1893/2114] Compiling NIOHTTP2 SendAndReceiveGoawayState.swift
[1894/2114] Compiling NIOHTTP2 StateMachineResult.swift
[1895/2114] Compiling NIOHTTP2 ContentLengthVerifier.swift
[1896/2114] Compiling NIOHTTP2 MaySendFrames.swift
[1897/2114] Compiling NIOHTTP2 SendingDataState.swift
[1898/2114] Compiling NIOHTTP2 SendingGoawayState.swift
[1899/2114] Compiling NIOHTTP2 SendingHeadersState.swift
[1900/2114] Compiling NIOHTTP2 HasExtendedConnectSettings.swift
[1901/2114] Compiling NIOHTTP2 HTTP2StreamMultiplexer.swift
[1902/2114] Compiling NIOHTTP2 HTTP2ToHTTP1Codec.swift
[1903/2114] Compiling NIOHTTP2 HTTP2UserEvents.swift
[1904/2114] Emitting module NIOSSL
[1905/2114] Compiling NIOHTTP2 ReceivingDataState.swift
[1906/2114] Compiling NIOHTTP2 ReceivingGoAwayState.swift
[1907/2114] Compiling NIOHTTP2 ReceivingHeadersState.swift
[1908/2114] Compiling NIOHTTP2 ReceivingPushPromiseState.swift
[1909/2115] Wrapping AST for NIOSSL for debugging
[1911/2115] Compiling NIOHTTP2 HasFlowControlWindows.swift
[1912/2115] Compiling NIOHTTP2 HasLocalSettings.swift
[1913/2115] Compiling NIOHTTP2 HasRemoteSettings.swift
[1914/2115] Compiling NIOHTTP2 LocallyQuiescingState.swift
[1915/2115] Compiling NIOHTTP2 QuiescingState.swift
[1920/2123] Emitting module NIOHTTP2
[1921/2123] Compiling NIOHTTP2 DOSHeuristics.swift
[1922/2123] Compiling NIOHTTP2 Error+Any.swift
[1923/2123] Compiling NIOHTTP2 ConcurrentStreamBuffer.swift
[1924/2123] Compiling NIOHTTP2 ControlFrameBuffer.swift
[1925/2123] Compiling NIOHTTP2 OutboundFlowControlBuffer.swift
[1926/2123] Compiling NIOHTTP2 OutboundFrameBuffer.swift
[1927/2123] Compiling NIOHTTP2 GlitchesMonitor.swift
[1928/2123] Compiling NIOHTTP2 HPACKHeaders+Validation.swift
[1929/2123] Compiling NIOHTTP2 HTTP2ChannelHandler+InboundStreamMultiplexer.swift
[1930/2123] Compiling NIOHTTP2 NIOHTTP2ServerConnectionManagementHandler.swift
[1931/2123] Compiling NIOHTTP2 StreamChannelFlowController.swift
[1932/2123] Compiling NIOHTTP2 StreamChannelList.swift
[1933/2123] Compiling NIOHTTP2 StreamMap.swift
[1934/2123] Compiling NIOHTTP2 StreamStateMachine.swift
[1935/2123] Compiling NIOHTTP2 Timer.swift
[1936/2123] Compiling NIOHTTP2 UnsafeTransfer.swift
[1937/2123] Compiling NIOHTTP2 WatermarkedFlowController.swift
[1942/2123] Compiling NIOHTTP2 SendingPushPromiseState.swift
[1943/2123] Compiling NIOHTTP2 SendingRstStreamState.swift
[1944/2123] Compiling NIOHTTP2 SendingWindowUpdateState.swift
[1945/2123] Compiling NIOHTTP2 HTTP2SettingsState.swift
[1947/2123] Compiling NIOHTTP2 ConnectionStateMachine.swift
[1948/2123] Compiling NIOHTTP2 ConnectionStreamsState.swift
[1949/2123] Compiling NIOHTTP2 MayReceiveFrames.swift
[1954/2123] Compiling NIOHTTP2 ReceivingRstStreamState.swift
[1955/2123] Compiling NIOHTTP2 ReceivingWindowUpdateState.swift
[1956/2123] Compiling NIOHTTP2 HTTP2FrameParser.swift
[1957/2123] Compiling NIOHTTP2 HTTP2PingData.swift
[1958/2123] Compiling NIOHTTP2 HTTP2PipelineHelpers.swift
[1959/2123] Compiling NIOHTTP2 HTTP2Settings.swift
[1960/2123] Compiling NIOHTTP2 HTTP2Stream.swift
[1961/2123] Compiling NIOHTTP2 HTTP2StreamChannel+OutboundStreamMultiplexer.swift
[1962/2123] Compiling NIOHTTP2 HTTP2StreamChannel.swift
[1963/2123] Compiling NIOHTTP2 HTTP2StreamDelegate.swift
[1964/2123] Compiling NIOHTTP2 HTTP2StreamID.swift
[1968/2123] Compiling NIOHTTP2 InboundEventBuffer.swift
[1969/2123] Compiling NIOHTTP2 InboundWindowManager.swift
[1970/2123] Compiling NIOHTTP2 MultiplexerAbstractChannel.swift
[1971/2123] Compiling NIOHTTP2 NIOHTTP2FrameDelegate.swift
[1972/2123] Compiling NIOHTTP2 NIOHTTP2ServerConnectionManagementHandler+StateMachine.swift
[1973/2123] Compiling NIOHTTP2 HTTP2ChannelHandler+InlineStreamMultiplexer.swift
[1974/2123] Compiling NIOHTTP2 HTTP2ChannelHandler.swift
[1975/2123] Compiling NIOHTTP2 HTTP2CommonInboundStreamMultiplexer.swift
[1976/2123] Compiling NIOHTTP2 HTTP2ConnectionStateChange.swift
[1977/2123] Compiling NIOHTTP2 HTTP2Error.swift
[1978/2123] Compiling NIOHTTP2 HTTP2ErrorCode.swift
[1979/2123] Compiling NIOHTTP2 HTTP2FlowControlWindow.swift
[1980/2123] Compiling NIOHTTP2 HTTP2Frame.swift
[1981/2123] Compiling NIOHTTP2 HTTP2FrameEncoder.swift
[1982/2124] Wrapping AST for NIOHTTP2 for debugging
[1984/2188] Compiling AsyncHTTPClient AnyAsyncSequence.swift
[1985/2188] Compiling AsyncHTTPClient AnyAsyncSequenceProucerDelete.swift
[1986/2188] Compiling AsyncHTTPClient AsyncLazySequence.swift
[1987/2188] Compiling AsyncHTTPClient HTTPClient+execute.swift
[1988/2188] Compiling AsyncHTTPClient HTTPClient+shutdown.swift
[1989/2188] Compiling AsyncHTTPClient HTTPClient+tracing.swift
[1990/2188] Compiling AsyncHTTPClient HTTPClientRequest+Prepared.swift
[1991/2188] Compiling AsyncHTTPClient HTTPClientRequest+auth.swift
[1992/2188] Compiling AsyncHTTPClient HTTPClientRequest.swift
[1993/2196] Emitting module AsyncHTTPClient
[1994/2196] Compiling AsyncHTTPClient LRUCache.swift
[1995/2196] Compiling AsyncHTTPClient NIOLoopBound+Execute.swift
[1996/2196] Compiling AsyncHTTPClient NWErrorHandler.swift
[1997/2196] Compiling AsyncHTTPClient NWWaitingHandler.swift
[1998/2196] Compiling AsyncHTTPClient TLSConfiguration.swift
[1999/2196] Compiling AsyncHTTPClient RedirectState.swift
[2000/2196] Compiling AsyncHTTPClient RequestBag+StateMachine.swift
[2001/2196] Compiling AsyncHTTPClient RequestBag+Tracing.swift
[2002/2196] Compiling AsyncHTTPClient RequestBag.swift
[2003/2196] Compiling AsyncHTTPClient RequestValidation.swift
[2004/2196] Compiling AsyncHTTPClient SSLContextCache.swift
[2005/2196] Compiling AsyncHTTPClient Scheme.swift
[2006/2196] Compiling AsyncHTTPClient Singleton.swift
[2007/2196] Compiling AsyncHTTPClient StringConvertibleInstances.swift
[2008/2196] Compiling AsyncHTTPClient StructuredConcurrencyHelpers.swift
[2009/2196] Compiling AsyncHTTPClient TracingSupport.swift
[2010/2196] Compiling AsyncHTTPClient Utils.swift
[2011/2196] Compiling AsyncHTTPClient HTTP1ProxyConnectHandler.swift
[2012/2196] Compiling AsyncHTTPClient SOCKSEventsHandler.swift
[2013/2196] Compiling AsyncHTTPClient TLSEventsHandler.swift
[2014/2196] Compiling AsyncHTTPClient HTTP1ClientChannelHandler.swift
[2015/2196] Compiling AsyncHTTPClient HTTP1Connection.swift
[2016/2196] Compiling AsyncHTTPClient HTTP1ConnectionStateMachine.swift
[2017/2196] Compiling AsyncHTTPClient HTTP2ClientRequestHandler.swift
[2018/2196] Compiling AsyncHTTPClient HTTP2Connection.swift
[2019/2196] Compiling AsyncHTTPClient HTTP2IdleHandler.swift
[2020/2196] Compiling AsyncHTTPClient HTTPClientResponse.swift
[2021/2196] Compiling AsyncHTTPClient SingleIteratorPrecondition.swift
[2022/2196] Compiling AsyncHTTPClient Transaction+StateMachine.swift
[2023/2196] Compiling AsyncHTTPClient Transaction.swift
[2024/2196] Compiling AsyncHTTPClient Base64.swift
[2025/2196] Compiling AsyncHTTPClient BasicAuth.swift
[2026/2196] Compiling AsyncHTTPClient BestEffortHashableTLSConfiguration.swift
[2027/2196] Compiling AsyncHTTPClient Configuration+BrowserLike.swift
[2028/2196] Compiling AsyncHTTPClient ConnectionPool.swift
[2029/2196] Compiling AsyncHTTPClient HTTPConnectionEvent.swift
[2030/2196] Compiling AsyncHTTPClient HTTPConnectionPool+Factory.swift
[2031/2196] Compiling AsyncHTTPClient HTTPConnectionPool+Manager.swift
[2032/2196] Compiling AsyncHTTPClient HTTPConnectionPool.swift
[2033/2196] Compiling AsyncHTTPClient HTTPExecutableRequest.swift
[2034/2196] Compiling AsyncHTTPClient HTTPRequestStateMachine+Demand.swift
[2035/2196] Compiling AsyncHTTPClient HTTPRequestStateMachine.swift
[2036/2196] Compiling AsyncHTTPClient RequestBodyLength.swift
[2037/2196] Compiling AsyncHTTPClient RequestFramingMetadata.swift
[2038/2196] Compiling AsyncHTTPClient RequestOptions.swift
[2039/2196] Compiling AsyncHTTPClient HTTPConnectionPool+Backoff.swift
[2040/2196] Compiling AsyncHTTPClient HTTPConnectionPool+HTTP1Connections.swift
[2041/2196] Compiling AsyncHTTPClient HTTPConnectionPool+HTTP1StateMachine.swift
[2042/2196] Compiling AsyncHTTPClient HTTPConnectionPool+HTTP2Connections.swift
[2043/2196] Compiling AsyncHTTPClient HTTPConnectionPool+HTTP2StateMachine.swift
[2044/2196] Compiling AsyncHTTPClient HTTPConnectionPool+RequestQueue.swift
[2045/2196] Compiling AsyncHTTPClient HTTPConnectionPool+StateMachine.swift
[2046/2196] Compiling AsyncHTTPClient ConnectionTarget.swift
[2047/2196] Compiling AsyncHTTPClient DeconstructedURL.swift
[2048/2196] Compiling AsyncHTTPClient FileDownloadDelegate.swift
[2049/2196] Compiling AsyncHTTPClient FoundationExtensions.swift
[2050/2196] Compiling AsyncHTTPClient HTTPClient+HTTPCookie.swift
[2051/2196] Compiling AsyncHTTPClient HTTPClient+Proxy.swift
[2052/2196] Compiling AsyncHTTPClient HTTPClient+StructuredConcurrency.swift
[2053/2196] Compiling AsyncHTTPClient HTTPClient.swift
[2054/2196] Compiling AsyncHTTPClient HTTPClientConfiguration+SwiftConfiguration.swift
[2055/2196] Compiling AsyncHTTPClient HTTPHandler.swift
[2056/2197] Wrapping AST for AsyncHTTPClient for debugging
[2058/2220] Emitting module GoogleAuth
[2059/2220] Compiling GoogleAuth ADC.swift
[2060/2220] Compiling GoogleAuth ADCPath.swift
[2061/2220] Compiling GoogleAuth ADCResolver.swift
[2062/2220] Compiling GoogleAuth AuthHeaders.swift
[2063/2223] Compiling GoogleAuth SubjectTokenProvider.swift
[2064/2223] Compiling GoogleAuth MDSAccessTokenProvider.swift
[2065/2223] Compiling GoogleAuth MDSCredentials.swift
[2066/2223] Compiling GoogleAuth AnonymousCredentials.swift
[2067/2223] Compiling GoogleAuth ApiKeyCredentials.swift
[2068/2223] Compiling GoogleAuth ExternalAccountCredentials.swift
[2069/2223] Compiling GoogleAuth CredentialParserRegistry.swift
[2070/2223] Compiling GoogleAuth Credentials.swift
[2071/2223] Compiling GoogleAuth CredentialsError.swift
[2072/2223] Compiling GoogleAuth ServiceAccountCredentials.swift
[2073/2223] Compiling GoogleAuth ServiceAccountData.swift
[2074/2223] Compiling GoogleAuth ServiceAccountTokenProvider.swift
[2075/2223] Compiling GoogleAuth AuthHTTPClient.swift
[2076/2223] Compiling GoogleAuth AuthHTTPError.swift
[2077/2223] Compiling GoogleAuth RetryEngine.swift
[2078/2223] Compiling GoogleAuth UserAccountData.swift
[2079/2223] Compiling GoogleAuth UserAccountTokenProvider.swift
[2080/2223] Compiling GoogleAuth UserCredentials.swift
[2081/2223] Compiling GoogleAuth STSHandler.swift
[2082/2223] Compiling GoogleAuth TokenCache.swift
[2083/2223] Compiling GoogleAuth PackageVersion.swift
[2084/2224] Wrapping AST for GoogleAuth for debugging
[2086/2282] Compiling GoogleGax Pagination.swift
/host/spi-builder-workspace/.build/checkouts/swift-google-gax/Sources/GoogleGax/Pagination.swift:44:22: error: cannot convert '@Sendable (String) async throws -> (response: ResponseType, items: [Item], nextToken: String)' to 'nonisolated(nonsending) @Sendable (String) async throws -> (response: ResponseType, items: [Item], nextToken: String)' because crossing of an isolation boundary requires parameter and result types to conform to 'Sendable' protocol
 42 |   ) where ResponseType: _PaginatedResponse<Item> {
 43 |     self.initialPageToken = initialPageToken ?? ""
 44 |     self.fetchPage = { token in
    |                      |- error: cannot convert '@Sendable (String) async throws -> (response: ResponseType, items: [Item], nextToken: String)' to 'nonisolated(nonsending) @Sendable (String) async throws -> (response: ResponseType, items: [Item], nextToken: String)' because crossing of an isolation boundary requires parameter and result types to conform to 'Sendable' protocol
    |                      `- note: type 'Item' does not conform to 'Sendable' protocol
 45 |       let response = try await listRpc(token)
 46 |       return (response, response._getPaginatedItems(), response._nextPageToken())
[2087/2282] Compiling GoogleGax PollingBackoffPolicy.swift
/host/spi-builder-workspace/.build/checkouts/swift-google-gax/Sources/GoogleGax/Pagination.swift:44:22: error: cannot convert '@Sendable (String) async throws -> (response: ResponseType, items: [Item], nextToken: String)' to 'nonisolated(nonsending) @Sendable (String) async throws -> (response: ResponseType, items: [Item], nextToken: String)' because crossing of an isolation boundary requires parameter and result types to conform to 'Sendable' protocol
 42 |   ) where ResponseType: _PaginatedResponse<Item> {
 43 |     self.initialPageToken = initialPageToken ?? ""
 44 |     self.fetchPage = { token in
    |                      |- error: cannot convert '@Sendable (String) async throws -> (response: ResponseType, items: [Item], nextToken: String)' to 'nonisolated(nonsending) @Sendable (String) async throws -> (response: ResponseType, items: [Item], nextToken: String)' because crossing of an isolation boundary requires parameter and result types to conform to 'Sendable' protocol
    |                      `- note: type 'Item' does not conform to 'Sendable' protocol
 45 |       let response = try await listRpc(token)
 46 |       return (response, response._getPaginatedItems(), response._nextPageToken())
[2088/2282] Compiling GoogleGax PollingErrorPolicy.swift
/host/spi-builder-workspace/.build/checkouts/swift-google-gax/Sources/GoogleGax/Pagination.swift:44:22: error: cannot convert '@Sendable (String) async throws -> (response: ResponseType, items: [Item], nextToken: String)' to 'nonisolated(nonsending) @Sendable (String) async throws -> (response: ResponseType, items: [Item], nextToken: String)' because crossing of an isolation boundary requires parameter and result types to conform to 'Sendable' protocol
 42 |   ) where ResponseType: _PaginatedResponse<Item> {
 43 |     self.initialPageToken = initialPageToken ?? ""
 44 |     self.fetchPage = { token in
    |                      |- error: cannot convert '@Sendable (String) async throws -> (response: ResponseType, items: [Item], nextToken: String)' to 'nonisolated(nonsending) @Sendable (String) async throws -> (response: ResponseType, items: [Item], nextToken: String)' because crossing of an isolation boundary requires parameter and result types to conform to 'Sendable' protocol
    |                      `- note: type 'Item' does not conform to 'Sendable' protocol
 45 |       let response = try await listRpc(token)
 46 |       return (response, response._getPaginatedItems(), response._nextPageToken())
[2089/2282] Compiling GoogleGax PollingResult.swift
/host/spi-builder-workspace/.build/checkouts/swift-google-gax/Sources/GoogleGax/Pagination.swift:44:22: error: cannot convert '@Sendable (String) async throws -> (response: ResponseType, items: [Item], nextToken: String)' to 'nonisolated(nonsending) @Sendable (String) async throws -> (response: ResponseType, items: [Item], nextToken: String)' because crossing of an isolation boundary requires parameter and result types to conform to 'Sendable' protocol
 42 |   ) where ResponseType: _PaginatedResponse<Item> {
 43 |     self.initialPageToken = initialPageToken ?? ""
 44 |     self.fetchPage = { token in
    |                      |- error: cannot convert '@Sendable (String) async throws -> (response: ResponseType, items: [Item], nextToken: String)' to 'nonisolated(nonsending) @Sendable (String) async throws -> (response: ResponseType, items: [Item], nextToken: String)' because crossing of an isolation boundary requires parameter and result types to conform to 'Sendable' protocol
    |                      `- note: type 'Item' does not conform to 'Sendable' protocol
 45 |       let response = try await listRpc(token)
 46 |       return (response, response._getPaginatedItems(), response._nextPageToken())
[2090/2282] Compiling GoogleGax PollingState.swift
/host/spi-builder-workspace/.build/checkouts/swift-google-gax/Sources/GoogleGax/Pagination.swift:44:22: error: cannot convert '@Sendable (String) async throws -> (response: ResponseType, items: [Item], nextToken: String)' to 'nonisolated(nonsending) @Sendable (String) async throws -> (response: ResponseType, items: [Item], nextToken: String)' because crossing of an isolation boundary requires parameter and result types to conform to 'Sendable' protocol
 42 |   ) where ResponseType: _PaginatedResponse<Item> {
 43 |     self.initialPageToken = initialPageToken ?? ""
 44 |     self.fetchPage = { token in
    |                      |- error: cannot convert '@Sendable (String) async throws -> (response: ResponseType, items: [Item], nextToken: String)' to 'nonisolated(nonsending) @Sendable (String) async throws -> (response: ResponseType, items: [Item], nextToken: String)' because crossing of an isolation boundary requires parameter and result types to conform to 'Sendable' protocol
    |                      `- note: type 'Item' does not conform to 'Sendable' protocol
 45 |       let response = try await listRpc(token)
 46 |       return (response, response._getPaginatedItems(), response._nextPageToken())
[2091/2282] Compiling GoogleGax ProtobufConversionError.swift
/host/spi-builder-workspace/.build/checkouts/swift-google-gax/Sources/GoogleGax/Pagination.swift:44:22: error: cannot convert '@Sendable (String) async throws -> (response: ResponseType, items: [Item], nextToken: String)' to 'nonisolated(nonsending) @Sendable (String) async throws -> (response: ResponseType, items: [Item], nextToken: String)' because crossing of an isolation boundary requires parameter and result types to conform to 'Sendable' protocol
 42 |   ) where ResponseType: _PaginatedResponse<Item> {
 43 |     self.initialPageToken = initialPageToken ?? ""
 44 |     self.fetchPage = { token in
    |                      |- error: cannot convert '@Sendable (String) async throws -> (response: ResponseType, items: [Item], nextToken: String)' to 'nonisolated(nonsending) @Sendable (String) async throws -> (response: ResponseType, items: [Item], nextToken: String)' because crossing of an isolation boundary requires parameter and result types to conform to 'Sendable' protocol
    |                      `- note: type 'Item' does not conform to 'Sendable' protocol
 45 |       let response = try await listRpc(token)
 46 |       return (response, response._getPaginatedItems(), response._nextPageToken())
[2092/2282] Compiling GoogleGax QueryParameter.swift
/host/spi-builder-workspace/.build/checkouts/swift-google-gax/Sources/GoogleGax/Pagination.swift:44:22: error: cannot convert '@Sendable (String) async throws -> (response: ResponseType, items: [Item], nextToken: String)' to 'nonisolated(nonsending) @Sendable (String) async throws -> (response: ResponseType, items: [Item], nextToken: String)' because crossing of an isolation boundary requires parameter and result types to conform to 'Sendable' protocol
 42 |   ) where ResponseType: _PaginatedResponse<Item> {
 43 |     self.initialPageToken = initialPageToken ?? ""
 44 |     self.fetchPage = { token in
    |                      |- error: cannot convert '@Sendable (String) async throws -> (response: ResponseType, items: [Item], nextToken: String)' to 'nonisolated(nonsending) @Sendable (String) async throws -> (response: ResponseType, items: [Item], nextToken: String)' because crossing of an isolation boundary requires parameter and result types to conform to 'Sendable' protocol
    |                      `- note: type 'Item' does not conform to 'Sendable' protocol
 45 |       let response = try await listRpc(token)
 46 |       return (response, response._getPaginatedItems(), response._nextPageToken())
[2093/2282] Compiling GoogleGax RequestError.swift
/host/spi-builder-workspace/.build/checkouts/swift-google-gax/Sources/GoogleGax/Pagination.swift:44:22: error: cannot convert '@Sendable (String) async throws -> (response: ResponseType, items: [Item], nextToken: String)' to 'nonisolated(nonsending) @Sendable (String) async throws -> (response: ResponseType, items: [Item], nextToken: String)' because crossing of an isolation boundary requires parameter and result types to conform to 'Sendable' protocol
 42 |   ) where ResponseType: _PaginatedResponse<Item> {
 43 |     self.initialPageToken = initialPageToken ?? ""
 44 |     self.fetchPage = { token in
    |                      |- error: cannot convert '@Sendable (String) async throws -> (response: ResponseType, items: [Item], nextToken: String)' to 'nonisolated(nonsending) @Sendable (String) async throws -> (response: ResponseType, items: [Item], nextToken: String)' because crossing of an isolation boundary requires parameter and result types to conform to 'Sendable' protocol
    |                      `- note: type 'Item' does not conform to 'Sendable' protocol
 45 |       let response = try await listRpc(token)
 46 |       return (response, response._getPaginatedItems(), response._nextPageToken())
[2094/2290] Compiling GoogleGax AIP194+PollingErrorPolicy.swift
[2095/2290] Compiling GoogleGax AIP194+RetryPolicy.swift
[2096/2290] Compiling GoogleGax AIP194.swift
[2097/2290] Compiling GoogleGax AdaptiveThrottler.swift
[2098/2290] Compiling GoogleGax AlwaysPoll.swift
[2099/2290] Compiling GoogleGax AlwaysRetry.swift
[2100/2290] Compiling GoogleGax ApiClientHeader.swift
[2101/2290] Compiling GoogleGax BackoffPolicy.swift
[2102/2290] Compiling GoogleGax BasePollingErrorPolicy.swift
[2103/2290] Emitting module GoogleGax
[2104/2290] Compiling GoogleGax LimitedAttemptCount+PollingErrorPolicy.swift
[2105/2290] Compiling GoogleGax LimitedAttemptCount+RetryPolicy.swift
[2106/2290] Compiling GoogleGax LimitedAttemptCount.swift
[2107/2290] Compiling GoogleGax LimitedElapsedTime+PollingErrorPolicy.swift
[2108/2290] Compiling GoogleGax LimitedElapsedTime+RetryPolicy.swift
[2109/2290] Compiling GoogleGax LimitedElapsedTime.swift
[2110/2290] Compiling GoogleGax LongRunningOperations.swift
[2111/2290] Compiling GoogleGax NeverRetry.swift
[2112/2290] Compiling GoogleGax RequestOptions.swift
[2113/2290] Compiling GoogleGax RetryLoop.swift
[2114/2290] Compiling GoogleGax RetryPolicy.swift
[2115/2290] Compiling GoogleGax RetryResult.swift
[2116/2290] Compiling GoogleGax RetryState.swift
[2117/2290] Compiling GoogleGax RetryThrottler.swift
[2118/2290] Compiling GoogleGax RetryThrottlerError.swift
[2119/2290] Compiling GoogleGax RoutingMatcher.swift
[2120/2290] Compiling GoogleGax HTTPClientProtocol.swift
[2121/2290] Compiling GoogleGax HTTPClientRequest.swift
[2122/2290] Compiling GoogleGax HTTPClientResponse.swift
[2123/2290] Compiling GoogleGax HTTPHeaders.swift
[2124/2290] Compiling GoogleGax HTTPResponseBody.swift
[2125/2290] Compiling GoogleGax HeaderNames.swift
[2126/2290] Compiling GoogleGax Host.swift
[2127/2290] Compiling GoogleGax InProgressResult.swift
[2128/2290] Compiling GoogleGax ContinueOnIO.swift
[2129/2290] Compiling GoogleGax CredentialsProtocol.swift
[2130/2290] Compiling GoogleGax ErrorWrapper.swift
[2131/2290] Compiling GoogleGax ExponentialBackoff+BackoffPolicy.swift
[2132/2290] Compiling GoogleGax ExponentialBackoff+PollingBackoffPolicy.swift
[2133/2290] Compiling GoogleGax ExponentialBackoff.swift
[2134/2290] Compiling GoogleGax HTTPClient.swift
[2135/2290] Compiling GoogleGax HTTPClientHolder.swift
[2136/2290] Compiling GoogleGax BaseRetryPolicy.swift
[2137/2290] Compiling GoogleGax BindingError.swift
[2138/2290] Compiling GoogleGax CRC32C.swift
[2139/2290] Compiling GoogleGax CircuitBreaker.swift
[2140/2290] Compiling GoogleGax ClientError.swift
[2141/2290] Compiling GoogleGax ClientOptions.swift
[2142/2290] Compiling GoogleGax ContinueOnIO+PollingErrorPolicy.swift
[2143/2290] Compiling GoogleGax ContinueOnIO+RetryPolicy.swift
[2144/2290] Compiling GoogleGax ServiceError.swift
[2145/2290] Compiling GoogleGax StatusDetail.swift
[2146/2290] Compiling GoogleGax StrictIdempotency.swift
[2147/2290] Compiling GoogleGax ThrottleResult.swift
[2148/2290] Compiling GoogleGax TooManyRequests+PollingErrorPolicy.swift
[2149/2290] Compiling GoogleGax TooManyRequests+RetryPolicy.swift
[2150/2290] Compiling GoogleGax TooManyRequests.swift
[2151/2290] Compiling GoogleGax PackageVersion.swift
BUILD FAILURE 6.2 android