The Swift Package Index logo.Swift Package Index

Build Information

Failed to build AEPEdge, reference main (b7ce34), with Swift 6.4 for watchOS using Xcode 27.0 on 14 Oct 2026 21:23:17 UTC.

Build Command

env DEVELOPER_DIR=/Applications/Xcode-27.0.0.app xcrun xcodebuild -IDEClonedSourcePackagesDirPathOverride=$PWD/.dependencies -skipMacroValidation -skipPackagePluginValidation -derivedDataPath $PWD/.derivedData build -scheme AEPEdge -destination generic/platform=watchOS

Build Log

WriteAuxiliaryFile /Users/admin/builder/spi-builder-workspace/.derivedData/Build/Intermediates.noindex/AEPRulesEngine.build/Debug-watchos/AEPRulesEngine-t.build/Objects-normal/arm64_32/AEPRulesEngine.SwiftConstValuesFileList (in target 'AEPRulesEngine' from project 'AEPRulesEngine')
    cd /Users/admin/builder/spi-builder-workspace/.dependencies/checkouts/aepsdk-rulesengine-ios
    write-file /Users/admin/builder/spi-builder-workspace/.derivedData/Build/Intermediates.noindex/AEPRulesEngine.build/Debug-watchos/AEPRulesEngine-t.build/Objects-normal/arm64_32/AEPRulesEngine.SwiftConstValuesFileList
WriteAuxiliaryFile /Users/admin/builder/spi-builder-workspace/.derivedData/Build/Intermediates.noindex/AEPRulesEngine.build/Debug-watchos/AEPRulesEngine-t.build/Objects-normal/arm64_32/AEPRulesEngine.LinkFileList (in target 'AEPRulesEngine' from project 'AEPRulesEngine')
    cd /Users/admin/builder/spi-builder-workspace/.dependencies/checkouts/aepsdk-rulesengine-ios
    write-file /Users/admin/builder/spi-builder-workspace/.derivedData/Build/Intermediates.noindex/AEPRulesEngine.build/Debug-watchos/AEPRulesEngine-t.build/Objects-normal/arm64_32/AEPRulesEngine.LinkFileList
WriteAuxiliaryFile /Users/admin/builder/spi-builder-workspace/.derivedData/Build/Intermediates.noindex/AEPRulesEngine.build/Debug-watchos/AEPRulesEngine-t.build/Objects-normal/arm64_32/AEPRulesEngine-OutputFileMap.json (in target 'AEPRulesEngine' from project 'AEPRulesEngine')
    cd /Users/admin/builder/spi-builder-workspace/.dependencies/checkouts/aepsdk-rulesengine-ios
    write-file /Users/admin/builder/spi-builder-workspace/.derivedData/Build/Intermediates.noindex/AEPRulesEngine.build/Debug-watchos/AEPRulesEngine-t.build/Objects-normal/arm64_32/AEPRulesEngine-OutputFileMap.json
WriteAuxiliaryFile /Users/admin/builder/spi-builder-workspace/.derivedData/Build/Intermediates.noindex/AEPRulesEngine.build/Debug-watchos/AEPRulesEngine-t.build/Objects-normal/arm64/AEPRulesEngine.SwiftFileList (in target 'AEPRulesEngine' from project 'AEPRulesEngine')
    cd /Users/admin/builder/spi-builder-workspace/.dependencies/checkouts/aepsdk-rulesengine-ios
    write-file /Users/admin/builder/spi-builder-workspace/.derivedData/Build/Intermediates.noindex/AEPRulesEngine.build/Debug-watchos/AEPRulesEngine-t.build/Objects-normal/arm64/AEPRulesEngine.SwiftFileList
WriteAuxiliaryFile /Users/admin/builder/spi-builder-workspace/.derivedData/Build/Intermediates.noindex/AEPRulesEngine.build/Debug-watchos/AEPRulesEngine-t.build/Objects-normal/arm64/AEPRulesEngine_const_extract_protocols.json (in target 'AEPRulesEngine' from project 'AEPRulesEngine')
    cd /Users/admin/builder/spi-builder-workspace/.dependencies/checkouts/aepsdk-rulesengine-ios
    write-file /Users/admin/builder/spi-builder-workspace/.derivedData/Build/Intermediates.noindex/AEPRulesEngine.build/Debug-watchos/AEPRulesEngine-t.build/Objects-normal/arm64/AEPRulesEngine_const_extract_protocols.json
WriteAuxiliaryFile /Users/admin/builder/spi-builder-workspace/.derivedData/Build/Intermediates.noindex/AEPRulesEngine.build/Debug-watchos/AEPRulesEngine-t.build/Objects-normal/arm64/AEPRulesEngine.SwiftConstValuesFileList (in target 'AEPRulesEngine' from project 'AEPRulesEngine')
    cd /Users/admin/builder/spi-builder-workspace/.dependencies/checkouts/aepsdk-rulesengine-ios
    write-file /Users/admin/builder/spi-builder-workspace/.derivedData/Build/Intermediates.noindex/AEPRulesEngine.build/Debug-watchos/AEPRulesEngine-t.build/Objects-normal/arm64/AEPRulesEngine.SwiftConstValuesFileList
Copy /Users/admin/builder/spi-builder-workspace/.derivedData/Build/Intermediates.noindex/GeneratedModuleMaps-watchos/AEPServices.modulemap /Users/admin/builder/spi-builder-workspace/.derivedData/Build/Intermediates.noindex/AEPCore.build/Debug-watchos/AEPServices-t.build/AEPServices.modulemap (in target 'AEPServices' from project 'AEPCore')
    cd /Users/admin/builder/spi-builder-workspace/.dependencies/checkouts/aepsdk-core-ios
    builtin-copy -exclude .DS_Store -exclude CVS -exclude .svn -exclude .git -exclude .hg -resolve-src-symlinks /Users/admin/builder/spi-builder-workspace/.derivedData/Build/Intermediates.noindex/AEPCore.build/Debug-watchos/AEPServices-t.build/AEPServices.modulemap /Users/admin/builder/spi-builder-workspace/.derivedData/Build/Intermediates.noindex/GeneratedModuleMaps-watchos
WriteAuxiliaryFile /Users/admin/builder/spi-builder-workspace/.derivedData/Build/Intermediates.noindex/AEPRulesEngine.build/Debug-watchos/AEPRulesEngine-t.build/Objects-normal/arm64/AEPRulesEngine.LinkFileList (in target 'AEPRulesEngine' from project 'AEPRulesEngine')
    cd /Users/admin/builder/spi-builder-workspace/.dependencies/checkouts/aepsdk-rulesengine-ios
    write-file /Users/admin/builder/spi-builder-workspace/.derivedData/Build/Intermediates.noindex/AEPRulesEngine.build/Debug-watchos/AEPRulesEngine-t.build/Objects-normal/arm64/AEPRulesEngine.LinkFileList
WriteAuxiliaryFile /Users/admin/builder/spi-builder-workspace/.derivedData/Build/Intermediates.noindex/AEPRulesEngine.build/Debug-watchos/AEPRulesEngine-t.build/Objects-normal/arm64/AEPRulesEngine-OutputFileMap.json (in target 'AEPRulesEngine' from project 'AEPRulesEngine')
    cd /Users/admin/builder/spi-builder-workspace/.dependencies/checkouts/aepsdk-rulesengine-ios
    write-file /Users/admin/builder/spi-builder-workspace/.derivedData/Build/Intermediates.noindex/AEPRulesEngine.build/Debug-watchos/AEPRulesEngine-t.build/Objects-normal/arm64/AEPRulesEngine-OutputFileMap.json
WriteAuxiliaryFile /Users/admin/builder/spi-builder-workspace/.derivedData/Build/Intermediates.noindex/AEPRulesEngine.build/Debug-watchos/AEPRulesEngine-t.build/AEPRulesEngine.modulemap (in target 'AEPRulesEngine' from project 'AEPRulesEngine')
    cd /Users/admin/builder/spi-builder-workspace/.dependencies/checkouts/aepsdk-rulesengine-ios
    write-file /Users/admin/builder/spi-builder-workspace/.derivedData/Build/Intermediates.noindex/AEPRulesEngine.build/Debug-watchos/AEPRulesEngine-t.build/AEPRulesEngine.modulemap
WriteAuxiliaryFile /Users/admin/builder/spi-builder-workspace/.derivedData/Build/Intermediates.noindex/AEPRulesEngine.build/Debug-watchos/AEPRulesEngine-t.build/AEPRulesEngine.DependencyStaticMetadataFileList (in target 'AEPRulesEngine' from project 'AEPRulesEngine')
    cd /Users/admin/builder/spi-builder-workspace/.dependencies/checkouts/aepsdk-rulesengine-ios
    write-file /Users/admin/builder/spi-builder-workspace/.derivedData/Build/Intermediates.noindex/AEPRulesEngine.build/Debug-watchos/AEPRulesEngine-t.build/AEPRulesEngine.DependencyStaticMetadataFileList
WriteAuxiliaryFile /Users/admin/builder/spi-builder-workspace/.derivedData/Build/Intermediates.noindex/AEPRulesEngine.build/Debug-watchos/AEPRulesEngine-t.build/AEPRulesEngine.DependencyMetadataFileList (in target 'AEPRulesEngine' from project 'AEPRulesEngine')
    cd /Users/admin/builder/spi-builder-workspace/.dependencies/checkouts/aepsdk-rulesengine-ios
    write-file /Users/admin/builder/spi-builder-workspace/.derivedData/Build/Intermediates.noindex/AEPRulesEngine.build/Debug-watchos/AEPRulesEngine-t.build/AEPRulesEngine.DependencyMetadataFileList
WriteAuxiliaryFile /Users/admin/builder/spi-builder-workspace/.derivedData/Build/Intermediates.noindex/AEPEdgeIdentity.build/Debug-watchos/AEPEdgeIdentity-t.build/Objects-normal/arm64_32/AEPEdgeIdentity.SwiftFileList (in target 'AEPEdgeIdentity' from project 'AEPEdgeIdentity')
    cd /Users/admin/builder/spi-builder-workspace/.dependencies/checkouts/aepsdk-edgeidentity-ios
    write-file /Users/admin/builder/spi-builder-workspace/.derivedData/Build/Intermediates.noindex/AEPEdgeIdentity.build/Debug-watchos/AEPEdgeIdentity-t.build/Objects-normal/arm64_32/AEPEdgeIdentity.SwiftFileList
WriteAuxiliaryFile /Users/admin/builder/spi-builder-workspace/.derivedData/Build/Intermediates.noindex/AEPEdgeIdentity.build/Debug-watchos/AEPEdgeIdentity-t.build/Objects-normal/arm64_32/AEPEdgeIdentity_const_extract_protocols.json (in target 'AEPEdgeIdentity' from project 'AEPEdgeIdentity')
    cd /Users/admin/builder/spi-builder-workspace/.dependencies/checkouts/aepsdk-edgeidentity-ios
    write-file /Users/admin/builder/spi-builder-workspace/.derivedData/Build/Intermediates.noindex/AEPEdgeIdentity.build/Debug-watchos/AEPEdgeIdentity-t.build/Objects-normal/arm64_32/AEPEdgeIdentity_const_extract_protocols.json
WriteAuxiliaryFile /Users/admin/builder/spi-builder-workspace/.derivedData/Build/Intermediates.noindex/AEPEdgeIdentity.build/Debug-watchos/AEPEdgeIdentity-t.build/Objects-normal/arm64_32/AEPEdgeIdentity.SwiftConstValuesFileList (in target 'AEPEdgeIdentity' from project 'AEPEdgeIdentity')
    cd /Users/admin/builder/spi-builder-workspace/.dependencies/checkouts/aepsdk-edgeidentity-ios
    write-file /Users/admin/builder/spi-builder-workspace/.derivedData/Build/Intermediates.noindex/AEPEdgeIdentity.build/Debug-watchos/AEPEdgeIdentity-t.build/Objects-normal/arm64_32/AEPEdgeIdentity.SwiftConstValuesFileList
WriteAuxiliaryFile /Users/admin/builder/spi-builder-workspace/.derivedData/Build/Intermediates.noindex/AEPEdgeIdentity.build/Debug-watchos/AEPEdgeIdentity-t.build/Objects-normal/arm64_32/AEPEdgeIdentity.LinkFileList (in target 'AEPEdgeIdentity' from project 'AEPEdgeIdentity')
    cd /Users/admin/builder/spi-builder-workspace/.dependencies/checkouts/aepsdk-edgeidentity-ios
    write-file /Users/admin/builder/spi-builder-workspace/.derivedData/Build/Intermediates.noindex/AEPEdgeIdentity.build/Debug-watchos/AEPEdgeIdentity-t.build/Objects-normal/arm64_32/AEPEdgeIdentity.LinkFileList
WriteAuxiliaryFile /Users/admin/builder/spi-builder-workspace/.derivedData/Build/Intermediates.noindex/AEPEdgeIdentity.build/Debug-watchos/AEPEdgeIdentity-t.build/Objects-normal/arm64_32/AEPEdgeIdentity-OutputFileMap.json (in target 'AEPEdgeIdentity' from project 'AEPEdgeIdentity')
    cd /Users/admin/builder/spi-builder-workspace/.dependencies/checkouts/aepsdk-edgeidentity-ios
    write-file /Users/admin/builder/spi-builder-workspace/.derivedData/Build/Intermediates.noindex/AEPEdgeIdentity.build/Debug-watchos/AEPEdgeIdentity-t.build/Objects-normal/arm64_32/AEPEdgeIdentity-OutputFileMap.json
WriteAuxiliaryFile /Users/admin/builder/spi-builder-workspace/.derivedData/Build/Intermediates.noindex/AEPEdgeIdentity.build/Debug-watchos/AEPEdgeIdentity-t.build/Objects-normal/arm64/AEPEdgeIdentity.SwiftFileList (in target 'AEPEdgeIdentity' from project 'AEPEdgeIdentity')
    cd /Users/admin/builder/spi-builder-workspace/.dependencies/checkouts/aepsdk-edgeidentity-ios
    write-file /Users/admin/builder/spi-builder-workspace/.derivedData/Build/Intermediates.noindex/AEPEdgeIdentity.build/Debug-watchos/AEPEdgeIdentity-t.build/Objects-normal/arm64/AEPEdgeIdentity.SwiftFileList
WriteAuxiliaryFile /Users/admin/builder/spi-builder-workspace/.derivedData/Build/Intermediates.noindex/AEPEdgeIdentity.build/Debug-watchos/AEPEdgeIdentity-t.build/Objects-normal/arm64/AEPEdgeIdentity_const_extract_protocols.json (in target 'AEPEdgeIdentity' from project 'AEPEdgeIdentity')
    cd /Users/admin/builder/spi-builder-workspace/.dependencies/checkouts/aepsdk-edgeidentity-ios
    write-file /Users/admin/builder/spi-builder-workspace/.derivedData/Build/Intermediates.noindex/AEPEdgeIdentity.build/Debug-watchos/AEPEdgeIdentity-t.build/Objects-normal/arm64/AEPEdgeIdentity_const_extract_protocols.json
WriteAuxiliaryFile /Users/admin/builder/spi-builder-workspace/.derivedData/Build/Intermediates.noindex/AEPEdgeIdentity.build/Debug-watchos/AEPEdgeIdentity-t.build/Objects-normal/arm64/AEPEdgeIdentity.SwiftConstValuesFileList (in target 'AEPEdgeIdentity' from project 'AEPEdgeIdentity')
    cd /Users/admin/builder/spi-builder-workspace/.dependencies/checkouts/aepsdk-edgeidentity-ios
    write-file /Users/admin/builder/spi-builder-workspace/.derivedData/Build/Intermediates.noindex/AEPEdgeIdentity.build/Debug-watchos/AEPEdgeIdentity-t.build/Objects-normal/arm64/AEPEdgeIdentity.SwiftConstValuesFileList
WriteAuxiliaryFile /Users/admin/builder/spi-builder-workspace/.derivedData/Build/Intermediates.noindex/AEPEdgeIdentity.build/Debug-watchos/AEPEdgeIdentity-t.build/Objects-normal/arm64/AEPEdgeIdentity.LinkFileList (in target 'AEPEdgeIdentity' from project 'AEPEdgeIdentity')
    cd /Users/admin/builder/spi-builder-workspace/.dependencies/checkouts/aepsdk-edgeidentity-ios
    write-file /Users/admin/builder/spi-builder-workspace/.derivedData/Build/Intermediates.noindex/AEPEdgeIdentity.build/Debug-watchos/AEPEdgeIdentity-t.build/Objects-normal/arm64/AEPEdgeIdentity.LinkFileList
Copy /Users/admin/builder/spi-builder-workspace/.derivedData/Build/Intermediates.noindex/GeneratedModuleMaps-watchos/AEPRulesEngine.modulemap /Users/admin/builder/spi-builder-workspace/.derivedData/Build/Intermediates.noindex/AEPRulesEngine.build/Debug-watchos/AEPRulesEngine-t.build/AEPRulesEngine.modulemap (in target 'AEPRulesEngine' from project 'AEPRulesEngine')
    cd /Users/admin/builder/spi-builder-workspace/.dependencies/checkouts/aepsdk-rulesengine-ios
    builtin-copy -exclude .DS_Store -exclude CVS -exclude .svn -exclude .git -exclude .hg -resolve-src-symlinks /Users/admin/builder/spi-builder-workspace/.derivedData/Build/Intermediates.noindex/AEPRulesEngine.build/Debug-watchos/AEPRulesEngine-t.build/AEPRulesEngine.modulemap /Users/admin/builder/spi-builder-workspace/.derivedData/Build/Intermediates.noindex/GeneratedModuleMaps-watchos
WriteAuxiliaryFile /Users/admin/builder/spi-builder-workspace/.derivedData/Build/Intermediates.noindex/AEPEdgeIdentity.build/Debug-watchos/AEPEdgeIdentity-t.build/Objects-normal/arm64/AEPEdgeIdentity-OutputFileMap.json (in target 'AEPEdgeIdentity' from project 'AEPEdgeIdentity')
    cd /Users/admin/builder/spi-builder-workspace/.dependencies/checkouts/aepsdk-edgeidentity-ios
    write-file /Users/admin/builder/spi-builder-workspace/.derivedData/Build/Intermediates.noindex/AEPEdgeIdentity.build/Debug-watchos/AEPEdgeIdentity-t.build/Objects-normal/arm64/AEPEdgeIdentity-OutputFileMap.json
WriteAuxiliaryFile /Users/admin/builder/spi-builder-workspace/.derivedData/Build/Intermediates.noindex/AEPEdgeIdentity.build/Debug-watchos/AEPEdgeIdentity-t.build/AEPEdgeIdentity.modulemap (in target 'AEPEdgeIdentity' from project 'AEPEdgeIdentity')
    cd /Users/admin/builder/spi-builder-workspace/.dependencies/checkouts/aepsdk-edgeidentity-ios
    write-file /Users/admin/builder/spi-builder-workspace/.derivedData/Build/Intermediates.noindex/AEPEdgeIdentity.build/Debug-watchos/AEPEdgeIdentity-t.build/AEPEdgeIdentity.modulemap
WriteAuxiliaryFile /Users/admin/builder/spi-builder-workspace/.derivedData/Build/Intermediates.noindex/AEPEdgeIdentity.build/Debug-watchos/AEPEdgeIdentity-t.build/AEPEdgeIdentity.DependencyStaticMetadataFileList (in target 'AEPEdgeIdentity' from project 'AEPEdgeIdentity')
    cd /Users/admin/builder/spi-builder-workspace/.dependencies/checkouts/aepsdk-edgeidentity-ios
    write-file /Users/admin/builder/spi-builder-workspace/.derivedData/Build/Intermediates.noindex/AEPEdgeIdentity.build/Debug-watchos/AEPEdgeIdentity-t.build/AEPEdgeIdentity.DependencyStaticMetadataFileList
WriteAuxiliaryFile /Users/admin/builder/spi-builder-workspace/.derivedData/Build/Intermediates.noindex/AEPEdgeIdentity.build/Debug-watchos/AEPEdgeIdentity-t.build/AEPEdgeIdentity.DependencyMetadataFileList (in target 'AEPEdgeIdentity' from project 'AEPEdgeIdentity')
    cd /Users/admin/builder/spi-builder-workspace/.dependencies/checkouts/aepsdk-edgeidentity-ios
    write-file /Users/admin/builder/spi-builder-workspace/.derivedData/Build/Intermediates.noindex/AEPEdgeIdentity.build/Debug-watchos/AEPEdgeIdentity-t.build/AEPEdgeIdentity.DependencyMetadataFileList
WriteAuxiliaryFile /Users/admin/builder/spi-builder-workspace/.derivedData/Build/Intermediates.noindex/AEPEdge.build/Debug-watchos/AEPEdge-t.build/Objects-normal/arm64_32/AEPEdge.SwiftFileList (in target 'AEPEdge' from project 'AEPEdge')
    cd /Users/admin/builder/spi-builder-workspace
    write-file /Users/admin/builder/spi-builder-workspace/.derivedData/Build/Intermediates.noindex/AEPEdge.build/Debug-watchos/AEPEdge-t.build/Objects-normal/arm64_32/AEPEdge.SwiftFileList
WriteAuxiliaryFile /Users/admin/builder/spi-builder-workspace/.derivedData/Build/Intermediates.noindex/AEPEdge.build/Debug-watchos/AEPEdge-t.build/Objects-normal/arm64_32/AEPEdge.SwiftConstValuesFileList (in target 'AEPEdge' from project 'AEPEdge')
    cd /Users/admin/builder/spi-builder-workspace
    write-file /Users/admin/builder/spi-builder-workspace/.derivedData/Build/Intermediates.noindex/AEPEdge.build/Debug-watchos/AEPEdge-t.build/Objects-normal/arm64_32/AEPEdge.SwiftConstValuesFileList
WriteAuxiliaryFile /Users/admin/builder/spi-builder-workspace/.derivedData/Build/Intermediates.noindex/AEPEdge.build/Debug-watchos/AEPEdge-t.build/Objects-normal/arm64_32/AEPEdge-OutputFileMap.json (in target 'AEPEdge' from project 'AEPEdge')
    cd /Users/admin/builder/spi-builder-workspace
    write-file /Users/admin/builder/spi-builder-workspace/.derivedData/Build/Intermediates.noindex/AEPEdge.build/Debug-watchos/AEPEdge-t.build/Objects-normal/arm64_32/AEPEdge-OutputFileMap.json
WriteAuxiliaryFile /Users/admin/builder/spi-builder-workspace/.derivedData/Build/Intermediates.noindex/AEPEdge.build/Debug-watchos/AEPEdge-t.build/Objects-normal/arm64_32/AEPEdge.LinkFileList (in target 'AEPEdge' from project 'AEPEdge')
    cd /Users/admin/builder/spi-builder-workspace
    write-file /Users/admin/builder/spi-builder-workspace/.derivedData/Build/Intermediates.noindex/AEPEdge.build/Debug-watchos/AEPEdge-t.build/Objects-normal/arm64_32/AEPEdge.LinkFileList
WriteAuxiliaryFile /Users/admin/builder/spi-builder-workspace/.derivedData/Build/Intermediates.noindex/AEPEdge.build/Debug-watchos/AEPEdge-t.build/Objects-normal/arm64_32/AEPEdge_const_extract_protocols.json (in target 'AEPEdge' from project 'AEPEdge')
    cd /Users/admin/builder/spi-builder-workspace
    write-file /Users/admin/builder/spi-builder-workspace/.derivedData/Build/Intermediates.noindex/AEPEdge.build/Debug-watchos/AEPEdge-t.build/Objects-normal/arm64_32/AEPEdge_const_extract_protocols.json
WriteAuxiliaryFile /Users/admin/builder/spi-builder-workspace/.derivedData/Build/Intermediates.noindex/AEPEdge.build/Debug-watchos/AEPEdge-t.build/Objects-normal/arm64/AEPEdge_const_extract_protocols.json (in target 'AEPEdge' from project 'AEPEdge')
    cd /Users/admin/builder/spi-builder-workspace
    write-file /Users/admin/builder/spi-builder-workspace/.derivedData/Build/Intermediates.noindex/AEPEdge.build/Debug-watchos/AEPEdge-t.build/Objects-normal/arm64/AEPEdge_const_extract_protocols.json
Copy /Users/admin/builder/spi-builder-workspace/.derivedData/Build/Intermediates.noindex/GeneratedModuleMaps-watchos/AEPEdgeIdentity.modulemap /Users/admin/builder/spi-builder-workspace/.derivedData/Build/Intermediates.noindex/AEPEdgeIdentity.build/Debug-watchos/AEPEdgeIdentity-t.build/AEPEdgeIdentity.modulemap (in target 'AEPEdgeIdentity' from project 'AEPEdgeIdentity')
    cd /Users/admin/builder/spi-builder-workspace/.dependencies/checkouts/aepsdk-edgeidentity-ios
    builtin-copy -exclude .DS_Store -exclude CVS -exclude .svn -exclude .git -exclude .hg -resolve-src-symlinks /Users/admin/builder/spi-builder-workspace/.derivedData/Build/Intermediates.noindex/AEPEdgeIdentity.build/Debug-watchos/AEPEdgeIdentity-t.build/AEPEdgeIdentity.modulemap /Users/admin/builder/spi-builder-workspace/.derivedData/Build/Intermediates.noindex/GeneratedModuleMaps-watchos
WriteAuxiliaryFile /Users/admin/builder/spi-builder-workspace/.derivedData/Build/Intermediates.noindex/AEPEdge.build/Debug-watchos/AEPEdge-t.build/Objects-normal/arm64/AEPEdge.SwiftFileList (in target 'AEPEdge' from project 'AEPEdge')
    cd /Users/admin/builder/spi-builder-workspace
    write-file /Users/admin/builder/spi-builder-workspace/.derivedData/Build/Intermediates.noindex/AEPEdge.build/Debug-watchos/AEPEdge-t.build/Objects-normal/arm64/AEPEdge.SwiftFileList
WriteAuxiliaryFile /Users/admin/builder/spi-builder-workspace/.derivedData/Build/Intermediates.noindex/AEPEdge.build/Debug-watchos/AEPEdge-t.build/Objects-normal/arm64/AEPEdge.SwiftConstValuesFileList (in target 'AEPEdge' from project 'AEPEdge')
    cd /Users/admin/builder/spi-builder-workspace
    write-file /Users/admin/builder/spi-builder-workspace/.derivedData/Build/Intermediates.noindex/AEPEdge.build/Debug-watchos/AEPEdge-t.build/Objects-normal/arm64/AEPEdge.SwiftConstValuesFileList
WriteAuxiliaryFile /Users/admin/builder/spi-builder-workspace/.derivedData/Build/Intermediates.noindex/AEPEdge.build/Debug-watchos/AEPEdge-t.build/Objects-normal/arm64/AEPEdge.LinkFileList (in target 'AEPEdge' from project 'AEPEdge')
    cd /Users/admin/builder/spi-builder-workspace
    write-file /Users/admin/builder/spi-builder-workspace/.derivedData/Build/Intermediates.noindex/AEPEdge.build/Debug-watchos/AEPEdge-t.build/Objects-normal/arm64/AEPEdge.LinkFileList
WriteAuxiliaryFile /Users/admin/builder/spi-builder-workspace/.derivedData/Build/Intermediates.noindex/AEPEdge.build/Debug-watchos/AEPEdge-t.build/Objects-normal/arm64/AEPEdge-OutputFileMap.json (in target 'AEPEdge' from project 'AEPEdge')
    cd /Users/admin/builder/spi-builder-workspace
    write-file /Users/admin/builder/spi-builder-workspace/.derivedData/Build/Intermediates.noindex/AEPEdge.build/Debug-watchos/AEPEdge-t.build/Objects-normal/arm64/AEPEdge-OutputFileMap.json
WriteAuxiliaryFile /Users/admin/builder/spi-builder-workspace/.derivedData/Build/Intermediates.noindex/AEPEdge.build/Debug-watchos/AEPEdge-t.build/AEPEdge.modulemap (in target 'AEPEdge' from project 'AEPEdge')
    cd /Users/admin/builder/spi-builder-workspace
    write-file /Users/admin/builder/spi-builder-workspace/.derivedData/Build/Intermediates.noindex/AEPEdge.build/Debug-watchos/AEPEdge-t.build/AEPEdge.modulemap
WriteAuxiliaryFile /Users/admin/builder/spi-builder-workspace/.derivedData/Build/Intermediates.noindex/AEPEdge.build/Debug-watchos/AEPEdge-t.build/AEPEdge.DependencyStaticMetadataFileList (in target 'AEPEdge' from project 'AEPEdge')
    cd /Users/admin/builder/spi-builder-workspace
    write-file /Users/admin/builder/spi-builder-workspace/.derivedData/Build/Intermediates.noindex/AEPEdge.build/Debug-watchos/AEPEdge-t.build/AEPEdge.DependencyStaticMetadataFileList
WriteAuxiliaryFile /Users/admin/builder/spi-builder-workspace/.derivedData/Build/Intermediates.noindex/AEPEdge.build/Debug-watchos/AEPEdge-t.build/AEPEdge.DependencyMetadataFileList (in target 'AEPEdge' from project 'AEPEdge')
    cd /Users/admin/builder/spi-builder-workspace
    write-file /Users/admin/builder/spi-builder-workspace/.derivedData/Build/Intermediates.noindex/AEPEdge.build/Debug-watchos/AEPEdge-t.build/AEPEdge.DependencyMetadataFileList
WriteAuxiliaryFile /Users/admin/builder/spi-builder-workspace/.derivedData/Build/Intermediates.noindex/AEPCore.build/Debug-watchos/AEPCore_AEPCore-b.build/empty-AEPCore_AEPCore.plist (in target 'AEPCore_AEPCore' from project 'AEPCore')
    cd /Users/admin/builder/spi-builder-workspace/.dependencies/checkouts/aepsdk-core-ios
    write-file /Users/admin/builder/spi-builder-workspace/.derivedData/Build/Intermediates.noindex/AEPCore.build/Debug-watchos/AEPCore_AEPCore-b.build/empty-AEPCore_AEPCore.plist
WriteAuxiliaryFile /Users/admin/builder/spi-builder-workspace/.derivedData/Build/Intermediates.noindex/AEPCore.build/Debug-watchos/AEPCore_AEPCore-b.build/AEPCore_AEPCore.DependencyStaticMetadataFileList (in target 'AEPCore_AEPCore' from project 'AEPCore')
    cd /Users/admin/builder/spi-builder-workspace/.dependencies/checkouts/aepsdk-core-ios
    write-file /Users/admin/builder/spi-builder-workspace/.derivedData/Build/Intermediates.noindex/AEPCore.build/Debug-watchos/AEPCore_AEPCore-b.build/AEPCore_AEPCore.DependencyStaticMetadataFileList
WriteAuxiliaryFile /Users/admin/builder/spi-builder-workspace/.derivedData/Build/Intermediates.noindex/AEPCore.build/Debug-watchos/AEPCore_AEPCore-b.build/AEPCore_AEPCore.DependencyMetadataFileList (in target 'AEPCore_AEPCore' from project 'AEPCore')
    cd /Users/admin/builder/spi-builder-workspace/.dependencies/checkouts/aepsdk-core-ios
    write-file /Users/admin/builder/spi-builder-workspace/.derivedData/Build/Intermediates.noindex/AEPCore.build/Debug-watchos/AEPCore_AEPCore-b.build/AEPCore_AEPCore.DependencyMetadataFileList
MkDir /Users/admin/builder/spi-builder-workspace/.derivedData/Build/Products/Debug-watchos/AEPCore_AEPServices.bundle (in target 'AEPCore_AEPServices' from project 'AEPCore')
    cd /Users/admin/builder/spi-builder-workspace/.dependencies/checkouts/aepsdk-core-ios
    /bin/mkdir -p /Users/admin/builder/spi-builder-workspace/.derivedData/Build/Products/Debug-watchos/AEPCore_AEPServices.bundle
Copy /Users/admin/builder/spi-builder-workspace/.derivedData/Build/Intermediates.noindex/GeneratedModuleMaps-watchos/AEPEdge.modulemap /Users/admin/builder/spi-builder-workspace/.derivedData/Build/Intermediates.noindex/AEPEdge.build/Debug-watchos/AEPEdge-t.build/AEPEdge.modulemap (in target 'AEPEdge' from project 'AEPEdge')
    cd /Users/admin/builder/spi-builder-workspace
    builtin-copy -exclude .DS_Store -exclude CVS -exclude .svn -exclude .git -exclude .hg -resolve-src-symlinks /Users/admin/builder/spi-builder-workspace/.derivedData/Build/Intermediates.noindex/AEPEdge.build/Debug-watchos/AEPEdge-t.build/AEPEdge.modulemap /Users/admin/builder/spi-builder-workspace/.derivedData/Build/Intermediates.noindex/GeneratedModuleMaps-watchos
MkDir /Users/admin/builder/spi-builder-workspace/.derivedData/Build/Products/Debug-watchos/AEPCore_AEPCore.bundle (in target 'AEPCore_AEPCore' from project 'AEPCore')
    cd /Users/admin/builder/spi-builder-workspace/.dependencies/checkouts/aepsdk-core-ios
    /bin/mkdir -p /Users/admin/builder/spi-builder-workspace/.derivedData/Build/Products/Debug-watchos/AEPCore_AEPCore.bundle
WriteAuxiliaryFile /Users/admin/builder/spi-builder-workspace/.derivedData/Build/Intermediates.noindex/AEPCore.build/Debug-watchos/AEPCore-t.build/Objects-normal/arm64_32/AEPCore.SwiftFileList (in target 'AEPCore' from project 'AEPCore')
    cd /Users/admin/builder/spi-builder-workspace/.dependencies/checkouts/aepsdk-core-ios
    write-file /Users/admin/builder/spi-builder-workspace/.derivedData/Build/Intermediates.noindex/AEPCore.build/Debug-watchos/AEPCore-t.build/Objects-normal/arm64_32/AEPCore.SwiftFileList
WriteAuxiliaryFile /Users/admin/builder/spi-builder-workspace/.derivedData/Build/Intermediates.noindex/AEPCore.build/Debug-watchos/AEPCore-t.build/Objects-normal/arm64_32/AEPCore_const_extract_protocols.json (in target 'AEPCore' from project 'AEPCore')
    cd /Users/admin/builder/spi-builder-workspace/.dependencies/checkouts/aepsdk-core-ios
    write-file /Users/admin/builder/spi-builder-workspace/.derivedData/Build/Intermediates.noindex/AEPCore.build/Debug-watchos/AEPCore-t.build/Objects-normal/arm64_32/AEPCore_const_extract_protocols.json
WriteAuxiliaryFile /Users/admin/builder/spi-builder-workspace/.derivedData/Build/Intermediates.noindex/AEPCore.build/Debug-watchos/AEPCore-t.build/Objects-normal/arm64_32/AEPCore.SwiftConstValuesFileList (in target 'AEPCore' from project 'AEPCore')
    cd /Users/admin/builder/spi-builder-workspace/.dependencies/checkouts/aepsdk-core-ios
    write-file /Users/admin/builder/spi-builder-workspace/.derivedData/Build/Intermediates.noindex/AEPCore.build/Debug-watchos/AEPCore-t.build/Objects-normal/arm64_32/AEPCore.SwiftConstValuesFileList
WriteAuxiliaryFile /Users/admin/builder/spi-builder-workspace/.derivedData/Build/Intermediates.noindex/AEPCore.build/Debug-watchos/AEPCore-t.build/Objects-normal/arm64_32/AEPCore.LinkFileList (in target 'AEPCore' from project 'AEPCore')
    cd /Users/admin/builder/spi-builder-workspace/.dependencies/checkouts/aepsdk-core-ios
    write-file /Users/admin/builder/spi-builder-workspace/.derivedData/Build/Intermediates.noindex/AEPCore.build/Debug-watchos/AEPCore-t.build/Objects-normal/arm64_32/AEPCore.LinkFileList
WriteAuxiliaryFile /Users/admin/builder/spi-builder-workspace/.derivedData/Build/Intermediates.noindex/AEPCore.build/Debug-watchos/AEPCore-t.build/Objects-normal/arm64_32/AEPCore-OutputFileMap.json (in target 'AEPCore' from project 'AEPCore')
    cd /Users/admin/builder/spi-builder-workspace/.dependencies/checkouts/aepsdk-core-ios
    write-file /Users/admin/builder/spi-builder-workspace/.derivedData/Build/Intermediates.noindex/AEPCore.build/Debug-watchos/AEPCore-t.build/Objects-normal/arm64_32/AEPCore-OutputFileMap.json
WriteAuxiliaryFile /Users/admin/builder/spi-builder-workspace/.derivedData/Build/Intermediates.noindex/AEPCore.build/Debug-watchos/AEPCore-t.build/Objects-normal/arm64/AEPCore_const_extract_protocols.json (in target 'AEPCore' from project 'AEPCore')
    cd /Users/admin/builder/spi-builder-workspace/.dependencies/checkouts/aepsdk-core-ios
    write-file /Users/admin/builder/spi-builder-workspace/.derivedData/Build/Intermediates.noindex/AEPCore.build/Debug-watchos/AEPCore-t.build/Objects-normal/arm64/AEPCore_const_extract_protocols.json
WriteAuxiliaryFile /Users/admin/builder/spi-builder-workspace/.derivedData/Build/Intermediates.noindex/AEPCore.build/Debug-watchos/AEPCore-t.build/Objects-normal/arm64/AEPCore.SwiftFileList (in target 'AEPCore' from project 'AEPCore')
    cd /Users/admin/builder/spi-builder-workspace/.dependencies/checkouts/aepsdk-core-ios
    write-file /Users/admin/builder/spi-builder-workspace/.derivedData/Build/Intermediates.noindex/AEPCore.build/Debug-watchos/AEPCore-t.build/Objects-normal/arm64/AEPCore.SwiftFileList
WriteAuxiliaryFile /Users/admin/builder/spi-builder-workspace/.derivedData/Build/Intermediates.noindex/AEPCore.build/Debug-watchos/AEPCore-t.build/Objects-normal/arm64/AEPCore.SwiftConstValuesFileList (in target 'AEPCore' from project 'AEPCore')
    cd /Users/admin/builder/spi-builder-workspace/.dependencies/checkouts/aepsdk-core-ios
    write-file /Users/admin/builder/spi-builder-workspace/.derivedData/Build/Intermediates.noindex/AEPCore.build/Debug-watchos/AEPCore-t.build/Objects-normal/arm64/AEPCore.SwiftConstValuesFileList
WriteAuxiliaryFile /Users/admin/builder/spi-builder-workspace/.derivedData/Build/Intermediates.noindex/AEPCore.build/Debug-watchos/AEPCore-t.build/Objects-normal/arm64/AEPCore.LinkFileList (in target 'AEPCore' from project 'AEPCore')
    cd /Users/admin/builder/spi-builder-workspace/.dependencies/checkouts/aepsdk-core-ios
    write-file /Users/admin/builder/spi-builder-workspace/.derivedData/Build/Intermediates.noindex/AEPCore.build/Debug-watchos/AEPCore-t.build/Objects-normal/arm64/AEPCore.LinkFileList
WriteAuxiliaryFile /Users/admin/builder/spi-builder-workspace/.derivedData/Build/Intermediates.noindex/AEPCore.build/Debug-watchos/AEPCore-t.build/Objects-normal/arm64/AEPCore-OutputFileMap.json (in target 'AEPCore' from project 'AEPCore')
    cd /Users/admin/builder/spi-builder-workspace/.dependencies/checkouts/aepsdk-core-ios
    write-file /Users/admin/builder/spi-builder-workspace/.derivedData/Build/Intermediates.noindex/AEPCore.build/Debug-watchos/AEPCore-t.build/Objects-normal/arm64/AEPCore-OutputFileMap.json
WriteAuxiliaryFile /Users/admin/builder/spi-builder-workspace/.derivedData/Build/Intermediates.noindex/AEPCore.build/Debug-watchos/AEPCore-t.build/DerivedSources/resource_bundle_accessor.swift (in target 'AEPCore' from project 'AEPCore')
    cd /Users/admin/builder/spi-builder-workspace/.dependencies/checkouts/aepsdk-core-ios
    write-file /Users/admin/builder/spi-builder-workspace/.derivedData/Build/Intermediates.noindex/AEPCore.build/Debug-watchos/AEPCore-t.build/DerivedSources/resource_bundle_accessor.swift
WriteAuxiliaryFile /Users/admin/builder/spi-builder-workspace/.derivedData/Build/Intermediates.noindex/AEPCore.build/Debug-watchos/AEPCore-t.build/AEPCore.modulemap (in target 'AEPCore' from project 'AEPCore')
    cd /Users/admin/builder/spi-builder-workspace/.dependencies/checkouts/aepsdk-core-ios
    write-file /Users/admin/builder/spi-builder-workspace/.derivedData/Build/Intermediates.noindex/AEPCore.build/Debug-watchos/AEPCore-t.build/AEPCore.modulemap
WriteAuxiliaryFile /Users/admin/builder/spi-builder-workspace/.derivedData/Build/Intermediates.noindex/AEPCore.build/Debug-watchos/AEPCore-t.build/AEPCore.DependencyStaticMetadataFileList (in target 'AEPCore' from project 'AEPCore')
    cd /Users/admin/builder/spi-builder-workspace/.dependencies/checkouts/aepsdk-core-ios
    write-file /Users/admin/builder/spi-builder-workspace/.derivedData/Build/Intermediates.noindex/AEPCore.build/Debug-watchos/AEPCore-t.build/AEPCore.DependencyStaticMetadataFileList
WriteAuxiliaryFile /Users/admin/builder/spi-builder-workspace/.derivedData/Build/Intermediates.noindex/AEPCore.build/Debug-watchos/AEPCore-t.build/AEPCore.DependencyMetadataFileList (in target 'AEPCore' from project 'AEPCore')
    cd /Users/admin/builder/spi-builder-workspace/.dependencies/checkouts/aepsdk-core-ios
    write-file /Users/admin/builder/spi-builder-workspace/.derivedData/Build/Intermediates.noindex/AEPCore.build/Debug-watchos/AEPCore-t.build/AEPCore.DependencyMetadataFileList
Copy /Users/admin/builder/spi-builder-workspace/.derivedData/Build/Intermediates.noindex/GeneratedModuleMaps-watchos/AEPCore.modulemap /Users/admin/builder/spi-builder-workspace/.derivedData/Build/Intermediates.noindex/AEPCore.build/Debug-watchos/AEPCore-t.build/AEPCore.modulemap (in target 'AEPCore' from project 'AEPCore')
    cd /Users/admin/builder/spi-builder-workspace/.dependencies/checkouts/aepsdk-core-ios
    builtin-copy -exclude .DS_Store -exclude CVS -exclude .svn -exclude .git -exclude .hg -resolve-src-symlinks /Users/admin/builder/spi-builder-workspace/.derivedData/Build/Intermediates.noindex/AEPCore.build/Debug-watchos/AEPCore-t.build/AEPCore.modulemap /Users/admin/builder/spi-builder-workspace/.derivedData/Build/Intermediates.noindex/GeneratedModuleMaps-watchos
ProcessInfoPlistFile /Users/admin/builder/spi-builder-workspace/.derivedData/Build/Products/Debug-watchos/AEPCore_AEPServices.bundle/Info.plist /Users/admin/builder/spi-builder-workspace/.derivedData/Build/Intermediates.noindex/AEPCore.build/Debug-watchos/AEPCore_AEPServices-b.build/empty-AEPCore_AEPServices.plist (in target 'AEPCore_AEPServices' from project 'AEPCore')
    cd /Users/admin/builder/spi-builder-workspace/.dependencies/checkouts/aepsdk-core-ios
    builtin-infoPlistUtility /Users/admin/builder/spi-builder-workspace/.derivedData/Build/Intermediates.noindex/AEPCore.build/Debug-watchos/AEPCore_AEPServices-b.build/empty-AEPCore_AEPServices.plist -producttype com.apple.product-type.bundle -expandbuildsettings -format binary -platform watchos -o /Users/admin/builder/spi-builder-workspace/.derivedData/Build/Products/Debug-watchos/AEPCore_AEPServices.bundle/Info.plist
CpResource /Users/admin/builder/spi-builder-workspace/.derivedData/Build/Products/Debug-watchos/AEPCore_AEPServices.bundle/PrivacyInfo.xcprivacy /Users/admin/builder/spi-builder-workspace/.dependencies/checkouts/aepsdk-core-ios/AEPServices/Sources/PrivacyInfo.xcprivacy (in target 'AEPCore_AEPServices' from project 'AEPCore')
    cd /Users/admin/builder/spi-builder-workspace/.dependencies/checkouts/aepsdk-core-ios
    builtin-copy -exclude .DS_Store -exclude CVS -exclude .svn -exclude .git -exclude .hg -resolve-src-symlinks /Users/admin/builder/spi-builder-workspace/.dependencies/checkouts/aepsdk-core-ios/AEPServices/Sources/PrivacyInfo.xcprivacy /Users/admin/builder/spi-builder-workspace/.derivedData/Build/Products/Debug-watchos/AEPCore_AEPServices.bundle
CpResource /Users/admin/builder/spi-builder-workspace/.derivedData/Build/Products/Debug-watchos/AEPCore_AEPCore.bundle/PrivacyInfo.xcprivacy /Users/admin/builder/spi-builder-workspace/.dependencies/checkouts/aepsdk-core-ios/AEPCore/Sources/PrivacyInfo.xcprivacy (in target 'AEPCore_AEPCore' from project 'AEPCore')
    cd /Users/admin/builder/spi-builder-workspace/.dependencies/checkouts/aepsdk-core-ios
    builtin-copy -exclude .DS_Store -exclude CVS -exclude .svn -exclude .git -exclude .hg -resolve-src-symlinks /Users/admin/builder/spi-builder-workspace/.dependencies/checkouts/aepsdk-core-ios/AEPCore/Sources/PrivacyInfo.xcprivacy /Users/admin/builder/spi-builder-workspace/.derivedData/Build/Products/Debug-watchos/AEPCore_AEPCore.bundle
ProcessInfoPlistFile /Users/admin/builder/spi-builder-workspace/.derivedData/Build/Products/Debug-watchos/AEPCore_AEPCore.bundle/Info.plist /Users/admin/builder/spi-builder-workspace/.derivedData/Build/Intermediates.noindex/AEPCore.build/Debug-watchos/AEPCore_AEPCore-b.build/empty-AEPCore_AEPCore.plist (in target 'AEPCore_AEPCore' from project 'AEPCore')
    cd /Users/admin/builder/spi-builder-workspace/.dependencies/checkouts/aepsdk-core-ios
    builtin-infoPlistUtility /Users/admin/builder/spi-builder-workspace/.derivedData/Build/Intermediates.noindex/AEPCore.build/Debug-watchos/AEPCore_AEPCore-b.build/empty-AEPCore_AEPCore.plist -producttype com.apple.product-type.bundle -expandbuildsettings -format binary -platform watchos -o /Users/admin/builder/spi-builder-workspace/.derivedData/Build/Products/Debug-watchos/AEPCore_AEPCore.bundle/Info.plist
RegisterExecutionPolicyException /Users/admin/builder/spi-builder-workspace/.derivedData/Build/Products/Debug-watchos/AEPCore_AEPServices.bundle (in target 'AEPCore_AEPServices' from project 'AEPCore')
    cd /Users/admin/builder/spi-builder-workspace/.dependencies/checkouts/aepsdk-core-ios
    builtin-RegisterExecutionPolicyException /Users/admin/builder/spi-builder-workspace/.derivedData/Build/Products/Debug-watchos/AEPCore_AEPServices.bundle
RegisterExecutionPolicyException /Users/admin/builder/spi-builder-workspace/.derivedData/Build/Products/Debug-watchos/AEPCore_AEPCore.bundle (in target 'AEPCore_AEPCore' from project 'AEPCore')
    cd /Users/admin/builder/spi-builder-workspace/.dependencies/checkouts/aepsdk-core-ios
    builtin-RegisterExecutionPolicyException /Users/admin/builder/spi-builder-workspace/.derivedData/Build/Products/Debug-watchos/AEPCore_AEPCore.bundle
Touch /Users/admin/builder/spi-builder-workspace/.derivedData/Build/Products/Debug-watchos/AEPCore_AEPServices.bundle (in target 'AEPCore_AEPServices' from project 'AEPCore')
    cd /Users/admin/builder/spi-builder-workspace/.dependencies/checkouts/aepsdk-core-ios
    /usr/bin/touch -c /Users/admin/builder/spi-builder-workspace/.derivedData/Build/Products/Debug-watchos/AEPCore_AEPServices.bundle
Touch /Users/admin/builder/spi-builder-workspace/.derivedData/Build/Products/Debug-watchos/AEPCore_AEPCore.bundle (in target 'AEPCore_AEPCore' from project 'AEPCore')
    cd /Users/admin/builder/spi-builder-workspace/.dependencies/checkouts/aepsdk-core-ios
    /usr/bin/touch -c /Users/admin/builder/spi-builder-workspace/.derivedData/Build/Products/Debug-watchos/AEPCore_AEPCore.bundle
SwiftDriver AEPRulesEngine normal arm64 com.apple.xcode.tools.swift.compiler (in target 'AEPRulesEngine' from project 'AEPRulesEngine')
    cd /Users/admin/builder/spi-builder-workspace/.swiftpm/xcode
    builtin-SwiftDriver -- /Applications/Xcode-27.0.0.app/Contents/Developer/Toolchains/XcodeDefault.xctoolchain/usr/bin/swiftc -parse-as-library -module-name AEPRulesEngine -Onone @/Users/admin/builder/spi-builder-workspace/.derivedData/Build/Intermediates.noindex/AEPRulesEngine.build/Debug-watchos/AEPRulesEngine-t.build/Objects-normal/arm64/AEPRulesEngine.SwiftFileList -DSWIFT_PACKAGE -DDEBUG -DSWIFT_MODULE_RESOURCE_BUNDLE_UNAVAILABLE -DXcode -plugin-path /Applications/Xcode-27.0.0.app/Contents/Developer/Toolchains/XcodeDefault.xctoolchain/usr/lib/swift/host/plugins/testing -enable-experimental-feature DebugDescriptionMacro -sdk /Applications/Xcode-27.0.0.app/Contents/Developer/Platforms/WatchOS.platform/Developer/SDKs/WatchOS27.0.sdk -target arm64-apple-watchos9.0 -g -module-cache-path /Users/admin/builder/spi-builder-workspace/.derivedData/ModuleCache.noindex -Xfrontend -serialize-debugging-options -enable-testing -suppress-warnings -index-store-path /Users/admin/builder/spi-builder-workspace/.derivedData/Index.noindex/DataStore -Xcc -D_LIBCPP_HARDENING_MODE\=_LIBCPP_HARDENING_MODE_DEBUG -swift-version 5 -I /Users/admin/builder/spi-builder-workspace/.derivedData/Build/Products/Debug-watchos -Isystem /Applications/Xcode-27.0.0.app/Contents/Developer/Platforms/WatchOS.platform/Developer/usr/lib -F /Users/admin/builder/spi-builder-workspace/.derivedData/Build/Products/Debug-watchos -F /Applications/Xcode-27.0.0.app/Contents/Developer/Platforms/WatchOS.platform/Developer/Library/Frameworks -F /Applications/Xcode-27.0.0.app/Contents/Developer/Platforms/WatchOS.platform/Developer/SDKs/WatchOS27.0.sdk/Developer/Library/Frameworks -c -j10 -enable-batch-mode -incremental -Xcc -ivfsstatcache -Xcc /Users/admin/builder/spi-builder-workspace/.derivedData/SDKStatCaches.noindex/watchos27.0-24R360-e829b21a6f8c9b70876ba0858053c044b9db9bc9c079ee3c7b5f3373b13d10bc.sdkstatcache -output-file-map /Users/admin/builder/spi-builder-workspace/.derivedData/Build/Intermediates.noindex/AEPRulesEngine.build/Debug-watchos/AEPRulesEngine-t.build/Objects-normal/arm64/AEPRulesEngine-OutputFileMap.json -save-temps -no-color-diagnostics -explicit-module-build -module-cache-path /Users/admin/builder/spi-builder-workspace/.derivedData/Build/Intermediates.noindex/SwiftExplicitPrecompiledModules -clang-scanner-module-cache-path /Users/admin/builder/spi-builder-workspace/.derivedData/ModuleCache.noindex -sdk-module-cache-path /Users/admin/builder/spi-builder-workspace/.derivedData/SDKExplicitPrecompiledModules -emit-dependencies -emit-module -emit-module-path /Users/admin/builder/spi-builder-workspace/.derivedData/Build/Intermediates.noindex/AEPRulesEngine.build/Debug-watchos/AEPRulesEngine-t.build/Objects-normal/arm64/AEPRulesEngine.swiftmodule -serialize-diagnostics -dependency-scan-serialize-diagnostics-path /Users/admin/builder/spi-builder-workspace/.derivedData/Build/Intermediates.noindex/AEPRulesEngine.build/Debug-watchos/AEPRulesEngine-t.build/Objects-normal/arm64/AEPRulesEngine-dependency-scan.dia -validate-clang-modules-once -clang-build-session-file /Users/admin/builder/spi-builder-workspace/.derivedData/ModuleCache.noindex/Session.modulevalidation -Xcc -fmodules-prune-interval\=86400 -Xcc -fmodules-prune-after\=345600 -emit-const-values -const-gather-protocols-list /Users/admin/builder/spi-builder-workspace/.derivedData/Build/Intermediates.noindex/AEPRulesEngine.build/Debug-watchos/AEPRulesEngine-t.build/Objects-normal/arm64/AEPRulesEngine_const_extract_protocols.json -Xcc -I/Users/admin/builder/spi-builder-workspace/.derivedData/Build/Products/Debug-watchos/include -Xcc -I/Users/admin/builder/spi-builder-workspace/.derivedData/Build/Intermediates.noindex/AEPRulesEngine.build/Debug-watchos/AEPRulesEngine-t.build/DerivedSources-normal/arm64 -Xcc -I/Users/admin/builder/spi-builder-workspace/.derivedData/Build/Intermediates.noindex/AEPRulesEngine.build/Debug-watchos/AEPRulesEngine-t.build/DerivedSources/arm64 -Xcc -I/Users/admin/builder/spi-builder-workspace/.derivedData/Build/Intermediates.noindex/AEPRulesEngine.build/Debug-watchos/AEPRulesEngine-t.build/DerivedSources -Xcc -DSWIFT_PACKAGE -Xcc -DDEBUG\=1 -emit-objc-header -emit-objc-header-path /Users/admin/builder/spi-builder-workspace/.derivedData/Build/Intermediates.noindex/AEPRulesEngine.build/Debug-watchos/AEPRulesEngine-t.build/Objects-normal/arm64/AEPRulesEngine-Swift.h -working-directory /Users/admin/builder/spi-builder-workspace/.swiftpm/xcode -experimental-emit-module-separately -disable-cmo
SwiftDriver AEPServices normal arm64_32 com.apple.xcode.tools.swift.compiler (in target 'AEPServices' from project 'AEPCore')
    cd /Users/admin/builder/spi-builder-workspace/.swiftpm/xcode
    builtin-SwiftDriver -- /Applications/Xcode-27.0.0.app/Contents/Developer/Toolchains/XcodeDefault.xctoolchain/usr/bin/swiftc -parse-as-library -module-name AEPServices -Onone @/Users/admin/builder/spi-builder-workspace/.derivedData/Build/Intermediates.noindex/AEPCore.build/Debug-watchos/AEPServices-t.build/Objects-normal/arm64_32/AEPServices.SwiftFileList -DSWIFT_PACKAGE -DDEBUG -DSWIFT_MODULE_RESOURCE_BUNDLE_AVAILABLE -DXcode -plugin-path /Applications/Xcode-27.0.0.app/Contents/Developer/Toolchains/XcodeDefault.xctoolchain/usr/lib/swift/host/plugins/testing -enable-experimental-feature DebugDescriptionMacro -sdk /Applications/Xcode-27.0.0.app/Contents/Developer/Platforms/WatchOS.platform/Developer/SDKs/WatchOS27.0.sdk -target arm64_32-apple-watchos9.0 -g -module-cache-path /Users/admin/builder/spi-builder-workspace/.derivedData/ModuleCache.noindex -Xfrontend -serialize-debugging-options -enable-testing -suppress-warnings -index-store-path /Users/admin/builder/spi-builder-workspace/.derivedData/Index.noindex/DataStore -Xcc -D_LIBCPP_HARDENING_MODE\=_LIBCPP_HARDENING_MODE_DEBUG -swift-version 5 -I /Users/admin/builder/spi-builder-workspace/.derivedData/Build/Products/Debug-watchos -Isystem /Applications/Xcode-27.0.0.app/Contents/Developer/Platforms/WatchOS.platform/Developer/usr/lib -F /Users/admin/builder/spi-builder-workspace/.derivedData/Build/Products/Debug-watchos -F /Applications/Xcode-27.0.0.app/Contents/Developer/Platforms/WatchOS.platform/Developer/Library/Frameworks -F /Applications/Xcode-27.0.0.app/Contents/Developer/Platforms/WatchOS.platform/Developer/SDKs/WatchOS27.0.sdk/Developer/Library/Frameworks -c -j10 -enable-batch-mode -incremental -Xcc -ivfsstatcache -Xcc /Users/admin/builder/spi-builder-workspace/.derivedData/SDKStatCaches.noindex/watchos27.0-24R360-e829b21a6f8c9b70876ba0858053c044b9db9bc9c079ee3c7b5f3373b13d10bc.sdkstatcache -output-file-map /Users/admin/builder/spi-builder-workspace/.derivedData/Build/Intermediates.noindex/AEPCore.build/Debug-watchos/AEPServices-t.build/Objects-normal/arm64_32/AEPServices-OutputFileMap.json -save-temps -no-color-diagnostics -explicit-module-build -module-cache-path /Users/admin/builder/spi-builder-workspace/.derivedData/Build/Intermediates.noindex/SwiftExplicitPrecompiledModules -clang-scanner-module-cache-path /Users/admin/builder/spi-builder-workspace/.derivedData/ModuleCache.noindex -sdk-module-cache-path /Users/admin/builder/spi-builder-workspace/.derivedData/SDKExplicitPrecompiledModules -emit-dependencies -emit-module -emit-module-path /Users/admin/builder/spi-builder-workspace/.derivedData/Build/Intermediates.noindex/AEPCore.build/Debug-watchos/AEPServices-t.build/Objects-normal/arm64_32/AEPServices.swiftmodule -serialize-diagnostics -dependency-scan-serialize-diagnostics-path /Users/admin/builder/spi-builder-workspace/.derivedData/Build/Intermediates.noindex/AEPCore.build/Debug-watchos/AEPServices-t.build/Objects-normal/arm64_32/AEPServices-dependency-scan.dia -validate-clang-modules-once -clang-build-session-file /Users/admin/builder/spi-builder-workspace/.derivedData/ModuleCache.noindex/Session.modulevalidation -Xcc -fmodules-prune-interval\=86400 -Xcc -fmodules-prune-after\=345600 -emit-const-values -const-gather-protocols-list /Users/admin/builder/spi-builder-workspace/.derivedData/Build/Intermediates.noindex/AEPCore.build/Debug-watchos/AEPServices-t.build/Objects-normal/arm64_32/AEPServices_const_extract_protocols.json -Xcc -I/Users/admin/builder/spi-builder-workspace/.derivedData/Build/Products/Debug-watchos/include -Xcc -I/Users/admin/builder/spi-builder-workspace/.derivedData/Build/Intermediates.noindex/AEPCore.build/Debug-watchos/AEPServices-t.build/DerivedSources-normal/arm64_32 -Xcc -I/Users/admin/builder/spi-builder-workspace/.derivedData/Build/Intermediates.noindex/AEPCore.build/Debug-watchos/AEPServices-t.build/DerivedSources/arm64_32 -Xcc -I/Users/admin/builder/spi-builder-workspace/.derivedData/Build/Intermediates.noindex/AEPCore.build/Debug-watchos/AEPServices-t.build/DerivedSources -Xcc -DSWIFT_PACKAGE -Xcc -DDEBUG\=1 -emit-objc-header -emit-objc-header-path /Users/admin/builder/spi-builder-workspace/.derivedData/Build/Intermediates.noindex/AEPCore.build/Debug-watchos/AEPServices-t.build/Objects-normal/arm64_32/AEPServices-Swift.h -working-directory /Users/admin/builder/spi-builder-workspace/.swiftpm/xcode -experimental-emit-module-separately -disable-cmo
SwiftDriver AEPRulesEngine normal arm64_32 com.apple.xcode.tools.swift.compiler (in target 'AEPRulesEngine' from project 'AEPRulesEngine')
    cd /Users/admin/builder/spi-builder-workspace/.swiftpm/xcode
    builtin-SwiftDriver -- /Applications/Xcode-27.0.0.app/Contents/Developer/Toolchains/XcodeDefault.xctoolchain/usr/bin/swiftc -parse-as-library -module-name AEPRulesEngine -Onone @/Users/admin/builder/spi-builder-workspace/.derivedData/Build/Intermediates.noindex/AEPRulesEngine.build/Debug-watchos/AEPRulesEngine-t.build/Objects-normal/arm64_32/AEPRulesEngine.SwiftFileList -DSWIFT_PACKAGE -DDEBUG -DSWIFT_MODULE_RESOURCE_BUNDLE_UNAVAILABLE -DXcode -plugin-path /Applications/Xcode-27.0.0.app/Contents/Developer/Toolchains/XcodeDefault.xctoolchain/usr/lib/swift/host/plugins/testing -enable-experimental-feature DebugDescriptionMacro -sdk /Applications/Xcode-27.0.0.app/Contents/Developer/Platforms/WatchOS.platform/Developer/SDKs/WatchOS27.0.sdk -target arm64_32-apple-watchos9.0 -g -module-cache-path /Users/admin/builder/spi-builder-workspace/.derivedData/ModuleCache.noindex -Xfrontend -serialize-debugging-options -enable-testing -suppress-warnings -index-store-path /Users/admin/builder/spi-builder-workspace/.derivedData/Index.noindex/DataStore -Xcc -D_LIBCPP_HARDENING_MODE\=_LIBCPP_HARDENING_MODE_DEBUG -swift-version 5 -I /Users/admin/builder/spi-builder-workspace/.derivedData/Build/Products/Debug-watchos -Isystem /Applications/Xcode-27.0.0.app/Contents/Developer/Platforms/WatchOS.platform/Developer/usr/lib -F /Users/admin/builder/spi-builder-workspace/.derivedData/Build/Products/Debug-watchos -F /Applications/Xcode-27.0.0.app/Contents/Developer/Platforms/WatchOS.platform/Developer/Library/Frameworks -F /Applications/Xcode-27.0.0.app/Contents/Developer/Platforms/WatchOS.platform/Developer/SDKs/WatchOS27.0.sdk/Developer/Library/Frameworks -c -j10 -enable-batch-mode -incremental -Xcc -ivfsstatcache -Xcc /Users/admin/builder/spi-builder-workspace/.derivedData/SDKStatCaches.noindex/watchos27.0-24R360-e829b21a6f8c9b70876ba0858053c044b9db9bc9c079ee3c7b5f3373b13d10bc.sdkstatcache -output-file-map /Users/admin/builder/spi-builder-workspace/.derivedData/Build/Intermediates.noindex/AEPRulesEngine.build/Debug-watchos/AEPRulesEngine-t.build/Objects-normal/arm64_32/AEPRulesEngine-OutputFileMap.json -save-temps -no-color-diagnostics -explicit-module-build -module-cache-path /Users/admin/builder/spi-builder-workspace/.derivedData/Build/Intermediates.noindex/SwiftExplicitPrecompiledModules -clang-scanner-module-cache-path /Users/admin/builder/spi-builder-workspace/.derivedData/ModuleCache.noindex -sdk-module-cache-path /Users/admin/builder/spi-builder-workspace/.derivedData/SDKExplicitPrecompiledModules -emit-dependencies -emit-module -emit-module-path /Users/admin/builder/spi-builder-workspace/.derivedData/Build/Intermediates.noindex/AEPRulesEngine.build/Debug-watchos/AEPRulesEngine-t.build/Objects-normal/arm64_32/AEPRulesEngine.swiftmodule -serialize-diagnostics -dependency-scan-serialize-diagnostics-path /Users/admin/builder/spi-builder-workspace/.derivedData/Build/Intermediates.noindex/AEPRulesEngine.build/Debug-watchos/AEPRulesEngine-t.build/Objects-normal/arm64_32/AEPRulesEngine-dependency-scan.dia -validate-clang-modules-once -clang-build-session-file /Users/admin/builder/spi-builder-workspace/.derivedData/ModuleCache.noindex/Session.modulevalidation -Xcc -fmodules-prune-interval\=86400 -Xcc -fmodules-prune-after\=345600 -emit-const-values -const-gather-protocols-list /Users/admin/builder/spi-builder-workspace/.derivedData/Build/Intermediates.noindex/AEPRulesEngine.build/Debug-watchos/AEPRulesEngine-t.build/Objects-normal/arm64_32/AEPRulesEngine_const_extract_protocols.json -Xcc -I/Users/admin/builder/spi-builder-workspace/.derivedData/Build/Products/Debug-watchos/include -Xcc -I/Users/admin/builder/spi-builder-workspace/.derivedData/Build/Intermediates.noindex/AEPRulesEngine.build/Debug-watchos/AEPRulesEngine-t.build/DerivedSources-normal/arm64_32 -Xcc -I/Users/admin/builder/spi-builder-workspace/.derivedData/Build/Intermediates.noindex/AEPRulesEngine.build/Debug-watchos/AEPRulesEngine-t.build/DerivedSources/arm64_32 -Xcc -I/Users/admin/builder/spi-builder-workspace/.derivedData/Build/Intermediates.noindex/AEPRulesEngine.build/Debug-watchos/AEPRulesEngine-t.build/DerivedSources -Xcc -DSWIFT_PACKAGE -Xcc -DDEBUG\=1 -emit-objc-header -emit-objc-header-path /Users/admin/builder/spi-builder-workspace/.derivedData/Build/Intermediates.noindex/AEPRulesEngine.build/Debug-watchos/AEPRulesEngine-t.build/Objects-normal/arm64_32/AEPRulesEngine-Swift.h -working-directory /Users/admin/builder/spi-builder-workspace/.swiftpm/xcode -experimental-emit-module-separately -disable-cmo
SwiftDriver AEPServices normal arm64 com.apple.xcode.tools.swift.compiler (in target 'AEPServices' from project 'AEPCore')
    cd /Users/admin/builder/spi-builder-workspace/.swiftpm/xcode
    builtin-SwiftDriver -- /Applications/Xcode-27.0.0.app/Contents/Developer/Toolchains/XcodeDefault.xctoolchain/usr/bin/swiftc -parse-as-library -module-name AEPServices -Onone @/Users/admin/builder/spi-builder-workspace/.derivedData/Build/Intermediates.noindex/AEPCore.build/Debug-watchos/AEPServices-t.build/Objects-normal/arm64/AEPServices.SwiftFileList -DSWIFT_PACKAGE -DDEBUG -DSWIFT_MODULE_RESOURCE_BUNDLE_AVAILABLE -DXcode -plugin-path /Applications/Xcode-27.0.0.app/Contents/Developer/Toolchains/XcodeDefault.xctoolchain/usr/lib/swift/host/plugins/testing -enable-experimental-feature DebugDescriptionMacro -sdk /Applications/Xcode-27.0.0.app/Contents/Developer/Platforms/WatchOS.platform/Developer/SDKs/WatchOS27.0.sdk -target arm64-apple-watchos9.0 -g -module-cache-path /Users/admin/builder/spi-builder-workspace/.derivedData/ModuleCache.noindex -Xfrontend -serialize-debugging-options -enable-testing -suppress-warnings -index-store-path /Users/admin/builder/spi-builder-workspace/.derivedData/Index.noindex/DataStore -Xcc -D_LIBCPP_HARDENING_MODE\=_LIBCPP_HARDENING_MODE_DEBUG -swift-version 5 -I /Users/admin/builder/spi-builder-workspace/.derivedData/Build/Products/Debug-watchos -Isystem /Applications/Xcode-27.0.0.app/Contents/Developer/Platforms/WatchOS.platform/Developer/usr/lib -F /Users/admin/builder/spi-builder-workspace/.derivedData/Build/Products/Debug-watchos -F /Applications/Xcode-27.0.0.app/Contents/Developer/Platforms/WatchOS.platform/Developer/Library/Frameworks -F /Applications/Xcode-27.0.0.app/Contents/Developer/Platforms/WatchOS.platform/Developer/SDKs/WatchOS27.0.sdk/Developer/Library/Frameworks -c -j10 -enable-batch-mode -incremental -Xcc -ivfsstatcache -Xcc /Users/admin/builder/spi-builder-workspace/.derivedData/SDKStatCaches.noindex/watchos27.0-24R360-e829b21a6f8c9b70876ba0858053c044b9db9bc9c079ee3c7b5f3373b13d10bc.sdkstatcache -output-file-map /Users/admin/builder/spi-builder-workspace/.derivedData/Build/Intermediates.noindex/AEPCore.build/Debug-watchos/AEPServices-t.build/Objects-normal/arm64/AEPServices-OutputFileMap.json -save-temps -no-color-diagnostics -explicit-module-build -module-cache-path /Users/admin/builder/spi-builder-workspace/.derivedData/Build/Intermediates.noindex/SwiftExplicitPrecompiledModules -clang-scanner-module-cache-path /Users/admin/builder/spi-builder-workspace/.derivedData/ModuleCache.noindex -sdk-module-cache-path /Users/admin/builder/spi-builder-workspace/.derivedData/SDKExplicitPrecompiledModules -emit-dependencies -emit-module -emit-module-path /Users/admin/builder/spi-builder-workspace/.derivedData/Build/Intermediates.noindex/AEPCore.build/Debug-watchos/AEPServices-t.build/Objects-normal/arm64/AEPServices.swiftmodule -serialize-diagnostics -dependency-scan-serialize-diagnostics-path /Users/admin/builder/spi-builder-workspace/.derivedData/Build/Intermediates.noindex/AEPCore.build/Debug-watchos/AEPServices-t.build/Objects-normal/arm64/AEPServices-dependency-scan.dia -validate-clang-modules-once -clang-build-session-file /Users/admin/builder/spi-builder-workspace/.derivedData/ModuleCache.noindex/Session.modulevalidation -Xcc -fmodules-prune-interval\=86400 -Xcc -fmodules-prune-after\=345600 -emit-const-values -const-gather-protocols-list /Users/admin/builder/spi-builder-workspace/.derivedData/Build/Intermediates.noindex/AEPCore.build/Debug-watchos/AEPServices-t.build/Objects-normal/arm64/AEPServices_const_extract_protocols.json -Xcc -I/Users/admin/builder/spi-builder-workspace/.derivedData/Build/Products/Debug-watchos/include -Xcc -I/Users/admin/builder/spi-builder-workspace/.derivedData/Build/Intermediates.noindex/AEPCore.build/Debug-watchos/AEPServices-t.build/DerivedSources-normal/arm64 -Xcc -I/Users/admin/builder/spi-builder-workspace/.derivedData/Build/Intermediates.noindex/AEPCore.build/Debug-watchos/AEPServices-t.build/DerivedSources/arm64 -Xcc -I/Users/admin/builder/spi-builder-workspace/.derivedData/Build/Intermediates.noindex/AEPCore.build/Debug-watchos/AEPServices-t.build/DerivedSources -Xcc -DSWIFT_PACKAGE -Xcc -DDEBUG\=1 -emit-objc-header -emit-objc-header-path /Users/admin/builder/spi-builder-workspace/.derivedData/Build/Intermediates.noindex/AEPCore.build/Debug-watchos/AEPServices-t.build/Objects-normal/arm64/AEPServices-Swift.h -working-directory /Users/admin/builder/spi-builder-workspace/.swiftpm/xcode -experimental-emit-module-separately -disable-cmo
SwiftExplicitDependencyGeneratePcm arm64_32 /Users/admin/builder/spi-builder-workspace/.derivedData/SDKExplicitPrecompiledModules/_Builtin_float-EO919BOWGZLY4R4CLQ07XGI1B.pcm
SwiftExplicitDependencyGeneratePcm arm64_32 /Users/admin/builder/spi-builder-workspace/.derivedData/SDKExplicitPrecompiledModules/_Builtin_stdarg-EIY5S589Q5DGECFY19XTQD8M7.pcm
SwiftExplicitDependencyGeneratePcm arm64_32 /Users/admin/builder/spi-builder-workspace/.derivedData/SDKExplicitPrecompiledModules/_Builtin_stdbool-2R26DWCM83W66RITBNPVY8WLG.pcm
SwiftExplicitDependencyGeneratePcm arm64_32 /Users/admin/builder/spi-builder-workspace/.derivedData/SDKExplicitPrecompiledModules/SwiftShims-FK6J9H4F4DCVC1W0HC6IAN7E.pcm
SwiftExplicitDependencyGeneratePcm arm64_32 /Users/admin/builder/spi-builder-workspace/.derivedData/SDKExplicitPrecompiledModules/_Builtin_stddef-7IVIF81HCPH4VETEG4IKQ3UQQ.pcm
SwiftExplicitDependencyGeneratePcm arm64_32 /Users/admin/builder/spi-builder-workspace/.derivedData/SDKExplicitPrecompiledModules/ptrauth-9TF4O22D6TX777CFS74NYS6CY.pcm
SwiftExplicitDependencyGeneratePcm arm64 /Users/admin/builder/spi-builder-workspace/.derivedData/SDKExplicitPrecompiledModules/_Builtin_stdarg-E27KV476VNYRQJFKM7GUWE5EB.pcm
SwiftExplicitDependencyGeneratePcm arm64_32 /Users/admin/builder/spi-builder-workspace/.derivedData/SDKExplicitPrecompiledModules/ptrcheck-BR45GYU0OXGGBT6UQES0MQ1N0.pcm
SwiftExplicitDependencyGeneratePcm arm64 /Users/admin/builder/spi-builder-workspace/.derivedData/SDKExplicitPrecompiledModules/_SwiftConcurrencyShims-DV7QQKPN6TGJGC9GZTKV2BO5H.pcm
SwiftExplicitDependencyGeneratePcm arm64 /Users/admin/builder/spi-builder-workspace/.derivedData/SDKExplicitPrecompiledModules/ptrauth-6SG94WK08IK1YCEWQOZD37DN0.pcm
SwiftExplicitDependencyGeneratePcm arm64_32 /Users/admin/builder/spi-builder-workspace/.derivedData/SDKExplicitPrecompiledModules/_AvailabilityInternal-17Z6RE1QMV2VXWEMAC9MW0NL2.pcm
SwiftExplicitDependencyGeneratePcm arm64 /Users/admin/builder/spi-builder-workspace/.derivedData/SDKExplicitPrecompiledModules/ptrcheck-7FGMFZLUYUYHQ4SHZ6QURH9XO.pcm
SwiftExplicitDependencyGeneratePcm arm64 /Users/admin/builder/spi-builder-workspace/.derivedData/SDKExplicitPrecompiledModules/_Builtin_stdbool-3K4XSB9Q4L8IFTW70XLGVL6XX.pcm
SwiftExplicitDependencyGeneratePcm arm64 /Users/admin/builder/spi-builder-workspace/.derivedData/SDKExplicitPrecompiledModules/SwiftShims-EF6MVIY0O67MYUVBFUXUVMSI1.pcm
SwiftExplicitDependencyGeneratePcm arm64 /Users/admin/builder/spi-builder-workspace/.derivedData/SDKExplicitPrecompiledModules/_Builtin_float-5CYEICIOR71FH3JNBYO5RNW2Y.pcm
SwiftExplicitDependencyGeneratePcm arm64_32 /Users/admin/builder/spi-builder-workspace/.derivedData/SDKExplicitPrecompiledModules/_SwiftConcurrencyShims-EMXWUK5EGT5ME6C38RQNDWMNP.pcm
SwiftExplicitDependencyGeneratePcm arm64 /Users/admin/builder/spi-builder-workspace/.derivedData/SDKExplicitPrecompiledModules/_AvailabilityInternal-AF5SKZ02JKM4MFX7SHRO95N5P.pcm
SwiftExplicitDependencyGeneratePcm arm64 /Users/admin/builder/spi-builder-workspace/.derivedData/SDKExplicitPrecompiledModules/_Builtin_stddef-A11S6F17KAXV30S0KGP5CR2HY.pcm
SwiftExplicitDependencyGeneratePcm arm64_32 /Users/admin/builder/spi-builder-workspace/.derivedData/SDKExplicitPrecompiledModules/_DarwinFoundation1-7K8R5BSKT1Q8NA8EO8Y97BRPU.pcm
SwiftExplicitDependencyGeneratePcm arm64 /Users/admin/builder/spi-builder-workspace/.derivedData/SDKExplicitPrecompiledModules/_DarwinFoundation1-7N0SGXTYCHMGUJDV48PP21F4C.pcm
SwiftExplicitDependencyGeneratePcm arm64_32 /Users/admin/builder/spi-builder-workspace/.derivedData/SDKExplicitPrecompiledModules/_Builtin_limits-GUPGFJ078RLT756BNJI0XWL.pcm
SwiftExplicitDependencyGeneratePcm arm64_32 /Users/admin/builder/spi-builder-workspace/.derivedData/SDKExplicitPrecompiledModules/_DarwinFoundation2-1L1DGA5Y00GMMUA6S1357T8P5.pcm
SwiftExplicitDependencyGeneratePcm arm64 /Users/admin/builder/spi-builder-workspace/.derivedData/SDKExplicitPrecompiledModules/_DarwinFoundation2-4L3FV1RX9YL087FSDMFO2ZHRG.pcm
SwiftExplicitDependencyGeneratePcm arm64 /Users/admin/builder/spi-builder-workspace/.derivedData/SDKExplicitPrecompiledModules/_Builtin_limits-8ZG2VQ8V2RYXL3B9Y4E6DGCH0.pcm
SwiftExplicitDependencyGeneratePcm arm64_32 /Users/admin/builder/spi-builder-workspace/.derivedData/SDKExplicitPrecompiledModules/DeveloperToolsSupport-8UUKUF1F7527LS7YEIL999781.pcm
SwiftExplicitDependencyGeneratePcm arm64_32 /Users/admin/builder/spi-builder-workspace/.derivedData/SDKExplicitPrecompiledModules/SQLite3-8TG5GDKBYPUKSAWAJSJQ8TO7L.pcm
SwiftExplicitDependencyGeneratePcm arm64_32 /Users/admin/builder/spi-builder-workspace/.derivedData/SDKExplicitPrecompiledModules/_Builtin_tgmath-DLHJX8PIH8R66J3SRIOGOYIMC.pcm
SwiftExplicitDependencyGeneratePcm arm64_32 /Users/admin/builder/spi-builder-workspace/.derivedData/SDKExplicitPrecompiledModules/string_h-81YP5J2UC53QPS4YO8SKG6A9D.pcm
SwiftExplicitDependencyGeneratePcm arm64 /Users/admin/builder/spi-builder-workspace/.derivedData/SDKExplicitPrecompiledModules/DeveloperToolsSupport-8UKX37WK4Y6NM0OTO6P0BMRWX.pcm
SwiftExplicitDependencyGeneratePcm arm64 /Users/admin/builder/spi-builder-workspace/.derivedData/SDKExplicitPrecompiledModules/SQLite3-7VJ2APDT32AFM3NWUIQU2E0HD.pcm
SwiftExplicitDependencyGeneratePcm arm64_32 /Users/admin/builder/spi-builder-workspace/.derivedData/SDKExplicitPrecompiledModules/sys_types-DW6ACFLMOYH9H8JQZARI5K6PT.pcm
SwiftExplicitDependencyGeneratePcm arm64_32 /Users/admin/builder/spi-builder-workspace/.derivedData/SDKExplicitPrecompiledModules/_Builtin_stdint-CO1ZFP9095O15L3XEZDZ5QRCE.pcm
SwiftExplicitDependencyGeneratePcm arm64 /Users/admin/builder/spi-builder-workspace/.derivedData/SDKExplicitPrecompiledModules/_Builtin_tgmath-6OCQL7105SKNHIWR72LQJZ96P.pcm
SwiftExplicitDependencyGeneratePcm arm64 /Users/admin/builder/spi-builder-workspace/.derivedData/SDKExplicitPrecompiledModules/_Builtin_stdint-DVIV8NGT87UZG5NODZGBEN6MQ.pcm
SwiftExplicitDependencyGeneratePcm arm64 /Users/admin/builder/spi-builder-workspace/.derivedData/SDKExplicitPrecompiledModules/string_h-6DIFPQAW6XJKBOLA1RB9BDYNT.pcm
SwiftExplicitDependencyGeneratePcm arm64 /Users/admin/builder/spi-builder-workspace/.derivedData/SDKExplicitPrecompiledModules/sys_types-1QTBK62RTLQOA6UPGMTAIO90V.pcm
SwiftExplicitDependencyGeneratePcm arm64_32 /Users/admin/builder/spi-builder-workspace/.derivedData/SDKExplicitPrecompiledModules/_Builtin_stdatomic-3XRUFMQEDTJCWQU2P327LNI0O.pcm
SwiftExplicitDependencyGeneratePcm arm64_32 /Users/admin/builder/spi-builder-workspace/.derivedData/SDKExplicitPrecompiledModules/_Builtin_intrinsics-CS3GVPE30VKMJAG4B9LVWWD8.pcm
SwiftExplicitDependencyGeneratePcm arm64_32 /Users/admin/builder/spi-builder-workspace/.derivedData/SDKExplicitPrecompiledModules/_DarwinFoundation3-4REFBLLOYWM9TKF690AB5HG9D.pcm
SwiftExplicitDependencyGeneratePcm arm64 /Users/admin/builder/spi-builder-workspace/.derivedData/SDKExplicitPrecompiledModules/_Builtin_intrinsics-BFKP38HM4DQSTO5RTUB4PSD2N.pcm
SwiftExplicitDependencyGeneratePcm arm64 /Users/admin/builder/spi-builder-workspace/.derivedData/SDKExplicitPrecompiledModules/_Builtin_stdatomic-5PMTKJDURAT1MUA3ZRJ5SJ78L.pcm
SwiftExplicitDependencyGeneratePcm arm64 /Users/admin/builder/spi-builder-workspace/.derivedData/SDKExplicitPrecompiledModules/_DarwinFoundation3-69S1IZN54A04V40F6LZUZQM1U.pcm
SwiftExplicitDependencyGeneratePcm arm64_32 /Users/admin/builder/spi-builder-workspace/.derivedData/SDKExplicitPrecompiledModules/_Builtin_inttypes-19ZDGQRY4BC1GU2LLTSHVKQ7Z.pcm
SwiftExplicitDependencyGeneratePcm arm64 /Users/admin/builder/spi-builder-workspace/.derivedData/SDKExplicitPrecompiledModules/_Builtin_inttypes-4BBW9ODF46683IQN290Q5KPBZ.pcm
SwiftExplicitDependencyGeneratePcm arm64_32 /Users/admin/builder/spi-builder-workspace/.derivedData/SDKExplicitPrecompiledModules/Darwin-5AE17T3V4HG2DSUV5M88MTR6P.pcm
SwiftExplicitDependencyGeneratePcm arm64 /Users/admin/builder/spi-builder-workspace/.derivedData/SDKExplicitPrecompiledModules/Darwin-CVUA7MO0M8ZZXZHP5VQJDYARR.pcm
SwiftExplicitDependencyGeneratePcm arm64_32 /Users/admin/builder/spi-builder-workspace/.derivedData/SDKExplicitPrecompiledModules/simd-DG4EVNQLCPJMLRKMCV7CZUGYL.pcm
SwiftExplicitDependencyGeneratePcm arm64 /Users/admin/builder/spi-builder-workspace/.derivedData/SDKExplicitPrecompiledModules/simd-CSWH6RLLGVRAXR77KBHX7NQJK.pcm
SwiftExplicitDependencyGeneratePcm arm64_32 /Users/admin/builder/spi-builder-workspace/.derivedData/SDKExplicitPrecompiledModules/MachO-8ZC82KUF1MCK2UUP46TYM0LNO.pcm
SwiftExplicitDependencyGeneratePcm arm64_32 /Users/admin/builder/spi-builder-workspace/.derivedData/SDKExplicitPrecompiledModules/Compression-CAG5WQYUO69ECWHI7J9PE843E.pcm
SwiftExplicitDependencyGeneratePcm arm64_32 /Users/admin/builder/spi-builder-workspace/.derivedData/SDKExplicitPrecompiledModules/ObjectiveC-C2SXBJ4XCHOPW37WE6EYH1VP6.pcm
SwiftExplicitDependencyGeneratePcm arm64 /Users/admin/builder/spi-builder-workspace/.derivedData/SDKExplicitPrecompiledModules/ObjectiveC-AOKE7RYV3JL8DQK6GFG7FC40F.pcm
SwiftExplicitDependencyGeneratePcm arm64 /Users/admin/builder/spi-builder-workspace/.derivedData/SDKExplicitPrecompiledModules/MachO-7ZBY7PZ84IANKZL0EFL1URBGX.pcm
SwiftExplicitDependencyGeneratePcm arm64 /Users/admin/builder/spi-builder-workspace/.derivedData/SDKExplicitPrecompiledModules/Compression-5OM4YEJGXTFPFG855V816UKU.pcm
SwiftExplicitDependencyGeneratePcm arm64_32 /Users/admin/builder/spi-builder-workspace/.derivedData/SDKExplicitPrecompiledModules/os_object-C5UW3I42CB38OJPDAJAIGQSU0.pcm
SwiftExplicitDependencyGeneratePcm arm64 /Users/admin/builder/spi-builder-workspace/.derivedData/SDKExplicitPrecompiledModules/os_object-62CJ1DQOY9KI8Y9HLE6T7NWGU.pcm
SwiftExplicitDependencyGeneratePcm arm64_32 /Users/admin/builder/spi-builder-workspace/.derivedData/SDKExplicitPrecompiledModules/os_workgroup-EVS28DTM5N1LI6SPC508XAGAM.pcm
SwiftExplicitDependencyGeneratePcm arm64 /Users/admin/builder/spi-builder-workspace/.derivedData/SDKExplicitPrecompiledModules/os_workgroup-CZ3P364CI14HMS8EFDSYWQPJL.pcm
SwiftExplicitDependencyGeneratePcm arm64_32 /Users/admin/builder/spi-builder-workspace/.derivedData/SDKExplicitPrecompiledModules/Spatial-377TCL7ZGTGSNLFPBH2YHADNJ.pcm
SwiftExplicitDependencyGeneratePcm arm64 /Users/admin/builder/spi-builder-workspace/.derivedData/SDKExplicitPrecompiledModules/Spatial-7ML55CIU734I4OPDAKYST1YKH.pcm
SwiftExplicitDependencyGeneratePcm arm64_32 /Users/admin/builder/spi-builder-workspace/.derivedData/SDKExplicitPrecompiledModules/Dispatch-58FLILJX3CKQLRDJCB3SG6E1Q.pcm
SwiftExplicitDependencyGeneratePcm arm64 /Users/admin/builder/spi-builder-workspace/.derivedData/SDKExplicitPrecompiledModules/Dispatch-58O9QPTF6ST7V8A7GDQ5Y1XHS.pcm
SwiftExplicitDependencyGeneratePcm arm64_32 /Users/admin/builder/spi-builder-workspace/.derivedData/SDKExplicitPrecompiledModules/dnssd-6JN4C6938RRQ8JLM02CYELQ6E.pcm
SwiftExplicitDependencyGeneratePcm arm64_32 /Users/admin/builder/spi-builder-workspace/.derivedData/SDKExplicitPrecompiledModules/CoreFoundation-1ISY9HVX5FUTVX25NNCPUZPKQ.pcm
SwiftExplicitDependencyGeneratePcm arm64_32 /Users/admin/builder/spi-builder-workspace/.derivedData/SDKExplicitPrecompiledModules/XPC-958V8Q6FCC4PLYT1DZZ19RJS9.pcm
SwiftExplicitDependencyGeneratePcm arm64 /Users/admin/builder/spi-builder-workspace/.derivedData/SDKExplicitPrecompiledModules/CoreFoundation-58AC9CNNA0EIGC7FAX7P2A24P.pcm
SwiftExplicitDependencyGeneratePcm arm64 /Users/admin/builder/spi-builder-workspace/.derivedData/SDKExplicitPrecompiledModules/XPC-57GG1FI5M2I09XYXHZQ4RT3LB.pcm
SwiftExplicitDependencyGeneratePcm arm64 /Users/admin/builder/spi-builder-workspace/.derivedData/SDKExplicitPrecompiledModules/dnssd-4AI8S7G0K06P6IZZFRJ1ND2EP.pcm
SwiftExplicitDependencyGeneratePcm arm64_32 /Users/admin/builder/spi-builder-workspace/.derivedData/SDKExplicitPrecompiledModules/os-7R73UEPR1WAV6HIFTG5SSR1O2.pcm
SwiftExplicitDependencyGeneratePcm arm64 /Users/admin/builder/spi-builder-workspace/.derivedData/SDKExplicitPrecompiledModules/os-B7MMBX2Y1BC2Z263ELOZHAZ3H.pcm
SwiftExplicitDependencyGeneratePcm arm64_32 /Users/admin/builder/spi-builder-workspace/.derivedData/SDKExplicitPrecompiledModules/CoreGraphics-59FVANFAOHMLOOF3WD5RLEOES.pcm
SwiftExplicitDependencyGeneratePcm arm64_32 /Users/admin/builder/spi-builder-workspace/.derivedData/SDKExplicitPrecompiledModules/Security-BYUKV3XOOFSMJINIAFUSOBX3G.pcm
SwiftExplicitDependencyGeneratePcm arm64 /Users/admin/builder/spi-builder-workspace/.derivedData/SDKExplicitPrecompiledModules/CoreGraphics-7AG7A5C0DUHJBWO013GNWN96N.pcm
SwiftExplicitDependencyGeneratePcm arm64 /Users/admin/builder/spi-builder-workspace/.derivedData/SDKExplicitPrecompiledModules/Security-CIP7TOFQEQF2GF4IJ44ZCF1OG.pcm
SwiftExplicitDependencyGeneratePcm arm64_32 /Users/admin/builder/spi-builder-workspace/.derivedData/SDKExplicitPrecompiledModules/Foundation-69CEH4QYZZMCOQZ4UEW8XRYBG.pcm
SwiftExplicitDependencyGeneratePcm arm64 /Users/admin/builder/spi-builder-workspace/.derivedData/SDKExplicitPrecompiledModules/Foundation-8Z6HVB6J38TM6E0X2YZ0SQT9H.pcm
SwiftExplicitDependencyGeneratePcm arm64_32 /Users/admin/builder/spi-builder-workspace/.derivedData/SDKExplicitPrecompiledModules/CoreText-7KTAP1GJS5LAL54PY0YFS6B8H.pcm
SwiftExplicitDependencyGeneratePcm arm64_32 /Users/admin/builder/spi-builder-workspace/.derivedData/SDKExplicitPrecompiledModules/CoreVideo-4ZGZA7ONJGOLQDZB8UNDVRKW5.pcm
SwiftExplicitDependencyGeneratePcm arm64 /Users/admin/builder/spi-builder-workspace/.derivedData/SDKExplicitPrecompiledModules/CoreText-3S01TUG0VLLOF4ER2B95WZCR5.pcm
SwiftExplicitDependencyGeneratePcm arm64 /Users/admin/builder/spi-builder-workspace/.derivedData/SDKExplicitPrecompiledModules/CoreVideo-C44DVKJNODH28YMC5SEXWVOWR.pcm
SwiftExplicitDependencyGeneratePcm arm64 /Users/admin/builder/spi-builder-workspace/.derivedData/SDKExplicitPrecompiledModules/QuartzCore-2Y9U3581EK6VREQ762NVMXV4W.pcm
SwiftExplicitDependencyGeneratePcm arm64 /Users/admin/builder/spi-builder-workspace/.derivedData/SDKExplicitPrecompiledModules/UserNotifications-2OYX5669SEDP32XPBIUN6CBFD.pcm
SwiftExplicitDependencyGeneratePcm arm64 /Users/admin/builder/spi-builder-workspace/.derivedData/SDKExplicitPrecompiledModules/DataDetection-ATFJGS4FR6AGPG9P5TVBZNW3O.pcm
SwiftExplicitDependencyGeneratePcm arm64 /Users/admin/builder/spi-builder-workspace/.derivedData/SDKExplicitPrecompiledModules/CoreTransferable-4SW3G4U6UIS29AOHC9ZVG0MY2.pcm
SwiftExplicitDependencyGeneratePcm arm64 /Users/admin/builder/spi-builder-workspace/.derivedData/SDKExplicitPrecompiledModules/Network-ERQOQNVQCVCMZZRSA2245PUYN.pcm
SwiftExplicitDependencyGeneratePcm arm64 /Users/admin/builder/spi-builder-workspace/.derivedData/SDKExplicitPrecompiledModules/UIUtilities-DXNWZ2TCJXFQ2A7ESDZ6J2XYO.pcm
SwiftEmitModule normal arm64 Emitting\ module\ for\ AEPRulesEngine (in target 'AEPRulesEngine' from project 'AEPRulesEngine')
SwiftCompile normal arm64 (in target 'AEPRulesEngine' from project 'AEPRulesEngine')
    cd /Users/admin/builder/spi-builder-workspace/.swiftpm/xcode

SwiftEmitModule normal arm64_32 Emitting\ module\ for\ AEPRulesEngine (in target 'AEPRulesEngine' from project 'AEPRulesEngine')
SwiftCompile normal arm64_32 (in target 'AEPRulesEngine' from project 'AEPRulesEngine')
    cd /Users/admin/builder/spi-builder-workspace/.swiftpm/xcode

SwiftExplicitDependencyGeneratePcm arm64_32 /Users/admin/builder/spi-builder-workspace/.derivedData/SDKExplicitPrecompiledModules/Symbols-OLX9XIE0GLM2YWAI20FII4R4.pcm
SwiftExplicitDependencyGeneratePcm arm64 /Users/admin/builder/spi-builder-workspace/.derivedData/SDKExplicitPrecompiledModules/Accessibility-DX1IW2AOS22HM0GCPHLUWDNU6.pcm
SwiftExplicitDependencyGeneratePcm arm64_32 /Users/admin/builder/spi-builder-workspace/.derivedData/SDKExplicitPrecompiledModules/Accessibility-CKXOXWYUQQ2O48CH4UU13Z2JM.pcm
SwiftExplicitDependencyGeneratePcm arm64_32 /Users/admin/builder/spi-builder-workspace/.derivedData/SDKExplicitPrecompiledModules/UniformTypeIdentifiers-F3GUTV7D2LYY308MCT35WC4NO.pcm
SwiftExplicitDependencyGeneratePcm arm64_32 /Users/admin/builder/spi-builder-workspace/.derivedData/SDKExplicitPrecompiledModules/OSLog-A6EJL732IY339NVWJTGU4BNYJ.pcm
SwiftExplicitDependencyGeneratePcm arm64_32 /Users/admin/builder/spi-builder-workspace/.derivedData/SDKExplicitPrecompiledModules/QuartzCore-3YZD3YA7Z4MWTYCYTBEZPNQON.pcm
SwiftExplicitDependencyGeneratePcm arm64 /Users/admin/builder/spi-builder-workspace/.derivedData/SDKExplicitPrecompiledModules/Symbols-2RMK9LW2HHS47WUUU80KV2ZIF.pcm
SwiftExplicitDependencyGeneratePcm arm64_32 /Users/admin/builder/spi-builder-workspace/.derivedData/SDKExplicitPrecompiledModules/UIUtilities-1HASPTR721UBF2PWAKJDM1FL3.pcm
SwiftExplicitDependencyGeneratePcm arm64_32 /Users/admin/builder/spi-builder-workspace/.derivedData/SDKExplicitPrecompiledModules/Network-DKNDDJOGFDCN5Y9E6SF7KFIJU.pcm
SwiftExplicitDependencyGeneratePcm arm64_32 /Users/admin/builder/spi-builder-workspace/.derivedData/SDKExplicitPrecompiledModules/DataDetection-CZFLLU0QMVW8HYPP57I4S0DSC.pcm
SwiftExplicitDependencyGeneratePcm arm64 /Users/admin/builder/spi-builder-workspace/.derivedData/SDKExplicitPrecompiledModules/SwiftUICore-F44576R4QP5SWTA4Z0CG8BW69.pcm
SwiftExplicitDependencyGeneratePcm arm64_32 /Users/admin/builder/spi-builder-workspace/.derivedData/SDKExplicitPrecompiledModules/_LocationEssentials-7GE423HTZGPAUTJNPKWMXDZHU.pcm
SwiftExplicitDependencyGeneratePcm arm64 /Users/admin/builder/spi-builder-workspace/.derivedData/SDKExplicitPrecompiledModules/UniformTypeIdentifiers-3C1XTOT5B3B3PLKZT0HC6VBQO.pcm
SwiftExplicitDependencyGeneratePcm arm64_32 /Users/admin/builder/spi-builder-workspace/.derivedData/SDKExplicitPrecompiledModules/UserNotifications-BPMOWA2WADZEME8R9G4GASVM.pcm
SwiftExplicitDependencyGeneratePcm arm64 /Users/admin/builder/spi-builder-workspace/.derivedData/SDKExplicitPrecompiledModules/OSLog-1PSI98ZFAU5MF2OCSPTPFVD66.pcm
SwiftExplicitDependencyGeneratePcm arm64 /Users/admin/builder/spi-builder-workspace/.derivedData/SDKExplicitPrecompiledModules/_LocationEssentials-592D72KC42GLPLPFVJNXXBBEK.pcm
SwiftExplicitDependencyGeneratePcm arm64_32 /Users/admin/builder/spi-builder-workspace/.derivedData/SDKExplicitPrecompiledModules/CoreTransferable-CNRFYTWZST27Y961TFFMJJSWW.pcm
SwiftCompile normal arm64_32 Compiling\ TemplateParser.swift,\ Transformer.swift /Users/admin/builder/spi-builder-workspace/.dependencies/checkouts/aepsdk-rulesengine-ios/Sources/AEPRulesEngine/Template/TemplateParser.swift /Users/admin/builder/spi-builder-workspace/.dependencies/checkouts/aepsdk-rulesengine-ios/Sources/AEPRulesEngine/Transformer.swift (in target 'AEPRulesEngine' from project 'AEPRulesEngine')
SwiftCompile normal arm64_32 /Users/admin/builder/spi-builder-workspace/.dependencies/checkouts/aepsdk-rulesengine-ios/Sources/AEPRulesEngine/Template/TemplateParser.swift (in target 'AEPRulesEngine' from project 'AEPRulesEngine')
    cd /Users/admin/builder/spi-builder-workspace/.swiftpm/xcode
    builtin-SwiftPerFileCompile TemplateParser.swift
SwiftCompile normal arm64_32 /Users/admin/builder/spi-builder-workspace/.dependencies/checkouts/aepsdk-rulesengine-ios/Sources/AEPRulesEngine/Transformer.swift (in target 'AEPRulesEngine' from project 'AEPRulesEngine')
    cd /Users/admin/builder/spi-builder-workspace/.swiftpm/xcode
    builtin-SwiftPerFileCompile Transformer.swift
SwiftExplicitDependencyGeneratePcm arm64_32 /Users/admin/builder/spi-builder-workspace/.derivedData/SDKExplicitPrecompiledModules/SwiftUICore-55CZLUBD3974QKFT3IL0PRWPE.pcm
SwiftCompile normal arm64_32 Compiling\ LogLevel.swift,\ Logging.swift,\ Operand+Literal.swift /Users/admin/builder/spi-builder-workspace/.dependencies/checkouts/aepsdk-rulesengine-ios/Sources/AEPRulesEngine/Log/LogLevel.swift /Users/admin/builder/spi-builder-workspace/.dependencies/checkouts/aepsdk-rulesengine-ios/Sources/AEPRulesEngine/Log/Logging.swift /Users/admin/builder/spi-builder-workspace/.dependencies/checkouts/aepsdk-rulesengine-ios/Sources/AEPRulesEngine/Operand+Literal.swift (in target 'AEPRulesEngine' from project 'AEPRulesEngine')
SwiftCompile normal arm64_32 /Users/admin/builder/spi-builder-workspace/.dependencies/checkouts/aepsdk-rulesengine-ios/Sources/AEPRulesEngine/Log/LogLevel.swift (in target 'AEPRulesEngine' from project 'AEPRulesEngine')
    cd /Users/admin/builder/spi-builder-workspace/.swiftpm/xcode
    builtin-SwiftPerFileCompile LogLevel.swift
SwiftCompile normal arm64_32 /Users/admin/builder/spi-builder-workspace/.dependencies/checkouts/aepsdk-rulesengine-ios/Sources/AEPRulesEngine/Log/Logging.swift (in target 'AEPRulesEngine' from project 'AEPRulesEngine')
    cd /Users/admin/builder/spi-builder-workspace/.swiftpm/xcode
    builtin-SwiftPerFileCompile Logging.swift
SwiftCompile normal arm64_32 /Users/admin/builder/spi-builder-workspace/.dependencies/checkouts/aepsdk-rulesengine-ios/Sources/AEPRulesEngine/Operand+Literal.swift (in target 'AEPRulesEngine' from project 'AEPRulesEngine')
    cd /Users/admin/builder/spi-builder-workspace/.swiftpm/xcode
    builtin-SwiftPerFileCompile Operand+Literal.swift
SwiftExplicitDependencyGeneratePcm arm64_32 /Users/admin/builder/spi-builder-workspace/.derivedData/SDKExplicitPrecompiledModules/CoreLocation-27G5URXACTR146TYQKM9JMGFV.pcm
SwiftCompile normal arm64 Compiling\ ComparisonExpression.swift,\ Evaluable.swift,\ LogicalExpression.swift /Users/admin/builder/spi-builder-workspace/.dependencies/checkouts/aepsdk-rulesengine-ios/Sources/AEPRulesEngine/Expression/ComparisonExpression.swift /Users/admin/builder/spi-builder-workspace/.dependencies/checkouts/aepsdk-rulesengine-ios/Sources/AEPRulesEngine/Expression/Evaluable.swift /Users/admin/builder/spi-builder-workspace/.dependencies/checkouts/aepsdk-rulesengine-ios/Sources/AEPRulesEngine/Expression/LogicalExpression.swift (in target 'AEPRulesEngine' from project 'AEPRulesEngine')
SwiftCompile normal arm64 /Users/admin/builder/spi-builder-workspace/.dependencies/checkouts/aepsdk-rulesengine-ios/Sources/AEPRulesEngine/Expression/ComparisonExpression.swift (in target 'AEPRulesEngine' from project 'AEPRulesEngine')
    cd /Users/admin/builder/spi-builder-workspace/.swiftpm/xcode
    builtin-SwiftPerFileCompile ComparisonExpression.swift
SwiftCompile normal arm64 /Users/admin/builder/spi-builder-workspace/.dependencies/checkouts/aepsdk-rulesengine-ios/Sources/AEPRulesEngine/Expression/Evaluable.swift (in target 'AEPRulesEngine' from project 'AEPRulesEngine')
    cd /Users/admin/builder/spi-builder-workspace/.swiftpm/xcode
    builtin-SwiftPerFileCompile Evaluable.swift
SwiftCompile normal arm64 /Users/admin/builder/spi-builder-workspace/.dependencies/checkouts/aepsdk-rulesengine-ios/Sources/AEPRulesEngine/Expression/LogicalExpression.swift (in target 'AEPRulesEngine' from project 'AEPRulesEngine')
    cd /Users/admin/builder/spi-builder-workspace/.swiftpm/xcode
    builtin-SwiftPerFileCompile LogicalExpression.swift
SwiftCompile normal arm64_32 Compiling\ Segment.swift,\ Template.swift /Users/admin/builder/spi-builder-workspace/.dependencies/checkouts/aepsdk-rulesengine-ios/Sources/AEPRulesEngine/Template/Segment.swift /Users/admin/builder/spi-builder-workspace/.dependencies/checkouts/aepsdk-rulesengine-ios/Sources/AEPRulesEngine/Template/Template.swift (in target 'AEPRulesEngine' from project 'AEPRulesEngine')
SwiftCompile normal arm64_32 /Users/admin/builder/spi-builder-workspace/.dependencies/checkouts/aepsdk-rulesengine-ios/Sources/AEPRulesEngine/Template/Segment.swift (in target 'AEPRulesEngine' from project 'AEPRulesEngine')
    cd /Users/admin/builder/spi-builder-workspace/.swiftpm/xcode
    builtin-SwiftPerFileCompile Segment.swift
SwiftCompile normal arm64_32 /Users/admin/builder/spi-builder-workspace/.dependencies/checkouts/aepsdk-rulesengine-ios/Sources/AEPRulesEngine/Template/Template.swift (in target 'AEPRulesEngine' from project 'AEPRulesEngine')
    cd /Users/admin/builder/spi-builder-workspace/.swiftpm/xcode
    builtin-SwiftPerFileCompile Template.swift
SwiftCompile normal arm64_32 Compiling\ ConditionEvaluator.swift,\ Context.swift,\ Evaluating.swift /Users/admin/builder/spi-builder-workspace/.dependencies/checkouts/aepsdk-rulesengine-ios/Sources/AEPRulesEngine/ConditionEvaluator.swift /Users/admin/builder/spi-builder-workspace/.dependencies/checkouts/aepsdk-rulesengine-ios/Sources/AEPRulesEngine/Context.swift /Users/admin/builder/spi-builder-workspace/.dependencies/checkouts/aepsdk-rulesengine-ios/Sources/AEPRulesEngine/Evaluating.swift (in target 'AEPRulesEngine' from project 'AEPRulesEngine')
SwiftCompile normal arm64_32 /Users/admin/builder/spi-builder-workspace/.dependencies/checkouts/aepsdk-rulesengine-ios/Sources/AEPRulesEngine/ConditionEvaluator.swift (in target 'AEPRulesEngine' from project 'AEPRulesEngine')
    cd /Users/admin/builder/spi-builder-workspace/.swiftpm/xcode
    builtin-SwiftPerFileCompile ConditionEvaluator.swift
SwiftCompile normal arm64_32 /Users/admin/builder/spi-builder-workspace/.dependencies/checkouts/aepsdk-rulesengine-ios/Sources/AEPRulesEngine/Context.swift (in target 'AEPRulesEngine' from project 'AEPRulesEngine')
    cd /Users/admin/builder/spi-builder-workspace/.swiftpm/xcode
    builtin-SwiftPerFileCompile Context.swift
SwiftCompile normal arm64_32 /Users/admin/builder/spi-builder-workspace/.dependencies/checkouts/aepsdk-rulesengine-ios/Sources/AEPRulesEngine/Evaluating.swift (in target 'AEPRulesEngine' from project 'AEPRulesEngine')
    cd /Users/admin/builder/spi-builder-workspace/.swiftpm/xcode
    builtin-SwiftPerFileCompile Evaluating.swift
SwiftCompile normal arm64_32 Compiling\ Transforming.swift,\ Traversable.swift /Users/admin/builder/spi-builder-workspace/.dependencies/checkouts/aepsdk-rulesengine-ios/Sources/AEPRulesEngine/Transforming.swift /Users/admin/builder/spi-builder-workspace/.dependencies/checkouts/aepsdk-rulesengine-ios/Sources/AEPRulesEngine/Traversable.swift (in target 'AEPRulesEngine' from project 'AEPRulesEngine')
SwiftCompile normal arm64_32 /Users/admin/builder/spi-builder-workspace/.dependencies/checkouts/aepsdk-rulesengine-ios/Sources/AEPRulesEngine/Transforming.swift (in target 'AEPRulesEngine' from project 'AEPRulesEngine')
    cd /Users/admin/builder/spi-builder-workspace/.swiftpm/xcode
    builtin-SwiftPerFileCompile Transforming.swift
SwiftCompile normal arm64_32 /Users/admin/builder/spi-builder-workspace/.dependencies/checkouts/aepsdk-rulesengine-ios/Sources/AEPRulesEngine/Traversable.swift (in target 'AEPRulesEngine' from project 'AEPRulesEngine')
    cd /Users/admin/builder/spi-builder-workspace/.swiftpm/xcode
    builtin-SwiftPerFileCompile Traversable.swift
SwiftExplicitDependencyGeneratePcm arm64 /Users/admin/builder/spi-builder-workspace/.derivedData/SDKExplicitPrecompiledModules/CoreLocation-8N24HH5HR3W0T3UOYRM5W87RN.pcm
SwiftDriverJobDiscovery normal arm64 Emitting module for AEPRulesEngine (in target 'AEPRulesEngine' from project 'AEPRulesEngine')
SwiftCompile normal arm64 Compiling\ Result+RulesFailure.swift,\ Rule.swift,\ RulesEngine.swift /Users/admin/builder/spi-builder-workspace/.dependencies/checkouts/aepsdk-rulesengine-ios/Sources/AEPRulesEngine/Result+RulesFailure.swift /Users/admin/builder/spi-builder-workspace/.dependencies/checkouts/aepsdk-rulesengine-ios/Sources/AEPRulesEngine/Rule.swift /Users/admin/builder/spi-builder-workspace/.dependencies/checkouts/aepsdk-rulesengine-ios/Sources/AEPRulesEngine/RulesEngine.swift (in target 'AEPRulesEngine' from project 'AEPRulesEngine')
SwiftCompile normal arm64 /Users/admin/builder/spi-builder-workspace/.dependencies/checkouts/aepsdk-rulesengine-ios/Sources/AEPRulesEngine/Result+RulesFailure.swift (in target 'AEPRulesEngine' from project 'AEPRulesEngine')
    cd /Users/admin/builder/spi-builder-workspace/.swiftpm/xcode
    builtin-SwiftPerFileCompile Result+RulesFailure.swift
SwiftCompile normal arm64 /Users/admin/builder/spi-builder-workspace/.dependencies/checkouts/aepsdk-rulesengine-ios/Sources/AEPRulesEngine/Rule.swift (in target 'AEPRulesEngine' from project 'AEPRulesEngine')
    cd /Users/admin/builder/spi-builder-workspace/.swiftpm/xcode
    builtin-SwiftPerFileCompile Rule.swift
SwiftCompile normal arm64 /Users/admin/builder/spi-builder-workspace/.dependencies/checkouts/aepsdk-rulesengine-ios/Sources/AEPRulesEngine/RulesEngine.swift (in target 'AEPRulesEngine' from project 'AEPRulesEngine')
    cd /Users/admin/builder/spi-builder-workspace/.swiftpm/xcode
    builtin-SwiftPerFileCompile RulesEngine.swift
SwiftDriverJobDiscovery normal arm64_32 Emitting module for AEPRulesEngine (in target 'AEPRulesEngine' from project 'AEPRulesEngine')
SwiftDriver\ Compilation\ Requirements AEPRulesEngine normal arm64_32 com.apple.xcode.tools.swift.compiler (in target 'AEPRulesEngine' from project 'AEPRulesEngine')
    cd /Users/admin/builder/spi-builder-workspace/.swiftpm/xcode
    builtin-Swift-Compilation-Requirements -- /Applications/Xcode-27.0.0.app/Contents/Developer/Toolchains/XcodeDefault.xctoolchain/usr/bin/swiftc -parse-as-library -module-name AEPRulesEngine -Onone @/Users/admin/builder/spi-builder-workspace/.derivedData/Build/Intermediates.noindex/AEPRulesEngine.build/Debug-watchos/AEPRulesEngine-t.build/Objects-normal/arm64_32/AEPRulesEngine.SwiftFileList -DSWIFT_PACKAGE -DDEBUG -DSWIFT_MODULE_RESOURCE_BUNDLE_UNAVAILABLE -DXcode -plugin-path /Applications/Xcode-27.0.0.app/Contents/Developer/Toolchains/XcodeDefault.xctoolchain/usr/lib/swift/host/plugins/testing -enable-experimental-feature DebugDescriptionMacro -sdk /Applications/Xcode-27.0.0.app/Contents/Developer/Platforms/WatchOS.platform/Developer/SDKs/WatchOS27.0.sdk -target arm64_32-apple-watchos9.0 -g -module-cache-path /Users/admin/builder/spi-builder-workspace/.derivedData/ModuleCache.noindex -Xfrontend -serialize-debugging-options -enable-testing -suppress-warnings -index-store-path /Users/admin/builder/spi-builder-workspace/.derivedData/Index.noindex/DataStore -Xcc -D_LIBCPP_HARDENING_MODE\=_LIBCPP_HARDENING_MODE_DEBUG -swift-version 5 -I /Users/admin/builder/spi-builder-workspace/.derivedData/Build/Products/Debug-watchos -Isystem /Applications/Xcode-27.0.0.app/Contents/Developer/Platforms/WatchOS.platform/Developer/usr/lib -F /Users/admin/builder/spi-builder-workspace/.derivedData/Build/Products/Debug-watchos -F /Applications/Xcode-27.0.0.app/Contents/Developer/Platforms/WatchOS.platform/Developer/Library/Frameworks -F /Applications/Xcode-27.0.0.app/Contents/Developer/Platforms/WatchOS.platform/Developer/SDKs/WatchOS27.0.sdk/Developer/Library/Frameworks -c -j10 -enable-batch-mode -incremental -Xcc -ivfsstatcache -Xcc /Users/admin/builder/spi-builder-workspace/.derivedData/SDKStatCaches.noindex/watchos27.0-24R360-e829b21a6f8c9b70876ba0858053c044b9db9bc9c079ee3c7b5f3373b13d10bc.sdkstatcache -output-file-map /Users/admin/builder/spi-builder-workspace/.derivedData/Build/Intermediates.noindex/AEPRulesEngine.build/Debug-watchos/AEPRulesEngine-t.build/Objects-normal/arm64_32/AEPRulesEngine-OutputFileMap.json -save-temps -no-color-diagnostics -explicit-module-build -module-cache-path /Users/admin/builder/spi-builder-workspace/.derivedData/Build/Intermediates.noindex/SwiftExplicitPrecompiledModules -clang-scanner-module-cache-path /Users/admin/builder/spi-builder-workspace/.derivedData/ModuleCache.noindex -sdk-module-cache-path /Users/admin/builder/spi-builder-workspace/.derivedData/SDKExplicitPrecompiledModules -emit-dependencies -emit-module -emit-module-path /Users/admin/builder/spi-builder-workspace/.derivedData/Build/Intermediates.noindex/AEPRulesEngine.build/Debug-watchos/AEPRulesEngine-t.build/Objects-normal/arm64_32/AEPRulesEngine.swiftmodule -serialize-diagnostics -dependency-scan-serialize-diagnostics-path /Users/admin/builder/spi-builder-workspace/.derivedData/Build/Intermediates.noindex/AEPRulesEngine.build/Debug-watchos/AEPRulesEngine-t.build/Objects-normal/arm64_32/AEPRulesEngine-dependency-scan.dia -validate-clang-modules-once -clang-build-session-file /Users/admin/builder/spi-builder-workspace/.derivedData/ModuleCache.noindex/Session.modulevalidation -Xcc -fmodules-prune-interval\=86400 -Xcc -fmodules-prune-after\=345600 -emit-const-values -const-gather-protocols-list /Users/admin/builder/spi-builder-workspace/.derivedData/Build/Intermediates.noindex/AEPRulesEngine.build/Debug-watchos/AEPRulesEngine-t.build/Objects-normal/arm64_32/AEPRulesEngine_const_extract_protocols.json -Xcc -I/Users/admin/builder/spi-builder-workspace/.derivedData/Build/Products/Debug-watchos/include -Xcc -I/Users/admin/builder/spi-builder-workspace/.derivedData/Build/Intermediates.noindex/AEPRulesEngine.build/Debug-watchos/AEPRulesEngine-t.build/DerivedSources-normal/arm64_32 -Xcc -I/Users/admin/builder/spi-builder-workspace/.derivedData/Build/Intermediates.noindex/AEPRulesEngine.build/Debug-watchos/AEPRulesEngine-t.build/DerivedSources/arm64_32 -Xcc -I/Users/admin/builder/spi-builder-workspace/.derivedData/Build/Intermediates.noindex/AEPRulesEngine.build/Debug-watchos/AEPRulesEngine-t.build/DerivedSources -Xcc -DSWIFT_PACKAGE -Xcc -DDEBUG\=1 -emit-objc-header -emit-objc-header-path /Users/admin/builder/spi-builder-workspace/.derivedData/Build/Intermediates.noindex/AEPRulesEngine.build/Debug-watchos/AEPRulesEngine-t.build/Objects-normal/arm64_32/AEPRulesEngine-Swift.h -working-directory /Users/admin/builder/spi-builder-workspace/.swiftpm/xcode -experimental-emit-module-separately -disable-cmo
SwiftDriver\ Compilation\ Requirements AEPRulesEngine normal arm64 com.apple.xcode.tools.swift.compiler (in target 'AEPRulesEngine' from project 'AEPRulesEngine')
    cd /Users/admin/builder/spi-builder-workspace/.swiftpm/xcode
    builtin-Swift-Compilation-Requirements -- /Applications/Xcode-27.0.0.app/Contents/Developer/Toolchains/XcodeDefault.xctoolchain/usr/bin/swiftc -parse-as-library -module-name AEPRulesEngine -Onone @/Users/admin/builder/spi-builder-workspace/.derivedData/Build/Intermediates.noindex/AEPRulesEngine.build/Debug-watchos/AEPRulesEngine-t.build/Objects-normal/arm64/AEPRulesEngine.SwiftFileList -DSWIFT_PACKAGE -DDEBUG -DSWIFT_MODULE_RESOURCE_BUNDLE_UNAVAILABLE -DXcode -plugin-path /Applications/Xcode-27.0.0.app/Contents/Developer/Toolchains/XcodeDefault.xctoolchain/usr/lib/swift/host/plugins/testing -enable-experimental-feature DebugDescriptionMacro -sdk /Applications/Xcode-27.0.0.app/Contents/Developer/Platforms/WatchOS.platform/Developer/SDKs/WatchOS27.0.sdk -target arm64-apple-watchos9.0 -g -module-cache-path /Users/admin/builder/spi-builder-workspace/.derivedData/ModuleCache.noindex -Xfrontend -serialize-debugging-options -enable-testing -suppress-warnings -index-store-path /Users/admin/builder/spi-builder-workspace/.derivedData/Index.noindex/DataStore -Xcc -D_LIBCPP_HARDENING_MODE\=_LIBCPP_HARDENING_MODE_DEBUG -swift-version 5 -I /Users/admin/builder/spi-builder-workspace/.derivedData/Build/Products/Debug-watchos -Isystem /Applications/Xcode-27.0.0.app/Contents/Developer/Platforms/WatchOS.platform/Developer/usr/lib -F /Users/admin/builder/spi-builder-workspace/.derivedData/Build/Products/Debug-watchos -F /Applications/Xcode-27.0.0.app/Contents/Developer/Platforms/WatchOS.platform/Developer/Library/Frameworks -F /Applications/Xcode-27.0.0.app/Contents/Developer/Platforms/WatchOS.platform/Developer/SDKs/WatchOS27.0.sdk/Developer/Library/Frameworks -c -j10 -enable-batch-mode -incremental -Xcc -ivfsstatcache -Xcc /Users/admin/builder/spi-builder-workspace/.derivedData/SDKStatCaches.noindex/watchos27.0-24R360-e829b21a6f8c9b70876ba0858053c044b9db9bc9c079ee3c7b5f3373b13d10bc.sdkstatcache -output-file-map /Users/admin/builder/spi-builder-workspace/.derivedData/Build/Intermediates.noindex/AEPRulesEngine.build/Debug-watchos/AEPRulesEngine-t.build/Objects-normal/arm64/AEPRulesEngine-OutputFileMap.json -save-temps -no-color-diagnostics -explicit-module-build -module-cache-path /Users/admin/builder/spi-builder-workspace/.derivedData/Build/Intermediates.noindex/SwiftExplicitPrecompiledModules -clang-scanner-module-cache-path /Users/admin/builder/spi-builder-workspace/.derivedData/ModuleCache.noindex -sdk-module-cache-path /Users/admin/builder/spi-builder-workspace/.derivedData/SDKExplicitPrecompiledModules -emit-dependencies -emit-module -emit-module-path /Users/admin/builder/spi-builder-workspace/.derivedData/Build/Intermediates.noindex/AEPRulesEngine.build/Debug-watchos/AEPRulesEngine-t.build/Objects-normal/arm64/AEPRulesEngine.swiftmodule -serialize-diagnostics -dependency-scan-serialize-diagnostics-path /Users/admin/builder/spi-builder-workspace/.derivedData/Build/Intermediates.noindex/AEPRulesEngine.build/Debug-watchos/AEPRulesEngine-t.build/Objects-normal/arm64/AEPRulesEngine-dependency-scan.dia -validate-clang-modules-once -clang-build-session-file /Users/admin/builder/spi-builder-workspace/.derivedData/ModuleCache.noindex/Session.modulevalidation -Xcc -fmodules-prune-interval\=86400 -Xcc -fmodules-prune-after\=345600 -emit-const-values -const-gather-protocols-list /Users/admin/builder/spi-builder-workspace/.derivedData/Build/Intermediates.noindex/AEPRulesEngine.build/Debug-watchos/AEPRulesEngine-t.build/Objects-normal/arm64/AEPRulesEngine_const_extract_protocols.json -Xcc -I/Users/admin/builder/spi-builder-workspace/.derivedData/Build/Products/Debug-watchos/include -Xcc -I/Users/admin/builder/spi-builder-workspace/.derivedData/Build/Intermediates.noindex/AEPRulesEngine.build/Debug-watchos/AEPRulesEngine-t.build/DerivedSources-normal/arm64 -Xcc -I/Users/admin/builder/spi-builder-workspace/.derivedData/Build/Intermediates.noindex/AEPRulesEngine.build/Debug-watchos/AEPRulesEngine-t.build/DerivedSources/arm64 -Xcc -I/Users/admin/builder/spi-builder-workspace/.derivedData/Build/Intermediates.noindex/AEPRulesEngine.build/Debug-watchos/AEPRulesEngine-t.build/DerivedSources -Xcc -DSWIFT_PACKAGE -Xcc -DDEBUG\=1 -emit-objc-header -emit-objc-header-path /Users/admin/builder/spi-builder-workspace/.derivedData/Build/Intermediates.noindex/AEPRulesEngine.build/Debug-watchos/AEPRulesEngine-t.build/Objects-normal/arm64/AEPRulesEngine-Swift.h -working-directory /Users/admin/builder/spi-builder-workspace/.swiftpm/xcode -experimental-emit-module-separately -disable-cmo
SwiftCompile normal arm64 Compiling\ LogLevel.swift,\ Logging.swift,\ Operand+Literal.swift /Users/admin/builder/spi-builder-workspace/.dependencies/checkouts/aepsdk-rulesengine-ios/Sources/AEPRulesEngine/Log/LogLevel.swift /Users/admin/builder/spi-builder-workspace/.dependencies/checkouts/aepsdk-rulesengine-ios/Sources/AEPRulesEngine/Log/Logging.swift /Users/admin/builder/spi-builder-workspace/.dependencies/checkouts/aepsdk-rulesengine-ios/Sources/AEPRulesEngine/Operand+Literal.swift (in target 'AEPRulesEngine' from project 'AEPRulesEngine')
SwiftCompile normal arm64 /Users/admin/builder/spi-builder-workspace/.dependencies/checkouts/aepsdk-rulesengine-ios/Sources/AEPRulesEngine/Log/LogLevel.swift (in target 'AEPRulesEngine' from project 'AEPRulesEngine')
    cd /Users/admin/builder/spi-builder-workspace/.swiftpm/xcode
    builtin-SwiftPerFileCompile LogLevel.swift
SwiftCompile normal arm64 /Users/admin/builder/spi-builder-workspace/.dependencies/checkouts/aepsdk-rulesengine-ios/Sources/AEPRulesEngine/Log/Logging.swift (in target 'AEPRulesEngine' from project 'AEPRulesEngine')
    cd /Users/admin/builder/spi-builder-workspace/.swiftpm/xcode
    builtin-SwiftPerFileCompile Logging.swift
SwiftCompile normal arm64 /Users/admin/builder/spi-builder-workspace/.dependencies/checkouts/aepsdk-rulesengine-ios/Sources/AEPRulesEngine/Operand+Literal.swift (in target 'AEPRulesEngine' from project 'AEPRulesEngine')
    cd /Users/admin/builder/spi-builder-workspace/.swiftpm/xcode
    builtin-SwiftPerFileCompile Operand+Literal.swift
SwiftMergeGeneratedHeaders /Users/admin/builder/spi-builder-workspace/.derivedData/Build/Intermediates.noindex/GeneratedModuleMaps-watchos/AEPRulesEngine-Swift.h /Users/admin/builder/spi-builder-workspace/.derivedData/Build/Intermediates.noindex/AEPRulesEngine.build/Debug-watchos/AEPRulesEngine-t.build/Objects-normal/arm64/AEPRulesEngine-Swift.h /Users/admin/builder/spi-builder-workspace/.derivedData/Build/Intermediates.noindex/AEPRulesEngine.build/Debug-watchos/AEPRulesEngine-t.build/Objects-normal/arm64_32/AEPRulesEngine-Swift.h (in target 'AEPRulesEngine' from project 'AEPRulesEngine')
    cd /Users/admin/builder/spi-builder-workspace/.dependencies/checkouts/aepsdk-rulesengine-ios
    builtin-swiftHeaderTool -arch arm64 /Users/admin/builder/spi-builder-workspace/.derivedData/Build/Intermediates.noindex/AEPRulesEngine.build/Debug-watchos/AEPRulesEngine-t.build/Objects-normal/arm64/AEPRulesEngine-Swift.h -arch arm64_32 /Users/admin/builder/spi-builder-workspace/.derivedData/Build/Intermediates.noindex/AEPRulesEngine.build/Debug-watchos/AEPRulesEngine-t.build/Objects-normal/arm64_32/AEPRulesEngine-Swift.h -o /Users/admin/builder/spi-builder-workspace/.derivedData/Build/Intermediates.noindex/GeneratedModuleMaps-watchos/AEPRulesEngine-Swift.h
Copy /Users/admin/builder/spi-builder-workspace/.derivedData/Build/Products/Debug-watchos/AEPRulesEngine.swiftmodule/arm64_32-apple-watchos.swiftmodule /Users/admin/builder/spi-builder-workspace/.derivedData/Build/Intermediates.noindex/AEPRulesEngine.build/Debug-watchos/AEPRulesEngine-t.build/Objects-normal/arm64_32/AEPRulesEngine.swiftmodule (in target 'AEPRulesEngine' from project 'AEPRulesEngine')
    cd /Users/admin/builder/spi-builder-workspace/.dependencies/checkouts/aepsdk-rulesengine-ios
    builtin-copy -exclude .DS_Store -exclude CVS -exclude .svn -exclude .git -exclude .hg -resolve-src-symlinks -rename /Users/admin/builder/spi-builder-workspace/.derivedData/Build/Intermediates.noindex/AEPRulesEngine.build/Debug-watchos/AEPRulesEngine-t.build/Objects-normal/arm64_32/AEPRulesEngine.swiftmodule /Users/admin/builder/spi-builder-workspace/.derivedData/Build/Products/Debug-watchos/AEPRulesEngine.swiftmodule/arm64_32-apple-watchos.swiftmodule
Copy /Users/admin/builder/spi-builder-workspace/.derivedData/Build/Products/Debug-watchos/AEPRulesEngine.swiftmodule/arm64_32-apple-watchos.swiftdoc /Users/admin/builder/spi-builder-workspace/.derivedData/Build/Intermediates.noindex/AEPRulesEngine.build/Debug-watchos/AEPRulesEngine-t.build/Objects-normal/arm64_32/AEPRulesEngine.swiftdoc (in target 'AEPRulesEngine' from project 'AEPRulesEngine')
    cd /Users/admin/builder/spi-builder-workspace/.dependencies/checkouts/aepsdk-rulesengine-ios
    builtin-copy -exclude .DS_Store -exclude CVS -exclude .svn -exclude .git -exclude .hg -resolve-src-symlinks -rename /Users/admin/builder/spi-builder-workspace/.derivedData/Build/Intermediates.noindex/AEPRulesEngine.build/Debug-watchos/AEPRulesEngine-t.build/Objects-normal/arm64_32/AEPRulesEngine.swiftdoc /Users/admin/builder/spi-builder-workspace/.derivedData/Build/Products/Debug-watchos/AEPRulesEngine.swiftmodule/arm64_32-apple-watchos.swiftdoc
Copy /Users/admin/builder/spi-builder-workspace/.derivedData/Build/Products/Debug-watchos/AEPRulesEngine.swiftmodule/arm64_32-apple-watchos.abi.json /Users/admin/builder/spi-builder-workspace/.derivedData/Build/Intermediates.noindex/AEPRulesEngine.build/Debug-watchos/AEPRulesEngine-t.build/Objects-normal/arm64_32/AEPRulesEngine.abi.json (in target 'AEPRulesEngine' from project 'AEPRulesEngine')
    cd /Users/admin/builder/spi-builder-workspace/.dependencies/checkouts/aepsdk-rulesengine-ios
    builtin-copy -exclude .DS_Store -exclude CVS -exclude .svn -exclude .git -exclude .hg -resolve-src-symlinks -rename /Users/admin/builder/spi-builder-workspace/.derivedData/Build/Intermediates.noindex/AEPRulesEngine.build/Debug-watchos/AEPRulesEngine-t.build/Objects-normal/arm64_32/AEPRulesEngine.abi.json /Users/admin/builder/spi-builder-workspace/.derivedData/Build/Products/Debug-watchos/AEPRulesEngine.swiftmodule/arm64_32-apple-watchos.abi.json
Copy /Users/admin/builder/spi-builder-workspace/.derivedData/Build/Products/Debug-watchos/AEPRulesEngine.swiftmodule/arm64-apple-watchos.swiftmodule /Users/admin/builder/spi-builder-workspace/.derivedData/Build/Intermediates.noindex/AEPRulesEngine.build/Debug-watchos/AEPRulesEngine-t.build/Objects-normal/arm64/AEPRulesEngine.swiftmodule (in target 'AEPRulesEngine' from project 'AEPRulesEngine')
    cd /Users/admin/builder/spi-builder-workspace/.dependencies/checkouts/aepsdk-rulesengine-ios
    builtin-copy -exclude .DS_Store -exclude CVS -exclude .svn -exclude .git -exclude .hg -resolve-src-symlinks -rename /Users/admin/builder/spi-builder-workspace/.derivedData/Build/Intermediates.noindex/AEPRulesEngine.build/Debug-watchos/AEPRulesEngine-t.build/Objects-normal/arm64/AEPRulesEngine.swiftmodule /Users/admin/builder/spi-builder-workspace/.derivedData/Build/Products/Debug-watchos/AEPRulesEngine.swiftmodule/arm64-apple-watchos.swiftmodule
Copy /Users/admin/builder/spi-builder-workspace/.derivedData/Build/Products/Debug-watchos/AEPRulesEngine.swiftmodule/arm64-apple-watchos.swiftdoc /Users/admin/builder/spi-builder-workspace/.derivedData/Build/Intermediates.noindex/AEPRulesEngine.build/Debug-watchos/AEPRulesEngine-t.build/Objects-normal/arm64/AEPRulesEngine.swiftdoc (in target 'AEPRulesEngine' from project 'AEPRulesEngine')
    cd /Users/admin/builder/spi-builder-workspace/.dependencies/checkouts/aepsdk-rulesengine-ios
    builtin-copy -exclude .DS_Store -exclude CVS -exclude .svn -exclude .git -exclude .hg -resolve-src-symlinks -rename /Users/admin/builder/spi-builder-workspace/.derivedData/Build/Intermediates.noindex/AEPRulesEngine.build/Debug-watchos/AEPRulesEngine-t.build/Objects-normal/arm64/AEPRulesEngine.swiftdoc /Users/admin/builder/spi-builder-workspace/.derivedData/Build/Products/Debug-watchos/AEPRulesEngine.swiftmodule/arm64-apple-watchos.swiftdoc
Copy /Users/admin/builder/spi-builder-workspace/.derivedData/Build/Products/Debug-watchos/AEPRulesEngine.swiftmodule/arm64-apple-watchos.abi.json /Users/admin/builder/spi-builder-workspace/.derivedData/Build/Intermediates.noindex/AEPRulesEngine.build/Debug-watchos/AEPRulesEngine-t.build/Objects-normal/arm64/AEPRulesEngine.abi.json (in target 'AEPRulesEngine' from project 'AEPRulesEngine')
    cd /Users/admin/builder/spi-builder-workspace/.dependencies/checkouts/aepsdk-rulesengine-ios
    builtin-copy -exclude .DS_Store -exclude CVS -exclude .svn -exclude .git -exclude .hg -resolve-src-symlinks -rename /Users/admin/builder/spi-builder-workspace/.derivedData/Build/Intermediates.noindex/AEPRulesEngine.build/Debug-watchos/AEPRulesEngine-t.build/Objects-normal/arm64/AEPRulesEngine.abi.json /Users/admin/builder/spi-builder-workspace/.derivedData/Build/Products/Debug-watchos/AEPRulesEngine.swiftmodule/arm64-apple-watchos.abi.json
Copy /Users/admin/builder/spi-builder-workspace/.derivedData/Build/Products/Debug-watchos/AEPRulesEngine.swiftmodule/Project/arm64_32-apple-watchos.swiftsourceinfo /Users/admin/builder/spi-builder-workspace/.derivedData/Build/Intermediates.noindex/AEPRulesEngine.build/Debug-watchos/AEPRulesEngine-t.build/Objects-normal/arm64_32/AEPRulesEngine.swiftsourceinfo (in target 'AEPRulesEngine' from project 'AEPRulesEngine')
    cd /Users/admin/builder/spi-builder-workspace/.dependencies/checkouts/aepsdk-rulesengine-ios
    builtin-copy -exclude .DS_Store -exclude CVS -exclude .svn -exclude .git -exclude .hg -resolve-src-symlinks -rename /Users/admin/builder/spi-builder-workspace/.derivedData/Build/Intermediates.noindex/AEPRulesEngine.build/Debug-watchos/AEPRulesEngine-t.build/Objects-normal/arm64_32/AEPRulesEngine.swiftsourceinfo /Users/admin/builder/spi-builder-workspace/.derivedData/Build/Products/Debug-watchos/AEPRulesEngine.swiftmodule/Project/arm64_32-apple-watchos.swiftsourceinfo
Copy /Users/admin/builder/spi-builder-workspace/.derivedData/Build/Products/Debug-watchos/AEPRulesEngine.swiftmodule/Project/arm64-apple-watchos.swiftsourceinfo /Users/admin/builder/spi-builder-workspace/.derivedData/Build/Intermediates.noindex/AEPRulesEngine.build/Debug-watchos/AEPRulesEngine-t.build/Objects-normal/arm64/AEPRulesEngine.swiftsourceinfo (in target 'AEPRulesEngine' from project 'AEPRulesEngine')
    cd /Users/admin/builder/spi-builder-workspace/.dependencies/checkouts/aepsdk-rulesengine-ios
    builtin-copy -exclude .DS_Store -exclude CVS -exclude .svn -exclude .git -exclude .hg -resolve-src-symlinks -rename /Users/admin/builder/spi-builder-workspace/.derivedData/Build/Intermediates.noindex/AEPRulesEngine.build/Debug-watchos/AEPRulesEngine-t.build/Objects-normal/arm64/AEPRulesEngine.swiftsourceinfo /Users/admin/builder/spi-builder-workspace/.derivedData/Build/Products/Debug-watchos/AEPRulesEngine.swiftmodule/Project/arm64-apple-watchos.swiftsourceinfo
SwiftExplicitDependencyGeneratePcm arm64 /Users/admin/builder/spi-builder-workspace/.derivedData/SDKExplicitPrecompiledModules/CoreMotion-61S19SPNFXST7VOQ470VJWCZT.pcm
SwiftExplicitDependencyGeneratePcm arm64_32 /Users/admin/builder/spi-builder-workspace/.derivedData/SDKExplicitPrecompiledModules/CoreMotion-8OTQ19C7N17T5P3BMIWG1453Y.pcm
SwiftExplicitDependencyGeneratePcm arm64 /Users/admin/builder/spi-builder-workspace/.derivedData/SDKExplicitPrecompiledModules/UIKit-DFD16XMEJADJ1M2P58VJADV91.pcm
SwiftExplicitDependencyGeneratePcm arm64_32 /Users/admin/builder/spi-builder-workspace/.derivedData/SDKExplicitPrecompiledModules/UIKit-EJDCR42WCUPDE27EZHUU2K5V6.pcm
SwiftEmitModule normal arm64_32 Emitting\ module\ for\ AEPServices (in target 'AEPServices' from project 'AEPCore')
/Users/admin/builder/spi-builder-workspace/.dependencies/checkouts/aepsdk-core-ios/AEPServices/Sources/ApplicationSystemInfoService.swift:33:21: error: 'UIDevice' is unavailable in watchOS
 31 |
 32 |     private lazy var userAgent: String = {
 33 |         let model = UIDevice.current.model
    |                     `- error: 'UIDevice' is unavailable in watchOS
 34 |         let osVersion = UIDevice.current.systemVersion.replacingOccurrences(of: ".", with: "_")
 35 |         let localeIdentifier = getSystemLocaleName().userAgentLocale ?? DEFAULT_LOCALE
/Applications/Xcode-27.0.0.app/Contents/Developer/Platforms/WatchOS.platform/Developer/SDKs/WatchOS27.0.sdk/System/Library/Frameworks/UIKit.framework/Headers/UIDevice.h:35:12: note: 'UIDevice' has been explicitly marked unavailable here
33 |
34 | UIKIT_EXTERN API_AVAILABLE(ios(2.0)) API_UNAVAILABLE(watchos) NS_SWIFT_UI_ACTOR
35 | @interface UIDevice : NSObject
   |            `- note: 'UIDevice' has been explicitly marked unavailable here
36 |
37 | @property(class, nonatomic, readonly) UIDevice *currentDevice;
/Users/admin/builder/spi-builder-workspace/.dependencies/checkouts/aepsdk-core-ios/AEPServices/Sources/ApplicationSystemInfoService.swift:34:25: error: 'UIDevice' is unavailable in watchOS
 32 |     private lazy var userAgent: String = {
 33 |         let model = UIDevice.current.model
 34 |         let osVersion = UIDevice.current.systemVersion.replacingOccurrences(of: ".", with: "_")
    |                         `- error: 'UIDevice' is unavailable in watchOS
 35 |         let localeIdentifier = getSystemLocaleName().userAgentLocale ?? DEFAULT_LOCALE
 36 |
/Applications/Xcode-27.0.0.app/Contents/Developer/Platforms/WatchOS.platform/Developer/SDKs/WatchOS27.0.sdk/System/Library/Frameworks/UIKit.framework/Headers/UIDevice.h:35:12: note: 'UIDevice' has been explicitly marked unavailable here
33 |
34 | UIKIT_EXTERN API_AVAILABLE(ios(2.0)) API_UNAVAILABLE(watchos) NS_SWIFT_UI_ACTOR
35 | @interface UIDevice : NSObject
   |            `- note: 'UIDevice' has been explicitly marked unavailable here
36 |
37 | @property(class, nonatomic, readonly) UIDevice *currentDevice;
Failed frontend command:
/Applications/Xcode-27.0.0.app/Contents/Developer/Toolchains/XcodeDefault.xctoolchain/usr/bin/swift-frontend -frontend -emit-module -experimental-skip-non-inlinable-function-bodies-without-types /Users/admin/builder/spi-builder-workspace/.derivedData/Build/Intermediates.noindex/AEPCore.build/Debug-watchos/AEPServices-t.build/DerivedSources/resource_bundle_accessor.swift /Users/admin/builder/spi-builder-workspace/.dependencies/checkouts/aepsdk-core-ios/AEPServices/Sources/ApplicationSystemInfoService.swift /Users/admin/builder/spi-builder-workspace/.dependencies/checkouts/aepsdk-core-ios/AEPServices/Sources/NetworkPathMonitorProvider.swift /Users/admin/builder/spi-builder-workspace/.dependencies/checkouts/aepsdk-core-ios/AEPServices/Sources/ServiceProvider.swift /Users/admin/builder/spi-builder-workspace/.dependencies/checkouts/aepsdk-core-ios/AEPServices/Sources/SystemInfoService.swift /Users/admin/builder/spi-builder-workspace/.dependencies/checkouts/aepsdk-core-ios/AEPServices/Sources/UIUtils.swift /Users/admin/builder/spi-builder-workspace/.dependencies/checkouts/aepsdk-core-ios/AEPServices/Sources/URLOpening.swift /Users/admin/builder/spi-builder-workspace/.dependencies/checkouts/aepsdk-core-ios/AEPServices/Sources/URLService.swift /Users/admin/builder/spi-builder-workspace/.dependencies/checkouts/aepsdk-core-ios/AEPServices/Sources/cache/Cache.swift /Users/admin/builder/spi-builder-workspace/.dependencies/checkouts/aepsdk-core-ios/AEPServices/Sources/cache/CacheEntry.swift /Users/admin/builder/spi-builder-workspace/.dependencies/checkouts/aepsdk-core-ios/AEPServices/Sources/cache/CacheExpiry.swift /Users/admin/builder/spi-builder-workspace/.dependencies/checkouts/aepsdk-core-ios/AEPServices/Sources/cache/Caching.swift /Users/admin/builder/spi-builder-workspace/.dependencies/checkouts/aepsdk-core-ios/AEPServices/Sources/cache/DiskCacheService.swift /Users/admin/builder/spi-builder-workspace/.dependencies/checkouts/aepsdk-core-ios/AEPServices/Sources/dataqueue/DataEntity.swift /Users/admin/builder/spi-builder-workspace/.dependencies/checkouts/aepsdk-core-ios/AEPServices/Sources/dataqueue/DataQueue.swift /Users/admin/builder/spi-builder-workspace/.dependencies/checkouts/aepsdk-core-ios/AEPServices/Sources/dataqueue/DataQueueConfig.swift /Users/admin/builder/spi-builder-workspace/.dependencies/checkouts/aepsdk-core-ios/AEPServices/Sources/dataqueue/DataQueueService.swift /Users/admin/builder/spi-builder-workspace/.dependencies/checkouts/aepsdk-core-ios/AEPServices/Sources/dataqueue/DataQueuing.swift /Users/admin/builder/spi-builder-workspace/.dependencies/checkouts/aepsdk-core-ios/AEPServices/Sources/dataqueue/SQLiteDataQueue.swift /Users/admin/builder/spi-builder-workspace/.dependencies/checkouts/aepsdk-core-ios/AEPServices/Sources/dataqueue/SQLiteJournalMode.swift /Users/admin/builder/spi-builder-workspace/.dependencies/checkouts/aepsdk-core-ios/AEPServices/Sources/dataqueue/SQLiteWrapper.swift /Users/admin/builder/spi-builder-workspace/.dependencies/checkouts/aepsdk-core-ios/AEPServices/Sources/log/Log.swift /Users/admin/builder/spi-builder-workspace/.dependencies/checkouts/aepsdk-core-ios/AEPServices/Sources/log/LogLevel.swift /Users/admin/builder/spi-builder-workspace/.dependencies/checkouts/aepsdk-core-ios/AEPServices/Sources/log/Logging.swift /Users/admin/builder/spi-builder-workspace/.dependencies/checkouts/aepsdk-core-ios/AEPServices/Sources/log/LoggingService.swift /Users/admin/builder/spi-builder-workspace/.dependencies/checkouts/aepsdk-core-ios/AEPServices/Sources/network/DefaultHeadersFormatter.swift /Users/admin/builder/spi-builder-workspace/.dependencies/checkouts/aepsdk-core-ios/AEPServices/Sources/network/HttpConnection.swift /Users/admin/builder/spi-builder-workspace/.dependencies/checkouts/aepsdk-core-ios/AEPServices/Sources/network/HttpConnectionConstants.swift /Users/admin/builder/spi-builder-workspace/.dependencies/checkouts/aepsdk-core-ios/AEPServices/Sources/network/HttpMethod.swift /Users/admin/builder/spi-builder-workspace/.dependencies/checkouts/aepsdk-core-ios/AEPServices/Sources/network/NetworkRequest.swift /Users/admin/builder/spi-builder-workspace/.dependencies/checkouts/aepsdk-core-ios/AEPServices/Sources/network/NetworkService.swift /Users/admin/builder/spi-builder-workspace/.dependencies/checkouts/aepsdk-core-ios/AEPServices/Sources/network/NetworkServiceConstants.swift /Users/admin/builder/spi-builder-workspace/.dependencies/checkouts/aepsdk-core-ios/AEPServices/Sources/network/Networking.swift /Users/admin/builder/spi-builder-workspace/.dependencies/checkouts/aepsdk-core-ios/AEPServices/Sources/storage/FileSystemNamedCollection.swift /Users/admin/builder/spi-builder-workspace/.dependencies/checkouts/aepsdk-core-ios/AEPServices/Sources/storage/NamedCollectionDataStore.swift /Users/admin/builder/spi-builder-workspace/.dependencies/checkouts/aepsdk-core-ios/AEPServices/Sources/storage/NamedCollectionProcessing.swift /Users/admin/builder/spi-builder-workspace/.dependencies/checkouts/aepsdk-core-ios/AEPServices/Sources/storage/UserDefaultsNamedCollection.swift /Users/admin/builder/spi-builder-workspace/.dependencies/checkouts/aepsdk-core-ios/AEPServices/Sources/ui/AEPUIService.swift /Users/admin/builder/spi-builder-workspace/.dependencies/checkouts/aepsdk-core-ios/AEPServices/Sources/ui/Dismissible.swift /Users/admin/builder/spi-builder-workspace/.dependencies/checkouts/aepsdk-core-ios/AEPServices/Sources/ui/MessageAlignment.swift /Users/admin/builder/spi-builder-workspace/.dependencies/checkouts/aepsdk-core-ios/AEPServices/Sources/ui/MessageAnimation.swift /Users/admin/builder/spi-builder-workspace/.dependencies/checkouts/aepsdk-core-ios/AEPServices/Sources/ui/MessageGesture.swift /Users/admin/builder/spi-builder-workspace/.dependencies/checkouts/aepsdk-core-ios/AEPServices/Sources/ui/MessageGestureRecognizer.swift /Users/admin/builder/spi-builder-workspace/.dependencies/checkouts/aepsdk-core-ios/AEPServices/Sources/ui/MessageMonitor.swift /Users/admin/builder/spi-builder-workspace/.dependencies/checkouts/aepsdk-core-ios/AEPServices/Sources/ui/MessageMonitoring.swift /Users/admin/builder/spi-builder-workspace/.dependencies/checkouts/aepsdk-core-ios/AEPServices/Sources/ui/MessageSettings.swift /Users/admin/builder/spi-builder-workspace/.dependencies/checkouts/aepsdk-core-ios/AEPServices/Sources/ui/MessagingDelegate.swift /Users/admin/builder/spi-builder-workspace/.dependencies/checkouts/aepsdk-core-ios/AEPServices/Sources/ui/PresentationError.swift /Users/admin/builder/spi-builder-workspace/.dependencies/checkouts/aepsdk-core-ios/AEPServices/Sources/ui/Showable.swift /Users/admin/builder/spi-builder-workspace/.dependencies/checkouts/aepsdk-core-ios/AEPServices/Sources/ui/UIApplication+Window.swift /Users/admin/builder/spi-builder-workspace/.dependencies/checkouts/aepsdk-core-ios/AEPServices/Sources/ui/UIService.swift /Users/admin/builder/spi-builder-workspace/.dependencies/checkouts/aepsdk-core-ios/AEPServices/Sources/ui/floating/FloatingButton.swift /Users/admin/builder/spi-builder-workspace/.dependencies/checkouts/aepsdk-core-ios/AEPServices/Sources/ui/floating/FloatingButtonDelegate.swift /Users/admin/builder/spi-builder-workspace/.dependencies/checkouts/aepsdk-core-ios/AEPServices/Sources/ui/floating/FloatingButtonPosition.swift /Users/admin/builder/spi-builder-workspace/.dependencies/checkouts/aepsdk-core-ios/AEPServices/Sources/ui/floating/FloatingButtonPresentable.swift /Users/admin/builder/spi-builder-workspace/.dependencies/checkouts/aepsdk-core-ios/AEPServices/Sources/ui/fullscreen/FullscreenMessage+FrameCalculation.swift /Users/admin/builder/spi-builder-workspace/.dependencies/checkouts/aepsdk-core-ios/AEPServices/Sources/ui/fullscreen/FullscreenMessage+WKNavigationDelegate.swift /Users/admin/builder/spi-builder-workspace/.dependencies/checkouts/aepsdk-core-ios/AEPServices/Sources/ui/fullscreen/FullscreenMessage+WKScriptMessageHandler.swift /Users/admin/builder/spi-builder-workspace/.dependencies/checkouts/aepsdk-core-ios/AEPServices/Sources/ui/fullscreen/FullscreenMessage.swift /Users/admin/builder/spi-builder-workspace/.dependencies/checkouts/aepsdk-core-ios/AEPServices/Sources/ui/fullscreen/FullscreenMessageDelegate.swift /Users/admin/builder/spi-builder-workspace/.dependencies/checkouts/aepsdk-core-ios/AEPServices/Sources/ui/fullscreen/FullscreenPresentable.swift /Users/admin/builder/spi-builder-workspace/.dependencies/checkouts/aepsdk-core-ios/AEPServices/Sources/utility/AnyCodable.swift /Users/admin/builder/spi-builder-workspace/.dependencies/checkouts/aepsdk-core-ios/AEPServices/Sources/utility/AtomicCounter.swift /Users/admin/builder/spi-builder-workspace/.dependencies/checkouts/aepsdk-core-ios/AEPServices/Sources/utility/Date+Format.swift /Users/admin/builder/spi-builder-workspace/.dependencies/checkouts/aepsdk-core-ios/AEPServices/Sources/utility/FileManager+Directories.swift /Users/admin/builder/spi-builder-workspace/.dependencies/checkouts/aepsdk-core-ios/AEPServices/Sources/utility/OperationOrderer.swift /Users/admin/builder/spi-builder-workspace/.dependencies/checkouts/aepsdk-core-ios/AEPServices/Sources/utility/PrettyDictionary.swift /Users/admin/builder/spi-builder-workspace/.dependencies/checkouts/aepsdk-core-ios/AEPServices/Sources/utility/ThreadSafeArray.swift /Users/admin/builder/spi-builder-workspace/.dependencies/checkouts/aepsdk-core-ios/AEPServices/Sources/utility/ThreadSafeDictionary.swift /Users/admin/builder/spi-builder-workspace/.dependencies/checkouts/aepsdk-core-ios/AEPServices/Sources/utility/URLEncoder.swift /Users/admin/builder/spi-builder-workspace/.dependencies/checkouts/aepsdk-core-ios/AEPServices/Sources/utility/URLError+Recoverable.swift /Users/admin/builder/spi-builder-workspace/.dependencies/checkouts/aepsdk-core-ios/AEPServices/Sources/utility/hitprocessor/HitProcessing.swift /Users/admin/builder/spi-builder-workspace/.dependencies/checkouts/aepsdk-core-ios/AEPServices/Sources/utility/hitprocessor/HitQueuing.swift /Users/admin/builder/spi-builder-workspace/.dependencies/checkouts/aepsdk-core-ios/AEPServices/Sources/utility/hitprocessor/PersistentHitQueue.swift /Users/admin/builder/spi-builder-workspace/.dependencies/checkouts/aepsdk-core-ios/AEPServices/Sources/utility/unzip/FileManager+ZIP.swift /Users/admin/builder/spi-builder-workspace/.dependencies/checkouts/aepsdk-core-ios/AEPServices/Sources/utility/unzip/FileUnzipper.swift /Users/admin/builder/spi-builder-workspace/.dependencies/checkouts/aepsdk-core-ios/AEPServices/Sources/utility/unzip/FileUnzipperConstants.swift /Users/admin/builder/spi-builder-workspace/.dependencies/checkouts/aepsdk-core-ios/AEPServices/Sources/utility/unzip/URL+Validator.swift /Users/admin/builder/spi-builder-workspace/.dependencies/checkouts/aepsdk-core-ios/AEPServices/Sources/utility/unzip/Unzipping.swift /Users/admin/builder/spi-builder-workspace/.dependencies/checkouts/aepsdk-core-ios/AEPServices/Sources/utility/unzip/ZipArchive.swift /Users/admin/builder/spi-builder-workspace/.dependencies/checkouts/aepsdk-core-ios/AEPServices/Sources/utility/unzip/ZipEntry.swift -target arm64_32-apple-watchos9.0 -disable-cross-import-overlay-search -load-resolved-plugin /Applications/Xcode-27.0.0.app/Contents/Developer/Platforms/WatchOS.platform/Developer/usr/lib/swift/host/plugins/libFoundationMacros.dylib\#/Applications/Xcode-27.0.0.app/Contents/Developer/Platforms/WatchOS.platform/Developer/usr/bin/swift-plugin-server\#FoundationMacros -load-resolved-plugin /Applications/Xcode-27.0.0.app/Contents/Developer/Platforms/WatchOS.platform/Developer/usr/lib/swift/host/plugins/libObservationMacros.dylib\#/Applications/Xcode-27.0.0.app/Contents/Developer/Platforms/WatchOS.platform/Developer/usr/bin/swift-plugin-server\#ObservationMacros -load-resolved-plugin /Applications/Xcode-27.0.0.app/Contents/Developer/Platforms/WatchOS.platform/Developer/usr/lib/swift/host/plugins/libSwiftMacros.dylib\#/Applications/Xcode-27.0.0.app/Contents/Developer/Platforms/WatchOS.platform/Developer/usr/bin/swift-plugin-server\#SwiftMacros -load-resolved-plugin /Applications/Xcode-27.0.0.app/Contents/Developer/Platforms/WatchOS.platform/Developer/usr/lib/swift/host/plugins/libSwiftUIMacros.dylib\#/Applications/Xcode-27.0.0.app/Contents/Developer/Platforms/WatchOS.platform/Developer/usr/bin/swift-plugin-server\#SwiftUIMacros -disable-implicit-swift-modules -Xcc -fno-implicit-modules -Xcc -fno-implicit-module-maps -explicit-swift-module-map-file /Users/admin/builder/spi-builder-workspace/.derivedData/Build/Intermediates.noindex/AEPCore.build/Debug-watchos/AEPServices-t.build/Objects-normal/arm64_32/AEPServices-dependencies-1.json -enable-objc-interop -sdk /Applications/Xcode-27.0.0.app/Contents/Developer/Platforms/WatchOS.platform/Developer/SDKs/WatchOS27.0.sdk -I /Users/admin/builder/spi-builder-workspace/.derivedData/Build/Products/Debug-watchos -Isystem /Applications/Xcode-27.0.0.app/Contents/Developer/Platforms/WatchOS.platform/Developer/usr/lib -F /Users/admin/builder/spi-builder-workspace/.derivedData/Build/Products/Debug-watchos -F /Applications/Xcode-27.0.0.app/Contents/Developer/Platforms/WatchOS.platform/Developer/Library/Frameworks -F /Applications/Xcode-27.0.0.app/Contents/Developer/Platforms/WatchOS.platform/Developer/SDKs/WatchOS27.0.sdk/Developer/Library/Frameworks -module-cache-path /Users/admin/builder/spi-builder-workspace/.derivedData/Build/Intermediates.noindex/SwiftExplicitPrecompiledModules -no-color-diagnostics -Xcc -fno-color-diagnostics -enable-testing -g -debug-info-format\=dwarf -dwarf-version\=4 -suppress-warnings -swift-version 5 -Onone -D SWIFT_PACKAGE -D DEBUG -D SWIFT_MODULE_RESOURCE_BUNDLE_AVAILABLE -D Xcode -serialize-debugging-options -enable-experimental-feature DebugDescriptionMacro -empty-abi-descriptor -validate-clang-modules-once -clang-build-session-file /Users/admin/builder/spi-builder-workspace/.derivedData/ModuleCache.noindex/Session.modulevalidation -Xcc -working-directory -Xcc /Users/admin/builder/spi-builder-workspace/.swiftpm/xcode -enable-anonymous-context-mangled-names -file-compilation-dir /Users/admin/builder/spi-builder-workspace/.swiftpm/xcode -Xcc -D_LIBCPP_HARDENING_MODE\=_LIBCPP_HARDENING_MODE_DEBUG -Xcc -ivfsstatcache -Xcc /Users/admin/builder/spi-builder-workspace/.derivedData/SDKStatCaches.noindex/watchos27.0-24R360-e829b21a6f8c9b70876ba0858053c044b9db9bc9c079ee3c7b5f3373b13d10bc.sdkstatcache -Xcc -fmodules-prune-interval\=86400 -Xcc -fmodules-prune-after\=345600 -Xcc -I/Users/admin/builder/spi-builder-workspace/.derivedData/Build/Products/Debug-watchos/include -Xcc -I/Users/admin/builder/spi-builder-workspace/.derivedData/Build/Intermediates.noindex/AEPCore.build/Debug-watchos/AEPServices-t.build/DerivedSources-normal/arm64_32 -Xcc -I/Users/admin/builder/spi-builder-workspace/.derivedData/Build/Intermediates.noindex/AEPCore.build/Debug-watchos/AEPServices-t.build/DerivedSources/arm64_32 -Xcc -I/Users/admin/builder/spi-builder-workspace/.derivedData/Build/Intermediates.noindex/AEPCore.build/Debug-watchos/AEPServices-t.build/DerivedSources -Xcc -DSWIFT_PACKAGE -Xcc -DDEBUG\=1 -no-auto-bridging-header-chaining -module-name AEPServices -const-gather-protocols-file /Users/admin/builder/spi-builder-workspace/.derivedData/Build/Intermediates.noindex/AEPCore.build/Debug-watchos/AEPServices-t.build/Objects-normal/arm64_32/AEPServices_const_extract_protocols.json -disable-clang-spi -clang-target arm64_32-apple-watchos27.0 -target-sdk-version 27.0 -target-sdk-name watchos27.0 -in-process-plugin-server-path /Applications/Xcode-27.0.0.app/Contents/Developer/Toolchains/XcodeDefault.xctoolchain/usr/lib/swift/host/libSwiftInProcPluginServer.dylib -emit-module-doc-path /Users/admin/builder/spi-builder-workspace/.derivedData/Build/Intermediates.noindex/AEPCore.build/Debug-watchos/AEPServices-t.build/Objects-normal/arm64_32/AEPServices.swiftdoc -emit-module-source-info-path /Users/admin/builder/spi-builder-workspace/.derivedData/Build/Intermediates.noindex/AEPCore.build/Debug-watchos/AEPServices-t.build/Objects-normal/arm64_32/AEPServices.swiftsourceinfo -emit-objc-header-path /Users/admin/builder/spi-builder-workspace/.derivedData/Build/Intermediates.noindex/AEPCore.build/Debug-watchos/AEPServices-t.build/Objects-normal/arm64_32/AEPServices-Swift.h -serialize-diagnostics-path /Users/admin/builder/spi-builder-workspace/.derivedData/Build/Intermediates.noindex/AEPCore.build/Debug-watchos/AEPServices-t.build/Objects-normal/arm64_32/AEPServices-primary-emit-module.dia -emit-dependencies-path /Users/admin/builder/spi-builder-workspace/.derivedData/Build/Intermediates.noindex/AEPCore.build/Debug-watchos/AEPServices-t.build/Objects-normal/arm64_32/AEPServices-primary-emit-module.d -parse-as-library -o /Users/admin/builder/spi-builder-workspace/.derivedData/Build/Intermediates.noindex/AEPCore.build/Debug-watchos/AEPServices-t.build/Objects-normal/arm64_32/AEPServices.swiftmodule -emit-abi-descriptor-path /Users/admin/builder/spi-builder-workspace/.derivedData/Build/Intermediates.noindex/AEPCore.build/Debug-watchos/AEPServices-t.build/Objects-normal/arm64_32/AEPServices.abi.json
SwiftCompile normal arm64_32 (in target 'AEPServices' from project 'AEPCore')
    cd /Users/admin/builder/spi-builder-workspace/.swiftpm/xcode

SwiftCompile normal arm64_32 Compiling\ resource_bundle_accessor.swift,\ ApplicationSystemInfoService.swift,\ NetworkPathMonitorProvider.swift,\ ServiceProvider.swift,\ SystemInfoService.swift,\ UIUtils.swift,\ URLOpening.swift,\ URLService.swift,\ Cache.swift /Users/admin/builder/spi-builder-workspace/.derivedData/Build/Intermediates.noindex/AEPCore.build/Debug-watchos/AEPServices-t.build/DerivedSources/resource_bundle_accessor.swift /Users/admin/builder/spi-builder-workspace/.dependencies/checkouts/aepsdk-core-ios/AEPServices/Sources/ApplicationSystemInfoService.swift /Users/admin/builder/spi-builder-workspace/.dependencies/checkouts/aepsdk-core-ios/AEPServices/Sources/NetworkPathMonitorProvider.swift /Users/admin/builder/spi-builder-workspace/.dependencies/checkouts/aepsdk-core-ios/AEPServices/Sources/ServiceProvider.swift /Users/admin/builder/spi-builder-workspace/.dependencies/checkouts/aepsdk-core-ios/AEPServices/Sources/SystemInfoService.swift /Users/admin/builder/spi-builder-workspace/.dependencies/checkouts/aepsdk-core-ios/AEPServices/Sources/UIUtils.swift /Users/admin/builder/spi-builder-workspace/.dependencies/checkouts/aepsdk-core-ios/AEPServices/Sources/URLOpening.swift /Users/admin/builder/spi-builder-workspace/.dependencies/checkouts/aepsdk-core-ios/AEPServices/Sources/URLService.swift /Users/admin/builder/spi-builder-workspace/.dependencies/checkouts/aepsdk-core-ios/AEPServices/Sources/cache/Cache.swift (in target 'AEPServices' from project 'AEPCore')
/Users/admin/builder/spi-builder-workspace/.dependencies/checkouts/aepsdk-core-ios/AEPServices/Sources/ApplicationSystemInfoService.swift:33:21: error: 'UIDevice' is unavailable in watchOS
 31 |
 32 |     private lazy var userAgent: String = {
 33 |         let model = UIDevice.current.model
    |                     `- error: 'UIDevice' is unavailable in watchOS
 34 |         let osVersion = UIDevice.current.systemVersion.replacingOccurrences(of: ".", with: "_")
 35 |         let localeIdentifier = getSystemLocaleName().userAgentLocale ?? DEFAULT_LOCALE
/Applications/Xcode-27.0.0.app/Contents/Developer/Platforms/WatchOS.platform/Developer/SDKs/WatchOS27.0.sdk/System/Library/Frameworks/UIKit.framework/Headers/UIDevice.h:35:12: note: 'UIDevice' has been explicitly marked unavailable here
33 |
34 | UIKIT_EXTERN API_AVAILABLE(ios(2.0)) API_UNAVAILABLE(watchos) NS_SWIFT_UI_ACTOR
35 | @interface UIDevice : NSObject
   |            `- note: 'UIDevice' has been explicitly marked unavailable here
36 |
37 | @property(class, nonatomic, readonly) UIDevice *currentDevice;
/Users/admin/builder/spi-builder-workspace/.dependencies/checkouts/aepsdk-core-ios/AEPServices/Sources/ApplicationSystemInfoService.swift:34:25: error: 'UIDevice' is unavailable in watchOS
 32 |     private lazy var userAgent: String = {
 33 |         let model = UIDevice.current.model
 34 |         let osVersion = UIDevice.current.systemVersion.replacingOccurrences(of: ".", with: "_")
    |                         `- error: 'UIDevice' is unavailable in watchOS
 35 |         let localeIdentifier = getSystemLocaleName().userAgentLocale ?? DEFAULT_LOCALE
 36 |
/Applications/Xcode-27.0.0.app/Contents/Developer/Platforms/WatchOS.platform/Developer/SDKs/WatchOS27.0.sdk/System/Library/Frameworks/UIKit.framework/Headers/UIDevice.h:35:12: note: 'UIDevice' has been explicitly marked unavailable here
33 |
34 | UIKIT_EXTERN API_AVAILABLE(ios(2.0)) API_UNAVAILABLE(watchos) NS_SWIFT_UI_ACTOR
35 | @interface UIDevice : NSObject
   |            `- note: 'UIDevice' has been explicitly marked unavailable here
36 |
37 | @property(class, nonatomic, readonly) UIDevice *currentDevice;
/Users/admin/builder/spi-builder-workspace/.dependencies/checkouts/aepsdk-core-ios/AEPServices/Sources/ApplicationSystemInfoService.swift:113:35: error: cannot find 'CTTelephonyNetworkInfo' in scope
111 |                 return nil
112 |             } else {
113 |                 let networkInfo = CTTelephonyNetworkInfo()
    |                                   `- error: cannot find 'CTTelephonyNetworkInfo' in scope
114 |                 let carrier: CTCarrier?
115 |                 if #available(iOS 12, *) {
/Users/admin/builder/spi-builder-workspace/.dependencies/checkouts/aepsdk-core-ios/AEPServices/Sources/ApplicationSystemInfoService.swift:114:30: error: cannot find type 'CTCarrier' in scope
112 |             } else {
113 |                 let networkInfo = CTTelephonyNetworkInfo()
114 |                 let carrier: CTCarrier?
    |                              `- error: cannot find type 'CTCarrier' in scope
115 |                 if #available(iOS 12, *) {
116 |                     carrier = networkInfo.serviceSubscriberCellularProviders?.first?.value
SwiftCompile normal arm64_32 /Users/admin/builder/spi-builder-workspace/.derivedData/Build/Intermediates.noindex/AEPCore.build/Debug-watchos/AEPServices-t.build/DerivedSources/resource_bundle_accessor.swift (in target 'AEPServices' from project 'AEPCore')
    cd /Users/admin/builder/spi-builder-workspace/.swiftpm/xcode
    builtin-SwiftPerFileCompile resource_bundle_accessor.swift
SwiftCompile normal arm64_32 /Users/admin/builder/spi-builder-workspace/.dependencies/checkouts/aepsdk-core-ios/AEPServices/Sources/ApplicationSystemInfoService.swift (in target 'AEPServices' from project 'AEPCore')
    cd /Users/admin/builder/spi-builder-workspace/.swiftpm/xcode
    builtin-SwiftPerFileCompile ApplicationSystemInfoService.swift
SwiftCompile normal arm64_32 /Users/admin/builder/spi-builder-workspace/.dependencies/checkouts/aepsdk-core-ios/AEPServices/Sources/NetworkPathMonitorProvider.swift (in target 'AEPServices' from project 'AEPCore')
    cd /Users/admin/builder/spi-builder-workspace/.swiftpm/xcode
    builtin-SwiftPerFileCompile NetworkPathMonitorProvider.swift
SwiftCompile normal arm64_32 /Users/admin/builder/spi-builder-workspace/.dependencies/checkouts/aepsdk-core-ios/AEPServices/Sources/ServiceProvider.swift (in target 'AEPServices' from project 'AEPCore')
    cd /Users/admin/builder/spi-builder-workspace/.swiftpm/xcode
    builtin-SwiftPerFileCompile ServiceProvider.swift
SwiftCompile normal arm64_32 /Users/admin/builder/spi-builder-workspace/.dependencies/checkouts/aepsdk-core-ios/AEPServices/Sources/SystemInfoService.swift (in target 'AEPServices' from project 'AEPCore')
    cd /Users/admin/builder/spi-builder-workspace/.swiftpm/xcode
    builtin-SwiftPerFileCompile SystemInfoService.swift
SwiftCompile normal arm64_32 /Users/admin/builder/spi-builder-workspace/.dependencies/checkouts/aepsdk-core-ios/AEPServices/Sources/UIUtils.swift (in target 'AEPServices' from project 'AEPCore')
    cd /Users/admin/builder/spi-builder-workspace/.swiftpm/xcode
    builtin-SwiftPerFileCompile UIUtils.swift
SwiftCompile normal arm64_32 /Users/admin/builder/spi-builder-workspace/.dependencies/checkouts/aepsdk-core-ios/AEPServices/Sources/URLOpening.swift (in target 'AEPServices' from project 'AEPCore')
    cd /Users/admin/builder/spi-builder-workspace/.swiftpm/xcode
    builtin-SwiftPerFileCompile URLOpening.swift
SwiftCompile normal arm64_32 /Users/admin/builder/spi-builder-workspace/.dependencies/checkouts/aepsdk-core-ios/AEPServices/Sources/URLService.swift (in target 'AEPServices' from project 'AEPCore')
    cd /Users/admin/builder/spi-builder-workspace/.swiftpm/xcode
    builtin-SwiftPerFileCompile URLService.swift
SwiftCompile normal arm64_32 /Users/admin/builder/spi-builder-workspace/.dependencies/checkouts/aepsdk-core-ios/AEPServices/Sources/cache/Cache.swift (in target 'AEPServices' from project 'AEPCore')
    cd /Users/admin/builder/spi-builder-workspace/.swiftpm/xcode
    builtin-SwiftPerFileCompile Cache.swift
SwiftEmitModule normal arm64 Emitting\ module\ for\ AEPServices (in target 'AEPServices' from project 'AEPCore')
SwiftCompile normal arm64 (in target 'AEPServices' from project 'AEPCore')
    cd /Users/admin/builder/spi-builder-workspace/.swiftpm/xcode

PruneExplicitPrecompiledModules /Users/admin/builder/spi-builder-workspace/.derivedData/Build/Intermediates.noindex/SwiftExplicitPrecompiledModules
PruneExplicitPrecompiledModules /Users/admin/builder/spi-builder-workspace/.derivedData/SDKExplicitPrecompiledModules
PruneExplicitPrecompiledModules /Users/admin/builder/spi-builder-workspace/.derivedData/Build/Intermediates.noindex/ExplicitPrecompiledModules
2026-10-14 17:23:06.394 xcodebuild[799:4980] [MT] IDERunDestination: Supported platforms for the buildables in the current scheme is empty.
** BUILD FAILED **
The following build commands failed:
	SwiftEmitModule normal arm64_32 Emitting\ module\ for\ AEPServices (in target 'AEPServices' from project 'AEPCore')
	SwiftCompile normal arm64_32 (in target 'AEPServices' from project 'AEPCore')
	Building workspace AEPEdge with scheme AEPEdge
(3 failures)
Command line invocation:
    /Applications/Xcode-27.0.0.app/Contents/Developer/usr/bin/xcodebuild -IDEClonedSourcePackagesDirPathOverride=/Users/admin/builder/spi-builder-workspace/.dependencies -resolvePackageDependencies
Resolve Package Graph
Resolved source packages:
  AEPCore: https://github.com/adobe/aepsdk-core-ios.git @ 5.12.1
  AEPEdgeIdentity: https://github.com/adobe/aepsdk-edgeidentity-ios.git @ 5.1.0
  AEPRulesEngine: https://github.com/adobe/aepsdk-rulesengine-ios.git @ 5.0.0
  AEPEdge: /Users/admin/builder/spi-builder-workspace
resolved source packages: AEPCore, AEPEdgeIdentity, AEPRulesEngine, AEPEdge
2026-10-14 17:23:13.540 xcodebuild[963:5722] [MT] IDERunDestination: Supported platforms for the buildables in the current scheme is empty.
{
  "dependencies" : [
    {
      "identity" : "aepsdk-core-ios",
      "requirement" : {
        "range" : [
          {
            "lower_bound" : "5.12.0",
            "upper_bound" : "6.0.0"
          }
        ]
      },
      "type" : "sourceControl",
      "url" : "https://github.com/adobe/aepsdk-core-ios.git"
    },
    {
      "identity" : "aepsdk-edgeidentity-ios",
      "requirement" : {
        "range" : [
          {
            "lower_bound" : "5.0.0",
            "upper_bound" : "6.0.0"
          }
        ]
      },
      "type" : "sourceControl",
      "url" : "https://github.com/adobe/aepsdk-edgeidentity-ios.git"
    }
  ],
  "manifest_display_name" : "AEPEdge",
  "name" : "AEPEdge",
  "path" : "/Users/admin/builder/spi-builder-workspace",
  "platforms" : [
    {
      "name" : "ios",
      "version" : "12.0"
    },
    {
      "name" : "tvos",
      "version" : "12.0"
    }
  ],
  "products" : [
    {
      "name" : "AEPEdge",
      "targets" : [
        "AEPEdge"
      ],
      "type" : {
        "library" : [
          "automatic"
        ]
      }
    }
  ],
  "targets" : [
    {
      "c99name" : "AEPEdge",
      "module_type" : "SwiftTarget",
      "name" : "AEPEdge",
      "path" : "Sources",
      "product_dependencies" : [
        "AEPCore",
        "AEPEdgeIdentity"
      ],
      "product_memberships" : [
        "AEPEdge"
      ],
      "sources" : [
        "Edge+PublicAPI.swift",
        "Edge.swift",
        "EdgeCallbackWithError.swift",
        "EdgeConsentStatus.swift",
        "EdgeConstants.swift",
        "EdgeEventError.swift",
        "EdgeEventHandle.swift",
        "EdgeHitQueueing+Consent.swift",
        "EdgeNetworkHandlers/Atomic.swift",
        "EdgeNetworkHandlers/BatchOutcome.swift",
        "EdgeNetworkHandlers/CompletionHandlersManager.swift",
        "EdgeNetworkHandlers/ConsentEdgeHit.swift",
        "EdgeNetworkHandlers/EdgeBatchingConfig.swift",
        "EdgeNetworkHandlers/EdgeBatchingHitQueue.swift",
        "EdgeNetworkHandlers/EdgeBundledBatchingConfig.swift",
        "EdgeNetworkHandlers/EdgeConsentPayload.swift",
        "EdgeNetworkHandlers/EdgeConsentUpdate.swift",
        "EdgeNetworkHandlers/EdgeDataEntity.swift",
        "EdgeNetworkHandlers/EdgeEndpoint.swift",
        "EdgeNetworkHandlers/EdgeEventWarning.swift",
        "EdgeNetworkHandlers/EdgeHit.swift",
        "EdgeNetworkHandlers/EdgeHitProcessor.swift",
        "EdgeNetworkHandlers/EdgeNetworkService.swift",
        "EdgeNetworkHandlers/EdgeRequest.swift",
        "EdgeNetworkHandlers/EdgeResponse.swift",
        "EdgeNetworkHandlers/EdgeResponseError.swift",
        "EdgeNetworkHandlers/ExperienceEventsEdgeHit.swift",
        "EdgeNetworkHandlers/KonductorConfig.swift",
        "EdgeNetworkHandlers/NetworkResponseCallback.swift",
        "EdgeNetworkHandlers/NetworkResponseHandler.swift",
        "EdgeNetworkHandlers/QueryOptions.swift",
        "EdgeNetworkHandlers/RequestBuilder.swift",
        "EdgeNetworkHandlers/RequestMetadata.swift",
        "EdgeNetworkHandlers/ResponseCallback.swift",
        "EdgeNetworkHandlers/SDKConfig.swift",
        "EdgeNetworkHandlers/SharedStateReader.swift",
        "EdgeNetworkHandlers/StateMetadata.swift",
        "EdgeNetworkHandlers/StoreResponsePayload.swift",
        "EdgeNetworkHandlers/StoreResponsePayloadManager.swift",
        "EdgeProperties.swift",
        "EdgeState.swift",
        "Event+Edge.swift",
        "ExperienceEvent.swift",
        "ImplementationDetails.swift",
        "xdm/XDMProtocols.swift"
      ],
      "type" : "library"
    }
  ],
  "tools_version" : "5.3"
}
{
  "workspace" : {
    "name" : "AEPEdge",
    "schemes" : [
      "AEPEdge"
    ]
  }
}
2026-10-14 17:23:14.907 xcodebuild[971:5792] [MT] IDERunDestination: Supported platforms for the buildables in the current scheme is empty.
Running build ...
env DEVELOPER_DIR=/Applications/Xcode-27.0.0.app xcrun xcodebuild -IDEClonedSourcePackagesDirPathOverride=$PWD/.dependencies -skipMacroValidation -skipPackagePluginValidation -derivedDataPath $PWD/.derivedData build -scheme AEPEdge -destination generic/platform=watchOS
Command line invocation:
    /Applications/Xcode-27.0.0.app/Contents/Developer/usr/bin/xcodebuild -IDEClonedSourcePackagesDirPathOverride=/Users/admin/builder/spi-builder-workspace/.dependencies -skipMacroValidation -skipPackagePluginValidation -derivedDataPath /Users/admin/builder/spi-builder-workspace/.derivedData build -scheme AEPEdge -destination generic/platform=watchOS
Resolve Package Graph
Resolved source packages:
  AEPCore: https://github.com/adobe/aepsdk-core-ios.git @ 5.12.1
  AEPEdge: /Users/admin/builder/spi-builder-workspace
  AEPRulesEngine: https://github.com/adobe/aepsdk-rulesengine-ios.git @ 5.0.0
  AEPEdgeIdentity: https://github.com/adobe/aepsdk-edgeidentity-ios.git @ 5.1.0
ComputePackagePrebuildTargetDependencyGraph
Prepare packages
CreateBuildRequest
SendProjectDescription
CreateBuildOperation
ComputeTargetDependencyGraph
note: Building targets in dependency order
note: Target dependency graph (11 targets)
    Target 'AEPEdge-product' in project 'AEPEdge'
        ➜ Explicit dependency on target 'AEPEdge' in project 'AEPEdge'
        ➜ Explicit dependency on target 'AEPCore-product' in project 'AEPCore'
        ➜ Explicit dependency on target 'AEPEdgeIdentity-product' in project 'AEPEdgeIdentity'
    Target 'AEPEdge' in project 'AEPEdge'
        ➜ Explicit dependency on target 'AEPCore-product' in project 'AEPCore'
        ➜ Explicit dependency on target 'AEPEdgeIdentity-product' in project 'AEPEdgeIdentity'
    Target 'AEPEdgeIdentity-product' in project 'AEPEdgeIdentity'
        ➜ Explicit dependency on target 'AEPEdgeIdentity' in project 'AEPEdgeIdentity'
        ➜ Explicit dependency on target 'AEPCore-product' in project 'AEPCore'
    Target 'AEPEdgeIdentity' in project 'AEPEdgeIdentity'
        ➜ Explicit dependency on target 'AEPCore-product' in project 'AEPCore'
    Target 'AEPCore-product' in project 'AEPCore'
        ➜ Explicit dependency on target 'AEPCore' in project 'AEPCore'
        ➜ Explicit dependency on target 'AEPCore_AEPCore' in project 'AEPCore'
        ➜ Explicit dependency on target 'AEPServices' in project 'AEPCore'
        ➜ Explicit dependency on target 'AEPRulesEngine-product' in project 'AEPRulesEngine'
    Target 'AEPCore' in project 'AEPCore'
        ➜ Explicit dependency on target 'AEPCore_AEPCore' in project 'AEPCore'
        ➜ Explicit dependency on target 'AEPServices' in project 'AEPCore'
        ➜ Explicit dependency on target 'AEPRulesEngine-product' in project 'AEPRulesEngine'
    Target 'AEPRulesEngine-product' in project 'AEPRulesEngine'
        ➜ Explicit dependency on target 'AEPRulesEngine' in project 'AEPRulesEngine'
    Target 'AEPRulesEngine' in project 'AEPRulesEngine' (no dependencies)
    Target 'AEPServices' in project 'AEPCore'
        ➜ Explicit dependency on target 'AEPCore_AEPServices' in project 'AEPCore'
    Target 'AEPCore_AEPServices' in project 'AEPCore' (no dependencies)
    Target 'AEPCore_AEPCore' in project 'AEPCore' (no dependencies)
GatherProvisioningInputs
CreateBuildDescription
ClangStatCache /Applications/Xcode-27.0.0.app/Contents/Developer/Toolchains/XcodeDefault.xctoolchain/usr/bin/clang-stat-cache /Applications/Xcode-27.0.0.app/Contents/Developer/Platforms/WatchOS.platform/Developer/SDKs/WatchOS27.0.sdk /Users/admin/builder/spi-builder-workspace/.derivedData/SDKStatCaches.noindex/watchos27.0-24R360-e829b21a6f8c9b70876ba0858053c044b9db9bc9c079ee3c7b5f3373b13d10bc.sdkstatcache
    cd /Users/admin/builder/spi-builder-workspace/.swiftpm/xcode
    /Applications/Xcode-27.0.0.app/Contents/Developer/Toolchains/XcodeDefault.xctoolchain/usr/bin/clang-stat-cache /Applications/Xcode-27.0.0.app/Contents/Developer/Platforms/WatchOS.platform/Developer/SDKs/WatchOS27.0.sdk -o /Users/admin/builder/spi-builder-workspace/.derivedData/SDKStatCaches.noindex/watchos27.0-24R360-e829b21a6f8c9b70876ba0858053c044b9db9bc9c079ee3c7b5f3373b13d10bc.sdkstatcache
SwiftDriver AEPServices normal arm64 com.apple.xcode.tools.swift.compiler (in target 'AEPServices' from project 'AEPCore')
    cd /Users/admin/builder/spi-builder-workspace/.swiftpm/xcode
    builtin-SwiftDriver -- /Applications/Xcode-27.0.0.app/Contents/Developer/Toolchains/XcodeDefault.xctoolchain/usr/bin/swiftc -parse-as-library -module-name AEPServices -Onone @/Users/admin/builder/spi-builder-workspace/.derivedData/Build/Intermediates.noindex/AEPCore.build/Debug-watchos/AEPServices-t.build/Objects-normal/arm64/AEPServices.SwiftFileList -DSWIFT_PACKAGE -DDEBUG -DSWIFT_MODULE_RESOURCE_BUNDLE_AVAILABLE -DXcode -plugin-path /Applications/Xcode-27.0.0.app/Contents/Developer/Toolchains/XcodeDefault.xctoolchain/usr/lib/swift/host/plugins/testing -enable-experimental-feature DebugDescriptionMacro -sdk /Applications/Xcode-27.0.0.app/Contents/Developer/Platforms/WatchOS.platform/Developer/SDKs/WatchOS27.0.sdk -target arm64-apple-watchos9.0 -g -module-cache-path /Users/admin/builder/spi-builder-workspace/.derivedData/ModuleCache.noindex -Xfrontend -serialize-debugging-options -enable-testing -suppress-warnings -index-store-path /Users/admin/builder/spi-builder-workspace/.derivedData/Index.noindex/DataStore -Xcc -D_LIBCPP_HARDENING_MODE\=_LIBCPP_HARDENING_MODE_DEBUG -swift-version 5 -I /Users/admin/builder/spi-builder-workspace/.derivedData/Build/Products/Debug-watchos -Isystem /Applications/Xcode-27.0.0.app/Contents/Developer/Platforms/WatchOS.platform/Developer/usr/lib -F /Users/admin/builder/spi-builder-workspace/.derivedData/Build/Products/Debug-watchos -F /Applications/Xcode-27.0.0.app/Contents/Developer/Platforms/WatchOS.platform/Developer/Library/Frameworks -F /Applications/Xcode-27.0.0.app/Contents/Developer/Platforms/WatchOS.platform/Developer/SDKs/WatchOS27.0.sdk/Developer/Library/Frameworks -c -j10 -enable-batch-mode -incremental -Xcc -ivfsstatcache -Xcc /Users/admin/builder/spi-builder-workspace/.derivedData/SDKStatCaches.noindex/watchos27.0-24R360-e829b21a6f8c9b70876ba0858053c044b9db9bc9c079ee3c7b5f3373b13d10bc.sdkstatcache -output-file-map /Users/admin/builder/spi-builder-workspace/.derivedData/Build/Intermediates.noindex/AEPCore.build/Debug-watchos/AEPServices-t.build/Objects-normal/arm64/AEPServices-OutputFileMap.json -save-temps -no-color-diagnostics -explicit-module-build -module-cache-path /Users/admin/builder/spi-builder-workspace/.derivedData/Build/Intermediates.noindex/SwiftExplicitPrecompiledModules -clang-scanner-module-cache-path /Users/admin/builder/spi-builder-workspace/.derivedData/ModuleCache.noindex -sdk-module-cache-path /Users/admin/builder/spi-builder-workspace/.derivedData/SDKExplicitPrecompiledModules -emit-dependencies -emit-module -emit-module-path /Users/admin/builder/spi-builder-workspace/.derivedData/Build/Intermediates.noindex/AEPCore.build/Debug-watchos/AEPServices-t.build/Objects-normal/arm64/AEPServices.swiftmodule -serialize-diagnostics -dependency-scan-serialize-diagnostics-path /Users/admin/builder/spi-builder-workspace/.derivedData/Build/Intermediates.noindex/AEPCore.build/Debug-watchos/AEPServices-t.build/Objects-normal/arm64/AEPServices-dependency-scan.dia -validate-clang-modules-once -clang-build-session-file /Users/admin/builder/spi-builder-workspace/.derivedData/ModuleCache.noindex/Session.modulevalidation -Xcc -fmodules-prune-interval\=86400 -Xcc -fmodules-prune-after\=345600 -emit-const-values -const-gather-protocols-list /Users/admin/builder/spi-builder-workspace/.derivedData/Build/Intermediates.noindex/AEPCore.build/Debug-watchos/AEPServices-t.build/Objects-normal/arm64/AEPServices_const_extract_protocols.json -Xcc -I/Users/admin/builder/spi-builder-workspace/.derivedData/Build/Products/Debug-watchos/include -Xcc -I/Users/admin/builder/spi-builder-workspace/.derivedData/Build/Intermediates.noindex/AEPCore.build/Debug-watchos/AEPServices-t.build/DerivedSources-normal/arm64 -Xcc -I/Users/admin/builder/spi-builder-workspace/.derivedData/Build/Intermediates.noindex/AEPCore.build/Debug-watchos/AEPServices-t.build/DerivedSources/arm64 -Xcc -I/Users/admin/builder/spi-builder-workspace/.derivedData/Build/Intermediates.noindex/AEPCore.build/Debug-watchos/AEPServices-t.build/DerivedSources -Xcc -DSWIFT_PACKAGE -Xcc -DDEBUG\=1 -emit-objc-header -emit-objc-header-path /Users/admin/builder/spi-builder-workspace/.derivedData/Build/Intermediates.noindex/AEPCore.build/Debug-watchos/AEPServices-t.build/Objects-normal/arm64/AEPServices-Swift.h -working-directory /Users/admin/builder/spi-builder-workspace/.swiftpm/xcode -experimental-emit-module-separately -disable-cmo
SwiftDriver AEPServices normal arm64_32 com.apple.xcode.tools.swift.compiler (in target 'AEPServices' from project 'AEPCore')
    cd /Users/admin/builder/spi-builder-workspace/.swiftpm/xcode
    builtin-SwiftDriver -- /Applications/Xcode-27.0.0.app/Contents/Developer/Toolchains/XcodeDefault.xctoolchain/usr/bin/swiftc -parse-as-library -module-name AEPServices -Onone @/Users/admin/builder/spi-builder-workspace/.derivedData/Build/Intermediates.noindex/AEPCore.build/Debug-watchos/AEPServices-t.build/Objects-normal/arm64_32/AEPServices.SwiftFileList -DSWIFT_PACKAGE -DDEBUG -DSWIFT_MODULE_RESOURCE_BUNDLE_AVAILABLE -DXcode -plugin-path /Applications/Xcode-27.0.0.app/Contents/Developer/Toolchains/XcodeDefault.xctoolchain/usr/lib/swift/host/plugins/testing -enable-experimental-feature DebugDescriptionMacro -sdk /Applications/Xcode-27.0.0.app/Contents/Developer/Platforms/WatchOS.platform/Developer/SDKs/WatchOS27.0.sdk -target arm64_32-apple-watchos9.0 -g -module-cache-path /Users/admin/builder/spi-builder-workspace/.derivedData/ModuleCache.noindex -Xfrontend -serialize-debugging-options -enable-testing -suppress-warnings -index-store-path /Users/admin/builder/spi-builder-workspace/.derivedData/Index.noindex/DataStore -Xcc -D_LIBCPP_HARDENING_MODE\=_LIBCPP_HARDENING_MODE_DEBUG -swift-version 5 -I /Users/admin/builder/spi-builder-workspace/.derivedData/Build/Products/Debug-watchos -Isystem /Applications/Xcode-27.0.0.app/Contents/Developer/Platforms/WatchOS.platform/Developer/usr/lib -F /Users/admin/builder/spi-builder-workspace/.derivedData/Build/Products/Debug-watchos -F /Applications/Xcode-27.0.0.app/Contents/Developer/Platforms/WatchOS.platform/Developer/Library/Frameworks -F /Applications/Xcode-27.0.0.app/Contents/Developer/Platforms/WatchOS.platform/Developer/SDKs/WatchOS27.0.sdk/Developer/Library/Frameworks -c -j10 -enable-batch-mode -incremental -Xcc -ivfsstatcache -Xcc /Users/admin/builder/spi-builder-workspace/.derivedData/SDKStatCaches.noindex/watchos27.0-24R360-e829b21a6f8c9b70876ba0858053c044b9db9bc9c079ee3c7b5f3373b13d10bc.sdkstatcache -output-file-map /Users/admin/builder/spi-builder-workspace/.derivedData/Build/Intermediates.noindex/AEPCore.build/Debug-watchos/AEPServices-t.build/Objects-normal/arm64_32/AEPServices-OutputFileMap.json -save-temps -no-color-diagnostics -explicit-module-build -module-cache-path /Users/admin/builder/spi-builder-workspace/.derivedData/Build/Intermediates.noindex/SwiftExplicitPrecompiledModules -clang-scanner-module-cache-path /Users/admin/builder/spi-builder-workspace/.derivedData/ModuleCache.noindex -sdk-module-cache-path /Users/admin/builder/spi-builder-workspace/.derivedData/SDKExplicitPrecompiledModules -emit-dependencies -emit-module -emit-module-path /Users/admin/builder/spi-builder-workspace/.derivedData/Build/Intermediates.noindex/AEPCore.build/Debug-watchos/AEPServices-t.build/Objects-normal/arm64_32/AEPServices.swiftmodule -serialize-diagnostics -dependency-scan-serialize-diagnostics-path /Users/admin/builder/spi-builder-workspace/.derivedData/Build/Intermediates.noindex/AEPCore.build/Debug-watchos/AEPServices-t.build/Objects-normal/arm64_32/AEPServices-dependency-scan.dia -validate-clang-modules-once -clang-build-session-file /Users/admin/builder/spi-builder-workspace/.derivedData/ModuleCache.noindex/Session.modulevalidation -Xcc -fmodules-prune-interval\=86400 -Xcc -fmodules-prune-after\=345600 -emit-const-values -const-gather-protocols-list /Users/admin/builder/spi-builder-workspace/.derivedData/Build/Intermediates.noindex/AEPCore.build/Debug-watchos/AEPServices-t.build/Objects-normal/arm64_32/AEPServices_const_extract_protocols.json -Xcc -I/Users/admin/builder/spi-builder-workspace/.derivedData/Build/Products/Debug-watchos/include -Xcc -I/Users/admin/builder/spi-builder-workspace/.derivedData/Build/Intermediates.noindex/AEPCore.build/Debug-watchos/AEPServices-t.build/DerivedSources-normal/arm64_32 -Xcc -I/Users/admin/builder/spi-builder-workspace/.derivedData/Build/Intermediates.noindex/AEPCore.build/Debug-watchos/AEPServices-t.build/DerivedSources/arm64_32 -Xcc -I/Users/admin/builder/spi-builder-workspace/.derivedData/Build/Intermediates.noindex/AEPCore.build/Debug-watchos/AEPServices-t.build/DerivedSources -Xcc -DSWIFT_PACKAGE -Xcc -DDEBUG\=1 -emit-objc-header -emit-objc-header-path /Users/admin/builder/spi-builder-workspace/.derivedData/Build/Intermediates.noindex/AEPCore.build/Debug-watchos/AEPServices-t.build/Objects-normal/arm64_32/AEPServices-Swift.h -working-directory /Users/admin/builder/spi-builder-workspace/.swiftpm/xcode -experimental-emit-module-separately -disable-cmo
SwiftDriver AEPRulesEngine normal arm64_32 com.apple.xcode.tools.swift.compiler (in target 'AEPRulesEngine' from project 'AEPRulesEngine')
    cd /Users/admin/builder/spi-builder-workspace/.swiftpm/xcode
    builtin-SwiftDriver -- /Applications/Xcode-27.0.0.app/Contents/Developer/Toolchains/XcodeDefault.xctoolchain/usr/bin/swiftc -parse-as-library -module-name AEPRulesEngine -Onone @/Users/admin/builder/spi-builder-workspace/.derivedData/Build/Intermediates.noindex/AEPRulesEngine.build/Debug-watchos/AEPRulesEngine-t.build/Objects-normal/arm64_32/AEPRulesEngine.SwiftFileList -DSWIFT_PACKAGE -DDEBUG -DSWIFT_MODULE_RESOURCE_BUNDLE_UNAVAILABLE -DXcode -plugin-path /Applications/Xcode-27.0.0.app/Contents/Developer/Toolchains/XcodeDefault.xctoolchain/usr/lib/swift/host/plugins/testing -enable-experimental-feature DebugDescriptionMacro -sdk /Applications/Xcode-27.0.0.app/Contents/Developer/Platforms/WatchOS.platform/Developer/SDKs/WatchOS27.0.sdk -target arm64_32-apple-watchos9.0 -g -module-cache-path /Users/admin/builder/spi-builder-workspace/.derivedData/ModuleCache.noindex -Xfrontend -serialize-debugging-options -enable-testing -suppress-warnings -index-store-path /Users/admin/builder/spi-builder-workspace/.derivedData/Index.noindex/DataStore -Xcc -D_LIBCPP_HARDENING_MODE\=_LIBCPP_HARDENING_MODE_DEBUG -swift-version 5 -I /Users/admin/builder/spi-builder-workspace/.derivedData/Build/Products/Debug-watchos -Isystem /Applications/Xcode-27.0.0.app/Contents/Developer/Platforms/WatchOS.platform/Developer/usr/lib -F /Users/admin/builder/spi-builder-workspace/.derivedData/Build/Products/Debug-watchos -F /Applications/Xcode-27.0.0.app/Contents/Developer/Platforms/WatchOS.platform/Developer/Library/Frameworks -F /Applications/Xcode-27.0.0.app/Contents/Developer/Platforms/WatchOS.platform/Developer/SDKs/WatchOS27.0.sdk/Developer/Library/Frameworks -c -j10 -enable-batch-mode -incremental -Xcc -ivfsstatcache -Xcc /Users/admin/builder/spi-builder-workspace/.derivedData/SDKStatCaches.noindex/watchos27.0-24R360-e829b21a6f8c9b70876ba0858053c044b9db9bc9c079ee3c7b5f3373b13d10bc.sdkstatcache -output-file-map /Users/admin/builder/spi-builder-workspace/.derivedData/Build/Intermediates.noindex/AEPRulesEngine.build/Debug-watchos/AEPRulesEngine-t.build/Objects-normal/arm64_32/AEPRulesEngine-OutputFileMap.json -save-temps -no-color-diagnostics -explicit-module-build -module-cache-path /Users/admin/builder/spi-builder-workspace/.derivedData/Build/Intermediates.noindex/SwiftExplicitPrecompiledModules -clang-scanner-module-cache-path /Users/admin/builder/spi-builder-workspace/.derivedData/ModuleCache.noindex -sdk-module-cache-path /Users/admin/builder/spi-builder-workspace/.derivedData/SDKExplicitPrecompiledModules -emit-dependencies -emit-module -emit-module-path /Users/admin/builder/spi-builder-workspace/.derivedData/Build/Intermediates.noindex/AEPRulesEngine.build/Debug-watchos/AEPRulesEngine-t.build/Objects-normal/arm64_32/AEPRulesEngine.swiftmodule -serialize-diagnostics -dependency-scan-serialize-diagnostics-path /Users/admin/builder/spi-builder-workspace/.derivedData/Build/Intermediates.noindex/AEPRulesEngine.build/Debug-watchos/AEPRulesEngine-t.build/Objects-normal/arm64_32/AEPRulesEngine-dependency-scan.dia -validate-clang-modules-once -clang-build-session-file /Users/admin/builder/spi-builder-workspace/.derivedData/ModuleCache.noindex/Session.modulevalidation -Xcc -fmodules-prune-interval\=86400 -Xcc -fmodules-prune-after\=345600 -emit-const-values -const-gather-protocols-list /Users/admin/builder/spi-builder-workspace/.derivedData/Build/Intermediates.noindex/AEPRulesEngine.build/Debug-watchos/AEPRulesEngine-t.build/Objects-normal/arm64_32/AEPRulesEngine_const_extract_protocols.json -Xcc -I/Users/admin/builder/spi-builder-workspace/.derivedData/Build/Products/Debug-watchos/include -Xcc -I/Users/admin/builder/spi-builder-workspace/.derivedData/Build/Intermediates.noindex/AEPRulesEngine.build/Debug-watchos/AEPRulesEngine-t.build/DerivedSources-normal/arm64_32 -Xcc -I/Users/admin/builder/spi-builder-workspace/.derivedData/Build/Intermediates.noindex/AEPRulesEngine.build/Debug-watchos/AEPRulesEngine-t.build/DerivedSources/arm64_32 -Xcc -I/Users/admin/builder/spi-builder-workspace/.derivedData/Build/Intermediates.noindex/AEPRulesEngine.build/Debug-watchos/AEPRulesEngine-t.build/DerivedSources -Xcc -DSWIFT_PACKAGE -Xcc -DDEBUG\=1 -emit-objc-header -emit-objc-header-path /Users/admin/builder/spi-builder-workspace/.derivedData/Build/Intermediates.noindex/AEPRulesEngine.build/Debug-watchos/AEPRulesEngine-t.build/Objects-normal/arm64_32/AEPRulesEngine-Swift.h -working-directory /Users/admin/builder/spi-builder-workspace/.swiftpm/xcode -experimental-emit-module-separately -disable-cmo
SwiftDriver AEPRulesEngine normal arm64 com.apple.xcode.tools.swift.compiler (in target 'AEPRulesEngine' from project 'AEPRulesEngine')
    cd /Users/admin/builder/spi-builder-workspace/.swiftpm/xcode
    builtin-SwiftDriver -- /Applications/Xcode-27.0.0.app/Contents/Developer/Toolchains/XcodeDefault.xctoolchain/usr/bin/swiftc -parse-as-library -module-name AEPRulesEngine -Onone @/Users/admin/builder/spi-builder-workspace/.derivedData/Build/Intermediates.noindex/AEPRulesEngine.build/Debug-watchos/AEPRulesEngine-t.build/Objects-normal/arm64/AEPRulesEngine.SwiftFileList -DSWIFT_PACKAGE -DDEBUG -DSWIFT_MODULE_RESOURCE_BUNDLE_UNAVAILABLE -DXcode -plugin-path /Applications/Xcode-27.0.0.app/Contents/Developer/Toolchains/XcodeDefault.xctoolchain/usr/lib/swift/host/plugins/testing -enable-experimental-feature DebugDescriptionMacro -sdk /Applications/Xcode-27.0.0.app/Contents/Developer/Platforms/WatchOS.platform/Developer/SDKs/WatchOS27.0.sdk -target arm64-apple-watchos9.0 -g -module-cache-path /Users/admin/builder/spi-builder-workspace/.derivedData/ModuleCache.noindex -Xfrontend -serialize-debugging-options -enable-testing -suppress-warnings -index-store-path /Users/admin/builder/spi-builder-workspace/.derivedData/Index.noindex/DataStore -Xcc -D_LIBCPP_HARDENING_MODE\=_LIBCPP_HARDENING_MODE_DEBUG -swift-version 5 -I /Users/admin/builder/spi-builder-workspace/.derivedData/Build/Products/Debug-watchos -Isystem /Applications/Xcode-27.0.0.app/Contents/Developer/Platforms/WatchOS.platform/Developer/usr/lib -F /Users/admin/builder/spi-builder-workspace/.derivedData/Build/Products/Debug-watchos -F /Applications/Xcode-27.0.0.app/Contents/Developer/Platforms/WatchOS.platform/Developer/Library/Frameworks -F /Applications/Xcode-27.0.0.app/Contents/Developer/Platforms/WatchOS.platform/Developer/SDKs/WatchOS27.0.sdk/Developer/Library/Frameworks -c -j10 -enable-batch-mode -incremental -Xcc -ivfsstatcache -Xcc /Users/admin/builder/spi-builder-workspace/.derivedData/SDKStatCaches.noindex/watchos27.0-24R360-e829b21a6f8c9b70876ba0858053c044b9db9bc9c079ee3c7b5f3373b13d10bc.sdkstatcache -output-file-map /Users/admin/builder/spi-builder-workspace/.derivedData/Build/Intermediates.noindex/AEPRulesEngine.build/Debug-watchos/AEPRulesEngine-t.build/Objects-normal/arm64/AEPRulesEngine-OutputFileMap.json -save-temps -no-color-diagnostics -explicit-module-build -module-cache-path /Users/admin/builder/spi-builder-workspace/.derivedData/Build/Intermediates.noindex/SwiftExplicitPrecompiledModules -clang-scanner-module-cache-path /Users/admin/builder/spi-builder-workspace/.derivedData/ModuleCache.noindex -sdk-module-cache-path /Users/admin/builder/spi-builder-workspace/.derivedData/SDKExplicitPrecompiledModules -emit-dependencies -emit-module -emit-module-path /Users/admin/builder/spi-builder-workspace/.derivedData/Build/Intermediates.noindex/AEPRulesEngine.build/Debug-watchos/AEPRulesEngine-t.build/Objects-normal/arm64/AEPRulesEngine.swiftmodule -serialize-diagnostics -dependency-scan-serialize-diagnostics-path /Users/admin/builder/spi-builder-workspace/.derivedData/Build/Intermediates.noindex/AEPRulesEngine.build/Debug-watchos/AEPRulesEngine-t.build/Objects-normal/arm64/AEPRulesEngine-dependency-scan.dia -validate-clang-modules-once -clang-build-session-file /Users/admin/builder/spi-builder-workspace/.derivedData/ModuleCache.noindex/Session.modulevalidation -Xcc -fmodules-prune-interval\=86400 -Xcc -fmodules-prune-after\=345600 -emit-const-values -const-gather-protocols-list /Users/admin/builder/spi-builder-workspace/.derivedData/Build/Intermediates.noindex/AEPRulesEngine.build/Debug-watchos/AEPRulesEngine-t.build/Objects-normal/arm64/AEPRulesEngine_const_extract_protocols.json -Xcc -I/Users/admin/builder/spi-builder-workspace/.derivedData/Build/Products/Debug-watchos/include -Xcc -I/Users/admin/builder/spi-builder-workspace/.derivedData/Build/Intermediates.noindex/AEPRulesEngine.build/Debug-watchos/AEPRulesEngine-t.build/DerivedSources-normal/arm64 -Xcc -I/Users/admin/builder/spi-builder-workspace/.derivedData/Build/Intermediates.noindex/AEPRulesEngine.build/Debug-watchos/AEPRulesEngine-t.build/DerivedSources/arm64 -Xcc -I/Users/admin/builder/spi-builder-workspace/.derivedData/Build/Intermediates.noindex/AEPRulesEngine.build/Debug-watchos/AEPRulesEngine-t.build/DerivedSources -Xcc -DSWIFT_PACKAGE -Xcc -DDEBUG\=1 -emit-objc-header -emit-objc-header-path /Users/admin/builder/spi-builder-workspace/.derivedData/Build/Intermediates.noindex/AEPRulesEngine.build/Debug-watchos/AEPRulesEngine-t.build/Objects-normal/arm64/AEPRulesEngine-Swift.h -working-directory /Users/admin/builder/spi-builder-workspace/.swiftpm/xcode -experimental-emit-module-separately -disable-cmo
SwiftCompile normal arm64 Compiling\ ConditionEvaluator.swift,\ Context.swift,\ Evaluating.swift /Users/admin/builder/spi-builder-workspace/.dependencies/checkouts/aepsdk-rulesengine-ios/Sources/AEPRulesEngine/ConditionEvaluator.swift /Users/admin/builder/spi-builder-workspace/.dependencies/checkouts/aepsdk-rulesengine-ios/Sources/AEPRulesEngine/Context.swift /Users/admin/builder/spi-builder-workspace/.dependencies/checkouts/aepsdk-rulesengine-ios/Sources/AEPRulesEngine/Evaluating.swift (in target 'AEPRulesEngine' from project 'AEPRulesEngine')
SwiftCompile normal arm64 /Users/admin/builder/spi-builder-workspace/.dependencies/checkouts/aepsdk-rulesengine-ios/Sources/AEPRulesEngine/ConditionEvaluator.swift (in target 'AEPRulesEngine' from project 'AEPRulesEngine')
    cd /Users/admin/builder/spi-builder-workspace/.swiftpm/xcode
    builtin-SwiftPerFileCompile ConditionEvaluator.swift
SwiftCompile normal arm64 /Users/admin/builder/spi-builder-workspace/.dependencies/checkouts/aepsdk-rulesengine-ios/Sources/AEPRulesEngine/Context.swift (in target 'AEPRulesEngine' from project 'AEPRulesEngine')
    cd /Users/admin/builder/spi-builder-workspace/.swiftpm/xcode
    builtin-SwiftPerFileCompile Context.swift
SwiftCompile normal arm64 /Users/admin/builder/spi-builder-workspace/.dependencies/checkouts/aepsdk-rulesengine-ios/Sources/AEPRulesEngine/Evaluating.swift (in target 'AEPRulesEngine' from project 'AEPRulesEngine')
    cd /Users/admin/builder/spi-builder-workspace/.swiftpm/xcode
    builtin-SwiftPerFileCompile Evaluating.swift
SwiftCompile normal arm64 Compiling\ Operand.swift,\ UnaryExpression.swift,\ Log.swift /Users/admin/builder/spi-builder-workspace/.dependencies/checkouts/aepsdk-rulesengine-ios/Sources/AEPRulesEngine/Expression/Operand.swift /Users/admin/builder/spi-builder-workspace/.dependencies/checkouts/aepsdk-rulesengine-ios/Sources/AEPRulesEngine/Expression/UnaryExpression.swift /Users/admin/builder/spi-builder-workspace/.dependencies/checkouts/aepsdk-rulesengine-ios/Sources/AEPRulesEngine/Log/Log.swift (in target 'AEPRulesEngine' from project 'AEPRulesEngine')
SwiftCompile normal arm64 /Users/admin/builder/spi-builder-workspace/.dependencies/checkouts/aepsdk-rulesengine-ios/Sources/AEPRulesEngine/Expression/Operand.swift (in target 'AEPRulesEngine' from project 'AEPRulesEngine')
    cd /Users/admin/builder/spi-builder-workspace/.swiftpm/xcode
    builtin-SwiftPerFileCompile Operand.swift
SwiftCompile normal arm64 /Users/admin/builder/spi-builder-workspace/.dependencies/checkouts/aepsdk-rulesengine-ios/Sources/AEPRulesEngine/Expression/UnaryExpression.swift (in target 'AEPRulesEngine' from project 'AEPRulesEngine')
    cd /Users/admin/builder/spi-builder-workspace/.swiftpm/xcode
    builtin-SwiftPerFileCompile UnaryExpression.swift
SwiftCompile normal arm64 /Users/admin/builder/spi-builder-workspace/.dependencies/checkouts/aepsdk-rulesengine-ios/Sources/AEPRulesEngine/Log/Log.swift (in target 'AEPRulesEngine' from project 'AEPRulesEngine')
    cd /Users/admin/builder/spi-builder-workspace/.swiftpm/xcode
    builtin-SwiftPerFileCompile Log.swift
SwiftCompile normal arm64 Compiling\ ComparisonExpression.swift,\ Evaluable.swift,\ LogicalExpression.swift /Users/admin/builder/spi-builder-workspace/.dependencies/checkouts/aepsdk-rulesengine-ios/Sources/AEPRulesEngine/Expression/ComparisonExpression.swift /Users/admin/builder/spi-builder-workspace/.dependencies/checkouts/aepsdk-rulesengine-ios/Sources/AEPRulesEngine/Expression/Evaluable.swift /Users/admin/builder/spi-builder-workspace/.dependencies/checkouts/aepsdk-rulesengine-ios/Sources/AEPRulesEngine/Expression/LogicalExpression.swift (in target 'AEPRulesEngine' from project 'AEPRulesEngine')
SwiftCompile normal arm64 /Users/admin/builder/spi-builder-workspace/.dependencies/checkouts/aepsdk-rulesengine-ios/Sources/AEPRulesEngine/Expression/ComparisonExpression.swift (in target 'AEPRulesEngine' from project 'AEPRulesEngine')
    cd /Users/admin/builder/spi-builder-workspace/.swiftpm/xcode
    builtin-SwiftPerFileCompile ComparisonExpression.swift
SwiftCompile normal arm64 /Users/admin/builder/spi-builder-workspace/.dependencies/checkouts/aepsdk-rulesengine-ios/Sources/AEPRulesEngine/Expression/Evaluable.swift (in target 'AEPRulesEngine' from project 'AEPRulesEngine')
    cd /Users/admin/builder/spi-builder-workspace/.swiftpm/xcode
    builtin-SwiftPerFileCompile Evaluable.swift
SwiftCompile normal arm64 /Users/admin/builder/spi-builder-workspace/.dependencies/checkouts/aepsdk-rulesengine-ios/Sources/AEPRulesEngine/Expression/LogicalExpression.swift (in target 'AEPRulesEngine' from project 'AEPRulesEngine')
    cd /Users/admin/builder/spi-builder-workspace/.swiftpm/xcode
    builtin-SwiftPerFileCompile LogicalExpression.swift
SwiftCompile normal arm64 Compiling\ Result+RulesFailure.swift,\ Rule.swift,\ RulesEngine.swift /Users/admin/builder/spi-builder-workspace/.dependencies/checkouts/aepsdk-rulesengine-ios/Sources/AEPRulesEngine/Result+RulesFailure.swift /Users/admin/builder/spi-builder-workspace/.dependencies/checkouts/aepsdk-rulesengine-ios/Sources/AEPRulesEngine/Rule.swift /Users/admin/builder/spi-builder-workspace/.dependencies/checkouts/aepsdk-rulesengine-ios/Sources/AEPRulesEngine/RulesEngine.swift (in target 'AEPRulesEngine' from project 'AEPRulesEngine')
SwiftCompile normal arm64 /Users/admin/builder/spi-builder-workspace/.dependencies/checkouts/aepsdk-rulesengine-ios/Sources/AEPRulesEngine/Result+RulesFailure.swift (in target 'AEPRulesEngine' from project 'AEPRulesEngine')
    cd /Users/admin/builder/spi-builder-workspace/.swiftpm/xcode
    builtin-SwiftPerFileCompile Result+RulesFailure.swift
SwiftCompile normal arm64 /Users/admin/builder/spi-builder-workspace/.dependencies/checkouts/aepsdk-rulesengine-ios/Sources/AEPRulesEngine/Rule.swift (in target 'AEPRulesEngine' from project 'AEPRulesEngine')
    cd /Users/admin/builder/spi-builder-workspace/.swiftpm/xcode
    builtin-SwiftPerFileCompile Rule.swift
SwiftCompile normal arm64 /Users/admin/builder/spi-builder-workspace/.dependencies/checkouts/aepsdk-rulesengine-ios/Sources/AEPRulesEngine/RulesEngine.swift (in target 'AEPRulesEngine' from project 'AEPRulesEngine')
    cd /Users/admin/builder/spi-builder-workspace/.swiftpm/xcode
    builtin-SwiftPerFileCompile RulesEngine.swift
SwiftCompile normal arm64 Compiling\ RulesFailure.swift,\ MustacheError.swift /Users/admin/builder/spi-builder-workspace/.dependencies/checkouts/aepsdk-rulesengine-ios/Sources/AEPRulesEngine/RulesFailure.swift /Users/admin/builder/spi-builder-workspace/.dependencies/checkouts/aepsdk-rulesengine-ios/Sources/AEPRulesEngine/Template/MustacheError.swift (in target 'AEPRulesEngine' from project 'AEPRulesEngine')
SwiftCompile normal arm64 /Users/admin/builder/spi-builder-workspace/.dependencies/checkouts/aepsdk-rulesengine-ios/Sources/AEPRulesEngine/RulesFailure.swift (in target 'AEPRulesEngine' from project 'AEPRulesEngine')
    cd /Users/admin/builder/spi-builder-workspace/.swiftpm/xcode
    builtin-SwiftPerFileCompile RulesFailure.swift
SwiftCompile normal arm64 /Users/admin/builder/spi-builder-workspace/.dependencies/checkouts/aepsdk-rulesengine-ios/Sources/AEPRulesEngine/Template/MustacheError.swift (in target 'AEPRulesEngine' from project 'AEPRulesEngine')
    cd /Users/admin/builder/spi-builder-workspace/.swiftpm/xcode
    builtin-SwiftPerFileCompile MustacheError.swift
SwiftEmitModule normal arm64 Emitting\ module\ for\ AEPRulesEngine (in target 'AEPRulesEngine' from project 'AEPRulesEngine')
SwiftCompile normal arm64 (in target 'AEPRulesEngine' from project 'AEPRulesEngine')
    cd /Users/admin/builder/spi-builder-workspace/.swiftpm/xcode

SwiftCompile normal arm64 Compiling\ Transforming.swift,\ Traversable.swift /Users/admin/builder/spi-builder-workspace/.dependencies/checkouts/aepsdk-rulesengine-ios/Sources/AEPRulesEngine/Transforming.swift /Users/admin/builder/spi-builder-workspace/.dependencies/checkouts/aepsdk-rulesengine-ios/Sources/AEPRulesEngine/Traversable.swift (in target 'AEPRulesEngine' from project 'AEPRulesEngine')
SwiftCompile normal arm64 /Users/admin/builder/spi-builder-workspace/.dependencies/checkouts/aepsdk-rulesengine-ios/Sources/AEPRulesEngine/Transforming.swift (in target 'AEPRulesEngine' from project 'AEPRulesEngine')
    cd /Users/admin/builder/spi-builder-workspace/.swiftpm/xcode
    builtin-SwiftPerFileCompile Transforming.swift
SwiftCompile normal arm64 /Users/admin/builder/spi-builder-workspace/.dependencies/checkouts/aepsdk-rulesengine-ios/Sources/AEPRulesEngine/Traversable.swift (in target 'AEPRulesEngine' from project 'AEPRulesEngine')
    cd /Users/admin/builder/spi-builder-workspace/.swiftpm/xcode
    builtin-SwiftPerFileCompile Traversable.swift
SwiftCompile normal arm64 Compiling\ TemplateParser.swift,\ Transformer.swift /Users/admin/builder/spi-builder-workspace/.dependencies/checkouts/aepsdk-rulesengine-ios/Sources/AEPRulesEngine/Template/TemplateParser.swift /Users/admin/builder/spi-builder-workspace/.dependencies/checkouts/aepsdk-rulesengine-ios/Sources/AEPRulesEngine/Transformer.swift (in target 'AEPRulesEngine' from project 'AEPRulesEngine')
SwiftCompile normal arm64 /Users/admin/builder/spi-builder-workspace/.dependencies/checkouts/aepsdk-rulesengine-ios/Sources/AEPRulesEngine/Template/TemplateParser.swift (in target 'AEPRulesEngine' from project 'AEPRulesEngine')
    cd /Users/admin/builder/spi-builder-workspace/.swiftpm/xcode
    builtin-SwiftPerFileCompile TemplateParser.swift
SwiftCompile normal arm64 /Users/admin/builder/spi-builder-workspace/.dependencies/checkouts/aepsdk-rulesengine-ios/Sources/AEPRulesEngine/Transformer.swift (in target 'AEPRulesEngine' from project 'AEPRulesEngine')
    cd /Users/admin/builder/spi-builder-workspace/.swiftpm/xcode
    builtin-SwiftPerFileCompile Transformer.swift
SwiftEmitModule normal arm64_32 Emitting\ module\ for\ AEPRulesEngine (in target 'AEPRulesEngine' from project 'AEPRulesEngine')
SwiftCompile normal arm64_32 (in target 'AEPRulesEngine' from project 'AEPRulesEngine')
    cd /Users/admin/builder/spi-builder-workspace/.swiftpm/xcode

SwiftCompile normal arm64_32 Compiling\ Operand.swift,\ UnaryExpression.swift,\ Log.swift /Users/admin/builder/spi-builder-workspace/.dependencies/checkouts/aepsdk-rulesengine-ios/Sources/AEPRulesEngine/Expression/Operand.swift /Users/admin/builder/spi-builder-workspace/.dependencies/checkouts/aepsdk-rulesengine-ios/Sources/AEPRulesEngine/Expression/UnaryExpression.swift /Users/admin/builder/spi-builder-workspace/.dependencies/checkouts/aepsdk-rulesengine-ios/Sources/AEPRulesEngine/Log/Log.swift (in target 'AEPRulesEngine' from project 'AEPRulesEngine')
SwiftCompile normal arm64_32 /Users/admin/builder/spi-builder-workspace/.dependencies/checkouts/aepsdk-rulesengine-ios/Sources/AEPRulesEngine/Expression/Operand.swift (in target 'AEPRulesEngine' from project 'AEPRulesEngine')
    cd /Users/admin/builder/spi-builder-workspace/.swiftpm/xcode
    builtin-SwiftPerFileCompile Operand.swift
SwiftCompile normal arm64_32 /Users/admin/builder/spi-builder-workspace/.dependencies/checkouts/aepsdk-rulesengine-ios/Sources/AEPRulesEngine/Expression/UnaryExpression.swift (in target 'AEPRulesEngine' from project 'AEPRulesEngine')
    cd /Users/admin/builder/spi-builder-workspace/.swiftpm/xcode
    builtin-SwiftPerFileCompile UnaryExpression.swift
SwiftCompile normal arm64_32 /Users/admin/builder/spi-builder-workspace/.dependencies/checkouts/aepsdk-rulesengine-ios/Sources/AEPRulesEngine/Log/Log.swift (in target 'AEPRulesEngine' from project 'AEPRulesEngine')
    cd /Users/admin/builder/spi-builder-workspace/.swiftpm/xcode
    builtin-SwiftPerFileCompile Log.swift
SwiftEmitModule normal arm64 Emitting\ module\ for\ AEPServices (in target 'AEPServices' from project 'AEPCore')
/Users/admin/builder/spi-builder-workspace/.dependencies/checkouts/aepsdk-core-ios/AEPServices/Sources/ApplicationSystemInfoService.swift:33:21: error: 'UIDevice' is unavailable in watchOS
 31 |
 32 |     private lazy var userAgent: String = {
 33 |         let model = UIDevice.current.model
    |                     `- error: 'UIDevice' is unavailable in watchOS
 34 |         let osVersion = UIDevice.current.systemVersion.replacingOccurrences(of: ".", with: "_")
 35 |         let localeIdentifier = getSystemLocaleName().userAgentLocale ?? DEFAULT_LOCALE
/Applications/Xcode-27.0.0.app/Contents/Developer/Platforms/WatchOS.platform/Developer/SDKs/WatchOS27.0.sdk/System/Library/Frameworks/UIKit.framework/Headers/UIDevice.h:35:12: note: 'UIDevice' has been explicitly marked unavailable here
33 |
34 | UIKIT_EXTERN API_AVAILABLE(ios(2.0)) API_UNAVAILABLE(watchos) NS_SWIFT_UI_ACTOR
35 | @interface UIDevice : NSObject
   |            `- note: 'UIDevice' has been explicitly marked unavailable here
36 |
37 | @property(class, nonatomic, readonly) UIDevice *currentDevice;
/Users/admin/builder/spi-builder-workspace/.dependencies/checkouts/aepsdk-core-ios/AEPServices/Sources/ApplicationSystemInfoService.swift:34:25: error: 'UIDevice' is unavailable in watchOS
 32 |     private lazy var userAgent: String = {
 33 |         let model = UIDevice.current.model
 34 |         let osVersion = UIDevice.current.systemVersion.replacingOccurrences(of: ".", with: "_")
    |                         `- error: 'UIDevice' is unavailable in watchOS
 35 |         let localeIdentifier = getSystemLocaleName().userAgentLocale ?? DEFAULT_LOCALE
 36 |
/Applications/Xcode-27.0.0.app/Contents/Developer/Platforms/WatchOS.platform/Developer/SDKs/WatchOS27.0.sdk/System/Library/Frameworks/UIKit.framework/Headers/UIDevice.h:35:12: note: 'UIDevice' has been explicitly marked unavailable here
33 |
34 | UIKIT_EXTERN API_AVAILABLE(ios(2.0)) API_UNAVAILABLE(watchos) NS_SWIFT_UI_ACTOR
35 | @interface UIDevice : NSObject
   |            `- note: 'UIDevice' has been explicitly marked unavailable here
36 |
37 | @property(class, nonatomic, readonly) UIDevice *currentDevice;
Failed frontend command:
/Applications/Xcode-27.0.0.app/Contents/Developer/Toolchains/XcodeDefault.xctoolchain/usr/bin/swift-frontend -frontend -emit-module -experimental-skip-non-inlinable-function-bodies-without-types /Users/admin/builder/spi-builder-workspace/.derivedData/Build/Intermediates.noindex/AEPCore.build/Debug-watchos/AEPServices-t.build/DerivedSources/resource_bundle_accessor.swift /Users/admin/builder/spi-builder-workspace/.dependencies/checkouts/aepsdk-core-ios/AEPServices/Sources/ApplicationSystemInfoService.swift /Users/admin/builder/spi-builder-workspace/.dependencies/checkouts/aepsdk-core-ios/AEPServices/Sources/NetworkPathMonitorProvider.swift /Users/admin/builder/spi-builder-workspace/.dependencies/checkouts/aepsdk-core-ios/AEPServices/Sources/ServiceProvider.swift /Users/admin/builder/spi-builder-workspace/.dependencies/checkouts/aepsdk-core-ios/AEPServices/Sources/SystemInfoService.swift /Users/admin/builder/spi-builder-workspace/.dependencies/checkouts/aepsdk-core-ios/AEPServices/Sources/UIUtils.swift /Users/admin/builder/spi-builder-workspace/.dependencies/checkouts/aepsdk-core-ios/AEPServices/Sources/URLOpening.swift /Users/admin/builder/spi-builder-workspace/.dependencies/checkouts/aepsdk-core-ios/AEPServices/Sources/URLService.swift /Users/admin/builder/spi-builder-workspace/.dependencies/checkouts/aepsdk-core-ios/AEPServices/Sources/cache/Cache.swift /Users/admin/builder/spi-builder-workspace/.dependencies/checkouts/aepsdk-core-ios/AEPServices/Sources/cache/CacheEntry.swift /Users/admin/builder/spi-builder-workspace/.dependencies/checkouts/aepsdk-core-ios/AEPServices/Sources/cache/CacheExpiry.swift /Users/admin/builder/spi-builder-workspace/.dependencies/checkouts/aepsdk-core-ios/AEPServices/Sources/cache/Caching.swift /Users/admin/builder/spi-builder-workspace/.dependencies/checkouts/aepsdk-core-ios/AEPServices/Sources/cache/DiskCacheService.swift /Users/admin/builder/spi-builder-workspace/.dependencies/checkouts/aepsdk-core-ios/AEPServices/Sources/dataqueue/DataEntity.swift /Users/admin/builder/spi-builder-workspace/.dependencies/checkouts/aepsdk-core-ios/AEPServices/Sources/dataqueue/DataQueue.swift /Users/admin/builder/spi-builder-workspace/.dependencies/checkouts/aepsdk-core-ios/AEPServices/Sources/dataqueue/DataQueueConfig.swift /Users/admin/builder/spi-builder-workspace/.dependencies/checkouts/aepsdk-core-ios/AEPServices/Sources/dataqueue/DataQueueService.swift /Users/admin/builder/spi-builder-workspace/.dependencies/checkouts/aepsdk-core-ios/AEPServices/Sources/dataqueue/DataQueuing.swift /Users/admin/builder/spi-builder-workspace/.dependencies/checkouts/aepsdk-core-ios/AEPServices/Sources/dataqueue/SQLiteDataQueue.swift /Users/admin/builder/spi-builder-workspace/.dependencies/checkouts/aepsdk-core-ios/AEPServices/Sources/dataqueue/SQLiteJournalMode.swift /Users/admin/builder/spi-builder-workspace/.dependencies/checkouts/aepsdk-core-ios/AEPServices/Sources/dataqueue/SQLiteWrapper.swift /Users/admin/builder/spi-builder-workspace/.dependencies/checkouts/aepsdk-core-ios/AEPServices/Sources/log/Log.swift /Users/admin/builder/spi-builder-workspace/.dependencies/checkouts/aepsdk-core-ios/AEPServices/Sources/log/LogLevel.swift /Users/admin/builder/spi-builder-workspace/.dependencies/checkouts/aepsdk-core-ios/AEPServices/Sources/log/Logging.swift /Users/admin/builder/spi-builder-workspace/.dependencies/checkouts/aepsdk-core-ios/AEPServices/Sources/log/LoggingService.swift /Users/admin/builder/spi-builder-workspace/.dependencies/checkouts/aepsdk-core-ios/AEPServices/Sources/network/DefaultHeadersFormatter.swift /Users/admin/builder/spi-builder-workspace/.dependencies/checkouts/aepsdk-core-ios/AEPServices/Sources/network/HttpConnection.swift /Users/admin/builder/spi-builder-workspace/.dependencies/checkouts/aepsdk-core-ios/AEPServices/Sources/network/HttpConnectionConstants.swift /Users/admin/builder/spi-builder-workspace/.dependencies/checkouts/aepsdk-core-ios/AEPServices/Sources/network/HttpMethod.swift /Users/admin/builder/spi-builder-workspace/.dependencies/checkouts/aepsdk-core-ios/AEPServices/Sources/network/NetworkRequest.swift /Users/admin/builder/spi-builder-workspace/.dependencies/checkouts/aepsdk-core-ios/AEPServices/Sources/network/NetworkService.swift /Users/admin/builder/spi-builder-workspace/.dependencies/checkouts/aepsdk-core-ios/AEPServices/Sources/network/NetworkServiceConstants.swift /Users/admin/builder/spi-builder-workspace/.dependencies/checkouts/aepsdk-core-ios/AEPServices/Sources/network/Networking.swift /Users/admin/builder/spi-builder-workspace/.dependencies/checkouts/aepsdk-core-ios/AEPServices/Sources/storage/FileSystemNamedCollection.swift /Users/admin/builder/spi-builder-workspace/.dependencies/checkouts/aepsdk-core-ios/AEPServices/Sources/storage/NamedCollectionDataStore.swift /Users/admin/builder/spi-builder-workspace/.dependencies/checkouts/aepsdk-core-ios/AEPServices/Sources/storage/NamedCollectionProcessing.swift /Users/admin/builder/spi-builder-workspace/.dependencies/checkouts/aepsdk-core-ios/AEPServices/Sources/storage/UserDefaultsNamedCollection.swift /Users/admin/builder/spi-builder-workspace/.dependencies/checkouts/aepsdk-core-ios/AEPServices/Sources/ui/AEPUIService.swift /Users/admin/builder/spi-builder-workspace/.dependencies/checkouts/aepsdk-core-ios/AEPServices/Sources/ui/Dismissible.swift /Users/admin/builder/spi-builder-workspace/.dependencies/checkouts/aepsdk-core-ios/AEPServices/Sources/ui/MessageAlignment.swift /Users/admin/builder/spi-builder-workspace/.dependencies/checkouts/aepsdk-core-ios/AEPServices/Sources/ui/MessageAnimation.swift /Users/admin/builder/spi-builder-workspace/.dependencies/checkouts/aepsdk-core-ios/AEPServices/Sources/ui/MessageGesture.swift /Users/admin/builder/spi-builder-workspace/.dependencies/checkouts/aepsdk-core-ios/AEPServices/Sources/ui/MessageGestureRecognizer.swift /Users/admin/builder/spi-builder-workspace/.dependencies/checkouts/aepsdk-core-ios/AEPServices/Sources/ui/MessageMonitor.swift /Users/admin/builder/spi-builder-workspace/.dependencies/checkouts/aepsdk-core-ios/AEPServices/Sources/ui/MessageMonitoring.swift /Users/admin/builder/spi-builder-workspace/.dependencies/checkouts/aepsdk-core-ios/AEPServices/Sources/ui/MessageSettings.swift /Users/admin/builder/spi-builder-workspace/.dependencies/checkouts/aepsdk-core-ios/AEPServices/Sources/ui/MessagingDelegate.swift /Users/admin/builder/spi-builder-workspace/.dependencies/checkouts/aepsdk-core-ios/AEPServices/Sources/ui/PresentationError.swift /Users/admin/builder/spi-builder-workspace/.dependencies/checkouts/aepsdk-core-ios/AEPServices/Sources/ui/Showable.swift /Users/admin/builder/spi-builder-workspace/.dependencies/checkouts/aepsdk-core-ios/AEPServices/Sources/ui/UIApplication+Window.swift /Users/admin/builder/spi-builder-workspace/.dependencies/checkouts/aepsdk-core-ios/AEPServices/Sources/ui/UIService.swift /Users/admin/builder/spi-builder-workspace/.dependencies/checkouts/aepsdk-core-ios/AEPServices/Sources/ui/floating/FloatingButton.swift /Users/admin/builder/spi-builder-workspace/.dependencies/checkouts/aepsdk-core-ios/AEPServices/Sources/ui/floating/FloatingButtonDelegate.swift /Users/admin/builder/spi-builder-workspace/.dependencies/checkouts/aepsdk-core-ios/AEPServices/Sources/ui/floating/FloatingButtonPosition.swift /Users/admin/builder/spi-builder-workspace/.dependencies/checkouts/aepsdk-core-ios/AEPServices/Sources/ui/floating/FloatingButtonPresentable.swift /Users/admin/builder/spi-builder-workspace/.dependencies/checkouts/aepsdk-core-ios/AEPServices/Sources/ui/fullscreen/FullscreenMessage+FrameCalculation.swift /Users/admin/builder/spi-builder-workspace/.dependencies/checkouts/aepsdk-core-ios/AEPServices/Sources/ui/fullscreen/FullscreenMessage+WKNavigationDelegate.swift /Users/admin/builder/spi-builder-workspace/.dependencies/checkouts/aepsdk-core-ios/AEPServices/Sources/ui/fullscreen/FullscreenMessage+WKScriptMessageHandler.swift /Users/admin/builder/spi-builder-workspace/.dependencies/checkouts/aepsdk-core-ios/AEPServices/Sources/ui/fullscreen/FullscreenMessage.swift /Users/admin/builder/spi-builder-workspace/.dependencies/checkouts/aepsdk-core-ios/AEPServices/Sources/ui/fullscreen/FullscreenMessageDelegate.swift /Users/admin/builder/spi-builder-workspace/.dependencies/checkouts/aepsdk-core-ios/AEPServices/Sources/ui/fullscreen/FullscreenPresentable.swift /Users/admin/builder/spi-builder-workspace/.dependencies/checkouts/aepsdk-core-ios/AEPServices/Sources/utility/AnyCodable.swift /Users/admin/builder/spi-builder-workspace/.dependencies/checkouts/aepsdk-core-ios/AEPServices/Sources/utility/AtomicCounter.swift /Users/admin/builder/spi-builder-workspace/.dependencies/checkouts/aepsdk-core-ios/AEPServices/Sources/utility/Date+Format.swift /Users/admin/builder/spi-builder-workspace/.dependencies/checkouts/aepsdk-core-ios/AEPServices/Sources/utility/FileManager+Directories.swift /Users/admin/builder/spi-builder-workspace/.dependencies/checkouts/aepsdk-core-ios/AEPServices/Sources/utility/OperationOrderer.swift /Users/admin/builder/spi-builder-workspace/.dependencies/checkouts/aepsdk-core-ios/AEPServices/Sources/utility/PrettyDictionary.swift /Users/admin/builder/spi-builder-workspace/.dependencies/checkouts/aepsdk-core-ios/AEPServices/Sources/utility/ThreadSafeArray.swift /Users/admin/builder/spi-builder-workspace/.dependencies/checkouts/aepsdk-core-ios/AEPServices/Sources/utility/ThreadSafeDictionary.swift /Users/admin/builder/spi-builder-workspace/.dependencies/checkouts/aepsdk-core-ios/AEPServices/Sources/utility/URLEncoder.swift /Users/admin/builder/spi-builder-workspace/.dependencies/checkouts/aepsdk-core-ios/AEPServices/Sources/utility/URLError+Recoverable.swift /Users/admin/builder/spi-builder-workspace/.dependencies/checkouts/aepsdk-core-ios/AEPServices/Sources/utility/hitprocessor/HitProcessing.swift /Users/admin/builder/spi-builder-workspace/.dependencies/checkouts/aepsdk-core-ios/AEPServices/Sources/utility/hitprocessor/HitQueuing.swift /Users/admin/builder/spi-builder-workspace/.dependencies/checkouts/aepsdk-core-ios/AEPServices/Sources/utility/hitprocessor/PersistentHitQueue.swift /Users/admin/builder/spi-builder-workspace/.dependencies/checkouts/aepsdk-core-ios/AEPServices/Sources/utility/unzip/FileManager+ZIP.swift /Users/admin/builder/spi-builder-workspace/.dependencies/checkouts/aepsdk-core-ios/AEPServices/Sources/utility/unzip/FileUnzipper.swift /Users/admin/builder/spi-builder-workspace/.dependencies/checkouts/aepsdk-core-ios/AEPServices/Sources/utility/unzip/FileUnzipperConstants.swift /Users/admin/builder/spi-builder-workspace/.dependencies/checkouts/aepsdk-core-ios/AEPServices/Sources/utility/unzip/URL+Validator.swift /Users/admin/builder/spi-builder-workspace/.dependencies/checkouts/aepsdk-core-ios/AEPServices/Sources/utility/unzip/Unzipping.swift /Users/admin/builder/spi-builder-workspace/.dependencies/checkouts/aepsdk-core-ios/AEPServices/Sources/utility/unzip/ZipArchive.swift /Users/admin/builder/spi-builder-workspace/.dependencies/checkouts/aepsdk-core-ios/AEPServices/Sources/utility/unzip/ZipEntry.swift -target arm64-apple-watchos9.0 -disable-cross-import-overlay-search -load-resolved-plugin /Applications/Xcode-27.0.0.app/Contents/Developer/Platforms/WatchOS.platform/Developer/usr/lib/swift/host/plugins/libFoundationMacros.dylib\#/Applications/Xcode-27.0.0.app/Contents/Developer/Platforms/WatchOS.platform/Developer/usr/bin/swift-plugin-server\#FoundationMacros -load-resolved-plugin /Applications/Xcode-27.0.0.app/Contents/Developer/Platforms/WatchOS.platform/Developer/usr/lib/swift/host/plugins/libObservationMacros.dylib\#/Applications/Xcode-27.0.0.app/Contents/Developer/Platforms/WatchOS.platform/Developer/usr/bin/swift-plugin-server\#ObservationMacros -load-resolved-plugin /Applications/Xcode-27.0.0.app/Contents/Developer/Platforms/WatchOS.platform/Developer/usr/lib/swift/host/plugins/libSwiftMacros.dylib\#/Applications/Xcode-27.0.0.app/Contents/Developer/Platforms/WatchOS.platform/Developer/usr/bin/swift-plugin-server\#SwiftMacros -load-resolved-plugin /Applications/Xcode-27.0.0.app/Contents/Developer/Platforms/WatchOS.platform/Developer/usr/lib/swift/host/plugins/libSwiftUIMacros.dylib\#/Applications/Xcode-27.0.0.app/Contents/Developer/Platforms/WatchOS.platform/Developer/usr/bin/swift-plugin-server\#SwiftUIMacros -disable-implicit-swift-modules -Xcc -fno-implicit-modules -Xcc -fno-implicit-module-maps -explicit-swift-module-map-file /Users/admin/builder/spi-builder-workspace/.derivedData/Build/Intermediates.noindex/AEPCore.build/Debug-watchos/AEPServices-t.build/Objects-normal/arm64/AEPServices-dependencies-2.json -Xllvm -aarch64-use-tbi -enable-objc-interop -stack-check -sdk /Applications/Xcode-27.0.0.app/Contents/Developer/Platforms/WatchOS.platform/Developer/SDKs/WatchOS27.0.sdk -I /Users/admin/builder/spi-builder-workspace/.derivedData/Build/Products/Debug-watchos -Isystem /Applications/Xcode-27.0.0.app/Contents/Developer/Platforms/WatchOS.platform/Developer/usr/lib -F /Users/admin/builder/spi-builder-workspace/.derivedData/Build/Products/Debug-watchos -F /Applications/Xcode-27.0.0.app/Contents/Developer/Platforms/WatchOS.platform/Developer/Library/Frameworks -F /Applications/Xcode-27.0.0.app/Contents/Developer/Platforms/WatchOS.platform/Developer/SDKs/WatchOS27.0.sdk/Developer/Library/Frameworks -module-cache-path /Users/admin/builder/spi-builder-workspace/.derivedData/Build/Intermediates.noindex/SwiftExplicitPrecompiledModules -no-color-diagnostics -Xcc -fno-color-diagnostics -enable-testing -g -debug-info-format\=dwarf -dwarf-version\=4 -suppress-warnings -swift-version 5 -Onone -D SWIFT_PACKAGE -D DEBUG -D SWIFT_MODULE_RESOURCE_BUNDLE_AVAILABLE -D Xcode -serialize-debugging-options -enable-experimental-feature DebugDescriptionMacro -empty-abi-descriptor -validate-clang-modules-once -clang-build-session-file /Users/admin/builder/spi-builder-workspace/.derivedData/ModuleCache.noindex/Session.modulevalidation -Xcc -working-directory -Xcc /Users/admin/builder/spi-builder-workspace/.swiftpm/xcode -enable-anonymous-context-mangled-names -file-compilation-dir /Users/admin/builder/spi-builder-workspace/.swiftpm/xcode -Xcc -D_LIBCPP_HARDENING_MODE\=_LIBCPP_HARDENING_MODE_DEBUG -Xcc -ivfsstatcache -Xcc /Users/admin/builder/spi-builder-workspace/.derivedData/SDKStatCaches.noindex/watchos27.0-24R360-e829b21a6f8c9b70876ba0858053c044b9db9bc9c079ee3c7b5f3373b13d10bc.sdkstatcache -Xcc -fmodules-prune-interval\=86400 -Xcc -fmodules-prune-after\=345600 -Xcc -I/Users/admin/builder/spi-builder-workspace/.derivedData/Build/Products/Debug-watchos/include -Xcc -I/Users/admin/builder/spi-builder-workspace/.derivedData/Build/Intermediates.noindex/AEPCore.build/Debug-watchos/AEPServices-t.build/DerivedSources-normal/arm64 -Xcc -I/Users/admin/builder/spi-builder-workspace/.derivedData/Build/Intermediates.noindex/AEPCore.build/Debug-watchos/AEPServices-t.build/DerivedSources/arm64 -Xcc -I/Users/admin/builder/spi-builder-workspace/.derivedData/Build/Intermediates.noindex/AEPCore.build/Debug-watchos/AEPServices-t.build/DerivedSources -Xcc -DSWIFT_PACKAGE -Xcc -DDEBUG\=1 -no-auto-bridging-header-chaining -module-name AEPServices -const-gather-protocols-file /Users/admin/builder/spi-builder-workspace/.derivedData/Build/Intermediates.noindex/AEPCore.build/Debug-watchos/AEPServices-t.build/Objects-normal/arm64/AEPServices_const_extract_protocols.json -disable-clang-spi -clang-target arm64-apple-watchos27.0 -target-sdk-version 27.0 -target-sdk-name watchos27.0 -in-process-plugin-server-path /Applications/Xcode-27.0.0.app/Contents/Developer/Toolchains/XcodeDefault.xctoolchain/usr/lib/swift/host/libSwiftInProcPluginServer.dylib -emit-module-doc-path /Users/admin/builder/spi-builder-workspace/.derivedData/Build/Intermediates.noindex/AEPCore.build/Debug-watchos/AEPServices-t.build/Objects-normal/arm64/AEPServices.swiftdoc -emit-module-source-info-path /Users/admin/builder/spi-builder-workspace/.derivedData/Build/Intermediates.noindex/AEPCore.build/Debug-watchos/AEPServices-t.build/Objects-normal/arm64/AEPServices.swiftsourceinfo -emit-objc-header-path /Users/admin/builder/spi-builder-workspace/.derivedData/Build/Intermediates.noindex/AEPCore.build/Debug-watchos/AEPServices-t.build/Objects-normal/arm64/AEPServices-Swift.h -serialize-diagnostics-path /Users/admin/builder/spi-builder-workspace/.derivedData/Build/Intermediates.noindex/AEPCore.build/Debug-watchos/AEPServices-t.build/Objects-normal/arm64/AEPServices-primary-emit-module.dia -emit-dependencies-path /Users/admin/builder/spi-builder-workspace/.derivedData/Build/Intermediates.noindex/AEPCore.build/Debug-watchos/AEPServices-t.build/Objects-normal/arm64/AEPServices-primary-emit-module.d -parse-as-library -o /Users/admin/builder/spi-builder-workspace/.derivedData/Build/Intermediates.noindex/AEPCore.build/Debug-watchos/AEPServices-t.build/Objects-normal/arm64/AEPServices.swiftmodule -emit-abi-descriptor-path /Users/admin/builder/spi-builder-workspace/.derivedData/Build/Intermediates.noindex/AEPCore.build/Debug-watchos/AEPServices-t.build/Objects-normal/arm64/AEPServices.abi.json
SwiftCompile normal arm64 (in target 'AEPServices' from project 'AEPCore')
    cd /Users/admin/builder/spi-builder-workspace/.swiftpm/xcode

SwiftEmitModule normal arm64_32 Emitting\ module\ for\ AEPServices (in target 'AEPServices' from project 'AEPCore')
/Users/admin/builder/spi-builder-workspace/.dependencies/checkouts/aepsdk-core-ios/AEPServices/Sources/ApplicationSystemInfoService.swift:33:21: error: 'UIDevice' is unavailable in watchOS
 31 |
 32 |     private lazy var userAgent: String = {
 33 |         let model = UIDevice.current.model
    |                     `- error: 'UIDevice' is unavailable in watchOS
 34 |         let osVersion = UIDevice.current.systemVersion.replacingOccurrences(of: ".", with: "_")
 35 |         let localeIdentifier = getSystemLocaleName().userAgentLocale ?? DEFAULT_LOCALE
/Applications/Xcode-27.0.0.app/Contents/Developer/Platforms/WatchOS.platform/Developer/SDKs/WatchOS27.0.sdk/System/Library/Frameworks/UIKit.framework/Headers/UIDevice.h:35:12: note: 'UIDevice' has been explicitly marked unavailable here
33 |
34 | UIKIT_EXTERN API_AVAILABLE(ios(2.0)) API_UNAVAILABLE(watchos) NS_SWIFT_UI_ACTOR
35 | @interface UIDevice : NSObject
   |            `- note: 'UIDevice' has been explicitly marked unavailable here
36 |
37 | @property(class, nonatomic, readonly) UIDevice *currentDevice;
SwiftCompile normal arm64_32 (in target 'AEPServices' from project 'AEPCore')
    cd /Users/admin/builder/spi-builder-workspace/.swiftpm/xcode

SwiftCompile normal arm64_32 Compiling\ CacheEntry.swift,\ CacheExpiry.swift,\ Caching.swift,\ DiskCacheService.swift,\ DataEntity.swift,\ DataQueue.swift,\ DataQueueConfig.swift,\ DataQueueService.swift /Users/admin/builder/spi-builder-workspace/.dependencies/checkouts/aepsdk-core-ios/AEPServices/Sources/cache/CacheEntry.swift /Users/admin/builder/spi-builder-workspace/.dependencies/checkouts/aepsdk-core-ios/AEPServices/Sources/cache/CacheExpiry.swift /Users/admin/builder/spi-builder-workspace/.dependencies/checkouts/aepsdk-core-ios/AEPServices/Sources/cache/Caching.swift /Users/admin/builder/spi-builder-workspace/.dependencies/checkouts/aepsdk-core-ios/AEPServices/Sources/cache/DiskCacheService.swift /Users/admin/builder/spi-builder-workspace/.dependencies/checkouts/aepsdk-core-ios/AEPServices/Sources/dataqueue/DataEntity.swift /Users/admin/builder/spi-builder-workspace/.dependencies/checkouts/aepsdk-core-ios/AEPServices/Sources/dataqueue/DataQueue.swift /Users/admin/builder/spi-builder-workspace/.dependencies/checkouts/aepsdk-core-ios/AEPServices/Sources/dataqueue/DataQueueConfig.swift /Users/admin/builder/spi-builder-workspace/.dependencies/checkouts/aepsdk-core-ios/AEPServices/Sources/dataqueue/DataQueueService.swift (in target 'AEPServices' from project 'AEPCore')
SwiftCompile normal arm64_32 /Users/admin/builder/spi-builder-workspace/.dependencies/checkouts/aepsdk-core-ios/AEPServices/Sources/cache/CacheEntry.swift (in target 'AEPServices' from project 'AEPCore')
    cd /Users/admin/builder/spi-builder-workspace/.swiftpm/xcode
    builtin-SwiftPerFileCompile CacheEntry.swift
SwiftCompile normal arm64_32 /Users/admin/builder/spi-builder-workspace/.dependencies/checkouts/aepsdk-core-ios/AEPServices/Sources/cache/CacheExpiry.swift (in target 'AEPServices' from project 'AEPCore')
    cd /Users/admin/builder/spi-builder-workspace/.swiftpm/xcode
    builtin-SwiftPerFileCompile CacheExpiry.swift
SwiftCompile normal arm64_32 /Users/admin/builder/spi-builder-workspace/.dependencies/checkouts/aepsdk-core-ios/AEPServices/Sources/cache/Caching.swift (in target 'AEPServices' from project 'AEPCore')
    cd /Users/admin/builder/spi-builder-workspace/.swiftpm/xcode
    builtin-SwiftPerFileCompile Caching.swift
SwiftCompile normal arm64_32 /Users/admin/builder/spi-builder-workspace/.dependencies/checkouts/aepsdk-core-ios/AEPServices/Sources/cache/DiskCacheService.swift (in target 'AEPServices' from project 'AEPCore')
    cd /Users/admin/builder/spi-builder-workspace/.swiftpm/xcode
    builtin-SwiftPerFileCompile DiskCacheService.swift
SwiftCompile normal arm64_32 /Users/admin/builder/spi-builder-workspace/.dependencies/checkouts/aepsdk-core-ios/AEPServices/Sources/dataqueue/DataEntity.swift (in target 'AEPServices' from project 'AEPCore')
    cd /Users/admin/builder/spi-builder-workspace/.swiftpm/xcode
    builtin-SwiftPerFileCompile DataEntity.swift
SwiftCompile normal arm64_32 /Users/admin/builder/spi-builder-workspace/.dependencies/checkouts/aepsdk-core-ios/AEPServices/Sources/dataqueue/DataQueue.swift (in target 'AEPServices' from project 'AEPCore')
    cd /Users/admin/builder/spi-builder-workspace/.swiftpm/xcode
    builtin-SwiftPerFileCompile DataQueue.swift
SwiftCompile normal arm64_32 /Users/admin/builder/spi-builder-workspace/.dependencies/checkouts/aepsdk-core-ios/AEPServices/Sources/dataqueue/DataQueueConfig.swift (in target 'AEPServices' from project 'AEPCore')
    cd /Users/admin/builder/spi-builder-workspace/.swiftpm/xcode
    builtin-SwiftPerFileCompile DataQueueConfig.swift
SwiftCompile normal arm64_32 /Users/admin/builder/spi-builder-workspace/.dependencies/checkouts/aepsdk-core-ios/AEPServices/Sources/dataqueue/DataQueueService.swift (in target 'AEPServices' from project 'AEPCore')
    cd /Users/admin/builder/spi-builder-workspace/.swiftpm/xcode
    builtin-SwiftPerFileCompile DataQueueService.swift
PruneExplicitPrecompiledModules /Users/admin/builder/spi-builder-workspace/.derivedData/Build/Intermediates.noindex/ExplicitPrecompiledModules
PruneExplicitPrecompiledModules /Users/admin/builder/spi-builder-workspace/.derivedData/SDKExplicitPrecompiledModules
PruneExplicitPrecompiledModules /Users/admin/builder/spi-builder-workspace/.derivedData/Build/Intermediates.noindex/SwiftExplicitPrecompiledModules
2026-10-14 17:23:16.007 xcodebuild[972:5815] [MT] IDERunDestination: Supported platforms for the buildables in the current scheme is empty.
** BUILD FAILED **
The following build commands failed:
	SwiftEmitModule normal arm64 Emitting\ module\ for\ AEPServices (in target 'AEPServices' from project 'AEPCore')
	SwiftCompile normal arm64 (in target 'AEPServices' from project 'AEPCore')
	Building workspace AEPEdge with scheme AEPEdge
(3 failures)
BUILD FAILURE 6.4 watchOS