Build Information
Failed to build StupidNSWindow, reference main (dc27f2), with Swift 6.4 for watchOS using Xcode 27.0 on 20 Sep 2026 13:31:11 UTC.
Build Command
env DEVELOPER_DIR=/Applications/Xcode-27.0.0-Release.Candidate.app xcrun xcodebuild -IDEClonedSourcePackagesDirPathOverride=$PWD/.dependencies -skipMacroValidation -skipPackagePluginValidation -derivedDataPath $PWD/.derivedData build -scheme StupidNSWindow -destination generic/platform=watchOSBuild Log
========================================
RunAll
========================================
Builder version: 5.1.0
Interrupt handler set up.
========================================
Checkout
========================================
Clone URL: https://github.com/wuyu2015/StupidNSWindow.git
Reference: main
Initialized empty Git repository in /Users/admin/builder/spi-builder-workspace/.git/
From https://github.com/wuyu2015/StupidNSWindow
* branch main -> FETCH_HEAD
* [new branch] main -> origin/main
HEAD is now at dc27f22 Align toolbarView with the bottom of titlebarView.
Cloned https://github.com/wuyu2015/StupidNSWindow.git
Revision (git rev-parse @):
dc27f22bad2525f9836b59665172c1ec92bfc0a9
SUCCESS checkout https://github.com/wuyu2015/StupidNSWindow.git at main
========================================
Build
========================================
Selected platform: watchOS
Swift version: 6.4
Building package at path: $PWD
https://github.com/wuyu2015/StupidNSWindow.git
Command line invocation:
/Applications/Xcode-27.0.0-Release.Candidate.app/Contents/Developer/usr/bin/xcodebuild -IDEClonedSourcePackagesDirPathOverride=/Users/admin/builder/spi-builder-workspace/.dependencies -resolvePackageDependencies
Resolve Package Graph
Resolve Package Graph
Resolved source packages:
StupidNSWindow: /Users/admin/builder/spi-builder-workspace
resolved source packages: StupidNSWindow
2026-09-20 09:30:23.288 xcodebuild[530:3039] [MT] IDERunDestination: Supported platforms for the buildables in the current scheme is empty.
{
"dependencies" : [
],
"manifest_display_name" : "StupidNSWindow",
"name" : "StupidNSWindow",
"path" : "/Users/admin/builder/spi-builder-workspace",
"platforms" : [
{
"name" : "macos",
"version" : "10.11"
}
],
"products" : [
{
"name" : "StupidNSWindow",
"targets" : [
"StupidNSWindow"
],
"type" : {
"library" : [
"automatic"
]
}
}
],
"swift_languages_versions" : [
"5"
],
"targets" : [
{
"c99name" : "StupidNSWindowTests",
"module_type" : "SwiftTarget",
"name" : "StupidNSWindowTests",
"path" : "Tests/StupidNSWindowTests",
"sources" : [
"StupidNSWindowTests.swift",
"XCTestManifests.swift"
],
"target_dependencies" : [
"StupidNSWindow"
],
"type" : "test"
},
{
"c99name" : "StupidNSWindow",
"module_type" : "SwiftTarget",
"name" : "StupidNSWindow",
"path" : "Sources/StupidNSWindow",
"product_memberships" : [
"StupidNSWindow"
],
"sources" : [
"StupidNSWindow.swift",
"StupidNSWindowBarBackgroundView.swift"
],
"type" : "library"
}
],
"tools_version" : "5.1"
}
{
"workspace" : {
"name" : "StupidNSWindow",
"schemes" : [
"StupidNSWindow"
]
}
}
2026-09-20 09:31:05.031 xcodebuild[648:4147] [MT] IDERunDestination: Supported platforms for the buildables in the current scheme is empty.
Running build ...
env DEVELOPER_DIR=/Applications/Xcode-27.0.0-Release.Candidate.app xcrun xcodebuild -IDEClonedSourcePackagesDirPathOverride=$PWD/.dependencies -skipMacroValidation -skipPackagePluginValidation -derivedDataPath $PWD/.derivedData build -scheme StupidNSWindow -destination generic/platform=watchOS
Command line invocation:
/Applications/Xcode-27.0.0-Release.Candidate.app/Contents/Developer/usr/bin/xcodebuild -IDEClonedSourcePackagesDirPathOverride=/Users/admin/builder/spi-builder-workspace/.dependencies -skipMacroValidation -skipPackagePluginValidation -derivedDataPath /Users/admin/builder/spi-builder-workspace/.derivedData build -scheme StupidNSWindow -destination generic/platform=watchOS
Resolve Package Graph
Resolved source packages:
StupidNSWindow: /Users/admin/builder/spi-builder-workspace
ComputePackagePrebuildTargetDependencyGraph
Prepare packages
CreateBuildRequest
SendProjectDescription
CreateBuildOperation
ComputeTargetDependencyGraph
note: Building targets in dependency order
note: Target dependency graph (2 targets)
Target 'StupidNSWindow-product' in project 'StupidNSWindow'
➜ Explicit dependency on target 'StupidNSWindow' in project 'StupidNSWindow'
Target 'StupidNSWindow' in project 'StupidNSWindow' (no dependencies)
GatherProvisioningInputs
CreateBuildDescription
ExecuteExternalTool /Applications/Xcode-27.0.0-Release.Candidate.app/Contents/Developer/Toolchains/XcodeDefault.xctoolchain/usr/bin/clang -v -E -dM -isysroot /Applications/Xcode-27.0.0-Release.Candidate.app/Contents/Developer/Platforms/WatchOS.platform/Developer/SDKs/WatchOS27.0.sdk -x c -c /dev/null
ExecuteExternalTool /Applications/Xcode-27.0.0-Release.Candidate.app/Contents/Developer/Toolchains/XcodeDefault.xctoolchain/usr/bin/swiftc --version
ExecuteExternalTool /Applications/Xcode-27.0.0-Release.Candidate.app/Contents/Developer/Toolchains/XcodeDefault.xctoolchain/usr/bin/ld -version_details
Build description signature: f98389cd2d5c8ad3db6ad3ac043c7b2d
Build description path: /Users/admin/builder/spi-builder-workspace/.derivedData/Build/Intermediates.noindex/XCBuildData/f98389cd2d5c8ad3db6ad3ac043c7b2d.xcbuilddata
CreateBuildDirectory /Users/admin/builder/spi-builder-workspace/.derivedData/SDKExplicitPrecompiledModules
cd /Users/admin/builder/spi-builder-workspace/.swiftpm/xcode
builtin-create-build-directory /Users/admin/builder/spi-builder-workspace/.derivedData/SDKExplicitPrecompiledModules
CreateBuildDirectory /Users/admin/builder/spi-builder-workspace/.derivedData/ModuleCache.noindex
cd /Users/admin/builder/spi-builder-workspace/.swiftpm/xcode
builtin-create-build-directory /Users/admin/builder/spi-builder-workspace/.derivedData/ModuleCache.noindex
CreateBuildDirectory /Users/admin/builder/spi-builder-workspace/.derivedData/CompilationCache.noindex
cd /Users/admin/builder/spi-builder-workspace/.swiftpm/xcode
builtin-create-build-directory /Users/admin/builder/spi-builder-workspace/.derivedData/CompilationCache.noindex
CreateBuildDirectory /Users/admin/builder/spi-builder-workspace/.derivedData/Build/Products
cd /Users/admin/builder/spi-builder-workspace/.swiftpm/xcode
builtin-create-build-directory /Users/admin/builder/spi-builder-workspace/.derivedData/Build/Products
CreateBuildDirectory /Users/admin/builder/spi-builder-workspace/.derivedData/Build/Intermediates.noindex
cd /Users/admin/builder/spi-builder-workspace/.swiftpm/xcode
builtin-create-build-directory /Users/admin/builder/spi-builder-workspace/.derivedData/Build/Intermediates.noindex
ClangStatCache /Applications/Xcode-27.0.0-Release.Candidate.app/Contents/Developer/Toolchains/XcodeDefault.xctoolchain/usr/bin/clang-stat-cache /Applications/Xcode-27.0.0-Release.Candidate.app/Contents/Developer/Platforms/WatchOS.platform/Developer/SDKs/WatchOS27.0.sdk /Users/admin/builder/spi-builder-workspace/.derivedData/SDKStatCaches.noindex/watchos27.0-24R360-e829b21a6f8c9b70876ba0858053c04477534ef55a1706bf4c1112bbb242f0a2.sdkstatcache
cd /Users/admin/builder/spi-builder-workspace/.swiftpm/xcode
/Applications/Xcode-27.0.0-Release.Candidate.app/Contents/Developer/Toolchains/XcodeDefault.xctoolchain/usr/bin/clang-stat-cache /Applications/Xcode-27.0.0-Release.Candidate.app/Contents/Developer/Platforms/WatchOS.platform/Developer/SDKs/WatchOS27.0.sdk -o /Users/admin/builder/spi-builder-workspace/.derivedData/SDKStatCaches.noindex/watchos27.0-24R360-e829b21a6f8c9b70876ba0858053c04477534ef55a1706bf4c1112bbb242f0a2.sdkstatcache
CreateBuildDirectory /Users/admin/builder/spi-builder-workspace/.derivedData/Build/Products/Debug-watchos
cd /Users/admin/builder/spi-builder-workspace/.swiftpm/xcode
builtin-create-build-directory /Users/admin/builder/spi-builder-workspace/.derivedData/Build/Products/Debug-watchos
CreateBuildDirectory /Users/admin/builder/spi-builder-workspace/.derivedData/Build/Intermediates.noindex/PrecompiledHeaders
cd /Users/admin/builder/spi-builder-workspace/.swiftpm/xcode
builtin-create-build-directory /Users/admin/builder/spi-builder-workspace/.derivedData/Build/Intermediates.noindex/PrecompiledHeaders
CreateBuildDirectory /Users/admin/builder/spi-builder-workspace/.derivedData/Build/Intermediates.noindex/SwiftExplicitPrecompiledModules
cd /Users/admin/builder/spi-builder-workspace/.swiftpm/xcode
builtin-create-build-directory /Users/admin/builder/spi-builder-workspace/.derivedData/Build/Intermediates.noindex/SwiftExplicitPrecompiledModules
CreateBuildDirectory /Users/admin/builder/spi-builder-workspace/.derivedData/Build/Intermediates.noindex/ExplicitPrecompiledModules
cd /Users/admin/builder/spi-builder-workspace/.swiftpm/xcode
builtin-create-build-directory /Users/admin/builder/spi-builder-workspace/.derivedData/Build/Intermediates.noindex/ExplicitPrecompiledModules
CreateBuildDirectory /Users/admin/builder/spi-builder-workspace/.derivedData/Build/Intermediates.noindex/EagerLinkingTBDs/Debug-watchos
cd /Users/admin/builder/spi-builder-workspace/.swiftpm/xcode
builtin-create-build-directory /Users/admin/builder/spi-builder-workspace/.derivedData/Build/Intermediates.noindex/EagerLinkingTBDs/Debug-watchos
CreateBuildDirectory /Users/admin/builder/spi-builder-workspace/.derivedData/Build/Products/Debug-watchos/PackageFrameworks
cd /Users/admin/builder/spi-builder-workspace/.swiftpm/xcode
builtin-create-build-directory /Users/admin/builder/spi-builder-workspace/.derivedData/Build/Products/Debug-watchos/PackageFrameworks
WriteAuxiliaryFile /Users/admin/builder/spi-builder-workspace/.derivedData/Build/Intermediates.noindex/StupidNSWindow.build/Debug-watchos/StupidNSWindow-t.build/StupidNSWindow.DependencyMetadataFileList (in target 'StupidNSWindow' from project 'StupidNSWindow')
cd /Users/admin/builder/spi-builder-workspace
write-file /Users/admin/builder/spi-builder-workspace/.derivedData/Build/Intermediates.noindex/StupidNSWindow.build/Debug-watchos/StupidNSWindow-t.build/StupidNSWindow.DependencyMetadataFileList
WriteAuxiliaryFile /Users/admin/builder/spi-builder-workspace/.derivedData/Build/Intermediates.noindex/StupidNSWindow.build/Debug-watchos/StupidNSWindow-t.build/StupidNSWindow.modulemap (in target 'StupidNSWindow' from project 'StupidNSWindow')
cd /Users/admin/builder/spi-builder-workspace
write-file /Users/admin/builder/spi-builder-workspace/.derivedData/Build/Intermediates.noindex/StupidNSWindow.build/Debug-watchos/StupidNSWindow-t.build/StupidNSWindow.modulemap
WriteAuxiliaryFile /Users/admin/builder/spi-builder-workspace/.derivedData/Build/Intermediates.noindex/StupidNSWindow.build/Debug-watchos/StupidNSWindow-t.build/StupidNSWindow.DependencyStaticMetadataFileList (in target 'StupidNSWindow' from project 'StupidNSWindow')
cd /Users/admin/builder/spi-builder-workspace
write-file /Users/admin/builder/spi-builder-workspace/.derivedData/Build/Intermediates.noindex/StupidNSWindow.build/Debug-watchos/StupidNSWindow-t.build/StupidNSWindow.DependencyStaticMetadataFileList
WriteAuxiliaryFile /Users/admin/builder/spi-builder-workspace/.derivedData/Build/Intermediates.noindex/StupidNSWindow.build/Debug-watchos/StupidNSWindow-t.build/Objects-normal/arm64_32/StupidNSWindow.LinkFileList (in target 'StupidNSWindow' from project 'StupidNSWindow')
cd /Users/admin/builder/spi-builder-workspace
write-file /Users/admin/builder/spi-builder-workspace/.derivedData/Build/Intermediates.noindex/StupidNSWindow.build/Debug-watchos/StupidNSWindow-t.build/Objects-normal/arm64_32/StupidNSWindow.LinkFileList
WriteAuxiliaryFile /Users/admin/builder/spi-builder-workspace/.derivedData/Build/Intermediates.noindex/StupidNSWindow.build/Debug-watchos/StupidNSWindow-t.build/Objects-normal/arm64_32/StupidNSWindow_const_extract_protocols.json (in target 'StupidNSWindow' from project 'StupidNSWindow')
cd /Users/admin/builder/spi-builder-workspace
write-file /Users/admin/builder/spi-builder-workspace/.derivedData/Build/Intermediates.noindex/StupidNSWindow.build/Debug-watchos/StupidNSWindow-t.build/Objects-normal/arm64_32/StupidNSWindow_const_extract_protocols.json
WriteAuxiliaryFile /Users/admin/builder/spi-builder-workspace/.derivedData/Build/Intermediates.noindex/StupidNSWindow.build/Debug-watchos/StupidNSWindow-t.build/Objects-normal/arm64_32/StupidNSWindow.SwiftFileList (in target 'StupidNSWindow' from project 'StupidNSWindow')
cd /Users/admin/builder/spi-builder-workspace
write-file /Users/admin/builder/spi-builder-workspace/.derivedData/Build/Intermediates.noindex/StupidNSWindow.build/Debug-watchos/StupidNSWindow-t.build/Objects-normal/arm64_32/StupidNSWindow.SwiftFileList
WriteAuxiliaryFile /Users/admin/builder/spi-builder-workspace/.derivedData/Build/Intermediates.noindex/StupidNSWindow.build/Debug-watchos/StupidNSWindow-t.build/Objects-normal/arm64_32/StupidNSWindow-OutputFileMap.json (in target 'StupidNSWindow' from project 'StupidNSWindow')
cd /Users/admin/builder/spi-builder-workspace
write-file /Users/admin/builder/spi-builder-workspace/.derivedData/Build/Intermediates.noindex/StupidNSWindow.build/Debug-watchos/StupidNSWindow-t.build/Objects-normal/arm64_32/StupidNSWindow-OutputFileMap.json
WriteAuxiliaryFile /Users/admin/builder/spi-builder-workspace/.derivedData/Build/Intermediates.noindex/StupidNSWindow.build/Debug-watchos/StupidNSWindow-t.build/Objects-normal/arm64_32/StupidNSWindow.SwiftConstValuesFileList (in target 'StupidNSWindow' from project 'StupidNSWindow')
cd /Users/admin/builder/spi-builder-workspace
write-file /Users/admin/builder/spi-builder-workspace/.derivedData/Build/Intermediates.noindex/StupidNSWindow.build/Debug-watchos/StupidNSWindow-t.build/Objects-normal/arm64_32/StupidNSWindow.SwiftConstValuesFileList
WriteAuxiliaryFile /Users/admin/builder/spi-builder-workspace/.derivedData/Build/Intermediates.noindex/StupidNSWindow.build/Debug-watchos/StupidNSWindow-t.build/Objects-normal/arm64/StupidNSWindow_const_extract_protocols.json (in target 'StupidNSWindow' from project 'StupidNSWindow')
cd /Users/admin/builder/spi-builder-workspace
write-file /Users/admin/builder/spi-builder-workspace/.derivedData/Build/Intermediates.noindex/StupidNSWindow.build/Debug-watchos/StupidNSWindow-t.build/Objects-normal/arm64/StupidNSWindow_const_extract_protocols.json
WriteAuxiliaryFile /Users/admin/builder/spi-builder-workspace/.derivedData/Build/Intermediates.noindex/StupidNSWindow.build/Debug-watchos/StupidNSWindow-t.build/Objects-normal/arm64/StupidNSWindow.SwiftFileList (in target 'StupidNSWindow' from project 'StupidNSWindow')
cd /Users/admin/builder/spi-builder-workspace
write-file /Users/admin/builder/spi-builder-workspace/.derivedData/Build/Intermediates.noindex/StupidNSWindow.build/Debug-watchos/StupidNSWindow-t.build/Objects-normal/arm64/StupidNSWindow.SwiftFileList
WriteAuxiliaryFile /Users/admin/builder/spi-builder-workspace/.derivedData/Build/Intermediates.noindex/StupidNSWindow.build/Debug-watchos/StupidNSWindow-t.build/Objects-normal/arm64/StupidNSWindow.SwiftConstValuesFileList (in target 'StupidNSWindow' from project 'StupidNSWindow')
cd /Users/admin/builder/spi-builder-workspace
write-file /Users/admin/builder/spi-builder-workspace/.derivedData/Build/Intermediates.noindex/StupidNSWindow.build/Debug-watchos/StupidNSWindow-t.build/Objects-normal/arm64/StupidNSWindow.SwiftConstValuesFileList
WriteAuxiliaryFile /Users/admin/builder/spi-builder-workspace/.derivedData/Build/Intermediates.noindex/StupidNSWindow.build/Debug-watchos/StupidNSWindow-t.build/Objects-normal/arm64/StupidNSWindow.LinkFileList (in target 'StupidNSWindow' from project 'StupidNSWindow')
cd /Users/admin/builder/spi-builder-workspace
write-file /Users/admin/builder/spi-builder-workspace/.derivedData/Build/Intermediates.noindex/StupidNSWindow.build/Debug-watchos/StupidNSWindow-t.build/Objects-normal/arm64/StupidNSWindow.LinkFileList
WriteAuxiliaryFile /Users/admin/builder/spi-builder-workspace/.derivedData/Build/Intermediates.noindex/StupidNSWindow.build/Debug-watchos/StupidNSWindow-t.build/Objects-normal/arm64/StupidNSWindow-OutputFileMap.json (in target 'StupidNSWindow' from project 'StupidNSWindow')
cd /Users/admin/builder/spi-builder-workspace
write-file /Users/admin/builder/spi-builder-workspace/.derivedData/Build/Intermediates.noindex/StupidNSWindow.build/Debug-watchos/StupidNSWindow-t.build/Objects-normal/arm64/StupidNSWindow-OutputFileMap.json
Copy /Users/admin/builder/spi-builder-workspace/.derivedData/Build/Intermediates.noindex/GeneratedModuleMaps-watchos/StupidNSWindow.modulemap /Users/admin/builder/spi-builder-workspace/.derivedData/Build/Intermediates.noindex/StupidNSWindow.build/Debug-watchos/StupidNSWindow-t.build/StupidNSWindow.modulemap (in target 'StupidNSWindow' from project 'StupidNSWindow')
cd /Users/admin/builder/spi-builder-workspace
builtin-copy -exclude .DS_Store -exclude CVS -exclude .svn -exclude .git -exclude .hg -resolve-src-symlinks /Users/admin/builder/spi-builder-workspace/.derivedData/Build/Intermediates.noindex/StupidNSWindow.build/Debug-watchos/StupidNSWindow-t.build/StupidNSWindow.modulemap /Users/admin/builder/spi-builder-workspace/.derivedData/Build/Intermediates.noindex/GeneratedModuleMaps-watchos
SwiftDriver StupidNSWindow normal arm64_32 com.apple.xcode.tools.swift.compiler (in target 'StupidNSWindow' from project 'StupidNSWindow')
cd /Users/admin/builder/spi-builder-workspace/.swiftpm/xcode
builtin-SwiftDriver -- /Applications/Xcode-27.0.0-Release.Candidate.app/Contents/Developer/Toolchains/XcodeDefault.xctoolchain/usr/bin/swiftc -parse-as-library -module-name StupidNSWindow -Onone @/Users/admin/builder/spi-builder-workspace/.derivedData/Build/Intermediates.noindex/StupidNSWindow.build/Debug-watchos/StupidNSWindow-t.build/Objects-normal/arm64_32/StupidNSWindow.SwiftFileList -DSWIFT_PACKAGE -DDEBUG -DSWIFT_MODULE_RESOURCE_BUNDLE_UNAVAILABLE -DXcode -plugin-path /Applications/Xcode-27.0.0-Release.Candidate.app/Contents/Developer/Toolchains/XcodeDefault.xctoolchain/usr/lib/swift/host/plugins/testing -enable-experimental-feature DebugDescriptionMacro -sdk /Applications/Xcode-27.0.0-Release.Candidate.app/Contents/Developer/Platforms/WatchOS.platform/Developer/SDKs/WatchOS27.0.sdk -target arm64_32-apple-watchos9.0 -g -module-cache-path /Users/admin/builder/spi-builder-workspace/.derivedData/ModuleCache.noindex -Xfrontend -serialize-debugging-options -profile-coverage-mapping -profile-generate -enable-testing -index-store-path /Users/admin/builder/spi-builder-workspace/.derivedData/Index.noindex/DataStore -Xcc -D_LIBCPP_HARDENING_MODE\=_LIBCPP_HARDENING_MODE_DEBUG -swift-version 5 -I /Users/admin/builder/spi-builder-workspace/.derivedData/Build/Products/Debug-watchos -Isystem /Applications/Xcode-27.0.0-Release.Candidate.app/Contents/Developer/Platforms/WatchOS.platform/Developer/usr/lib -F /Users/admin/builder/spi-builder-workspace/.derivedData/Build/Products/Debug-watchos -F /Applications/Xcode-27.0.0-Release.Candidate.app/Contents/Developer/Platforms/WatchOS.platform/Developer/Library/Frameworks -F /Applications/Xcode-27.0.0-Release.Candidate.app/Contents/Developer/Platforms/WatchOS.platform/Developer/SDKs/WatchOS27.0.sdk/Developer/Library/Frameworks -c -j10 -enable-batch-mode -incremental -Xcc -ivfsstatcache -Xcc /Users/admin/builder/spi-builder-workspace/.derivedData/SDKStatCaches.noindex/watchos27.0-24R360-e829b21a6f8c9b70876ba0858053c04477534ef55a1706bf4c1112bbb242f0a2.sdkstatcache -output-file-map /Users/admin/builder/spi-builder-workspace/.derivedData/Build/Intermediates.noindex/StupidNSWindow.build/Debug-watchos/StupidNSWindow-t.build/Objects-normal/arm64_32/StupidNSWindow-OutputFileMap.json -save-temps -no-color-diagnostics -explicit-module-build -module-cache-path /Users/admin/builder/spi-builder-workspace/.derivedData/Build/Intermediates.noindex/SwiftExplicitPrecompiledModules -clang-scanner-module-cache-path /Users/admin/builder/spi-builder-workspace/.derivedData/ModuleCache.noindex -sdk-module-cache-path /Users/admin/builder/spi-builder-workspace/.derivedData/SDKExplicitPrecompiledModules -emit-dependencies -emit-module -emit-module-path /Users/admin/builder/spi-builder-workspace/.derivedData/Build/Intermediates.noindex/StupidNSWindow.build/Debug-watchos/StupidNSWindow-t.build/Objects-normal/arm64_32/StupidNSWindow.swiftmodule -serialize-diagnostics -dependency-scan-serialize-diagnostics-path /Users/admin/builder/spi-builder-workspace/.derivedData/Build/Intermediates.noindex/StupidNSWindow.build/Debug-watchos/StupidNSWindow-t.build/Objects-normal/arm64_32/StupidNSWindow-dependency-scan.dia -validate-clang-modules-once -clang-build-session-file /Users/admin/builder/spi-builder-workspace/.derivedData/ModuleCache.noindex/Session.modulevalidation -Xcc -fmodules-prune-interval\=86400 -Xcc -fmodules-prune-after\=345600 -emit-const-values -const-gather-protocols-list /Users/admin/builder/spi-builder-workspace/.derivedData/Build/Intermediates.noindex/StupidNSWindow.build/Debug-watchos/StupidNSWindow-t.build/Objects-normal/arm64_32/StupidNSWindow_const_extract_protocols.json -Xcc -I/Users/admin/builder/spi-builder-workspace/.derivedData/Build/Products/Debug-watchos/include -Xcc -I/Users/admin/builder/spi-builder-workspace/.derivedData/Build/Intermediates.noindex/StupidNSWindow.build/Debug-watchos/StupidNSWindow-t.build/DerivedSources-normal/arm64_32 -Xcc -I/Users/admin/builder/spi-builder-workspace/.derivedData/Build/Intermediates.noindex/StupidNSWindow.build/Debug-watchos/StupidNSWindow-t.build/DerivedSources/arm64_32 -Xcc -I/Users/admin/builder/spi-builder-workspace/.derivedData/Build/Intermediates.noindex/StupidNSWindow.build/Debug-watchos/StupidNSWindow-t.build/DerivedSources -Xcc -DSWIFT_PACKAGE -Xcc -DDEBUG\=1 -emit-objc-header -emit-objc-header-path /Users/admin/builder/spi-builder-workspace/.derivedData/Build/Intermediates.noindex/StupidNSWindow.build/Debug-watchos/StupidNSWindow-t.build/Objects-normal/arm64_32/StupidNSWindow-Swift.h -working-directory /Users/admin/builder/spi-builder-workspace/.swiftpm/xcode -experimental-emit-module-separately -disable-cmo
/Users/admin/builder/spi-builder-workspace/Sources/StupidNSWindow/StupidNSWindow.swift:1:8: error: Unable to resolve module dependency: 'Cocoa' (in target 'StupidNSWindow' from project 'StupidNSWindow')
note: A dependency of main module 'StupidNSWindow'
/Users/admin/builder/spi-builder-workspace/Sources/StupidNSWindow/StupidNSWindowBarBackgroundView.swift:1:8: note: Also imported here
/Users/admin/builder/spi-builder-workspace/Sources/StupidNSWindow/StupidNSWindow.swift:1:8: note: A dependency of main module 'StupidNSWindow'
import Cocoa
^ (in target 'StupidNSWindow' from project 'StupidNSWindow')
/Users/admin/builder/spi-builder-workspace/Sources/StupidNSWindow/StupidNSWindowBarBackgroundView.swift:1:8: note: Also imported here
import Cocoa
^ (in target 'StupidNSWindow' from project 'StupidNSWindow')
SwiftDriver StupidNSWindow normal arm64 com.apple.xcode.tools.swift.compiler (in target 'StupidNSWindow' from project 'StupidNSWindow')
cd /Users/admin/builder/spi-builder-workspace/.swiftpm/xcode
builtin-SwiftDriver -- /Applications/Xcode-27.0.0-Release.Candidate.app/Contents/Developer/Toolchains/XcodeDefault.xctoolchain/usr/bin/swiftc -parse-as-library -module-name StupidNSWindow -Onone @/Users/admin/builder/spi-builder-workspace/.derivedData/Build/Intermediates.noindex/StupidNSWindow.build/Debug-watchos/StupidNSWindow-t.build/Objects-normal/arm64/StupidNSWindow.SwiftFileList -DSWIFT_PACKAGE -DDEBUG -DSWIFT_MODULE_RESOURCE_BUNDLE_UNAVAILABLE -DXcode -plugin-path /Applications/Xcode-27.0.0-Release.Candidate.app/Contents/Developer/Toolchains/XcodeDefault.xctoolchain/usr/lib/swift/host/plugins/testing -enable-experimental-feature DebugDescriptionMacro -sdk /Applications/Xcode-27.0.0-Release.Candidate.app/Contents/Developer/Platforms/WatchOS.platform/Developer/SDKs/WatchOS27.0.sdk -target arm64-apple-watchos9.0 -g -module-cache-path /Users/admin/builder/spi-builder-workspace/.derivedData/ModuleCache.noindex -Xfrontend -serialize-debugging-options -profile-coverage-mapping -profile-generate -enable-testing -index-store-path /Users/admin/builder/spi-builder-workspace/.derivedData/Index.noindex/DataStore -Xcc -D_LIBCPP_HARDENING_MODE\=_LIBCPP_HARDENING_MODE_DEBUG -swift-version 5 -I /Users/admin/builder/spi-builder-workspace/.derivedData/Build/Products/Debug-watchos -Isystem /Applications/Xcode-27.0.0-Release.Candidate.app/Contents/Developer/Platforms/WatchOS.platform/Developer/usr/lib -F /Users/admin/builder/spi-builder-workspace/.derivedData/Build/Products/Debug-watchos -F /Applications/Xcode-27.0.0-Release.Candidate.app/Contents/Developer/Platforms/WatchOS.platform/Developer/Library/Frameworks -F /Applications/Xcode-27.0.0-Release.Candidate.app/Contents/Developer/Platforms/WatchOS.platform/Developer/SDKs/WatchOS27.0.sdk/Developer/Library/Frameworks -c -j10 -enable-batch-mode -incremental -Xcc -ivfsstatcache -Xcc /Users/admin/builder/spi-builder-workspace/.derivedData/SDKStatCaches.noindex/watchos27.0-24R360-e829b21a6f8c9b70876ba0858053c04477534ef55a1706bf4c1112bbb242f0a2.sdkstatcache -output-file-map /Users/admin/builder/spi-builder-workspace/.derivedData/Build/Intermediates.noindex/StupidNSWindow.build/Debug-watchos/StupidNSWindow-t.build/Objects-normal/arm64/StupidNSWindow-OutputFileMap.json -save-temps -no-color-diagnostics -explicit-module-build -module-cache-path /Users/admin/builder/spi-builder-workspace/.derivedData/Build/Intermediates.noindex/SwiftExplicitPrecompiledModules -clang-scanner-module-cache-path /Users/admin/builder/spi-builder-workspace/.derivedData/ModuleCache.noindex -sdk-module-cache-path /Users/admin/builder/spi-builder-workspace/.derivedData/SDKExplicitPrecompiledModules -emit-dependencies -emit-module -emit-module-path /Users/admin/builder/spi-builder-workspace/.derivedData/Build/Intermediates.noindex/StupidNSWindow.build/Debug-watchos/StupidNSWindow-t.build/Objects-normal/arm64/StupidNSWindow.swiftmodule -serialize-diagnostics -dependency-scan-serialize-diagnostics-path /Users/admin/builder/spi-builder-workspace/.derivedData/Build/Intermediates.noindex/StupidNSWindow.build/Debug-watchos/StupidNSWindow-t.build/Objects-normal/arm64/StupidNSWindow-dependency-scan.dia -validate-clang-modules-once -clang-build-session-file /Users/admin/builder/spi-builder-workspace/.derivedData/ModuleCache.noindex/Session.modulevalidation -Xcc -fmodules-prune-interval\=86400 -Xcc -fmodules-prune-after\=345600 -emit-const-values -const-gather-protocols-list /Users/admin/builder/spi-builder-workspace/.derivedData/Build/Intermediates.noindex/StupidNSWindow.build/Debug-watchos/StupidNSWindow-t.build/Objects-normal/arm64/StupidNSWindow_const_extract_protocols.json -Xcc -I/Users/admin/builder/spi-builder-workspace/.derivedData/Build/Products/Debug-watchos/include -Xcc -I/Users/admin/builder/spi-builder-workspace/.derivedData/Build/Intermediates.noindex/StupidNSWindow.build/Debug-watchos/StupidNSWindow-t.build/DerivedSources-normal/arm64 -Xcc -I/Users/admin/builder/spi-builder-workspace/.derivedData/Build/Intermediates.noindex/StupidNSWindow.build/Debug-watchos/StupidNSWindow-t.build/DerivedSources/arm64 -Xcc -I/Users/admin/builder/spi-builder-workspace/.derivedData/Build/Intermediates.noindex/StupidNSWindow.build/Debug-watchos/StupidNSWindow-t.build/DerivedSources -Xcc -DSWIFT_PACKAGE -Xcc -DDEBUG\=1 -emit-objc-header -emit-objc-header-path /Users/admin/builder/spi-builder-workspace/.derivedData/Build/Intermediates.noindex/StupidNSWindow.build/Debug-watchos/StupidNSWindow-t.build/Objects-normal/arm64/StupidNSWindow-Swift.h -working-directory /Users/admin/builder/spi-builder-workspace/.swiftpm/xcode -experimental-emit-module-separately -disable-cmo
/Users/admin/builder/spi-builder-workspace/Sources/StupidNSWindow/StupidNSWindow.swift:1:8: error: Unable to resolve module dependency: 'Cocoa' (in target 'StupidNSWindow' from project 'StupidNSWindow')
note: A dependency of main module 'StupidNSWindow'
/Users/admin/builder/spi-builder-workspace/Sources/StupidNSWindow/StupidNSWindowBarBackgroundView.swift:1:8: note: Also imported here
/Users/admin/builder/spi-builder-workspace/Sources/StupidNSWindow/StupidNSWindow.swift:1:8: note: A dependency of main module 'StupidNSWindow'
import Cocoa
^ (in target 'StupidNSWindow' from project 'StupidNSWindow')
/Users/admin/builder/spi-builder-workspace/Sources/StupidNSWindow/StupidNSWindowBarBackgroundView.swift:1:8: note: Also imported here
import Cocoa
^ (in target 'StupidNSWindow' from project 'StupidNSWindow')
PruneExplicitPrecompiledModules /Users/admin/builder/spi-builder-workspace/.derivedData/SDKExplicitPrecompiledModules
PruneExplicitPrecompiledModules /Users/admin/builder/spi-builder-workspace/.derivedData/Build/Intermediates.noindex/ExplicitPrecompiledModules
PruneExplicitPrecompiledModules /Users/admin/builder/spi-builder-workspace/.derivedData/Build/Intermediates.noindex/SwiftExplicitPrecompiledModules
2026-09-20 09:31:06.666 xcodebuild[649:4194] [MT] IDERunDestination: Supported platforms for the buildables in the current scheme is empty.
** BUILD FAILED **
The following build commands failed:
SwiftDriver StupidNSWindow normal arm64_32 com.apple.xcode.tools.swift.compiler (in target 'StupidNSWindow' from project 'StupidNSWindow')
SwiftDriver StupidNSWindow normal arm64 com.apple.xcode.tools.swift.compiler (in target 'StupidNSWindow' from project 'StupidNSWindow')
Building workspace StupidNSWindow with scheme StupidNSWindow
(3 failures)
Command line invocation:
/Applications/Xcode-27.0.0-Release.Candidate.app/Contents/Developer/usr/bin/xcodebuild -IDEClonedSourcePackagesDirPathOverride=/Users/admin/builder/spi-builder-workspace/.dependencies -resolvePackageDependencies
Resolve Package Graph
Resolved source packages:
StupidNSWindow: /Users/admin/builder/spi-builder-workspace
resolved source packages: StupidNSWindow
2026-09-20 09:31:09.256 xcodebuild[664:4336] [MT] IDERunDestination: Supported platforms for the buildables in the current scheme is empty.
{
"dependencies" : [
],
"manifest_display_name" : "StupidNSWindow",
"name" : "StupidNSWindow",
"path" : "/Users/admin/builder/spi-builder-workspace",
"platforms" : [
{
"name" : "macos",
"version" : "10.11"
}
],
"products" : [
{
"name" : "StupidNSWindow",
"targets" : [
"StupidNSWindow"
],
"type" : {
"library" : [
"automatic"
]
}
}
],
"swift_languages_versions" : [
"5"
],
"targets" : [
{
"c99name" : "StupidNSWindowTests",
"module_type" : "SwiftTarget",
"name" : "StupidNSWindowTests",
"path" : "Tests/StupidNSWindowTests",
"sources" : [
"StupidNSWindowTests.swift",
"XCTestManifests.swift"
],
"target_dependencies" : [
"StupidNSWindow"
],
"type" : "test"
},
{
"c99name" : "StupidNSWindow",
"module_type" : "SwiftTarget",
"name" : "StupidNSWindow",
"path" : "Sources/StupidNSWindow",
"product_memberships" : [
"StupidNSWindow"
],
"sources" : [
"StupidNSWindow.swift",
"StupidNSWindowBarBackgroundView.swift"
],
"type" : "library"
}
],
"tools_version" : "5.1"
}
{
"workspace" : {
"name" : "StupidNSWindow",
"schemes" : [
"StupidNSWindow"
]
}
}
2026-09-20 09:31:10.461 xcodebuild[672:4400] [MT] IDERunDestination: Supported platforms for the buildables in the current scheme is empty.
Running build ...
env DEVELOPER_DIR=/Applications/Xcode-27.0.0-Release.Candidate.app xcrun xcodebuild -IDEClonedSourcePackagesDirPathOverride=$PWD/.dependencies -skipMacroValidation -skipPackagePluginValidation -derivedDataPath $PWD/.derivedData build -scheme StupidNSWindow -destination generic/platform=watchOS
Command line invocation:
/Applications/Xcode-27.0.0-Release.Candidate.app/Contents/Developer/usr/bin/xcodebuild -IDEClonedSourcePackagesDirPathOverride=/Users/admin/builder/spi-builder-workspace/.dependencies -skipMacroValidation -skipPackagePluginValidation -derivedDataPath /Users/admin/builder/spi-builder-workspace/.derivedData build -scheme StupidNSWindow -destination generic/platform=watchOS
Resolve Package Graph
Resolved source packages:
StupidNSWindow: /Users/admin/builder/spi-builder-workspace
ComputePackagePrebuildTargetDependencyGraph
Prepare packages
CreateBuildRequest
SendProjectDescription
CreateBuildOperation
ComputeTargetDependencyGraph
note: Building targets in dependency order
note: Target dependency graph (2 targets)
Target 'StupidNSWindow-product' in project 'StupidNSWindow'
➜ Explicit dependency on target 'StupidNSWindow' in project 'StupidNSWindow'
Target 'StupidNSWindow' in project 'StupidNSWindow' (no dependencies)
GatherProvisioningInputs
CreateBuildDescription
ClangStatCache /Applications/Xcode-27.0.0-Release.Candidate.app/Contents/Developer/Toolchains/XcodeDefault.xctoolchain/usr/bin/clang-stat-cache /Applications/Xcode-27.0.0-Release.Candidate.app/Contents/Developer/Platforms/WatchOS.platform/Developer/SDKs/WatchOS27.0.sdk /Users/admin/builder/spi-builder-workspace/.derivedData/SDKStatCaches.noindex/watchos27.0-24R360-e829b21a6f8c9b70876ba0858053c04477534ef55a1706bf4c1112bbb242f0a2.sdkstatcache
cd /Users/admin/builder/spi-builder-workspace/.swiftpm/xcode
/Applications/Xcode-27.0.0-Release.Candidate.app/Contents/Developer/Toolchains/XcodeDefault.xctoolchain/usr/bin/clang-stat-cache /Applications/Xcode-27.0.0-Release.Candidate.app/Contents/Developer/Platforms/WatchOS.platform/Developer/SDKs/WatchOS27.0.sdk -o /Users/admin/builder/spi-builder-workspace/.derivedData/SDKStatCaches.noindex/watchos27.0-24R360-e829b21a6f8c9b70876ba0858053c04477534ef55a1706bf4c1112bbb242f0a2.sdkstatcache
SwiftDriver StupidNSWindow normal arm64_32 com.apple.xcode.tools.swift.compiler (in target 'StupidNSWindow' from project 'StupidNSWindow')
cd /Users/admin/builder/spi-builder-workspace/.swiftpm/xcode
builtin-SwiftDriver -- /Applications/Xcode-27.0.0-Release.Candidate.app/Contents/Developer/Toolchains/XcodeDefault.xctoolchain/usr/bin/swiftc -parse-as-library -module-name StupidNSWindow -Onone @/Users/admin/builder/spi-builder-workspace/.derivedData/Build/Intermediates.noindex/StupidNSWindow.build/Debug-watchos/StupidNSWindow-t.build/Objects-normal/arm64_32/StupidNSWindow.SwiftFileList -DSWIFT_PACKAGE -DDEBUG -DSWIFT_MODULE_RESOURCE_BUNDLE_UNAVAILABLE -DXcode -plugin-path /Applications/Xcode-27.0.0-Release.Candidate.app/Contents/Developer/Toolchains/XcodeDefault.xctoolchain/usr/lib/swift/host/plugins/testing -enable-experimental-feature DebugDescriptionMacro -sdk /Applications/Xcode-27.0.0-Release.Candidate.app/Contents/Developer/Platforms/WatchOS.platform/Developer/SDKs/WatchOS27.0.sdk -target arm64_32-apple-watchos9.0 -g -module-cache-path /Users/admin/builder/spi-builder-workspace/.derivedData/ModuleCache.noindex -Xfrontend -serialize-debugging-options -profile-coverage-mapping -profile-generate -enable-testing -index-store-path /Users/admin/builder/spi-builder-workspace/.derivedData/Index.noindex/DataStore -Xcc -D_LIBCPP_HARDENING_MODE\=_LIBCPP_HARDENING_MODE_DEBUG -swift-version 5 -I /Users/admin/builder/spi-builder-workspace/.derivedData/Build/Products/Debug-watchos -Isystem /Applications/Xcode-27.0.0-Release.Candidate.app/Contents/Developer/Platforms/WatchOS.platform/Developer/usr/lib -F /Users/admin/builder/spi-builder-workspace/.derivedData/Build/Products/Debug-watchos -F /Applications/Xcode-27.0.0-Release.Candidate.app/Contents/Developer/Platforms/WatchOS.platform/Developer/Library/Frameworks -F /Applications/Xcode-27.0.0-Release.Candidate.app/Contents/Developer/Platforms/WatchOS.platform/Developer/SDKs/WatchOS27.0.sdk/Developer/Library/Frameworks -c -j10 -enable-batch-mode -incremental -Xcc -ivfsstatcache -Xcc /Users/admin/builder/spi-builder-workspace/.derivedData/SDKStatCaches.noindex/watchos27.0-24R360-e829b21a6f8c9b70876ba0858053c04477534ef55a1706bf4c1112bbb242f0a2.sdkstatcache -output-file-map /Users/admin/builder/spi-builder-workspace/.derivedData/Build/Intermediates.noindex/StupidNSWindow.build/Debug-watchos/StupidNSWindow-t.build/Objects-normal/arm64_32/StupidNSWindow-OutputFileMap.json -save-temps -no-color-diagnostics -explicit-module-build -module-cache-path /Users/admin/builder/spi-builder-workspace/.derivedData/Build/Intermediates.noindex/SwiftExplicitPrecompiledModules -clang-scanner-module-cache-path /Users/admin/builder/spi-builder-workspace/.derivedData/ModuleCache.noindex -sdk-module-cache-path /Users/admin/builder/spi-builder-workspace/.derivedData/SDKExplicitPrecompiledModules -emit-dependencies -emit-module -emit-module-path /Users/admin/builder/spi-builder-workspace/.derivedData/Build/Intermediates.noindex/StupidNSWindow.build/Debug-watchos/StupidNSWindow-t.build/Objects-normal/arm64_32/StupidNSWindow.swiftmodule -serialize-diagnostics -dependency-scan-serialize-diagnostics-path /Users/admin/builder/spi-builder-workspace/.derivedData/Build/Intermediates.noindex/StupidNSWindow.build/Debug-watchos/StupidNSWindow-t.build/Objects-normal/arm64_32/StupidNSWindow-dependency-scan.dia -validate-clang-modules-once -clang-build-session-file /Users/admin/builder/spi-builder-workspace/.derivedData/ModuleCache.noindex/Session.modulevalidation -Xcc -fmodules-prune-interval\=86400 -Xcc -fmodules-prune-after\=345600 -emit-const-values -const-gather-protocols-list /Users/admin/builder/spi-builder-workspace/.derivedData/Build/Intermediates.noindex/StupidNSWindow.build/Debug-watchos/StupidNSWindow-t.build/Objects-normal/arm64_32/StupidNSWindow_const_extract_protocols.json -Xcc -I/Users/admin/builder/spi-builder-workspace/.derivedData/Build/Products/Debug-watchos/include -Xcc -I/Users/admin/builder/spi-builder-workspace/.derivedData/Build/Intermediates.noindex/StupidNSWindow.build/Debug-watchos/StupidNSWindow-t.build/DerivedSources-normal/arm64_32 -Xcc -I/Users/admin/builder/spi-builder-workspace/.derivedData/Build/Intermediates.noindex/StupidNSWindow.build/Debug-watchos/StupidNSWindow-t.build/DerivedSources/arm64_32 -Xcc -I/Users/admin/builder/spi-builder-workspace/.derivedData/Build/Intermediates.noindex/StupidNSWindow.build/Debug-watchos/StupidNSWindow-t.build/DerivedSources -Xcc -DSWIFT_PACKAGE -Xcc -DDEBUG\=1 -emit-objc-header -emit-objc-header-path /Users/admin/builder/spi-builder-workspace/.derivedData/Build/Intermediates.noindex/StupidNSWindow.build/Debug-watchos/StupidNSWindow-t.build/Objects-normal/arm64_32/StupidNSWindow-Swift.h -working-directory /Users/admin/builder/spi-builder-workspace/.swiftpm/xcode -experimental-emit-module-separately -disable-cmo
/Users/admin/builder/spi-builder-workspace/Sources/StupidNSWindow/StupidNSWindow.swift:1:8: error: Unable to resolve module dependency: 'Cocoa' (in target 'StupidNSWindow' from project 'StupidNSWindow')
note: A dependency of main module 'StupidNSWindow'
/Users/admin/builder/spi-builder-workspace/Sources/StupidNSWindow/StupidNSWindowBarBackgroundView.swift:1:8: note: Also imported here
/Users/admin/builder/spi-builder-workspace/Sources/StupidNSWindow/StupidNSWindow.swift:1:8: note: A dependency of main module 'StupidNSWindow'
import Cocoa
^ (in target 'StupidNSWindow' from project 'StupidNSWindow')
/Users/admin/builder/spi-builder-workspace/Sources/StupidNSWindow/StupidNSWindowBarBackgroundView.swift:1:8: note: Also imported here
import Cocoa
^ (in target 'StupidNSWindow' from project 'StupidNSWindow')
SwiftDriver StupidNSWindow normal arm64 com.apple.xcode.tools.swift.compiler (in target 'StupidNSWindow' from project 'StupidNSWindow')
cd /Users/admin/builder/spi-builder-workspace/.swiftpm/xcode
builtin-SwiftDriver -- /Applications/Xcode-27.0.0-Release.Candidate.app/Contents/Developer/Toolchains/XcodeDefault.xctoolchain/usr/bin/swiftc -parse-as-library -module-name StupidNSWindow -Onone @/Users/admin/builder/spi-builder-workspace/.derivedData/Build/Intermediates.noindex/StupidNSWindow.build/Debug-watchos/StupidNSWindow-t.build/Objects-normal/arm64/StupidNSWindow.SwiftFileList -DSWIFT_PACKAGE -DDEBUG -DSWIFT_MODULE_RESOURCE_BUNDLE_UNAVAILABLE -DXcode -plugin-path /Applications/Xcode-27.0.0-Release.Candidate.app/Contents/Developer/Toolchains/XcodeDefault.xctoolchain/usr/lib/swift/host/plugins/testing -enable-experimental-feature DebugDescriptionMacro -sdk /Applications/Xcode-27.0.0-Release.Candidate.app/Contents/Developer/Platforms/WatchOS.platform/Developer/SDKs/WatchOS27.0.sdk -target arm64-apple-watchos9.0 -g -module-cache-path /Users/admin/builder/spi-builder-workspace/.derivedData/ModuleCache.noindex -Xfrontend -serialize-debugging-options -profile-coverage-mapping -profile-generate -enable-testing -index-store-path /Users/admin/builder/spi-builder-workspace/.derivedData/Index.noindex/DataStore -Xcc -D_LIBCPP_HARDENING_MODE\=_LIBCPP_HARDENING_MODE_DEBUG -swift-version 5 -I /Users/admin/builder/spi-builder-workspace/.derivedData/Build/Products/Debug-watchos -Isystem /Applications/Xcode-27.0.0-Release.Candidate.app/Contents/Developer/Platforms/WatchOS.platform/Developer/usr/lib -F /Users/admin/builder/spi-builder-workspace/.derivedData/Build/Products/Debug-watchos -F /Applications/Xcode-27.0.0-Release.Candidate.app/Contents/Developer/Platforms/WatchOS.platform/Developer/Library/Frameworks -F /Applications/Xcode-27.0.0-Release.Candidate.app/Contents/Developer/Platforms/WatchOS.platform/Developer/SDKs/WatchOS27.0.sdk/Developer/Library/Frameworks -c -j10 -enable-batch-mode -incremental -Xcc -ivfsstatcache -Xcc /Users/admin/builder/spi-builder-workspace/.derivedData/SDKStatCaches.noindex/watchos27.0-24R360-e829b21a6f8c9b70876ba0858053c04477534ef55a1706bf4c1112bbb242f0a2.sdkstatcache -output-file-map /Users/admin/builder/spi-builder-workspace/.derivedData/Build/Intermediates.noindex/StupidNSWindow.build/Debug-watchos/StupidNSWindow-t.build/Objects-normal/arm64/StupidNSWindow-OutputFileMap.json -save-temps -no-color-diagnostics -explicit-module-build -module-cache-path /Users/admin/builder/spi-builder-workspace/.derivedData/Build/Intermediates.noindex/SwiftExplicitPrecompiledModules -clang-scanner-module-cache-path /Users/admin/builder/spi-builder-workspace/.derivedData/ModuleCache.noindex -sdk-module-cache-path /Users/admin/builder/spi-builder-workspace/.derivedData/SDKExplicitPrecompiledModules -emit-dependencies -emit-module -emit-module-path /Users/admin/builder/spi-builder-workspace/.derivedData/Build/Intermediates.noindex/StupidNSWindow.build/Debug-watchos/StupidNSWindow-t.build/Objects-normal/arm64/StupidNSWindow.swiftmodule -serialize-diagnostics -dependency-scan-serialize-diagnostics-path /Users/admin/builder/spi-builder-workspace/.derivedData/Build/Intermediates.noindex/StupidNSWindow.build/Debug-watchos/StupidNSWindow-t.build/Objects-normal/arm64/StupidNSWindow-dependency-scan.dia -validate-clang-modules-once -clang-build-session-file /Users/admin/builder/spi-builder-workspace/.derivedData/ModuleCache.noindex/Session.modulevalidation -Xcc -fmodules-prune-interval\=86400 -Xcc -fmodules-prune-after\=345600 -emit-const-values -const-gather-protocols-list /Users/admin/builder/spi-builder-workspace/.derivedData/Build/Intermediates.noindex/StupidNSWindow.build/Debug-watchos/StupidNSWindow-t.build/Objects-normal/arm64/StupidNSWindow_const_extract_protocols.json -Xcc -I/Users/admin/builder/spi-builder-workspace/.derivedData/Build/Products/Debug-watchos/include -Xcc -I/Users/admin/builder/spi-builder-workspace/.derivedData/Build/Intermediates.noindex/StupidNSWindow.build/Debug-watchos/StupidNSWindow-t.build/DerivedSources-normal/arm64 -Xcc -I/Users/admin/builder/spi-builder-workspace/.derivedData/Build/Intermediates.noindex/StupidNSWindow.build/Debug-watchos/StupidNSWindow-t.build/DerivedSources/arm64 -Xcc -I/Users/admin/builder/spi-builder-workspace/.derivedData/Build/Intermediates.noindex/StupidNSWindow.build/Debug-watchos/StupidNSWindow-t.build/DerivedSources -Xcc -DSWIFT_PACKAGE -Xcc -DDEBUG\=1 -emit-objc-header -emit-objc-header-path /Users/admin/builder/spi-builder-workspace/.derivedData/Build/Intermediates.noindex/StupidNSWindow.build/Debug-watchos/StupidNSWindow-t.build/Objects-normal/arm64/StupidNSWindow-Swift.h -working-directory /Users/admin/builder/spi-builder-workspace/.swiftpm/xcode -experimental-emit-module-separately -disable-cmo
/Users/admin/builder/spi-builder-workspace/Sources/StupidNSWindow/StupidNSWindow.swift:1:8: error: Unable to resolve module dependency: 'Cocoa' (in target 'StupidNSWindow' from project 'StupidNSWindow')
note: A dependency of main module 'StupidNSWindow'
/Users/admin/builder/spi-builder-workspace/Sources/StupidNSWindow/StupidNSWindowBarBackgroundView.swift:1:8: note: Also imported here
/Users/admin/builder/spi-builder-workspace/Sources/StupidNSWindow/StupidNSWindow.swift:1:8: note: A dependency of main module 'StupidNSWindow'
import Cocoa
^ (in target 'StupidNSWindow' from project 'StupidNSWindow')
/Users/admin/builder/spi-builder-workspace/Sources/StupidNSWindow/StupidNSWindowBarBackgroundView.swift:1:8: note: Also imported here
import Cocoa
^ (in target 'StupidNSWindow' from project 'StupidNSWindow')
PruneExplicitPrecompiledModules /Users/admin/builder/spi-builder-workspace/.derivedData/SDKExplicitPrecompiledModules
PruneExplicitPrecompiledModules /Users/admin/builder/spi-builder-workspace/.derivedData/Build/Intermediates.noindex/ExplicitPrecompiledModules
PruneExplicitPrecompiledModules /Users/admin/builder/spi-builder-workspace/.derivedData/Build/Intermediates.noindex/SwiftExplicitPrecompiledModules
2026-09-20 09:31:11.425 xcodebuild[673:4427] [MT] IDERunDestination: Supported platforms for the buildables in the current scheme is empty.
** BUILD FAILED **
The following build commands failed:
SwiftDriver StupidNSWindow normal arm64_32 com.apple.xcode.tools.swift.compiler (in target 'StupidNSWindow' from project 'StupidNSWindow')
SwiftDriver StupidNSWindow normal arm64 com.apple.xcode.tools.swift.compiler (in target 'StupidNSWindow' from project 'StupidNSWindow')
Building workspace StupidNSWindow with scheme StupidNSWindow
(3 failures)
BUILD FAILURE 6.4 watchOS