Build Information
Failed to build swift-cross-ui, reference v0.7.2 (823cec), with Swift 6.4 for macOS (SPM) on 26 Sep 2026 15:57:52 UTC.
Build Command
env DEVELOPER_DIR=/Applications/Xcode-27.0.0-Release.Candidate.app xcrun swift build --arch arm64Build Log
========================================
RunAll
========================================
Builder version: 5.1.0
Interrupt handler set up.
========================================
Checkout
========================================
Clone URL: https://github.com/furbytm/swift-cross-ui.git
Reference: v0.7.2
Initialized empty Git repository in /Users/admin/builder/spi-builder-workspace/.git/
From https://github.com/furbytm/swift-cross-ui
* tag v0.7.2 -> FETCH_HEAD
HEAD is now at 823cecd Add 'extern' to make global G*Flag declarations valid in C/C++.
Submodule path 'Sources/GtkCodeGen/GirFiles': checked out 'a9bfeaf9cfb0e7e722a2efd7c3ad865e68acd2c1'
Submodule 'Sources/GtkCodeGen/GirFiles' (https://github.com/moreSwift/gir-files) registered for path 'Sources/GtkCodeGen/GirFiles'
Cloning into '/Users/admin/builder/spi-builder-workspace/Sources/GtkCodeGen/GirFiles'...
Cloned https://github.com/furbytm/swift-cross-ui.git
Revision (git rev-parse @):
823cecd0949aa78a035deefe4204eefb2dd0a213
SPI manifest file found: $PWD/.spi.yml
SUCCESS checkout https://github.com/furbytm/swift-cross-ui.git at v0.7.2
========================================
Build
========================================
Selected platform: macosSpm
Swift version: 6.4
Building package at path: $PWD
https://github.com/furbytm/swift-cross-ui.git
Running build ...
env DEVELOPER_DIR=/Applications/Xcode-27.0.0-Release.Candidate.app xcrun swift build --arch arm64
Building for debugging...
[Computing dependencies]
[Provisioning 65 / 99]
[Pre-planning 1 / 2304]
[Planning 1426 / 2304]
[Planning deferred tasks]
[Constructing 647 / 5239]
[Starting]
[21 / 1201] png
[315 / 1201] Gtk3Backend-product
[397 / 1201]
[409 / 1216] XMLCoder
[419 / 1236] JPEG
[423 / 1254]
[427 / 1271]
[434 / 1311] SwiftSyntax602
[467 / 1324] SwiftSyntax510
[485 / 1324]
Fetching https://github.com/stackotter/swift-image-formats
Fetching https://github.com/stackotter/swift-benchmark
Fetching https://github.com/moreSwift/swift-winui
Fetching https://github.com/swhitty/swift-mutex
Fetching https://github.com/apple/swift-log.git
Fetching https://github.com/moreSwift/AndroidKit
Fetching https://github.com/stackotter/swift-java
[1/324] Fetching swift-mutex
[44/8489] Fetching swift-mutex, swift-log
[87/9222] Fetching swift-mutex, swift-log, swift-benchmark
[95/9377] Fetching swift-mutex, swift-log, swift-benchmark, swift-image-formats
[339/22204] Fetching swift-mutex, swift-log, swift-benchmark, swift-image-formats, swift-java
[441/33349] Fetching swift-mutex, swift-log, swift-benchmark, swift-image-formats, swift-java, androidkit
[1510/34398] Fetching swift-mutex, swift-log, swift-benchmark, swift-image-formats, swift-java, androidkit, swift-winui
Fetched https://github.com/stackotter/swift-java (1.90s)
Fetching https://github.com/stackotter/swift-macro-toolkit
[21068/21571] Fetching swift-mutex, swift-log, swift-benchmark, swift-image-formats, androidkit, swift-winui
Fetched https://github.com/stackotter/swift-benchmark (2.21s)
Fetched https://github.com/moreSwift/swift-winui (2.21s)
Fetched https://github.com/apple/swift-log.git (2.21s)
Fetched https://github.com/moreSwift/AndroidKit (2.21s)
Fetched https://github.com/stackotter/swift-image-formats (2.21s)
Fetched https://github.com/swhitty/swift-mutex (2.21s)
Fetching https://github.com/CoreOffice/XMLCoder
Fetching https://github.com/swiftlang/swift-syntax.git
Fetching https://github.com/swiftlang/swift-docc-plugin
[1/996] Fetching swift-macro-toolkit
[997/11125] Fetching swift-macro-toolkit, xmlcoder
Fetched https://github.com/stackotter/swift-macro-toolkit (1.26s)
[2/12474] Fetching xmlcoder, swift-docc-plugin
Fetched https://github.com/CoreOffice/XMLCoder (1.72s)
[469/2345] Fetching swift-docc-plugin
[2346/82414] Fetching swift-docc-plugin, swift-syntax
Fetched https://github.com/swiftlang/swift-syntax.git (6.80s)
Fetched https://github.com/swiftlang/swift-docc-plugin (6.80s)
Computing version for https://github.com/stackotter/swift-java
Computed https://github.com/stackotter/swift-java at 0.5.1 (9.75s)
Fetching https://github.com/swiftlang/swift-subprocess.git
Fetching https://github.com/apple/swift-argument-parser
Fetching https://github.com/swiftlang/swift-java-jni-core
Fetching https://github.com/apple/swift-system
Fetching https://github.com/apple/swift-collections
[1/607] Fetching swift-java-jni-core
[20/5383] Fetching swift-java-jni-core, swift-subprocess
[286/12366] Fetching swift-java-jni-core, swift-subprocess, swift-system
[1105/31312] Fetching swift-java-jni-core, swift-subprocess, swift-system, swift-argument-parser
Fetched https://github.com/swiftlang/swift-java-jni-core (1.17s)
[546/30705] Fetching swift-subprocess, swift-system, swift-argument-parser
[1506/58484] Fetching swift-subprocess, swift-system, swift-argument-parser, swift-collections
Fetched https://github.com/swiftlang/swift-subprocess.git (1.59s)
[5295/53708] Fetching swift-system, swift-argument-parser, swift-collections
Fetched https://github.com/apple/swift-system (6.82s)
Fetched https://github.com/apple/swift-collections (6.82s)
Fetched https://github.com/apple/swift-argument-parser (6.83s)
Computing version for https://github.com/moreSwift/AndroidKit
Computed https://github.com/moreSwift/AndroidKit at 0.8.1 (9.17s)
Fetching https://github.com/swift-android-sdk/swift-android-native.git
Fetching https://github.com/stackotter/SwiftJavaLang.git
Fetching https://github.com/stackotter/SwiftKotlin.git
[1/968] Fetching swiftkotlin
[40/2979] Fetching swiftkotlin, swift-android-native
[81/6135] Fetching swiftkotlin, swift-android-native, swiftjavalang
Fetched https://github.com/stackotter/SwiftKotlin.git (1.27s)
Fetched https://github.com/swift-android-sdk/swift-android-native.git (1.27s)
Fetched https://github.com/stackotter/SwiftJavaLang.git (1.27s)
Computing version for https://github.com/swhitty/swift-mutex
Computed https://github.com/swhitty/swift-mutex at 0.0.6 (1.86s)
Computing version for https://github.com/stackotter/swift-benchmark
Computed https://github.com/stackotter/swift-benchmark at 0.2.0 (0.63s)
Computing version for https://github.com/stackotter/swift-image-formats
Computed https://github.com/stackotter/swift-image-formats at 0.5.0 (0.62s)
Fetching https://github.com/the-swift-collective/libwebp
Fetching https://github.com/the-swift-collective/libpng
Fetching https://github.com/stackotter/jpeg
[1/30] Fetching libpng
[31/3141] Fetching libpng, jpeg
[32/3195] Fetching libpng, jpeg, libwebp
Fetched https://github.com/the-swift-collective/libwebp (0.84s)
[93/3141] Fetching libpng, jpeg
Fetched https://github.com/the-swift-collective/libpng (6.05s)
Fetched https://github.com/stackotter/jpeg (6.05s)
Computing version for https://github.com/stackotter/swift-macro-toolkit
Computed https://github.com/stackotter/swift-macro-toolkit at 0.9.0 (6.79s)
Computing version for https://github.com/swiftlang/swift-java-jni-core
Computed https://github.com/swiftlang/swift-java-jni-core at 0.5.1 (0.65s)
Computing version for https://github.com/stackotter/SwiftKotlin.git
Computed https://github.com/stackotter/SwiftKotlin.git at 0.3.0 (0.60s)
Computing version for https://github.com/stackotter/SwiftJavaLang.git
Computed https://github.com/stackotter/SwiftJavaLang.git at 0.3.0 (0.59s)
Computing version for https://github.com/the-swift-collective/libwebp
Computed https://github.com/the-swift-collective/libwebp at 1.4.1 (0.75s)
Computing version for https://github.com/stackotter/jpeg
Computed https://github.com/stackotter/jpeg at 1.0.2 (0.70s)
Computing version for https://github.com/the-swift-collective/libpng
Computed https://github.com/the-swift-collective/libpng at 1.6.45 (0.67s)
Fetching https://github.com/the-swift-collective/zlib.git
[1/71] Fetching zlib
Fetched https://github.com/the-swift-collective/zlib.git (0.76s)
Computing version for https://github.com/swiftlang/swift-subprocess.git
Computed https://github.com/swiftlang/swift-subprocess.git at 0.5.0 (1.41s)
Computing version for https://github.com/the-swift-collective/zlib.git
Computed https://github.com/the-swift-collective/zlib.git at 1.3.2 (0.70s)
Computing version for https://github.com/moreSwift/swift-winui
Computed https://github.com/moreSwift/swift-winui at 0.2.2 (0.61s)
Computing version for https://github.com/swiftlang/swift-syntax.git
Computed https://github.com/swiftlang/swift-syntax.git at 603.0.2 (0.79s)
Computing version for https://github.com/apple/swift-argument-parser
Computed https://github.com/apple/swift-argument-parser at 1.8.2 (0.60s)
Computing version for https://github.com/swift-android-sdk/swift-android-native.git
Computed https://github.com/swift-android-sdk/swift-android-native.git at 2.1.0 (0.75s)
Computing version for https://github.com/CoreOffice/XMLCoder
Computed https://github.com/CoreOffice/XMLCoder at 0.18.2 (0.67s)
Computing version for https://github.com/apple/swift-collections
Computed https://github.com/apple/swift-collections at 1.7.1 (0.66s)
Computing version for https://github.com/swiftlang/swift-docc-plugin
Computed https://github.com/swiftlang/swift-docc-plugin at 1.5.0 (0.66s)
Fetching https://github.com/swiftlang/swift-docc-symbolkit
[1/3831] Fetching swift-docc-symbolkit
Fetched https://github.com/swiftlang/swift-docc-symbolkit (1.85s)
Computing version for https://github.com/swiftlang/swift-docc-symbolkit
Computed https://github.com/swiftlang/swift-docc-symbolkit at 1.0.0 (2.62s)
Computing version for https://github.com/apple/swift-system
Computed https://github.com/apple/swift-system at 1.8.1 (0.61s)
Computing version for https://github.com/apple/swift-log.git
Computed https://github.com/apple/swift-log.git at 1.15.1 (0.60s)
Creating working copy for https://github.com/swhitty/swift-mutex
Working copy of https://github.com/swhitty/swift-mutex resolved at 0.0.6
Creating working copy for https://github.com/moreSwift/swift-winui
Working copy of https://github.com/moreSwift/swift-winui resolved at 0.2.2
Creating working copy for https://github.com/stackotter/swift-macro-toolkit
Working copy of https://github.com/stackotter/swift-macro-toolkit resolved at 0.9.0
Creating working copy for https://github.com/apple/swift-argument-parser
Working copy of https://github.com/apple/swift-argument-parser resolved at 1.8.2
Creating working copy for https://github.com/swiftlang/swift-docc-plugin
Working copy of https://github.com/swiftlang/swift-docc-plugin resolved at 1.5.0
Creating working copy for https://github.com/stackotter/swift-image-formats
Working copy of https://github.com/stackotter/swift-image-formats resolved at 0.5.0
Creating working copy for https://github.com/swiftlang/swift-syntax.git
Working copy of https://github.com/swiftlang/swift-syntax.git resolved at 603.0.2
Creating working copy for https://github.com/the-swift-collective/libwebp
Working copy of https://github.com/the-swift-collective/libwebp resolved at 1.4.1
Creating working copy for https://github.com/stackotter/jpeg
Working copy of https://github.com/stackotter/jpeg resolved at 1.0.2
Creating working copy for https://github.com/stackotter/SwiftJavaLang.git
Working copy of https://github.com/stackotter/SwiftJavaLang.git resolved at 0.3.0
Creating working copy for https://github.com/apple/swift-collections
Working copy of https://github.com/apple/swift-collections resolved at 1.7.1
Creating working copy for https://github.com/swift-android-sdk/swift-android-native.git
Working copy of https://github.com/swift-android-sdk/swift-android-native.git resolved at 2.1.0
Creating working copy for https://github.com/stackotter/swift-java
Working copy of https://github.com/stackotter/swift-java resolved at 0.5.1
Creating working copy for https://github.com/swiftlang/swift-java-jni-core
Working copy of https://github.com/swiftlang/swift-java-jni-core resolved at 0.5.1
Creating working copy for https://github.com/stackotter/swift-benchmark
Working copy of https://github.com/stackotter/swift-benchmark resolved at 0.2.0
Creating working copy for https://github.com/swiftlang/swift-docc-symbolkit
Working copy of https://github.com/swiftlang/swift-docc-symbolkit resolved at 1.0.0
Creating working copy for https://github.com/apple/swift-system
Working copy of https://github.com/apple/swift-system resolved at 1.8.1
Creating working copy for https://github.com/apple/swift-log.git
Working copy of https://github.com/apple/swift-log.git resolved at 1.15.1
Creating working copy for https://github.com/CoreOffice/XMLCoder
Working copy of https://github.com/CoreOffice/XMLCoder resolved at 0.18.2
Creating working copy for https://github.com/the-swift-collective/zlib.git
Working copy of https://github.com/the-swift-collective/zlib.git resolved at 1.3.2
Creating working copy for https://github.com/the-swift-collective/libpng
Working copy of https://github.com/the-swift-collective/libpng resolved at 1.6.45
Creating working copy for https://github.com/stackotter/SwiftKotlin.git
Working copy of https://github.com/stackotter/SwiftKotlin.git resolved at 0.3.0
Creating working copy for https://github.com/moreSwift/AndroidKit
Working copy of https://github.com/moreSwift/AndroidKit resolved at 0.8.1
Creating working copy for https://github.com/swiftlang/swift-subprocess.git
Working copy of https://github.com/swiftlang/swift-subprocess.git resolved at 0.5.0
Downloading package prebuilt https://download.swift.org/prebuilts/swift-syntax/603.0.2/swiftlang-6.4.0.34.1-macosx27.0-MacroSupport.zip
Downloaded https://download.swift.org/prebuilts/swift-syntax/603.0.2/swiftlang-6.4.0.34.1-macosx27.0-MacroSupport.zip (1.31s)
warning: 'spi-builder-workspace': failed to retrieve search paths with pkg-config; maybe pkg-config is not installed
warning: 'spi-builder-workspace': you may be able to install gtk+-3.0 using your system-packager:
brew install gtk+3
warning: 'spi-builder-workspace': you may be able to install gtk4 using your system-packager:
brew install gtk4
[1m/Users/admin/builder/spi-builder-workspace/Sources/WinUIInterop/dummy.cpp:2:10: [0m[0;1;31mfatal error: [0m[1m'ShObjIdl.h' file not found[0m
2 | #include <ShObjIdl.h>[0m
| [0;1;32m ^~~~~~~~~~~~
[0m1 error generated.
error: CompileC /Users/admin/builder/spi-builder-workspace/.build/out/Intermediates.noindex/swift-cross-ui.build/Debug/WinUIInterop-t.build/Objects-normal/arm64/dummy.o /Users/admin/builder/spi-builder-workspace/Sources/WinUIInterop/dummy.cpp normal arm64 c++ com.apple.compilers.llvm.clang.1_0.compiler failed with a nonzero exit code. Command line: cd /Users/admin/builder
Using response file: /Users/admin/builder/spi-builder-workspace/.build/out/Intermediates.noindex/swift-cross-ui.build/Debug/WinUIInterop-t.build/Objects-normal/arm64/82b82416624d2658e5098eb0a28c15c5-common-args.resp
/Applications/Xcode-27.0.0-Release.Candidate.app/Contents/Developer/Toolchains/XcodeDefault.xctoolchain/usr/bin/clang -x c++ -ivfsstatcache /Users/admin/builder/spi-builder-workspace/.build/out/SDKStatCaches.noindex/macosx27.0-26A425-80c5bbf1d171475443272936d42f90a36a22442a12e9d48fe1a705f55a1adfc4.sdkstatcache -target arm64-apple-macos12.0 -fmessage-length\=0 -fdiagnostics-show-note-include-stack -fmacro-backtrace-limit\=0 -fcolor-diagnostics -fmodules-prune-interval\=86400 -fmodules-prune-after\=345600 -fbuild-session-file\=/Users/admin/builder/spi-builder-workspace/.build/out/ModuleCache.noindex/Session.modulevalidation -fmodules-validate-once-per-build-session -Wnon-modular-include-in-framework-module -Werror\=non-modular-include-in-framework-module -Wno-trigraphs -Wno-missing-field-initializers -Wno-missing-prototypes -Wno-return-type -Wno-non-virtual-dtor -Wno-overloaded-virtual -Wno-exit-time-destructors -Wno-missing-braces -Wparentheses -Wswitch -Wno-unused-function -Wno-unused-label -Wno-unused-parameter -Wno-unused-variable -Wunused-value -Wno-empty-body -Wno-uninitialized -Wno-unknown-pragmas -Wno-shadow -Wno-four-char-constants -Wno-conversion -Wno-constant-conversion -Wno-int-conversion -Wno-bool-conversion -Wno-enum-conversion -Wno-float-conversion -Wno-non-literal-null-conversion -Wno-objc-literal-conversion -Wshorten-64-to-32 -Wno-newline-eof -Wno-c++11-extensions -Wno-implicit-fallthrough -isysroot /Applications/Xcode-27.0.0-Release.Candidate.app/Contents/Developer/Platforms/MacOSX.platform/Developer/SDKs/MacOSX27.0.sdk -fstrict-aliasing -Wdeprecated-declarations -Winvalid-offsetof -Wno-sign-conversion -Wno-infinite-recursion -Wno-move -Wno-comma -Wno-block-capture-autoreleasing -Wno-strict-prototypes -Wno-range-loop-analysis -Wno-semicolon-before-method-body -index-store-path /Users/admin/builder/spi-builder-workspace/.build/out @/Users/admin/builder/spi-builder-workspace/.build/out/Intermediates.noindex/swift-cross-ui.build/Debug/WinUIInterop-t.build/Objects-normal/arm64/82b82416624d2658e5098eb0a28c15c5-common-args.resp -MMD -MT dependencies -MF /Users/admin/builder/spi-builder-workspace/.build/out/Intermediates.noindex/swift-cross-ui.build/Debug/WinUIInterop-t.build/Objects-normal/arm64/dummy.d --serialize-diagnostics /Users/admin/builder/spi-builder-workspace/.build/out/Intermediates.noindex/swift-cross-ui.build/Debug/WinUIInterop-t.build/Objects-normal/arm64/dummy.dia -c /Users/admin/builder/spi-builder-workspace/Sources/WinUIInterop/dummy.cpp -o /Users/admin/builder/spi-builder-workspace/.build/out/Intermediates.noindex/swift-cross-ui.build/Debug/WinUIInterop-t.build/Objects-normal/arm64/dummy.o -index-unit-output-path /swift-cross-ui.build/Debug/WinUIInterop-t.build/Objects-normal/arm64/dummy.o
error: clang dependency scanning failure: While building module 'CWinRT' imported from module-include.input:1:
In file included from <module-includes>:1:
/Users/admin/builder/spi-builder-workspace/.build/checkouts/swift-winui/Sources/CWinRT/include/CWinRT.h:4:10: fatal error: 'wtypesbase.h' file not found
module-include.input:1:2: fatal error: could not build module 'CWinRT'
error: /Users/admin/builder/spi-builder-workspace/.build/checkouts/swift-winui/Sources/WindowsFoundation/Generated/Support/AGGREGATION.swift:1:8 unable to resolve module dependency: 'CWinRT'
error: /Users/admin/builder/spi-builder-workspace/.build/checkouts/swift-winui/Sources/WindowsFoundation/Generated/Support/ARRAY+TOVECTOR.swift:2:8 unable to resolve module dependency: 'WinSDK'
error: /Users/admin/builder/spi-builder-workspace/.build/checkouts/swift-winui/Sources/WindowsFoundation/Generated/Support/HSTRING.swift:6:8 unable to resolve module dependency: 'ucrt'
error: clang dependency scanning failure: While building module 'CWinRT' imported from module-include.input:1:
In file included from <module-includes>:1:
/Users/admin/builder/spi-builder-workspace/.build/checkouts/swift-winui/Sources/CWinRT/include/CWinRT.h:4:10: fatal error: 'wtypesbase.h' file not found
module-include.input:1:2: fatal error: could not build module 'CWinRT'
error: SwiftDriver WindowsFoundation normal arm64 com.apple.xcode.tools.swift.compiler failed with a nonzero exit code. Command line: cd /Users/admin/builder
builtin-SwiftDriver -- /Applications/Xcode-27.0.0-Release.Candidate.app/Contents/Developer/Toolchains/XcodeDefault.xctoolchain/usr/bin/swiftc -parse-as-library -module-name WindowsFoundation -Onone @/Users/admin/builder/spi-builder-workspace/.build/out/Intermediates.noindex/swift-winui.build/Debug/WindowsFoundation-t.build/Objects-normal/arm64/WindowsFoundation.SwiftFileList -DSWIFT_PACKAGE -DDEBUG -DSWIFT_MODULE_RESOURCE_BUNDLE_UNAVAILABLE -Xcc -fmodule-map-file\=/Users/admin/builder/spi-builder-workspace/.build/out/Intermediates.noindex/GeneratedModuleMaps/CWinRT.modulemap -DXcode -plugin-path /Applications/Xcode-27.0.0-Release.Candidate.app/Contents/Developer/Toolchains/XcodeDefault.xctoolchain/usr/lib/swift/host/plugins/testing -enable-experimental-feature DebugDescriptionMacro -sdk /Applications/Xcode-27.0.0-Release.Candidate.app/Contents/Developer/Platforms/MacOSX.platform/Developer/SDKs/MacOSX27.0.sdk -target arm64-apple-macos12.0 -g -module-cache-path /Users/admin/builder/spi-builder-workspace/.build/out/ModuleCache.noindex -Xfrontend -serialize-debugging-options -enable-testing -suppress-warnings -index-store-path /Users/admin/builder/spi-builder-workspace/.build/out -Xcc -D_LIBCPP_HARDENING_MODE\=_LIBCPP_HARDENING_MODE_DEBUG -swift-version 5 -I /Users/admin/builder/spi-builder-workspace/.build/out/Products/Debug -Isystem /Applications/Xcode-27.0.0-Release.Candidate.app/Contents/Developer/Platforms/MacOSX.platform/Developer/usr/lib -F /Users/admin/builder/spi-builder-workspace/.build/out/Products/Debug/PackageFrameworks -F /Users/admin/builder/spi-builder-workspace/.build/out/Products/Debug -F /Applications/Xcode-27.0.0-Release.Candidate.app/Contents/Developer/Platforms/MacOSX.platform/Developer/Library/Frameworks -c -j10 -enable-batch-mode -incremental -Xcc -ivfsstatcache -Xcc /Users/admin/builder/spi-builder-workspace/.build/out/SDKStatCaches.noindex/macosx27.0-26A425-80c5bbf1d171475443272936d42f90a36a22442a12e9d48fe1a705f55a1adfc4.sdkstatcache -output-file-map /Users/admin/builder/spi-builder-workspace/.build/out/Intermediates.noindex/swift-winui.build/Debug/WindowsFoundation-t.build/Objects-normal/arm64/WindowsFoundation-OutputFileMap.json -save-temps -color-diagnostics -explicit-module-build -module-cache-path /Users/admin/builder/spi-builder-workspace/.build/out/Intermediates.noindex/SwiftExplicitPrecompiledModules -clang-scanner-module-cache-path /Users/admin/builder/spi-builder-workspace/.build/out/ModuleCache.noindex -sdk-module-cache-path /Users/admin/builder/spi-builder-workspace/.build/out/SDKExplicitPrecompiledModules -emit-dependencies -emit-module -emit-module-path /Users/admin/builder/spi-builder-workspace/.build/out/Intermediates.noindex/swift-winui.build/Debug/WindowsFoundation-t.build/Objects-normal/arm64/WindowsFoundation.swiftmodule -serialize-diagnostics -dependency-scan-serialize-diagnostics-path /Users/admin/builder/spi-builder-workspace/.build/out/Intermediates.noindex/swift-winui.build/Debug/WindowsFoundation-t.build/Objects-normal/arm64/WindowsFoundation-dependency-scan.dia -validate-clang-modules-once -clang-build-session-file /Users/admin/builder/spi-builder-workspace/.build/out/ModuleCache.noindex/Session.modulevalidation -Xcc -fmodules-prune-interval\=86400 -Xcc -fmodules-prune-after\=345600 -package-name swift_winui -emit-const-values -const-gather-protocols-list /Users/admin/builder/spi-builder-workspace/.build/out/Intermediates.noindex/swift-winui.build/Debug/WindowsFoundation-t.build/Objects-normal/arm64/WindowsFoundation_const_extract_protocols.json -Xcc -I/Users/admin/builder/spi-builder-workspace/.build/checkouts/swift-winui/Sources/CWinRT/include -Xcc -I/Users/admin/builder/spi-builder-workspace/.build/out/Products/Debug/include -Xcc -I/Users/admin/builder/spi-builder-workspace/.build/out/Intermediates.noindex/swift-winui.build/Debug/WindowsFoundation-t.build/DerivedSources-normal/arm64 -Xcc -I/Users/admin/builder/spi-builder-workspace/.build/out/Intermediates.noindex/swift-winui.build/Debug/WindowsFoundation-t.build/DerivedSources/arm64 -Xcc -I/Users/admin/builder/spi-builder-workspace/.build/out/Intermediates.noindex/swift-winui.build/Debug/WindowsFoundation-t.build/DerivedSources -Xcc -DSWIFT_PACKAGE -Xcc -DDEBUG\=1 -emit-objc-header -emit-objc-header-path /Users/admin/builder/spi-builder-workspace/.build/out/Intermediates.noindex/swift-winui.build/Debug/WindowsFoundation-t.build/Objects-normal/arm64/WindowsFoundation-Swift.h -working-directory /Users/admin/builder -experimental-emit-module-separately -disable-cmo
error: clang dependency scanning failure: While building module 'Gtk3CHelpers' imported from module-include.input:1:
In file included from <module-includes>:1:
/Users/admin/builder/spi-builder-workspace/Sources/Gtk3CHelpers/include/gtk_custom_root_widget.h:4:10: fatal error: 'gdk/gdk.h' file not found
module-include.input:1:1: fatal error: could not build module 'Gtk3CHelpers'
error: clang dependency scanning failure: While building module 'CGtk3' imported from module-include.input:1:
In file included from <module-includes>:1:
/Users/admin/builder/spi-builder-workspace/Sources/CGtk3/header.h:2:10: fatal error: 'gtk/gtk.h' file not found
module-include.input:1:1: fatal error: could not build module 'CGtk3'
error: /Users/admin/builder/spi-builder-workspace/Sources/Gtk3/Application.swift:5:8 unable to resolve module dependency: 'CGtk3'
error: /Users/admin/builder/spi-builder-workspace/Sources/Gtk3/Callbacks/Signals.swift:6:8 unable to resolve module dependency: 'Gtk3CHelpers'
error: clang dependency scanning failure: While building module 'Gtk3CHelpers' imported from module-include.input:1:
In file included from <module-includes>:1:
/Users/admin/builder/spi-builder-workspace/Sources/Gtk3CHelpers/include/gtk_custom_root_widget.h:4:10: fatal error: 'gdk/gdk.h' file not found
module-include.input:1:1: fatal error: could not build module 'Gtk3CHelpers'
error: clang dependency scanning failure: While building module 'CGtk3' imported from module-include.input:1:
In file included from <module-includes>:1:
/Users/admin/builder/spi-builder-workspace/Sources/CGtk3/header.h:2:10: fatal error: 'gtk/gtk.h' file not found
module-include.input:1:1: fatal error: could not build module 'CGtk3'
error: SwiftDriver Gtk3 normal arm64 com.apple.xcode.tools.swift.compiler failed with a nonzero exit code. Command line: cd /Users/admin/builder
builtin-SwiftDriver -- /Applications/Xcode-27.0.0-Release.Candidate.app/Contents/Developer/Toolchains/XcodeDefault.xctoolchain/usr/bin/swiftc -parse-as-library -module-name Gtk3 -Onone @/Users/admin/builder/spi-builder-workspace/.build/out/Intermediates.noindex/swift-cross-ui.build/Debug/Gtk3-t.build/Objects-normal/arm64/Gtk3.SwiftFileList -DSWIFT_PACKAGE -DDEBUG -DSWIFT_MODULE_RESOURCE_BUNDLE_UNAVAILABLE -Xcc -fmodule-map-file\=/Users/admin/builder/spi-builder-workspace/.build/out/Intermediates.noindex/GeneratedModuleMaps/Gtk3CHelpers.modulemap -Xcc -fmodule-map-file\=/Users/admin/builder/spi-builder-workspace/Sources/CGtk3/module.modulemap -DXcode -plugin-path /Applications/Xcode-27.0.0-Release.Candidate.app/Contents/Developer/Toolchains/XcodeDefault.xctoolchain/usr/lib/swift/host/plugins/testing -enable-experimental-feature DebugDescriptionMacro -sdk /Applications/Xcode-27.0.0-Release.Candidate.app/Contents/Developer/Platforms/MacOSX.platform/Developer/SDKs/MacOSX27.0.sdk -target arm64-apple-macos12.0 -g -module-cache-path /Users/admin/builder/spi-builder-workspace/.build/out/ModuleCache.noindex -Xfrontend -serialize-debugging-options -enable-testing -index-store-path /Users/admin/builder/spi-builder-workspace/.build/out -Xcc -D_LIBCPP_HARDENING_MODE\=_LIBCPP_HARDENING_MODE_DEBUG -swift-version 5 -I /Users/admin/builder/spi-builder-workspace/.build/out/Products/Debug -Isystem /Applications/Xcode-27.0.0-Release.Candidate.app/Contents/Developer/Platforms/MacOSX.platform/Developer/usr/lib -F /Users/admin/builder/spi-builder-workspace/.build/out/Products/Debug/PackageFrameworks -F /Users/admin/builder/spi-builder-workspace/.build/out/Products/Debug -F /Applications/Xcode-27.0.0-Release.Candidate.app/Contents/Developer/Platforms/MacOSX.platform/Developer/Library/Frameworks -c -j10 -enable-batch-mode -incremental -Xcc -ivfsstatcache -Xcc /Users/admin/builder/spi-builder-workspace/.build/out/SDKStatCaches.noindex/macosx27.0-26A425-80c5bbf1d171475443272936d42f90a36a22442a12e9d48fe1a705f55a1adfc4.sdkstatcache -output-file-map /Users/admin/builder/spi-builder-workspace/.build/out/Intermediates.noindex/swift-cross-ui.build/Debug/Gtk3-t.build/Objects-normal/arm64/Gtk3-OutputFileMap.json -save-temps -color-diagnostics -explicit-module-build -module-cache-path /Users/admin/builder/spi-builder-workspace/.build/out/Intermediates.noindex/SwiftExplicitPrecompiledModules -clang-scanner-module-cache-path /Users/admin/builder/spi-builder-workspace/.build/out/ModuleCache.noindex -sdk-module-cache-path /Users/admin/builder/spi-builder-workspace/.build/out/SDKExplicitPrecompiledModules -emit-dependencies -emit-module -emit-module-path /Users/admin/builder/spi-builder-workspace/.build/out/Intermediates.noindex/swift-cross-ui.build/Debug/Gtk3-t.build/Objects-normal/arm64/Gtk3.swiftmodule -serialize-diagnostics -dependency-scan-serialize-diagnostics-path /Users/admin/builder/spi-builder-workspace/.build/out/Intermediates.noindex/swift-cross-ui.build/Debug/Gtk3-t.build/Objects-normal/arm64/Gtk3-dependency-scan.dia -validate-clang-modules-once -clang-build-session-file /Users/admin/builder/spi-builder-workspace/.build/out/ModuleCache.noindex/Session.modulevalidation -Xcc -fmodules-prune-interval\=86400 -Xcc -fmodules-prune-after\=345600 -package-name spi_builder_workspace -emit-const-values -const-gather-protocols-list /Users/admin/builder/spi-builder-workspace/.build/out/Intermediates.noindex/swift-cross-ui.build/Debug/Gtk3-t.build/Objects-normal/arm64/Gtk3_const_extract_protocols.json -Xcc -I/Users/admin/builder/spi-builder-workspace/Sources/Gtk3CHelpers/include -Xcc -I/Users/admin/builder/spi-builder-workspace/.build/out/Products/Debug/include -Xcc -I/Users/admin/builder/spi-builder-workspace/.build/out/Intermediates.noindex/swift-cross-ui.build/Debug/Gtk3-t.build/DerivedSources-normal/arm64 -Xcc -I/Users/admin/builder/spi-builder-workspace/.build/out/Intermediates.noindex/swift-cross-ui.build/Debug/Gtk3-t.build/DerivedSources/arm64 -Xcc -I/Users/admin/builder/spi-builder-workspace/.build/out/Intermediates.noindex/swift-cross-ui.build/Debug/Gtk3-t.build/DerivedSources -Xcc -DSWIFT_PACKAGE -Xcc -DDEBUG\=1 -emit-objc-header -emit-objc-header-path /Users/admin/builder/spi-builder-workspace/.build/out/Intermediates.noindex/swift-cross-ui.build/Debug/Gtk3-t.build/Objects-normal/arm64/Gtk3-Swift.h -working-directory /Users/admin/builder -experimental-emit-module-separately -disable-cmo
error: clang dependency scanning failure: While building module 'CGtk' imported from module-include.input:1:
In file included from <module-includes>:1:
/Users/admin/builder/spi-builder-workspace/Sources/CGtk/header.h:2:10: fatal error: 'gtk/gtk.h' file not found
module-include.input:1:4: fatal error: could not build module 'CGtk'
error: clang dependency scanning failure: While building module 'GtkCHelpers' imported from module-include.input:1:
In file included from <module-includes>:1:
/Users/admin/builder/spi-builder-workspace/Sources/GtkCHelpers/include/gtk_custom_root_widget.h:4:10: fatal error: 'gdk/gdk.h' file not found
module-include.input:1:5: fatal error: could not build module 'GtkCHelpers'
error: /Users/admin/builder/spi-builder-workspace/Sources/Gtk/Application.swift:5:8 unable to resolve module dependency: 'CGtk'
error: /Users/admin/builder/spi-builder-workspace/Sources/Gtk/Callbacks/Signals.swift:6:8 unable to resolve module dependency: 'GtkCHelpers'
error: clang dependency scanning failure: While building module 'CGtk' imported from module-include.input:1:
In file included from <module-includes>:1:
/Users/admin/builder/spi-builder-workspace/Sources/CGtk/header.h:2:10: fatal error: 'gtk/gtk.h' file not found
module-include.input:1:4: fatal error: could not build module 'CGtk'
error: clang dependency scanning failure: While building module 'GtkCHelpers' imported from module-include.input:1:
In file included from <module-includes>:1:
/Users/admin/builder/spi-builder-workspace/Sources/GtkCHelpers/include/gtk_custom_root_widget.h:4:10: fatal error: 'gdk/gdk.h' file not found
module-include.input:1:5: fatal error: could not build module 'GtkCHelpers'
error: SwiftDriver Gtk normal arm64 com.apple.xcode.tools.swift.compiler failed with a nonzero exit code. Command line: cd /Users/admin/builder
builtin-SwiftDriver -- /Applications/Xcode-27.0.0-Release.Candidate.app/Contents/Developer/Toolchains/XcodeDefault.xctoolchain/usr/bin/swiftc -parse-as-library -module-name Gtk -Onone @/Users/admin/builder/spi-builder-workspace/.build/out/Intermediates.noindex/swift-cross-ui.build/Debug/Gtk-t.build/Objects-normal/arm64/Gtk.SwiftFileList -DSWIFT_PACKAGE -DDEBUG -DSWIFT_MODULE_RESOURCE_BUNDLE_UNAVAILABLE -Xcc -fmodule-map-file\=/Users/admin/builder/spi-builder-workspace/.build/out/Intermediates.noindex/GeneratedModuleMaps/GtkCHelpers.modulemap -Xcc -fmodule-map-file\=/Users/admin/builder/spi-builder-workspace/Sources/CGtk/module.modulemap -DXcode -plugin-path /Applications/Xcode-27.0.0-Release.Candidate.app/Contents/Developer/Toolchains/XcodeDefault.xctoolchain/usr/lib/swift/host/plugins/testing -enable-experimental-feature DebugDescriptionMacro -sdk /Applications/Xcode-27.0.0-Release.Candidate.app/Contents/Developer/Platforms/MacOSX.platform/Developer/SDKs/MacOSX27.0.sdk -target arm64-apple-macos12.0 -g -module-cache-path /Users/admin/builder/spi-builder-workspace/.build/out/ModuleCache.noindex -Xfrontend -serialize-debugging-options -enable-testing -index-store-path /Users/admin/builder/spi-builder-workspace/.build/out -Xcc -D_LIBCPP_HARDENING_MODE\=_LIBCPP_HARDENING_MODE_DEBUG -swift-version 5 -I /Users/admin/builder/spi-builder-workspace/.build/out/Products/Debug -Isystem /Applications/Xcode-27.0.0-Release.Candidate.app/Contents/Developer/Platforms/MacOSX.platform/Developer/usr/lib -F /Users/admin/builder/spi-builder-workspace/.build/out/Products/Debug/PackageFrameworks -F /Users/admin/builder/spi-builder-workspace/.build/out/Products/Debug -F /Applications/Xcode-27.0.0-Release.Candidate.app/Contents/Developer/Platforms/MacOSX.platform/Developer/Library/Frameworks -c -j10 -enable-batch-mode -incremental -Xcc -ivfsstatcache -Xcc /Users/admin/builder/spi-builder-workspace/.build/out/SDKStatCaches.noindex/macosx27.0-26A425-80c5bbf1d171475443272936d42f90a36a22442a12e9d48fe1a705f55a1adfc4.sdkstatcache -output-file-map /Users/admin/builder/spi-builder-workspace/.build/out/Intermediates.noindex/swift-cross-ui.build/Debug/Gtk-t.build/Objects-normal/arm64/Gtk-OutputFileMap.json -save-temps -color-diagnostics -explicit-module-build -module-cache-path /Users/admin/builder/spi-builder-workspace/.build/out/Intermediates.noindex/SwiftExplicitPrecompiledModules -clang-scanner-module-cache-path /Users/admin/builder/spi-builder-workspace/.build/out/ModuleCache.noindex -sdk-module-cache-path /Users/admin/builder/spi-builder-workspace/.build/out/SDKExplicitPrecompiledModules -emit-dependencies -emit-module -emit-module-path /Users/admin/builder/spi-builder-workspace/.build/out/Intermediates.noindex/swift-cross-ui.build/Debug/Gtk-t.build/Objects-normal/arm64/Gtk.swiftmodule -serialize-diagnostics -dependency-scan-serialize-diagnostics-path /Users/admin/builder/spi-builder-workspace/.build/out/Intermediates.noindex/swift-cross-ui.build/Debug/Gtk-t.build/Objects-normal/arm64/Gtk-dependency-scan.dia -validate-clang-modules-once -clang-build-session-file /Users/admin/builder/spi-builder-workspace/.build/out/ModuleCache.noindex/Session.modulevalidation -Xcc -fmodules-prune-interval\=86400 -Xcc -fmodules-prune-after\=345600 -package-name spi_builder_workspace -emit-const-values -const-gather-protocols-list /Users/admin/builder/spi-builder-workspace/.build/out/Intermediates.noindex/swift-cross-ui.build/Debug/Gtk-t.build/Objects-normal/arm64/Gtk_const_extract_protocols.json -Xcc -I/Users/admin/builder/spi-builder-workspace/Sources/GtkCHelpers/include -Xcc -I/Users/admin/builder/spi-builder-workspace/.build/out/Products/Debug/include -Xcc -I/Users/admin/builder/spi-builder-workspace/.build/out/Intermediates.noindex/swift-cross-ui.build/Debug/Gtk-t.build/DerivedSources-normal/arm64 -Xcc -I/Users/admin/builder/spi-builder-workspace/.build/out/Intermediates.noindex/swift-cross-ui.build/Debug/Gtk-t.build/DerivedSources/arm64 -Xcc -I/Users/admin/builder/spi-builder-workspace/.build/out/Intermediates.noindex/swift-cross-ui.build/Debug/Gtk-t.build/DerivedSources -Xcc -DSWIFT_PACKAGE -Xcc -DDEBUG\=1 -emit-objc-header -emit-objc-header-path /Users/admin/builder/spi-builder-workspace/.build/out/Intermediates.noindex/swift-cross-ui.build/Debug/Gtk-t.build/Objects-normal/arm64/Gtk-Swift.h -working-directory /Users/admin/builder -experimental-emit-module-separately -disable-cmo
error: Build failed
BUILD FAILURE 6.4 macosSpm