Build Information
Failed to build Deli, reference master (ce03cd), with Swift 6.4 for tvOS using Xcode 27.0 on 15 Sep 2026 23:48:31 UTC.
Build Command
env DEVELOPER_DIR=/Applications/Xcode-27.0.0-Release.Candidate.app xcrun xcodebuild -IDEClonedSourcePackagesDirPathOverride=$PWD/.dependencies -skipMacroValidation -skipPackagePluginValidation -derivedDataPath $PWD/.derivedData build -scheme Deli-Package -destination generic/platform=tvOSBuild Log
========================================
RunAll
========================================
Builder version: 5.1.0
Interrupt handler set up.
========================================
Checkout
========================================
Clone URL: https://github.com/kawoou/Deli.git
Reference: master
Initialized empty Git repository in /Users/admin/builder/spi-builder-workspace/.git/
From https://github.com/kawoou/Deli
* branch master -> FETCH_HEAD
* [new branch] master -> origin/master
HEAD is now at ce03cd3 Update travis deploy key
Cloned https://github.com/kawoou/Deli.git
Revision (git rev-parse @):
ce03cd37987f51fad921b891ad428ecd5c38475c
SUCCESS checkout https://github.com/kawoou/Deli.git at master
========================================
Build
========================================
Selected platform: tvOS
Swift version: 6.4
Building package at path: $PWD
https://github.com/kawoou/Deli.git
Command line invocation:
/Applications/Xcode-27.0.0-Release.Candidate.app/Contents/Developer/usr/bin/xcodebuild -IDEClonedSourcePackagesDirPathOverride=/Users/admin/builder/spi-builder-workspace/.dependencies -resolvePackageDependencies
Resolve Package Graph
Fetching from https://github.com/Quick/Quick.git
Fetching from https://github.com/jpsim/Yams.git
Fetching from https://github.com/mattgallagher/CwlCatchException.git
Fetching from https://github.com/drmohundro/SWXMLHash.git
Fetching from https://github.com/Carthage/Commandant.git
Fetching from https://github.com/kylef/Spectre.git
Fetching from https://github.com/crossroadlabs/Regex.git
Fetching from https://github.com/tuist/xcodeproj.git
Fetching from https://github.com/Quick/Nimble.git
Fetching from https://github.com/mattgallagher/CwlPreconditionTesting.git
Fetching from https://github.com/jpsim/SourceKitten.git
Fetching from https://github.com/kylef/PathKit
Fetching from https://github.com/tadija/AEXML
Creating working copy of package ‘SourceKitten’
Checking out 0.28.0 of package ‘SourceKitten’
Creating working copy of package ‘PathKit’
Checking out 1.0.0 of package ‘PathKit’
Creating working copy of package ‘SWXMLHash’
Checking out 5.0.1 of package ‘SWXMLHash’
Creating working copy of package ‘Yams’
Checking out 2.0.0 of package ‘Yams’
Creating working copy of package ‘Quick’
Checking out 2.2.0 of package ‘Quick’
Creating working copy of package ‘Regex’
Checking out 1.2.0 of package ‘Regex’
Creating working copy of package ‘xcodeproj’
Checking out 7.5.0 of package ‘xcodeproj’
Creating working copy of package ‘CwlPreconditionTesting’
Checking out 1.2.0 of package ‘CwlPreconditionTesting’
Creating working copy of package ‘Spectre’
Checking out 0.9.0 of package ‘Spectre’
Creating working copy of package ‘AEXML’
Checking out 4.4.0 of package ‘AEXML’
Creating working copy of package ‘CwlCatchException’
Checking out 1.2.0 of package ‘CwlCatchException’
Creating working copy of package ‘Commandant’
Checking out 0.17.0 of package ‘Commandant’
Creating working copy of package ‘Nimble’
Checking out 8.0.5 of package ‘Nimble’
Resolved source packages:
Commandant: https://github.com/Carthage/Commandant.git @ 0.17.0
CwlPreconditionTesting: https://github.com/mattgallagher/CwlPreconditionTesting.git @ 1.2.0
SourceKitten: https://github.com/jpsim/SourceKitten.git @ 0.28.0
AEXML: https://github.com/tadija/AEXML @ 4.4.0
Spectre: https://github.com/kylef/Spectre.git @ 0.9.0
Nimble: https://github.com/Quick/Nimble.git @ 8.0.5
Yams: https://github.com/jpsim/Yams.git @ 2.0.0
Deli: /Users/admin/builder/spi-builder-workspace/Binary
Regex: https://github.com/crossroadlabs/Regex.git @ 1.2.0
SWXMLHash: https://github.com/drmohundro/SWXMLHash.git @ 5.0.1
PathKit: https://github.com/kylef/PathKit @ 1.0.0
XcodeProj: https://github.com/tuist/xcodeproj.git @ 7.5.0
CwlCatchException: https://github.com/mattgallagher/CwlCatchException.git @ 1.2.0
Quick: https://github.com/Quick/Quick.git @ 2.2.0
resolved source packages: Commandant, CwlPreconditionTesting, SourceKitten, AEXML, Spectre, Nimble, Yams, Deli, Regex, SWXMLHash, PathKit, XcodeProj, CwlCatchException, Quick
{
"dependencies" : [
{
"identity" : "quick",
"requirement" : {
"exact" : [
"2.2.0"
]
},
"type" : "sourceControl",
"url" : "https://github.com/Quick/Quick.git"
},
{
"identity" : "nimble",
"requirement" : {
"exact" : [
"8.0.2"
]
},
"type" : "sourceControl",
"url" : "https://github.com/Quick/Nimble.git"
}
],
"manifest_display_name" : "Deli",
"name" : "Deli",
"path" : "/Users/admin/builder/spi-builder-workspace",
"platforms" : [
{
"name" : "ios",
"version" : "8.0"
},
{
"name" : "macos",
"version" : "10.10"
},
{
"name" : "tvos",
"version" : "9.0"
},
{
"name" : "watchos",
"version" : "2.0"
}
],
"products" : [
{
"name" : "Deli",
"targets" : [
"Deli"
],
"type" : {
"library" : [
"automatic"
]
}
}
],
"swift_languages_versions" : [
"4",
"4.2",
"5"
],
"targets" : [
{
"c99name" : "DeliTests",
"module_type" : "SwiftTarget",
"name" : "DeliTests",
"path" : "Tests/DeliTests",
"product_dependencies" : [
"Quick",
"Nimble"
],
"sources" : [
"DeliSample/AccountConfiguration.swift",
"DeliSample/AccountService.swift",
"DeliSample/AlwaysModel.swift",
"DeliSample/Book/Book.swift",
"DeliSample/Book/COSMOS.swift",
"DeliSample/Book/HarryPotter.swift",
"DeliSample/Book/Novel.swift",
"DeliSample/Book/Science.swift",
"DeliSample/Book/TroisiemeHumanite.swift",
"DeliSample/DeliFactory.swift",
"DeliSample/DependencyTestModel.swift",
"DeliSample/FactoryTest.swift",
"DeliSample/Friend.swift",
"DeliSample/FriendInfoViewModel.swift",
"DeliSample/FriendListViewModel.swift",
"DeliSample/FriendPayload.swift",
"DeliSample/FriendService.swift",
"DeliSample/LazyAutowiredQualifier.swift",
"DeliSample/LibraryService.swift",
"DeliSample/MessageService.swift",
"DeliSample/NestedType.swift",
"DeliSample/NetworkManager.swift",
"DeliSample/Property/InjectPropertyTest.swift",
"DeliSample/Property/NetworkMethod.swift",
"DeliSample/Property/NetworkProvider.swift",
"DeliSample/Property/PropertyAutowired.swift",
"DeliSample/Property/PropertyAutowiredFactory.swift",
"DeliSample/Property/PropertyInject.swift",
"DeliSample/Property/PropertyLazyAutowired.swift",
"DeliSample/Property/PropertyLazyAutowiredFactory.swift",
"DeliSample/Property/ServerConfig.swift",
"DeliSample/PropertyWrapper/PropertyWrapperTest1.swift",
"DeliSample/PropertyWrapper/PropertyWrapperTest2.swift",
"DeliSample/Robot/Robot.swift",
"DeliSample/Robot/RobotBody.swift",
"DeliSample/Robot/RobotFactory.swift",
"DeliSample/Robot/RobotHead.swift",
"DeliSample/Struct/StructWithAutowired.swift",
"DeliSample/Struct/StructWithAutowiredFactory.swift",
"DeliSample/Struct/StructWithComponent.swift",
"DeliSample/Struct/StructWithLazyAutowired.swift",
"DeliSample/TestDeliFactory.swift",
"DeliSample/TestDeliObject.swift",
"DeliSample/TestNotRegister.swift",
"DeliSample/TestPayload.swift",
"DeliSample/TestRegister.swift",
"DeliSample/TestService.swift",
"DeliSample/TestView1.swift",
"DeliSample/TestView2.swift",
"DeliSample/TestView3.swift",
"DeliSample/TestViewModel.swift",
"DeliSample/UnicodeTest.swift",
"DeliSample/UserPayload.swift",
"DeliSample/UserViewModel.swift",
"DeliSample/WeakViewModel.swift",
"DeliSpec.swift",
"Mock/MockAccountService.swift",
"Mock/MockBook.swift"
],
"target_dependencies" : [
"Deli"
],
"type" : "test"
},
{
"c99name" : "Deli",
"module_type" : "SwiftTarget",
"name" : "Deli",
"path" : "Sources/Deli",
"product_memberships" : [
"Deli"
],
"sources" : [
"Autowired.swift",
"AutowiredFactory.swift",
"Component.swift",
"ConfigProperty.swift",
"Configuration.swift",
"Core/AppContext.swift",
"Core/Component/ContainerComponent.swift",
"Core/Component/DefaultContainerComponent.swift",
"Core/Component/FactoryContainerComponent.swift",
"Core/Container.swift",
"Core/Error/ContainerError.swift",
"Core/Type/FactoryResolver.swift",
"Core/Type/Linker.swift",
"Core/Type/LoadPriority.swift",
"Core/Type/ResolveRole.swift",
"Core/Type/Resolver.swift",
"Core/Type/Scope.swift",
"Core/Type/TypeKey.swift",
"Dependency.swift",
"DependencyArray.swift",
"Factory.swift",
"Inject.swift",
"LazyAutowired.swift",
"LazyAutowiredFactory.swift",
"ModuleFactory.swift",
"Payload.swift",
"PropertyValue.swift"
],
"type" : "library"
}
],
"tools_version" : "5.0"
}
{
"project" : {
"configurations" : [
"Debug",
"Release"
],
"name" : "Deli",
"schemes" : [
"Deli-Package"
],
"targets" : [
"Deli",
"DeliPackageDescription",
"DeliPackageTests",
"DeliTests",
"Nimble",
"NimblePackageDescription",
"Quick",
"QuickPackageDescription",
"QuickSpecBase"
]
}
}
Running build ...
env DEVELOPER_DIR=/Applications/Xcode-27.0.0-Release.Candidate.app xcrun xcodebuild -IDEClonedSourcePackagesDirPathOverride=$PWD/.dependencies -skipMacroValidation -skipPackagePluginValidation -derivedDataPath $PWD/.derivedData build -scheme Deli-Package -destination generic/platform=tvOS
Command line invocation:
/Applications/Xcode-27.0.0-Release.Candidate.app/Contents/Developer/usr/bin/xcodebuild -IDEClonedSourcePackagesDirPathOverride=/Users/admin/builder/spi-builder-workspace/.dependencies -skipMacroValidation -skipPackagePluginValidation -derivedDataPath /Users/admin/builder/spi-builder-workspace/.derivedData build -scheme Deli-Package -destination generic/platform=tvOS
Resolve Package Graph
Resolved source packages:
Quick: https://github.com/Quick/Quick.git @ 2.2.0
PathKit: https://github.com/kylef/PathKit @ 1.0.0
Spectre: https://github.com/kylef/Spectre.git @ 0.9.0
Commandant: https://github.com/Carthage/Commandant.git @ 0.17.0
SWXMLHash: https://github.com/drmohundro/SWXMLHash.git @ 5.0.1
Yams: https://github.com/jpsim/Yams.git @ 2.0.0
CwlPreconditionTesting: https://github.com/mattgallagher/CwlPreconditionTesting.git @ 1.2.0
Regex: https://github.com/crossroadlabs/Regex.git @ 1.2.0
AEXML: https://github.com/tadija/AEXML @ 4.4.0
XcodeProj: https://github.com/tuist/xcodeproj.git @ 7.5.0
CwlCatchException: https://github.com/mattgallagher/CwlCatchException.git @ 1.2.0
SourceKitten: https://github.com/jpsim/SourceKitten.git @ 0.28.0
Nimble: https://github.com/Quick/Nimble.git @ 8.0.5
Deli: /Users/admin/builder/spi-builder-workspace/Binary
ComputePackagePrebuildTargetDependencyGraph
Prepare packages
CreateBuildRequest
SendProjectDescription
CreateBuildOperation
ComputeTargetDependencyGraph
note: Building targets in dependency order
note: Target dependency graph (1 target)
Target 'Deli' in project 'Deli' (no dependencies)
GatherProvisioningInputs
CreateBuildDescription
ExecuteExternalTool /Applications/Xcode-27.0.0-Release.Candidate.app/Contents/Developer/Toolchains/XcodeDefault.xctoolchain/usr/bin/clang -v -E -dM -isysroot /Applications/Xcode-27.0.0-Release.Candidate.app/Contents/Developer/Platforms/AppleTVOS.platform/Developer/SDKs/AppleTVOS27.0.sdk -x c -c /dev/null
ExecuteExternalTool /Applications/Xcode-27.0.0-Release.Candidate.app/Contents/Developer/Toolchains/XcodeDefault.xctoolchain/usr/bin/swiftc --version
ExecuteExternalTool /Applications/Xcode-27.0.0-Release.Candidate.app/Contents/Developer/Toolchains/XcodeDefault.xctoolchain/usr/bin/ld -version_details
Build description signature: d16eab2042fb78b12255c075141612e9
Build description path: /Users/admin/builder/spi-builder-workspace/.derivedData/Build/Intermediates.noindex/XCBuildData/d16eab2042fb78b12255c075141612e9.xcbuilddata
/Users/admin/builder/spi-builder-workspace/Deli.xcodeproj: error: The tvOS deployment target 'TVOS_DEPLOYMENT_TARGET' is set to 9.0, but the range of supported deployment target versions is 15.0 to 27.0.x. (in target 'Deli' from project 'Deli' at path '/Users/admin/builder/spi-builder-workspace/Deli.xcodeproj')
** BUILD FAILED **
The following build commands failed:
Building project Deli with scheme Deli-Package
(1 failure)
Command line invocation:
/Applications/Xcode-27.0.0-Release.Candidate.app/Contents/Developer/usr/bin/xcodebuild -IDEClonedSourcePackagesDirPathOverride=/Users/admin/builder/spi-builder-workspace/.dependencies -resolvePackageDependencies
Resolve Package Graph
Resolved source packages:
Commandant: https://github.com/Carthage/Commandant.git @ 0.17.0
CwlPreconditionTesting: https://github.com/mattgallagher/CwlPreconditionTesting.git @ 1.2.0
AEXML: https://github.com/tadija/AEXML @ 4.4.0
Yams: https://github.com/jpsim/Yams.git @ 2.0.0
SourceKitten: https://github.com/jpsim/SourceKitten.git @ 0.28.0
Regex: https://github.com/crossroadlabs/Regex.git @ 1.2.0
Deli: /Users/admin/builder/spi-builder-workspace/Binary
Quick: https://github.com/Quick/Quick.git @ 2.2.0
PathKit: https://github.com/kylef/PathKit @ 1.0.0
Spectre: https://github.com/kylef/Spectre.git @ 0.9.0
CwlCatchException: https://github.com/mattgallagher/CwlCatchException.git @ 1.2.0
XcodeProj: https://github.com/tuist/xcodeproj.git @ 7.5.0
Nimble: https://github.com/Quick/Nimble.git @ 8.0.5
SWXMLHash: https://github.com/drmohundro/SWXMLHash.git @ 5.0.1
resolved source packages: Commandant, CwlPreconditionTesting, AEXML, Yams, SourceKitten, Regex, Deli, Quick, PathKit, Spectre, CwlCatchException, XcodeProj, Nimble, SWXMLHash
{
"dependencies" : [
{
"identity" : "quick",
"requirement" : {
"exact" : [
"2.2.0"
]
},
"type" : "sourceControl",
"url" : "https://github.com/Quick/Quick.git"
},
{
"identity" : "nimble",
"requirement" : {
"exact" : [
"8.0.2"
]
},
"type" : "sourceControl",
"url" : "https://github.com/Quick/Nimble.git"
}
],
"manifest_display_name" : "Deli",
"name" : "Deli",
"path" : "/Users/admin/builder/spi-builder-workspace",
"platforms" : [
{
"name" : "ios",
"version" : "8.0"
},
{
"name" : "macos",
"version" : "10.10"
},
{
"name" : "tvos",
"version" : "9.0"
},
{
"name" : "watchos",
"version" : "2.0"
}
],
"products" : [
{
"name" : "Deli",
"targets" : [
"Deli"
],
"type" : {
"library" : [
"automatic"
]
}
}
],
"swift_languages_versions" : [
"4",
"4.2",
"5"
],
"targets" : [
{
"c99name" : "DeliTests",
"module_type" : "SwiftTarget",
"name" : "DeliTests",
"path" : "Tests/DeliTests",
"product_dependencies" : [
"Quick",
"Nimble"
],
"sources" : [
"DeliSample/AccountConfiguration.swift",
"DeliSample/AccountService.swift",
"DeliSample/AlwaysModel.swift",
"DeliSample/Book/Book.swift",
"DeliSample/Book/COSMOS.swift",
"DeliSample/Book/HarryPotter.swift",
"DeliSample/Book/Novel.swift",
"DeliSample/Book/Science.swift",
"DeliSample/Book/TroisiemeHumanite.swift",
"DeliSample/DeliFactory.swift",
"DeliSample/DependencyTestModel.swift",
"DeliSample/FactoryTest.swift",
"DeliSample/Friend.swift",
"DeliSample/FriendInfoViewModel.swift",
"DeliSample/FriendListViewModel.swift",
"DeliSample/FriendPayload.swift",
"DeliSample/FriendService.swift",
"DeliSample/LazyAutowiredQualifier.swift",
"DeliSample/LibraryService.swift",
"DeliSample/MessageService.swift",
"DeliSample/NestedType.swift",
"DeliSample/NetworkManager.swift",
"DeliSample/Property/InjectPropertyTest.swift",
"DeliSample/Property/NetworkMethod.swift",
"DeliSample/Property/NetworkProvider.swift",
"DeliSample/Property/PropertyAutowired.swift",
"DeliSample/Property/PropertyAutowiredFactory.swift",
"DeliSample/Property/PropertyInject.swift",
"DeliSample/Property/PropertyLazyAutowired.swift",
"DeliSample/Property/PropertyLazyAutowiredFactory.swift",
"DeliSample/Property/ServerConfig.swift",
"DeliSample/PropertyWrapper/PropertyWrapperTest1.swift",
"DeliSample/PropertyWrapper/PropertyWrapperTest2.swift",
"DeliSample/Robot/Robot.swift",
"DeliSample/Robot/RobotBody.swift",
"DeliSample/Robot/RobotFactory.swift",
"DeliSample/Robot/RobotHead.swift",
"DeliSample/Struct/StructWithAutowired.swift",
"DeliSample/Struct/StructWithAutowiredFactory.swift",
"DeliSample/Struct/StructWithComponent.swift",
"DeliSample/Struct/StructWithLazyAutowired.swift",
"DeliSample/TestDeliFactory.swift",
"DeliSample/TestDeliObject.swift",
"DeliSample/TestNotRegister.swift",
"DeliSample/TestPayload.swift",
"DeliSample/TestRegister.swift",
"DeliSample/TestService.swift",
"DeliSample/TestView1.swift",
"DeliSample/TestView2.swift",
"DeliSample/TestView3.swift",
"DeliSample/TestViewModel.swift",
"DeliSample/UnicodeTest.swift",
"DeliSample/UserPayload.swift",
"DeliSample/UserViewModel.swift",
"DeliSample/WeakViewModel.swift",
"DeliSpec.swift",
"Mock/MockAccountService.swift",
"Mock/MockBook.swift"
],
"target_dependencies" : [
"Deli"
],
"type" : "test"
},
{
"c99name" : "Deli",
"module_type" : "SwiftTarget",
"name" : "Deli",
"path" : "Sources/Deli",
"product_memberships" : [
"Deli"
],
"sources" : [
"Autowired.swift",
"AutowiredFactory.swift",
"Component.swift",
"ConfigProperty.swift",
"Configuration.swift",
"Core/AppContext.swift",
"Core/Component/ContainerComponent.swift",
"Core/Component/DefaultContainerComponent.swift",
"Core/Component/FactoryContainerComponent.swift",
"Core/Container.swift",
"Core/Error/ContainerError.swift",
"Core/Type/FactoryResolver.swift",
"Core/Type/Linker.swift",
"Core/Type/LoadPriority.swift",
"Core/Type/ResolveRole.swift",
"Core/Type/Resolver.swift",
"Core/Type/Scope.swift",
"Core/Type/TypeKey.swift",
"Dependency.swift",
"DependencyArray.swift",
"Factory.swift",
"Inject.swift",
"LazyAutowired.swift",
"LazyAutowiredFactory.swift",
"ModuleFactory.swift",
"Payload.swift",
"PropertyValue.swift"
],
"type" : "library"
}
],
"tools_version" : "5.0"
}
{
"project" : {
"configurations" : [
"Debug",
"Release"
],
"name" : "Deli",
"schemes" : [
"Deli-Package"
],
"targets" : [
"Deli",
"DeliPackageDescription",
"DeliPackageTests",
"DeliTests",
"Nimble",
"NimblePackageDescription",
"Quick",
"QuickPackageDescription",
"QuickSpecBase"
]
}
}
Running build ...
env DEVELOPER_DIR=/Applications/Xcode-27.0.0-Release.Candidate.app xcrun xcodebuild -IDEClonedSourcePackagesDirPathOverride=$PWD/.dependencies -skipMacroValidation -skipPackagePluginValidation -derivedDataPath $PWD/.derivedData build -scheme Deli-Package -destination generic/platform=tvOS
Command line invocation:
/Applications/Xcode-27.0.0-Release.Candidate.app/Contents/Developer/usr/bin/xcodebuild -IDEClonedSourcePackagesDirPathOverride=/Users/admin/builder/spi-builder-workspace/.dependencies -skipMacroValidation -skipPackagePluginValidation -derivedDataPath /Users/admin/builder/spi-builder-workspace/.derivedData build -scheme Deli-Package -destination generic/platform=tvOS
Resolve Package Graph
Resolved source packages:
Nimble: https://github.com/Quick/Nimble.git @ 8.0.5
CwlPreconditionTesting: https://github.com/mattgallagher/CwlPreconditionTesting.git @ 1.2.0
Yams: https://github.com/jpsim/Yams.git @ 2.0.0
SWXMLHash: https://github.com/drmohundro/SWXMLHash.git @ 5.0.1
Deli: /Users/admin/builder/spi-builder-workspace/Binary
Regex: https://github.com/crossroadlabs/Regex.git @ 1.2.0
AEXML: https://github.com/tadija/AEXML @ 4.4.0
Spectre: https://github.com/kylef/Spectre.git @ 0.9.0
Quick: https://github.com/Quick/Quick.git @ 2.2.0
PathKit: https://github.com/kylef/PathKit @ 1.0.0
Commandant: https://github.com/Carthage/Commandant.git @ 0.17.0
SourceKitten: https://github.com/jpsim/SourceKitten.git @ 0.28.0
CwlCatchException: https://github.com/mattgallagher/CwlCatchException.git @ 1.2.0
XcodeProj: https://github.com/tuist/xcodeproj.git @ 7.5.0
ComputePackagePrebuildTargetDependencyGraph
Prepare packages
CreateBuildRequest
SendProjectDescription
CreateBuildOperation
ComputeTargetDependencyGraph
note: Building targets in dependency order
note: Target dependency graph (1 target)
Target 'Deli' in project 'Deli' (no dependencies)
GatherProvisioningInputs
CreateBuildDescription
/Users/admin/builder/spi-builder-workspace/Deli.xcodeproj: error: The tvOS deployment target 'TVOS_DEPLOYMENT_TARGET' is set to 9.0, but the range of supported deployment target versions is 15.0 to 27.0.x. (in target 'Deli' from project 'Deli' at path '/Users/admin/builder/spi-builder-workspace/Deli.xcodeproj')
** BUILD FAILED **
The following build commands failed:
Building project Deli with scheme Deli-Package
(1 failure)
BUILD FAILURE 6.4 tvOS