Build Information
Failed to build OCCTSwiftIO, reference v2.0.0-beta.3 (9fcce2), with Swift 6.1 for Android on 13 Oct 2026 02:31:12 UTC.
Build Command
bash -c docker run --pull=always --rm -v "checkouts-53886768-1":/host -w "$PWD" -e JAVA_HOME="/root/.sdkman/candidates/java/current" -e SPI_BUILD="1" -e SPI_PROCESSING="1" registry.gitlab.com/saguaro1/spi-images:android-6.1-latest swift build --swift-sdk aarch64-unknown-linux-android24 2>&1Build Log
========================================
RunAll
========================================
Builder version: 5.1.1
Interrupt handler set up.
========================================
Checkout
========================================
Clone URL: https://github.com/SecondMouseAU/OCCTSwiftIO.git
Reference: v2.0.0-beta.3
Initialized empty Git repository in /host/spi-builder-workspace/.git/
hint: Using 'master' as the name for the initial branch. This default branch name
hint: is subject to change. To configure the initial branch name to use in all
hint: of your new repositories, which will suppress this warning, call:
hint:
hint: git config --global init.defaultBranch <name>
hint:
hint: Names commonly chosen instead of 'master' are 'main', 'trunk' and
hint: 'development'. The just-created branch can be renamed via this command:
hint:
hint: git branch -m <name>
From https://github.com/SecondMouseAU/OCCTSwiftIO
* tag v2.0.0-beta.3 -> FETCH_HEAD
HEAD is now at 9fcce2c Merge pull request #48 from SecondMouseAU/release/repin-beta.5
Cloned https://github.com/SecondMouseAU/OCCTSwiftIO.git
Revision (git rev-parse @):
9fcce2c365eb6bb21ac140dda3e9bd191268e5f4
SPI manifest file found: $PWD/.spi.yml
SUCCESS checkout https://github.com/SecondMouseAU/OCCTSwiftIO.git at v2.0.0-beta.3
========================================
Build
========================================
Selected platform: android
Swift version: 6.1
Building package at path: $PWD
https://github.com/SecondMouseAU/OCCTSwiftIO.git
https://github.com/SecondMouseAU/OCCTSwiftIO.git
WARNING: environment variable SUPPRESS_SWIFT_6_FLAGS is not set
Running build ...
bash -c docker run --pull=always --rm -v "checkouts-53886768-1":/host -w "$PWD" -e JAVA_HOME="/root/.sdkman/candidates/java/current" -e SPI_BUILD="1" -e SPI_PROCESSING="1" registry.gitlab.com/saguaro1/spi-images:android-6.1-latest swift build --swift-sdk aarch64-unknown-linux-android24 -Xswiftc -Xfrontend -Xswiftc -stats-output-dir -Xswiftc -Xfrontend -Xswiftc .stats -Xswiftc -strict-concurrency=complete -Xswiftc -enable-upcoming-feature -Xswiftc StrictConcurrency -Xswiftc -enable-upcoming-feature -Xswiftc DisableOutwardActorInference -Xswiftc -enable-upcoming-feature -Xswiftc GlobalActorIsolatedTypesUsability -Xswiftc -enable-upcoming-feature -Xswiftc InferSendableFromCaptures 2>&1
android-6.1-latest: Pulling from saguaro1/spi-images
Digest: sha256:396310cef4466ceb116ed5462b0b92d4deb353c0dad749b406b7fd226f6db9af
Status: Image is up to date for registry.gitlab.com/saguaro1/spi-images:android-6.1-latest
Fetching https://github.com/tomasf/ThreeMF.git
Fetching https://github.com/SecondMouseAU/SwiftX.git
Fetching https://github.com/schwa/SwiftGLTF.git
Fetching https://github.com/SecondMouseAU/SwiftDXF.git
Fetching https://github.com/SecondMouseAU/SwiftJWW.git
Fetching https://github.com/SecondMouseAU/SwiftPMX.git
[1/825] Fetching threemf
[183/1981] Fetching threemf, swiftgltf
[1074/2100] Fetching threemf, swiftgltf, swiftx
[1117/2255] Fetching threemf, swiftgltf, swiftx, swiftdxf
[1128/2415] Fetching threemf, swiftgltf, swiftx, swiftdxf, swiftjww
[2119/2563] Fetching threemf, swiftgltf, swiftx, swiftdxf, swiftjww, swiftpmx
Fetched https://github.com/SecondMouseAU/SwiftPMX.git from cache (0.40s)
Fetching https://github.com/SecondMouseAU/OCCTSwift.git
Fetched https://github.com/SecondMouseAU/SwiftJWW.git from cache (0.40s)
Fetched https://github.com/SecondMouseAU/SwiftX.git from cache (0.40s)
Fetched https://github.com/SecondMouseAU/SwiftDXF.git from cache (0.40s)
[1765/1981] Fetching threemf, swiftgltf
Fetched https://github.com/tomasf/ThreeMF.git from cache (0.57s)
Fetched https://github.com/schwa/SwiftGLTF.git from cache (0.59s)
[1/69614] Fetching occtswift
Fetched https://github.com/SecondMouseAU/OCCTSwift.git from cache (5.45s)
Computing version for https://github.com/schwa/SwiftGLTF.git
Computed https://github.com/schwa/SwiftGLTF.git at 1.0.3 (6.85s)
Fetching https://github.com/apple/swift-argument-parser.git
[1/19112] Fetching swift-argument-parser
Fetched https://github.com/apple/swift-argument-parser.git from cache (0.93s)
Computing version for https://github.com/SecondMouseAU/SwiftDXF.git
Computed https://github.com/SecondMouseAU/SwiftDXF.git at 0.2.1 (1.15s)
Computing version for https://github.com/SecondMouseAU/SwiftJWW.git
Computed https://github.com/SecondMouseAU/SwiftJWW.git at 1.2.2 (0.22s)
Computing version for https://github.com/SecondMouseAU/SwiftX.git
Computed https://github.com/SecondMouseAU/SwiftX.git at 1.0.1 (0.23s)
Computing version for https://github.com/SecondMouseAU/SwiftPMX.git
Computed https://github.com/SecondMouseAU/SwiftPMX.git at 1.1.1 (0.23s)
Computing version for https://github.com/tomasf/ThreeMF.git
Computed https://github.com/tomasf/ThreeMF.git at 0.3.3 (0.22s)
Fetching https://github.com/tomasf/Zip.git
Fetching https://github.com/tomasf/Nodal.git
[1/880] Fetching nodal
[609/1104] Fetching nodal, zip
Fetched https://github.com/tomasf/Nodal.git from cache (0.33s)
Fetched https://github.com/tomasf/Zip.git from cache (0.34s)
Computing version for https://github.com/tomasf/Nodal.git
Computed https://github.com/tomasf/Nodal.git at 1.0.3 (0.57s)
Computing version for https://github.com/tomasf/Zip.git
Computed https://github.com/tomasf/Zip.git at 2.1.3 (0.22s)
Computing version for https://github.com/apple/swift-argument-parser.git
Computed https://github.com/apple/swift-argument-parser.git at 1.8.2 (0.24s)
Computing version for https://github.com/SecondMouseAU/OCCTSwift.git
Computed https://github.com/SecondMouseAU/OCCTSwift.git at 4.0.0-beta.5 (1.08s)
Creating working copy for https://github.com/tomasf/ThreeMF.git
Working copy of https://github.com/tomasf/ThreeMF.git resolved at 0.3.3
Creating working copy for https://github.com/SecondMouseAU/OCCTSwift.git
Working copy of https://github.com/SecondMouseAU/OCCTSwift.git resolved at 4.0.0-beta.5
Creating working copy for https://github.com/SecondMouseAU/SwiftJWW.git
Working copy of https://github.com/SecondMouseAU/SwiftJWW.git resolved at 1.2.2
Creating working copy for https://github.com/SecondMouseAU/SwiftX.git
Working copy of https://github.com/SecondMouseAU/SwiftX.git resolved at 1.0.1
Creating working copy for https://github.com/apple/swift-argument-parser.git
Working copy of https://github.com/apple/swift-argument-parser.git resolved at 1.8.2
Creating working copy for https://github.com/tomasf/Zip.git
Working copy of https://github.com/tomasf/Zip.git resolved at 2.1.3
Creating working copy for https://github.com/SecondMouseAU/SwiftDXF.git
Working copy of https://github.com/SecondMouseAU/SwiftDXF.git resolved at 0.2.1
Creating working copy for https://github.com/schwa/SwiftGLTF.git
Working copy of https://github.com/schwa/SwiftGLTF.git resolved at 1.0.3
Creating working copy for https://github.com/tomasf/Nodal.git
Working copy of https://github.com/tomasf/Nodal.git resolved at 1.0.3
Creating working copy for https://github.com/SecondMouseAU/SwiftPMX.git
Working copy of https://github.com/SecondMouseAU/SwiftPMX.git resolved at 1.1.1
Downloading binary artifact https://github.com/SecondMouseAU/OCCTSwift/releases/download/v4.0.0-kernel.6/OCCT.xcframework.zip
[3591/149428849] Downloading https://github.com/SecondMouseAU/OCCTSwift/releases/download/v4.0.0-kernel.6/OCCT.xcframework.zip
Downloaded https://github.com/SecondMouseAU/OCCTSwift/releases/download/v4.0.0-kernel.6/OCCT.xcframework.zip (11.43s)
[1/1] Compiling plugin GenerateManual
[2/2] Compiling plugin GenerateDoccReference
Building for debugging...
[2/92] Write sources
In file included from /host/spi-builder-workspace/.build/checkouts/OCCTSwift/Sources/OCCTBridge/src/OCCTBridge_Visualization_Camera.mm:40:
/host/spi-builder-workspace/.build/checkouts/OCCTSwift/Sources/OCCTBridge/src/../include/OCCTBridge.h:33:11: fatal error: 'Foundation/Foundation.h' file not found
33 | #import <Foundation/Foundation.h>
| ^~~~~~~~~~~~~~~~~~~~~~~~~
1 error generated.
[12/92] Compiling OCCTBridge_Visualization_Camera.mm
In file included from /host/spi-builder-workspace/.build/checkouts/OCCTSwift/Sources/OCCTBridge/src/OCCTBridge_Visualization_Assets.mm:40:
/host/spi-builder-workspace/.build/checkouts/OCCTSwift/Sources/OCCTBridge/src/../include/OCCTBridge.h:33:11: fatal error: 'Foundation/Foundation.h' file not found
33 | #import <Foundation/Foundation.h>
| ^~~~~~~~~~~~~~~~~~~~~~~~~
1 error generated.
[12/92] Compiling OCCTBridge_Visualization_Assets.mm
In file included from /host/spi-builder-workspace/.build/checkouts/OCCTSwift/Sources/OCCTBridge/src/OCCTBridge_Topology_ShapeQueries.mm:30:
/host/spi-builder-workspace/.build/checkouts/OCCTSwift/Sources/OCCTBridge/src/../include/OCCTBridge.h:33:11: fatal error: 'Foundation/Foundation.h' file not found
33 | #import <Foundation/Foundation.h>
| ^~~~~~~~~~~~~~~~~~~~~~~~~
1 error generated.
[12/92] Compiling OCCTBridge_Topology_ShapeQueries.mm
In file included from /host/spi-builder-workspace/.build/checkouts/OCCTSwift/Sources/OCCTBridge/src/OCCTBridge_Visualization_Presentation.mm:41:
/host/spi-builder-workspace/.build/checkouts/OCCTSwift/Sources/OCCTBridge/src/../include/OCCTBridge.h:33:11: fatal error: 'Foundation/Foundation.h' file not found
33 | #import <Foundation/Foundation.h>
| ^~~~~~~~~~~~~~~~~~~~~~~~~
[12/92] Compiling OCCTBridge_Visualization_Presentation.mm
[12/92] Compiling pugixml.cpp
[12/92] Write swift-version-24593BA9C3E375BF.txt
In file included from /host/spi-builder-workspace/.build/checkouts/OCCTSwift/Sources/OCCTBridge/src/OCCTBridge_Visualization_Appearance.mm:40:
/host/spi-builder-workspace/.build/checkouts/OCCTSwift/Sources/OCCTBridge/src/../include/OCCTBridge.h:33:11: fatal error: 'Foundation/Foundation.h' file not found
33 | #import <Foundation/Foundation.h>
| ^~~~~~~~~~~~~~~~~~~~~~~~~
[12/92] Compiling OCCTBridge_Visualization_Appearance.mm
In file included from /host/spi-builder-workspace/.build/checkouts/OCCTSwift/Sources/OCCTBridge/src/OCCTBridge_Topology_Extrema.mm:29:
/host/spi-builder-workspace/.build/checkouts/OCCTSwift/Sources/OCCTBridge/src/../include/OCCTBridge.h:33:11: fatal error: 'Foundation/Foundation.h' file not found
33 | #import <Foundation/Foundation.h>
| ^~~~~~~~~~~~~~~~~~~~~~~~~
[12/92] Compiling OCCTBridge_Topology_Extrema.mm
Running build ...
bash -c docker run --pull=always --rm -v "checkouts-53886768-1":/host -w "$PWD" -e JAVA_HOME="/root/.sdkman/candidates/java/current" -e SPI_BUILD="1" -e SPI_PROCESSING="1" registry.gitlab.com/saguaro1/spi-images:android-6.1-latest swift build --swift-sdk aarch64-unknown-linux-android24 2>&1
android-6.1-latest: Pulling from saguaro1/spi-images
Digest: sha256:396310cef4466ceb116ed5462b0b92d4deb353c0dad749b406b7fd226f6db9af
Status: Image is up to date for registry.gitlab.com/saguaro1/spi-images:android-6.1-latest
[0/1] Planning build
[1/1] Compiling plugin GenerateManual
[2/2] Compiling plugin GenerateDoccReference
Building for debugging...
In file included from /host/spi-builder-workspace/.build/checkouts/OCCTSwift/Sources/OCCTBridge/src/OCCTBridge_Visualization_Assets.mm:40:
/host/spi-builder-workspace/.build/checkouts/OCCTSwift/Sources/OCCTBridge/src/../include/OCCTBridge.h:33:11: fatal error: 'Foundation/Foundation.h' file not found
33 | #import <Foundation/Foundation.h>
| ^~~~~~~~~~~~~~~~~~~~~~~~~
1 error generated.
[2/82] Compiling OCCTBridge_Visualization_Assets.mm
In file included from /host/spi-builder-workspace/.build/checkouts/OCCTSwift/Sources/OCCTBridge/src/OCCTBridge_Visualization_Presentation.mm:41:
/host/spi-builder-workspace/.build/checkouts/OCCTSwift/Sources/OCCTBridge/src/../include/OCCTBridge.h:33:11: fatal error: 'Foundation/Foundation.h' file not found
33 | #import <Foundation/Foundation.h>
| ^~~~~~~~~~~~~~~~~~~~~~~~~
1 error generated.
[2/82] Compiling OCCTBridge_Visualization_Presentation.mm
In file included from /host/spi-builder-workspace/.build/checkouts/OCCTSwift/Sources/OCCTBridge/src/OCCTBridge_Topology_BoundingBox.mm:29:
/host/spi-builder-workspace/.build/checkouts/OCCTSwift/Sources/OCCTBridge/src/../include/OCCTBridge.h:33:11: fatal error: 'Foundation/Foundation.h' file not found
33 | #import <Foundation/Foundation.h>
| ^~~~~~~~~~~~~~~~~~~~~~~~~
1 error generated.
[2/82] Compiling OCCTBridge_Topology_BoundingBox.mm
In file included from /host/spi-builder-workspace/.build/checkouts/OCCTSwift/Sources/OCCTBridge/src/OCCTBridge_Visualization_Appearance.mm:40:
/host/spi-builder-workspace/.build/checkouts/OCCTSwift/Sources/OCCTBridge/src/../include/OCCTBridge.h:33:11: fatal error: 'Foundation/Foundation.h' file not found
33 | #import <Foundation/Foundation.h>
| ^~~~~~~~~~~~~~~~~~~~~~~~~
1 error generated.
[2/82] Compiling OCCTBridge_Visualization_Appearance.mm
In file included from /host/spi-builder-workspace/.build/checkouts/OCCTSwift/Sources/OCCTBridge/src/OCCTBridge_Topology_ShapeQueries.mm:30:
/host/spi-builder-workspace/.build/checkouts/OCCTSwift/Sources/OCCTBridge/src/../include/OCCTBridge.h:33:11: fatal error: 'Foundation/Foundation.h' file not found
33 | #import <Foundation/Foundation.h>
| ^~~~~~~~~~~~~~~~~~~~~~~~~
1 error generated.
[2/82] Compiling OCCTBridge_Topology_ShapeQueries.mm
In file included from /host/spi-builder-workspace/.build/checkouts/OCCTSwift/Sources/OCCTBridge/src/OCCTBridge_Visualization_Camera.mm:40:
/host/spi-builder-workspace/.build/checkouts/OCCTSwift/Sources/OCCTBridge/src/../include/OCCTBridge.h:33:11: fatal error: 'Foundation/Foundation.h' file not found
33 | #import <Foundation/Foundation.h>
| ^~~~~~~~~~~~~~~~~~~~~~~~~
1 error generated.
[2/82] Compiling OCCTBridge_Visualization_Camera.mm
In file included from /host/spi-builder-workspace/.build/checkouts/OCCTSwift/Sources/OCCTBridge/src/OCCTBridge_Topology_Extrema.mm:29:
/host/spi-builder-workspace/.build/checkouts/OCCTSwift/Sources/OCCTBridge/src/../include/OCCTBridge.h:33:11: fatal error: 'Foundation/Foundation.h' file not found
33 | #import <Foundation/Foundation.h>
| ^~~~~~~~~~~~~~~~~~~~~~~~~
1 error generated.
[2/82] Compiling OCCTBridge_Topology_Extrema.mm
[2/82] Compiling pugixml.cpp
BUILD FAILURE 6.1 android