The Swift Package Index logo.Swift Package Index

Build Information

Failed to build JNetworkManager, reference main (e267a3), with Swift 6.4 for macOS (SPM) on 23 Sep 2026 01:07:55 UTC.

Build Command

env DEVELOPER_DIR=/Applications/Xcode-27.0.0-Release.Candidate.app xcrun swift build --arch arm64

Build Log

========================================
RunAll
========================================
Builder version: 5.1.0
Interrupt handler set up.
========================================
Checkout
========================================
Clone URL: https://github.com/jeetrajput01/JNetworkManager.git
Reference: main
Initialized empty Git repository in /Users/admin/builder/spi-builder-workspace/.git/
From https://github.com/jeetrajput01/JNetworkManager
 * branch            main       -> FETCH_HEAD
 * [new branch]      main       -> origin/main
HEAD is now at e267a3c Update issue templates
Cloned https://github.com/jeetrajput01/JNetworkManager.git
Revision (git rev-parse @):
e267a3c23bf23a8bc2e93d4e448a7561588bf1d4
SUCCESS checkout https://github.com/jeetrajput01/JNetworkManager.git at main
========================================
Build
========================================
Selected platform:         macosSpm
Swift version:             6.4
Building package at path:  $PWD
https://github.com/jeetrajput01/JNetworkManager.git
Running build ...
env DEVELOPER_DIR=/Applications/Xcode-27.0.0-Release.Candidate.app xcrun swift build --arch arm64
Building for debugging...
[Pre-planning 1 / 125]
[Planning deferred tasks]
[36 / 55] Alamofire_Alamofire
[38 / 55]
[39 / 56] Alamofire
[49 / 108]
[51 / 108]
[57 / 108]
[60 / 108]
[64 / 108]
[66 / 108]
[70 / 108]
[74 / 108]
[77 / 108]
[78 / 108]
[91 / 108] Alamofire
[92 / 108] Alamofire
[98 / 109] Alamofire
[100 / 109] JNetworkManager
[110 / 154]
[115 / 154]
[120 / 154]
[121 / 154]
[125 / 154]
[127 / 154]
[131 / 154]
[135 / 154]
[138 / 154]
[139 / 154]
[145 / 154] JNetworkManager
[151 / 154] JNetworkManager
Fetching https://github.com/Alamofire/Alamofire.git
[1/32894] Fetching alamofire
Fetched https://github.com/Alamofire/Alamofire.git (7.06s)
Computing version for https://github.com/Alamofire/Alamofire.git
Computed https://github.com/Alamofire/Alamofire.git at 5.12.2 (7.71s)
Creating working copy for https://github.com/Alamofire/Alamofire.git
Working copy of https://github.com/Alamofire/Alamofire.git resolved at 5.12.2
error: SwiftCompile normal arm64 /Users/admin/builder/spi-builder-workspace/Sources/JNetworkManager/JNetworkManager.swift failed with a nonzero exit code. Command line:     cd /Users/admin/builder
    builtin-SwiftPerFileCompile JNetworkManager.swift
/Users/admin/builder/spi-builder-workspace/Sources/JNetworkManager/JNetworkManager.swift:100:37: warning: capture of 'progressHandler' with non-Sendable type '((Double) -> Void)?' in a '@Sendable' closure [#]8;;https://docs.swift.org/compiler/documentation/diagnostics/sendable-closure-captures\SendableClosureCaptures]8;;\]
 98 |                             box.request = AF.request(urlRequest)
 99 |                                 .uploadProgress { prog in
100 |                                     progressHandler?(prog.fractionCompleted)
    |                                     |- warning: capture of 'progressHandler' with non-Sendable type '((Double) -> Void)?' in a '@Sendable' closure [#]8;;https://docs.swift.org/compiler/documentation/diagnostics/sendable-closure-captures\SendableClosureCaptures]8;;\]
    |                                     `- note: a function type must be marked '@Sendable' to conform to 'Sendable'
101 |                                 }
102 |                                 .responseData(queue: .global(qos: .background)) { response in
/Users/admin/builder/spi-builder-workspace/Sources/JNetworkManager/JNetworkManager.swift:110:66: warning: capture of 'parameter' with non-Sendable type 'Any?' in a '@Sendable' closure [#]8;;https://docs.swift.org/compiler/documentation/diagnostics/sendable-closure-captures\SendableClosureCaptures]8;;\]
108 | #if DEBUG
109 |                                             print("Header = \(headers)")
110 |                                             print("parameter = \(parameter ?? [:])")
    |                                                                  `- warning: capture of 'parameter' with non-Sendable type 'Any?' in a '@Sendable' closure [#]8;;https://docs.swift.org/compiler/documentation/diagnostics/sendable-closure-captures\SendableClosureCaptures]8;;\]
111 |                                             print("Request URL = \(url)")
112 |                                             print(responseData.prettyPrintedJSONString ?? "")
/Users/admin/builder/spi-builder-workspace/Sources/JNetworkManager/JNetworkManager.swift:120:62: warning: capture of non-Sendable type 'T.Type' in an isolated closure [#]8;;https://docs.swift.org/compiler/documentation/diagnostics/sendable-metatypes\SendableMetatypes]8;;\]
118 |
119 |                                             guard let httpResponse = response.response else {
120 |                                                 continuation.resume(returning: .failure(NetworkError.unknown))
    |                                                              `- warning: capture of non-Sendable type 'T.Type' in an isolated closure [#]8;;https://docs.swift.org/compiler/documentation/diagnostics/sendable-metatypes\SendableMetatypes]8;;\]
121 |                                                 return
122 |                                             }
/Users/admin/builder/spi-builder-workspace/Sources/JNetworkManager/JNetworkManager.swift:222:33: warning: capture of 'progressHandler' with non-Sendable type '((Double) -> Void)?' in a '@Sendable' closure [#]8;;https://docs.swift.org/compiler/documentation/diagnostics/sendable-closure-captures\SendableClosureCaptures]8;;\]
220 |                             }, with: urlRequest)
221 |                             .uploadProgress { progress in
222 |                                 progressHandler?(progress.fractionCompleted)
    |                                 |- warning: capture of 'progressHandler' with non-Sendable type '((Double) -> Void)?' in a '@Sendable' closure [#]8;;https://docs.swift.org/compiler/documentation/diagnostics/sendable-closure-captures\SendableClosureCaptures]8;;\]
    |                                 `- note: a function type must be marked '@Sendable' to conform to 'Sendable'
223 |                             }
224 |                             .responseData(queue: .global(qos: .background)) { response in
/Users/admin/builder/spi-builder-workspace/Sources/JNetworkManager/JNetworkManager.swift:235:62: warning: capture of 'parameter' with non-Sendable type '[String : Any]?' in a '@Sendable' closure [#]8;;https://docs.swift.org/compiler/documentation/diagnostics/sendable-closure-captures\SendableClosureCaptures]8;;\]
233 |                                         print("----- cURL Multipart Request -----")
234 |                                         print("Header = \(headers)")
235 |                                         print("parameter = \(parameter ?? [:])")
    |                                                              `- warning: capture of 'parameter' with non-Sendable type '[String : Any]?' in a '@Sendable' closure [#]8;;https://docs.swift.org/compiler/documentation/diagnostics/sendable-closure-captures\SendableClosureCaptures]8;;\]
236 |                                         print("Request URL = \(url)")
237 |                                         print(responseData.prettyPrintedJSONString ?? "")
/Users/admin/builder/spi-builder-workspace/Sources/JNetworkManager/JNetworkManager.swift:252:58: warning: capture of non-Sendable type 'T.Type' in an isolated closure [#]8;;https://docs.swift.org/compiler/documentation/diagnostics/sendable-metatypes\SendableMetatypes]8;;\]
250 |
251 |                                         guard let httpResponse = response.response else {
252 |                                             continuation.resume(returning: .failure(NetworkError.unknown))
    |                                                          `- warning: capture of non-Sendable type 'T.Type' in an isolated closure [#]8;;https://docs.swift.org/compiler/documentation/diagnostics/sendable-metatypes\SendableMetatypes]8;;\]
253 |                                             return
254 |                                         }
/Users/admin/builder/spi-builder-workspace/Sources/JNetworkManager/JNetworkManager.swift:346:66: warning: capture of 'parameter' with non-Sendable type '[String : Any]?' in a '@Sendable' closure [#]8;;https://docs.swift.org/compiler/documentation/diagnostics/sendable-closure-captures\SendableClosureCaptures]8;;\]
344 | #if DEBUG
345 |                                             print("Header = \(headers)")
346 |                                             print("parameter = \(parameter ?? [:])")
    |                                                                  `- warning: capture of 'parameter' with non-Sendable type '[String : Any]?' in a '@Sendable' closure [#]8;;https://docs.swift.org/compiler/documentation/diagnostics/sendable-closure-captures\SendableClosureCaptures]8;;\]
347 |                                             print("Request URL = \(url)")
348 |                                             print(responseData.prettyPrintedJSONString ?? "")
/Users/admin/builder/spi-builder-workspace/Sources/JNetworkManager/JNetworkManager.swift:472:29: warning: capture of 'progressHandler' with non-Sendable type '((Double) -> Void)?' in a '@Sendable' closure [#]8;;https://docs.swift.org/compiler/documentation/diagnostics/sendable-closure-captures\SendableClosureCaptures]8;;\]
470 |                         }, with: urlRequest)
471 |                         .uploadProgress { progress in
472 |                             progressHandler?(progress.fractionCompleted)
    |                             |- warning: capture of 'progressHandler' with non-Sendable type '((Double) -> Void)?' in a '@Sendable' closure [#]8;;https://docs.swift.org/compiler/documentation/diagnostics/sendable-closure-captures\SendableClosureCaptures]8;;\]
    |                             `- note: a function type must be marked '@Sendable' to conform to 'Sendable'
473 |                         }
474 |                         .responseData(queue: .global(qos: .background)) { response in
/Users/admin/builder/spi-builder-workspace/Sources/JNetworkManager/JNetworkManager.swift:483:62: warning: capture of 'parameter' with non-Sendable type '[String : Any]?' in a '@Sendable' closure [#]8;;https://docs.swift.org/compiler/documentation/diagnostics/sendable-closure-captures\SendableClosureCaptures]8;;\]
481 |                                         print("----- cURL Multipart Request -----")
482 |                                         print("Header = \(headers)")
483 |                                         print("parameter = \(parameter ?? [:])")
    |                                                              `- warning: capture of 'parameter' with non-Sendable type '[String : Any]?' in a '@Sendable' closure [#]8;;https://docs.swift.org/compiler/documentation/diagnostics/sendable-closure-captures\SendableClosureCaptures]8;;\]
484 |                                         print("Request URL = \(url)")
485 |                                         print(responseData.prettyPrintedJSONString ?? "")
/Users/admin/builder/spi-builder-workspace/Sources/JNetworkManager/JNetworkManager.swift:129:62: error: sending value of non-Sendable type 'Result<T, any Error>' risks causing data races [#]8;;https://docs.swift.org/compiler/documentation/diagnostics/region-isolation\RegionIsolation]8;;\::]8;;https://docs.swift.org/compiler/documentation/diagnostics/sending-risks-data-race\SendingRisksDataRace]8;;\]
127 |                                             } else {
128 |                                                 let decoded = try JSONDecoder().decode(T.self, from: responseData)
129 |                                                 continuation.resume(returning: .success(decoded))
    |                                                              |- error: sending value of non-Sendable type 'Result<T, any Error>' risks causing data races [#]8;;https://docs.swift.org/compiler/documentation/diagnostics/region-isolation\RegionIsolation]8;;\::]8;;https://docs.swift.org/compiler/documentation/diagnostics/sending-risks-data-race\SendingRisksDataRace]8;;\]
    |                                                              `- note: Passing task-isolated value of non-Sendable type 'Result<T, any Error>' as a 'sending' parameter to instance method 'resume(returning:)' risks causing races inbetween task-isolated uses and uses reachable from 'resume(returning:)'
130 |                                             }
131 |                                         } catch {
/Users/admin/builder/spi-builder-workspace/Sources/JNetworkManager/JNetworkManager.swift:261:58: error: sending value of non-Sendable type 'Result<T, any Error>' risks causing data races [#]8;;https://docs.swift.org/compiler/documentation/diagnostics/region-isolation\RegionIsolation]8;;\::]8;;https://docs.swift.org/compiler/documentation/diagnostics/sending-risks-data-race\SendingRisksDataRace]8;;\]
259 |                                         } else {
260 |                                             let decoded = try JSONDecoder().decode(T.self, from: responseData)
261 |                                             continuation.resume(returning: .success(decoded))
    |                                                          |- error: sending value of non-Sendable type 'Result<T, any Error>' risks causing data races [#]8;;https://docs.swift.org/compiler/documentation/diagnostics/region-isolation\RegionIsolation]8;;\::]8;;https://docs.swift.org/compiler/documentation/diagnostics/sending-risks-data-race\SendingRisksDataRace]8;;\]
    |                                                          `- note: Passing task-isolated value of non-Sendable type 'Result<T, any Error>' as a 'sending' parameter to instance method 'resume(returning:)' risks causing races inbetween task-isolated uses and uses reachable from 'resume(returning:)'
262 |                                         }
263 |                                     } catch {
[#RegionIsolation]: <https://docs.swift.org/compiler/documentation/diagnostics/region-isolation>
[#SendableClosureCaptures]: <https://docs.swift.org/compiler/documentation/diagnostics/sendable-closure-captures>
[#SendableMetatypes]: <https://docs.swift.org/compiler/documentation/diagnostics/sendable-metatypes>
[#SendingRisksDataRace]: <https://docs.swift.org/compiler/documentation/diagnostics/sending-risks-data-race>
Failed frontend command:
/Applications/Xcode-27.0.0-Release.Candidate.app/Contents/Developer/Toolchains/XcodeDefault.xctoolchain/usr/bin/swift-frontend -frontend -c /Users/admin/builder/spi-builder-workspace/Sources/JNetworkManager/CurlGenerator.swift /Users/admin/builder/spi-builder-workspace/Sources/JNetworkManager/Extension.swift -primary-file /Users/admin/builder/spi-builder-workspace/Sources/JNetworkManager/JNetworkManager.swift -emit-dependencies-path /Users/admin/builder/spi-builder-workspace/.build/out/Intermediates.noindex/JNetworkManager.build/Debug/JNetworkManager-t.build/Objects-normal/arm64/JNetworkManager.d -emit-const-values-path /Users/admin/builder/spi-builder-workspace/.build/out/Intermediates.noindex/JNetworkManager.build/Debug/JNetworkManager-t.build/Objects-normal/arm64/JNetworkManager.swiftconstvalues -emit-reference-dependencies-path /Users/admin/builder/spi-builder-workspace/.build/out/Intermediates.noindex/JNetworkManager.build/Debug/JNetworkManager-t.build/Objects-normal/arm64/JNetworkManager.swiftdeps -serialize-diagnostics-path /Users/admin/builder/spi-builder-workspace/.build/out/Intermediates.noindex/JNetworkManager.build/Debug/JNetworkManager-t.build/Objects-normal/arm64/JNetworkManager.dia -target arm64-apple-macos12.0 -disable-cross-import-overlay-search -load-resolved-plugin /Applications/Xcode-27.0.0-Release.Candidate.app/Contents/Developer/Platforms/MacOSX.platform/Developer/usr/lib/swift/host/plugins/libFoundationMacros.dylib\#/Applications/Xcode-27.0.0-Release.Candidate.app/Contents/Developer/Platforms/MacOSX.platform/Developer/usr/bin/swift-plugin-server\#FoundationMacros -load-resolved-plugin /Applications/Xcode-27.0.0-Release.Candidate.app/Contents/Developer/Platforms/MacOSX.platform/Developer/usr/lib/swift/host/plugins/libObservationMacros.dylib\#/Applications/Xcode-27.0.0-Release.Candidate.app/Contents/Developer/Platforms/MacOSX.platform/Developer/usr/bin/swift-plugin-server\#ObservationMacros -load-resolved-plugin /Applications/Xcode-27.0.0-Release.Candidate.app/Contents/Developer/Platforms/MacOSX.platform/Developer/usr/lib/swift/host/plugins/libSwiftMacros.dylib\#/Applications/Xcode-27.0.0-Release.Candidate.app/Contents/Developer/Platforms/MacOSX.platform/Developer/usr/bin/swift-plugin-server\#SwiftMacros -disable-implicit-swift-modules -Xcc -fno-implicit-modules -Xcc -fno-implicit-module-maps -explicit-swift-module-map-file /Users/admin/builder/spi-builder-workspace/.build/out/Intermediates.noindex/JNetworkManager.build/Debug/JNetworkManager-t.build/Objects-normal/arm64/JNetworkManager-dependencies-1.json -Xllvm -aarch64-use-tbi -enable-objc-interop -stack-check -sdk /Applications/Xcode-27.0.0-Release.Candidate.app/Contents/Developer/Platforms/MacOSX.platform/Developer/SDKs/MacOSX27.0.sdk -I /Users/admin/builder/spi-builder-workspace/.build/out/Products/Debug -Isystem /Applications/Xcode-27.0.0-Release.Candidate.app/Contents/Developer/Platforms/MacOSX.platform/Developer/usr/lib -F /Users/admin/builder/spi-builder-workspace/.build/out/Products/Debug/PackageFrameworks -F /Users/admin/builder/spi-builder-workspace/.build/out/Products/Debug -F /Applications/Xcode-27.0.0-Release.Candidate.app/Contents/Developer/Platforms/MacOSX.platform/Developer/Library/Frameworks -module-cache-path /Users/admin/builder/spi-builder-workspace/.build/out/Intermediates.noindex/SwiftExplicitPrecompiledModules -color-diagnostics -Xcc -fcolor-diagnostics -enable-testing -g -debug-info-format\=dwarf -dwarf-version\=4 -swift-version 6 -Onone -D SWIFT_PACKAGE -D DEBUG -D SWIFT_MODULE_RESOURCE_BUNDLE_UNAVAILABLE -D Xcode -serialize-debugging-options -enable-experimental-feature DebugDescriptionMacro -empty-abi-descriptor -validate-clang-modules-once -clang-build-session-file /Users/admin/builder/spi-builder-workspace/.build/out/ModuleCache.noindex/Session.modulevalidation -Xcc -working-directory -Xcc /Users/admin/builder -enable-anonymous-context-mangled-names -file-compilation-dir /Users/admin/builder -Xcc -D_LIBCPP_HARDENING_MODE\=_LIBCPP_HARDENING_MODE_DEBUG -Xcc -ivfsstatcache -Xcc /Users/admin/builder/spi-builder-workspace/.build/out/SDKStatCaches.noindex/macosx27.0-26A425-80c5bbf1d171475443272936d42f90a36a22442a12e9d48fe1a705f55a1adfc4.sdkstatcache -Xcc -fmodules-prune-interval\=86400 -Xcc -fmodules-prune-after\=345600 -Xcc -I/Users/admin/builder/spi-builder-workspace/.build/out/Products/Debug/include -Xcc -I/Users/admin/builder/spi-builder-workspace/.build/out/Intermediates.noindex/JNetworkManager.build/Debug/JNetworkManager-t.build/DerivedSources-normal/arm64 -Xcc -I/Users/admin/builder/spi-builder-workspace/.build/out/Intermediates.noindex/JNetworkManager.build/Debug/JNetworkManager-t.build/DerivedSources/arm64 -Xcc -I/Users/admin/builder/spi-builder-workspace/.build/out/Intermediates.noindex/JNetworkManager.build/Debug/JNetworkManager-t.build/DerivedSources -Xcc -DSWIFT_PACKAGE -Xcc -DDEBUG\=1 -no-auto-bridging-header-chaining -module-name JNetworkManager -package-name spi_builder_workspace -const-gather-protocols-file /Users/admin/builder/spi-builder-workspace/.build/out/Intermediates.noindex/JNetworkManager.build/Debug/JNetworkManager-t.build/Objects-normal/arm64/JNetworkManager_const_extract_protocols.json -disable-clang-spi -clang-target arm64-apple-macos27.0 -target-sdk-version 27.0 -target-sdk-name macosx27.0 -in-process-plugin-server-path /Applications/Xcode-27.0.0-Release.Candidate.app/Contents/Developer/Toolchains/XcodeDefault.xctoolchain/usr/lib/swift/host/libSwiftInProcPluginServer.dylib -parse-as-library -o /Users/admin/builder/spi-builder-workspace/.build/out/Intermediates.noindex/JNetworkManager.build/Debug/JNetworkManager-t.build/Objects-normal/arm64/JNetworkManager.o -debug-module-path /Users/admin/builder/spi-builder-workspace/.build/out/Intermediates.noindex/JNetworkManager.build/Debug/JNetworkManager-t.build/Objects-normal/arm64/JNetworkManager.swiftmodule -index-unit-output-path /JNetworkManager.build/Debug/JNetworkManager-t.build/Objects-normal/arm64/JNetworkManager.o -index-store-path /Users/admin/builder/spi-builder-workspace/.build/out -index-system-modules
error: Build failed
BUILD FAILURE 6.4 macosSpm