Build Information
Failed to build TextBuffer, reference 0.12.0 (3dfbfc), with Swift 6.4 for visionOS using Xcode 27.0 on 26 Sep 2026 20:56:43 UTC.
Build Command
env DEVELOPER_DIR=/Applications/Xcode-27.0.0-Release.Candidate.app xcrun xcodebuild -IDEClonedSourcePackagesDirPathOverride=$PWD/.dependencies -skipMacroValidation -skipPackagePluginValidation -derivedDataPath $PWD/.derivedData build -scheme TextBuffer-Package -destination generic/platform=xrOSBuild Log
========================================
RunAll
========================================
Builder version: 5.1.0
Interrupt handler set up.
========================================
Checkout
========================================
Clone URL: https://github.com/CleanCocoa/TextBuffer.git
Reference: 0.12.0
Initialized empty Git repository in /Users/admin/builder/spi-builder-workspace/.git/
From https://github.com/CleanCocoa/TextBuffer
* tag 0.12.0 -> FETCH_HEAD
HEAD is now at 3dfbfc1 chore: release 0.12.0
Cloned https://github.com/CleanCocoa/TextBuffer.git
Revision (git rev-parse @):
3dfbfc13fe4e7f898a3b7c3d13d3eb1451eb8386
SUCCESS checkout https://github.com/CleanCocoa/TextBuffer.git at 0.12.0
========================================
Build
========================================
Selected platform: visionOS
Swift version: 6.4
Building package at path: $PWD
https://github.com/CleanCocoa/TextBuffer.git
Command line invocation:
/Applications/Xcode-27.0.0-Release.Candidate.app/Contents/Developer/usr/bin/xcodebuild -IDEClonedSourcePackagesDirPathOverride=/Users/admin/builder/spi-builder-workspace/.dependencies -resolvePackageDependencies
Resolve Package Graph
Resolve Package Graph
Resolved source packages:
TextBuffer: /Users/admin/builder/spi-builder-workspace
resolved source packages: TextBuffer
2026-09-26 16:55:57.322 xcodebuild[529:3039] [MT] IDERunDestination: Supported platforms for the buildables in the current scheme is empty.
{
"dependencies" : [
],
"manifest_display_name" : "TextBuffer",
"name" : "TextBuffer",
"path" : "/Users/admin/builder/spi-builder-workspace",
"platforms" : [
{
"name" : "macos",
"version" : "13.0"
}
],
"products" : [
{
"name" : "TextBuffer",
"targets" : [
"TextBuffer"
],
"type" : {
"library" : [
"automatic"
]
}
},
{
"name" : "TextBufferTesting",
"targets" : [
"TextBufferTesting"
],
"type" : {
"library" : [
"automatic"
]
}
},
{
"name" : "TextRope",
"targets" : [
"TextRope"
],
"type" : {
"library" : [
"automatic"
]
}
}
],
"targets" : [
{
"c99name" : "TextRopeTests",
"module_type" : "SwiftTarget",
"name" : "TextRopeTests",
"path" : "Tests/TextRopeTests",
"sources" : [
"DeleteMergeStarvationTests.swift",
"GraphemeSeamRepairTests.swift",
"NodeSplitPointTests.swift",
"NodeTests.swift",
"SummaryTests.swift",
"TextRopeCOWTests.swift",
"TextRopeConcurrentCOWTests.swift",
"TextRopeConstructionTests.swift",
"TextRopeDeleteTests.swift",
"TextRopeEqualityTests.swift",
"TextRopeInsertTests.swift",
"TextRopeNavigationPreconditionTests.swift",
"TextRopeNavigationTests.swift",
"TextRopeNormalizationTests.swift",
"TextRopeReplaceTests.swift",
"TextRopeStressTests.swift",
"TextRopeTests.swift",
"TreeInvariantValidation.swift"
],
"target_dependencies" : [
"TextRope"
],
"type" : "test"
},
{
"c99name" : "TextRope",
"module_type" : "SwiftTarget",
"name" : "TextRope",
"path" : "Sources/TextRope",
"product_memberships" : [
"TextBuffer",
"TextBufferTesting",
"TextRope"
],
"sources" : [
"Node+Merge.swift",
"Node+Split.swift",
"Node.swift",
"Summary.swift",
"TextRope+COW.swift",
"TextRope+Construction.swift",
"TextRope+Delete.swift",
"TextRope+Insert.swift",
"TextRope+Navigation.swift",
"TextRope+Replace.swift",
"TextRope.swift"
],
"type" : "library"
},
{
"c99name" : "TextBufferTests",
"module_type" : "SwiftTarget",
"name" : "TextBufferTests",
"path" : "Tests/TextBufferTests",
"sources" : [
"BufferAccessFailureTests.swift",
"BufferBehaviorDriftTests.swift",
"BufferRangeDefaultTests.swift",
"BufferWordRangeTests.swift",
"Helpers.swift",
"MakeBufferWithSelectionFromStringTests.swift",
"MultiGroupUndoRoundTripTests.swift",
"MutableStringBufferTests.swift",
"NSRange+ContainsTests.swift",
"NSRange+ExpandedTests.swift",
"NSRange+OrderTests.swift",
"NSRange+PrefixTests.swift",
"NSRange+ResizedTests.swift",
"NSRange+ShiftedTests.swift",
"NSRange+SubtractingTests.swift",
"NSRange+SuffixTests.swift",
"NSTextViewBufferTests.swift",
"NSTextViewOperationLogBridgeTests.swift",
"OperationLogTests.swift",
"PuppetUndoManagerTests.swift",
"RopeBufferDriftTests.swift",
"RopeBufferQueryPerformanceTests.swift",
"RopeBufferTests.swift",
"RopeReadPerformanceTests.swift",
"RopeTransferIntegrationTests.swift",
"SendableRopeBufferConcurrencyTests.swift",
"SendableRopeBufferConversionTests.swift",
"SendableRopeBufferTests.swift",
"SendableRopeBufferUndoEquivalenceTests.swift",
"TestRange.swift",
"TextRopeComposedSequencesTests.swift",
"TextRopeNSRangeParityTests.swift",
"TransferAPITests.swift",
"TransferIntegrationTests.swift",
"TransferableUndoableTests.swift",
"UndoEquivalenceDriftTests.swift"
],
"target_dependencies" : [
"TextBuffer",
"TextBufferTesting"
],
"type" : "test"
},
{
"c99name" : "TextBufferTesting",
"module_type" : "SwiftTarget",
"name" : "TextBufferTesting",
"path" : "Sources/TextBufferTesting",
"product_memberships" : [
"TextBufferTesting"
],
"sources" : [
"AssertUndoEquivalence.swift",
"BufferStep.swift",
"MakeBufferWithSelectionFromString.swift",
"assertBufferState.swift"
],
"target_dependencies" : [
"TextBuffer"
],
"type" : "library"
},
{
"c99name" : "TextBuffer",
"module_type" : "SwiftTarget",
"name" : "TextBuffer",
"path" : "Sources/TextBuffer",
"product_memberships" : [
"TextBuffer",
"TextBufferTesting"
],
"sources" : [
"Bool+inverted.swift",
"Buffer/AsyncBuffer.swift",
"Buffer/Buffer+contains.swift",
"Buffer/Buffer+wordRange.swift",
"Buffer/Buffer.swift",
"Buffer/BufferAccessFailure.swift",
"Buffer/BufferContent.swift",
"Buffer/BufferRange.swift",
"Buffer/MutableStringBuffer.swift",
"Buffer/NSMutableString+BufferCompatibility.swift",
"Buffer/NSTextViewBuffer.swift",
"Buffer/NSTextViewOperationLogBridge.swift",
"Buffer/PuppetUndoManager.swift",
"Buffer/RopeBuffer.swift",
"Buffer/SendableRopeBuffer+Conversion.swift",
"Buffer/SendableRopeBuffer.swift",
"Buffer/TextAnalysisCapable.swift",
"Buffer/TextBuffer.swift",
"Buffer/TransferableUndoable.swift",
"Buffer/UTF16.swift",
"Buffer/Undoable+NSTextViewBuffer.swift",
"Buffer/Undoable.swift",
"Exports.swift",
"NSRange+Order.swift",
"NSRange+Resized.swift",
"NSRange+Shifted.swift",
"NSRange+Subtracting.swift",
"NSRange+containsRange.swift",
"NSRange+expandedToOther.swift",
"NSRange+notFound.swift",
"NSRange+prefix.swift",
"NSRange+suffix.swift",
"NSString+locationUpToCharacter.swift",
"OperationLog/BufferOperation.swift",
"OperationLog/OperationLog.swift",
"OperationLog/UndoGroup.swift",
"TextRope+ComposedSequences.swift",
"TextRope+LineRange.swift",
"TextRope+NSRange.swift",
"TextRope+WordRange.swift"
],
"target_dependencies" : [
"TextRope"
],
"type" : "library"
}
],
"tools_version" : "6.2"
}
{
"workspace" : {
"name" : "TextBuffer",
"schemes" : [
"TextBuffer",
"TextBuffer-Package",
"TextBufferTesting",
"TextRope"
]
}
}
2026-09-26 16:56:29.040 xcodebuild[626:3858] [MT] IDERunDestination: Supported platforms for the buildables in the current scheme is empty.
{
"workspace" : {
"name" : "TextBuffer",
"schemes" : [
"TextBuffer",
"TextBuffer-Package",
"TextBufferTesting",
"TextRope"
]
}
}
2026-09-26 16:56:30.090 xcodebuild[628:3907] [MT] IDERunDestination: Supported platforms for the buildables in the current scheme is empty.
Running build ...
env DEVELOPER_DIR=/Applications/Xcode-27.0.0-Release.Candidate.app xcrun xcodebuild -IDEClonedSourcePackagesDirPathOverride=$PWD/.dependencies -skipMacroValidation -skipPackagePluginValidation -derivedDataPath $PWD/.derivedData build -scheme TextBuffer-Package -destination generic/platform=xrOS
Command line invocation:
/Applications/Xcode-27.0.0-Release.Candidate.app/Contents/Developer/usr/bin/xcodebuild -IDEClonedSourcePackagesDirPathOverride=/Users/admin/builder/spi-builder-workspace/.dependencies -skipMacroValidation -skipPackagePluginValidation -derivedDataPath /Users/admin/builder/spi-builder-workspace/.derivedData build -scheme TextBuffer-Package -destination generic/platform=xrOS
Resolve Package Graph
Resolved source packages:
TextBuffer: /Users/admin/builder/spi-builder-workspace
ComputePackagePrebuildTargetDependencyGraph
Prepare packages
CreateBuildRequest
SendProjectDescription
CreateBuildOperation
ComputeTargetDependencyGraph
note: Building targets in dependency order
note: Target dependency graph (6 targets)
Target 'TextRope-product' in project 'TextBuffer'
➜ Explicit dependency on target 'TextRope' in project 'TextBuffer'
Target 'TextBufferTesting-product' in project 'TextBuffer'
➜ Explicit dependency on target 'TextBufferTesting' in project 'TextBuffer'
➜ Explicit dependency on target 'TextRope' in project 'TextBuffer'
➜ Explicit dependency on target 'TextBuffer' in project 'TextBuffer'
Target 'TextBufferTesting' in project 'TextBuffer'
➜ Explicit dependency on target 'TextRope' in project 'TextBuffer'
➜ Explicit dependency on target 'TextBuffer' in project 'TextBuffer'
Target 'TextBuffer-product' in project 'TextBuffer'
➜ Explicit dependency on target 'TextBuffer' in project 'TextBuffer'
➜ Explicit dependency on target 'TextRope' in project 'TextBuffer'
Target 'TextBuffer' in project 'TextBuffer'
➜ Explicit dependency on target 'TextRope' in project 'TextBuffer'
Target 'TextRope' in project 'TextBuffer' (no dependencies)
GatherProvisioningInputs
CreateBuildDescription
ExecuteExternalTool /Applications/Xcode-27.0.0-Release.Candidate.app/Contents/Developer/Toolchains/XcodeDefault.xctoolchain/usr/bin/clang -v -E -dM -isysroot /Applications/Xcode-27.0.0-Release.Candidate.app/Contents/Developer/Platforms/XROS.platform/Developer/SDKs/XROS27.0.sdk -x c -c /dev/null
ExecuteExternalTool /Applications/Xcode-27.0.0-Release.Candidate.app/Contents/Developer/Toolchains/XcodeDefault.xctoolchain/usr/bin/swiftc --version
ExecuteExternalTool /Applications/Xcode-27.0.0-Release.Candidate.app/Contents/Developer/Toolchains/XcodeDefault.xctoolchain/usr/bin/ld -version_details
ReadFileContents /Applications/Xcode-27.0.0-Release.Candidate.app/Contents/Developer/Toolchains/XcodeDefault.xctoolchain/usr/share/docc/features.json
Build description signature: 6f0b3c943d4a6971c1bc923ba74abe51
Build description path: /Users/admin/builder/spi-builder-workspace/.derivedData/Build/Intermediates.noindex/XCBuildData/6f0b3c943d4a6971c1bc923ba74abe51.xcbuilddata
CreateBuildDirectory /Users/admin/builder/spi-builder-workspace/.derivedData/SDKExplicitPrecompiledModules
cd /Users/admin/builder/spi-builder-workspace/.swiftpm/xcode
builtin-create-build-directory /Users/admin/builder/spi-builder-workspace/.derivedData/SDKExplicitPrecompiledModules
CreateBuildDirectory /Users/admin/builder/spi-builder-workspace/.derivedData/ModuleCache.noindex
cd /Users/admin/builder/spi-builder-workspace/.swiftpm/xcode
builtin-create-build-directory /Users/admin/builder/spi-builder-workspace/.derivedData/ModuleCache.noindex
CreateBuildDirectory /Users/admin/builder/spi-builder-workspace/.derivedData/CompilationCache.noindex
cd /Users/admin/builder/spi-builder-workspace/.swiftpm/xcode
builtin-create-build-directory /Users/admin/builder/spi-builder-workspace/.derivedData/CompilationCache.noindex
ClangStatCache /Applications/Xcode-27.0.0-Release.Candidate.app/Contents/Developer/Toolchains/XcodeDefault.xctoolchain/usr/bin/clang-stat-cache /Applications/Xcode-27.0.0-Release.Candidate.app/Contents/Developer/Platforms/XROS.platform/Developer/SDKs/XROS27.0.sdk /Users/admin/builder/spi-builder-workspace/.derivedData/SDKStatCaches.noindex/xros27.0-24M361-e829b21a6f8c9b70876ba0858053c044735bd543db762f57723cac368afd1ce4.sdkstatcache
cd /Users/admin/builder/spi-builder-workspace/.swiftpm/xcode
/Applications/Xcode-27.0.0-Release.Candidate.app/Contents/Developer/Toolchains/XcodeDefault.xctoolchain/usr/bin/clang-stat-cache /Applications/Xcode-27.0.0-Release.Candidate.app/Contents/Developer/Platforms/XROS.platform/Developer/SDKs/XROS27.0.sdk -o /Users/admin/builder/spi-builder-workspace/.derivedData/SDKStatCaches.noindex/xros27.0-24M361-e829b21a6f8c9b70876ba0858053c044735bd543db762f57723cac368afd1ce4.sdkstatcache
CreateBuildDirectory /Users/admin/builder/spi-builder-workspace/.derivedData/Build/Intermediates.noindex
cd /Users/admin/builder/spi-builder-workspace/.swiftpm/xcode
builtin-create-build-directory /Users/admin/builder/spi-builder-workspace/.derivedData/Build/Intermediates.noindex
CreateBuildDirectory /Users/admin/builder/spi-builder-workspace/.derivedData/Build/Products
cd /Users/admin/builder/spi-builder-workspace/.swiftpm/xcode
builtin-create-build-directory /Users/admin/builder/spi-builder-workspace/.derivedData/Build/Products
CreateBuildDirectory /Users/admin/builder/spi-builder-workspace/.derivedData/Build/Intermediates.noindex/PrecompiledHeaders
cd /Users/admin/builder/spi-builder-workspace/.swiftpm/xcode
builtin-create-build-directory /Users/admin/builder/spi-builder-workspace/.derivedData/Build/Intermediates.noindex/PrecompiledHeaders
CreateBuildDirectory /Users/admin/builder/spi-builder-workspace/.derivedData/Build/Intermediates.noindex/SwiftExplicitPrecompiledModules
cd /Users/admin/builder/spi-builder-workspace/.swiftpm/xcode
builtin-create-build-directory /Users/admin/builder/spi-builder-workspace/.derivedData/Build/Intermediates.noindex/SwiftExplicitPrecompiledModules
CreateBuildDirectory /Users/admin/builder/spi-builder-workspace/.derivedData/Build/Intermediates.noindex/ExplicitPrecompiledModules
cd /Users/admin/builder/spi-builder-workspace/.swiftpm/xcode
builtin-create-build-directory /Users/admin/builder/spi-builder-workspace/.derivedData/Build/Intermediates.noindex/ExplicitPrecompiledModules
CreateBuildDirectory /Users/admin/builder/spi-builder-workspace/.derivedData/Build/Intermediates.noindex/EagerLinkingTBDs/Debug-xros
cd /Users/admin/builder/spi-builder-workspace/.swiftpm/xcode
builtin-create-build-directory /Users/admin/builder/spi-builder-workspace/.derivedData/Build/Intermediates.noindex/EagerLinkingTBDs/Debug-xros
CreateBuildDirectory /Users/admin/builder/spi-builder-workspace/.derivedData/Build/Products/Debug-xros
cd /Users/admin/builder/spi-builder-workspace/.swiftpm/xcode
builtin-create-build-directory /Users/admin/builder/spi-builder-workspace/.derivedData/Build/Products/Debug-xros
CreateBuildDirectory /Users/admin/builder/spi-builder-workspace/.derivedData/Build/Products/Debug-xros/PackageFrameworks
cd /Users/admin/builder/spi-builder-workspace/.swiftpm/xcode
builtin-create-build-directory /Users/admin/builder/spi-builder-workspace/.derivedData/Build/Products/Debug-xros/PackageFrameworks
WriteAuxiliaryFile /Users/admin/builder/spi-builder-workspace/.derivedData/Build/Intermediates.noindex/TextBuffer.build/Debug-xros/TextRope-t.build/TextRope.DependencyStaticMetadataFileList (in target 'TextRope' from project 'TextBuffer')
cd /Users/admin/builder/spi-builder-workspace
write-file /Users/admin/builder/spi-builder-workspace/.derivedData/Build/Intermediates.noindex/TextBuffer.build/Debug-xros/TextRope-t.build/TextRope.DependencyStaticMetadataFileList
WriteAuxiliaryFile /Users/admin/builder/spi-builder-workspace/.derivedData/Build/Intermediates.noindex/TextBuffer.build/Debug-xros/TextRope-t.build/TextRope.DependencyMetadataFileList (in target 'TextRope' from project 'TextBuffer')
cd /Users/admin/builder/spi-builder-workspace
write-file /Users/admin/builder/spi-builder-workspace/.derivedData/Build/Intermediates.noindex/TextBuffer.build/Debug-xros/TextRope-t.build/TextRope.DependencyMetadataFileList
WriteAuxiliaryFile /Users/admin/builder/spi-builder-workspace/.derivedData/Build/Intermediates.noindex/TextBuffer.build/Debug-xros/TextRope-t.build/TextRope.modulemap (in target 'TextRope' from project 'TextBuffer')
cd /Users/admin/builder/spi-builder-workspace
write-file /Users/admin/builder/spi-builder-workspace/.derivedData/Build/Intermediates.noindex/TextBuffer.build/Debug-xros/TextRope-t.build/TextRope.modulemap
WriteAuxiliaryFile /Users/admin/builder/spi-builder-workspace/.derivedData/Build/Intermediates.noindex/TextBuffer.build/Debug-xros/TextRope-t.build/Objects-normal/arm64/TextRope.SwiftConstValuesFileList (in target 'TextRope' from project 'TextBuffer')
cd /Users/admin/builder/spi-builder-workspace
write-file /Users/admin/builder/spi-builder-workspace/.derivedData/Build/Intermediates.noindex/TextBuffer.build/Debug-xros/TextRope-t.build/Objects-normal/arm64/TextRope.SwiftConstValuesFileList
WriteAuxiliaryFile /Users/admin/builder/spi-builder-workspace/.derivedData/Build/Intermediates.noindex/TextBuffer.build/Debug-xros/TextRope-t.build/Objects-normal/arm64/TextRope_const_extract_protocols.json (in target 'TextRope' from project 'TextBuffer')
cd /Users/admin/builder/spi-builder-workspace
write-file /Users/admin/builder/spi-builder-workspace/.derivedData/Build/Intermediates.noindex/TextBuffer.build/Debug-xros/TextRope-t.build/Objects-normal/arm64/TextRope_const_extract_protocols.json
WriteAuxiliaryFile /Users/admin/builder/spi-builder-workspace/.derivedData/Build/Intermediates.noindex/TextBuffer.build/Debug-xros/TextRope-t.build/Objects-normal/arm64/TextRope.SwiftFileList (in target 'TextRope' from project 'TextBuffer')
cd /Users/admin/builder/spi-builder-workspace
write-file /Users/admin/builder/spi-builder-workspace/.derivedData/Build/Intermediates.noindex/TextBuffer.build/Debug-xros/TextRope-t.build/Objects-normal/arm64/TextRope.SwiftFileList
WriteAuxiliaryFile /Users/admin/builder/spi-builder-workspace/.derivedData/Build/Intermediates.noindex/TextBuffer.build/Debug-xros/TextRope-t.build/Objects-normal/arm64/TextRope-OutputFileMap.json (in target 'TextRope' from project 'TextBuffer')
cd /Users/admin/builder/spi-builder-workspace
write-file /Users/admin/builder/spi-builder-workspace/.derivedData/Build/Intermediates.noindex/TextBuffer.build/Debug-xros/TextRope-t.build/Objects-normal/arm64/TextRope-OutputFileMap.json
WriteAuxiliaryFile /Users/admin/builder/spi-builder-workspace/.derivedData/Build/Intermediates.noindex/TextBuffer.build/Debug-xros/TextRope-t.build/Objects-normal/arm64/TextRope.LinkFileList (in target 'TextRope' from project 'TextBuffer')
cd /Users/admin/builder/spi-builder-workspace
write-file /Users/admin/builder/spi-builder-workspace/.derivedData/Build/Intermediates.noindex/TextBuffer.build/Debug-xros/TextRope-t.build/Objects-normal/arm64/TextRope.LinkFileList
WriteAuxiliaryFile /Users/admin/builder/spi-builder-workspace/.derivedData/Build/Intermediates.noindex/TextBuffer.build/Debug-xros/TextBufferTesting-t.build/TextBufferTesting.modulemap (in target 'TextBufferTesting' from project 'TextBuffer')
cd /Users/admin/builder/spi-builder-workspace
write-file /Users/admin/builder/spi-builder-workspace/.derivedData/Build/Intermediates.noindex/TextBuffer.build/Debug-xros/TextBufferTesting-t.build/TextBufferTesting.modulemap
WriteAuxiliaryFile /Users/admin/builder/spi-builder-workspace/.derivedData/Build/Intermediates.noindex/TextBuffer.build/Debug-xros/TextBufferTesting-t.build/TextBufferTesting.DependencyStaticMetadataFileList (in target 'TextBufferTesting' from project 'TextBuffer')
cd /Users/admin/builder/spi-builder-workspace
write-file /Users/admin/builder/spi-builder-workspace/.derivedData/Build/Intermediates.noindex/TextBuffer.build/Debug-xros/TextBufferTesting-t.build/TextBufferTesting.DependencyStaticMetadataFileList
WriteAuxiliaryFile /Users/admin/builder/spi-builder-workspace/.derivedData/Build/Intermediates.noindex/TextBuffer.build/Debug-xros/TextBufferTesting-t.build/TextBufferTesting.DependencyMetadataFileList (in target 'TextBufferTesting' from project 'TextBuffer')
cd /Users/admin/builder/spi-builder-workspace
write-file /Users/admin/builder/spi-builder-workspace/.derivedData/Build/Intermediates.noindex/TextBuffer.build/Debug-xros/TextBufferTesting-t.build/TextBufferTesting.DependencyMetadataFileList
WriteAuxiliaryFile /Users/admin/builder/spi-builder-workspace/.derivedData/Build/Intermediates.noindex/TextBuffer.build/Debug-xros/TextBufferTesting-t.build/Objects-normal/arm64/TextBufferTesting.SwiftConstValuesFileList (in target 'TextBufferTesting' from project 'TextBuffer')
cd /Users/admin/builder/spi-builder-workspace
write-file /Users/admin/builder/spi-builder-workspace/.derivedData/Build/Intermediates.noindex/TextBuffer.build/Debug-xros/TextBufferTesting-t.build/Objects-normal/arm64/TextBufferTesting.SwiftConstValuesFileList
WriteAuxiliaryFile /Users/admin/builder/spi-builder-workspace/.derivedData/Build/Intermediates.noindex/TextBuffer.build/Debug-xros/TextBufferTesting-t.build/Objects-normal/arm64/TextBufferTesting.SwiftFileList (in target 'TextBufferTesting' from project 'TextBuffer')
cd /Users/admin/builder/spi-builder-workspace
write-file /Users/admin/builder/spi-builder-workspace/.derivedData/Build/Intermediates.noindex/TextBuffer.build/Debug-xros/TextBufferTesting-t.build/Objects-normal/arm64/TextBufferTesting.SwiftFileList
WriteAuxiliaryFile /Users/admin/builder/spi-builder-workspace/.derivedData/Build/Intermediates.noindex/TextBuffer.build/Debug-xros/TextBufferTesting-t.build/Objects-normal/arm64/TextBufferTesting.LinkFileList (in target 'TextBufferTesting' from project 'TextBuffer')
cd /Users/admin/builder/spi-builder-workspace
write-file /Users/admin/builder/spi-builder-workspace/.derivedData/Build/Intermediates.noindex/TextBuffer.build/Debug-xros/TextBufferTesting-t.build/Objects-normal/arm64/TextBufferTesting.LinkFileList
WriteAuxiliaryFile /Users/admin/builder/spi-builder-workspace/.derivedData/Build/Intermediates.noindex/TextBuffer.build/Debug-xros/TextBufferTesting-t.build/Objects-normal/arm64/TextBufferTesting_const_extract_protocols.json (in target 'TextBufferTesting' from project 'TextBuffer')
cd /Users/admin/builder/spi-builder-workspace
write-file /Users/admin/builder/spi-builder-workspace/.derivedData/Build/Intermediates.noindex/TextBuffer.build/Debug-xros/TextBufferTesting-t.build/Objects-normal/arm64/TextBufferTesting_const_extract_protocols.json
Copy /Users/admin/builder/spi-builder-workspace/.derivedData/Build/Intermediates.noindex/GeneratedModuleMaps-xros/TextRope.modulemap /Users/admin/builder/spi-builder-workspace/.derivedData/Build/Intermediates.noindex/TextBuffer.build/Debug-xros/TextRope-t.build/TextRope.modulemap (in target 'TextRope' from project 'TextBuffer')
cd /Users/admin/builder/spi-builder-workspace
builtin-copy -exclude .DS_Store -exclude CVS -exclude .svn -exclude .git -exclude .hg -resolve-src-symlinks /Users/admin/builder/spi-builder-workspace/.derivedData/Build/Intermediates.noindex/TextBuffer.build/Debug-xros/TextRope-t.build/TextRope.modulemap /Users/admin/builder/spi-builder-workspace/.derivedData/Build/Intermediates.noindex/GeneratedModuleMaps-xros
WriteAuxiliaryFile /Users/admin/builder/spi-builder-workspace/.derivedData/Build/Intermediates.noindex/TextBuffer.build/Debug-xros/TextBufferTesting-t.build/Objects-normal/arm64/TextBufferTesting-OutputFileMap.json (in target 'TextBufferTesting' from project 'TextBuffer')
cd /Users/admin/builder/spi-builder-workspace
write-file /Users/admin/builder/spi-builder-workspace/.derivedData/Build/Intermediates.noindex/TextBuffer.build/Debug-xros/TextBufferTesting-t.build/Objects-normal/arm64/TextBufferTesting-OutputFileMap.json
WriteAuxiliaryFile /Users/admin/builder/spi-builder-workspace/.derivedData/Build/Intermediates.noindex/TextBuffer.build/Debug-xros/TextBuffer-t.build/TextBuffer.modulemap (in target 'TextBuffer' from project 'TextBuffer')
cd /Users/admin/builder/spi-builder-workspace
write-file /Users/admin/builder/spi-builder-workspace/.derivedData/Build/Intermediates.noindex/TextBuffer.build/Debug-xros/TextBuffer-t.build/TextBuffer.modulemap
Copy /Users/admin/builder/spi-builder-workspace/.derivedData/Build/Intermediates.noindex/GeneratedModuleMaps-xros/TextBufferTesting.modulemap /Users/admin/builder/spi-builder-workspace/.derivedData/Build/Intermediates.noindex/TextBuffer.build/Debug-xros/TextBufferTesting-t.build/TextBufferTesting.modulemap (in target 'TextBufferTesting' from project 'TextBuffer')
cd /Users/admin/builder/spi-builder-workspace
builtin-copy -exclude .DS_Store -exclude CVS -exclude .svn -exclude .git -exclude .hg -resolve-src-symlinks /Users/admin/builder/spi-builder-workspace/.derivedData/Build/Intermediates.noindex/TextBuffer.build/Debug-xros/TextBufferTesting-t.build/TextBufferTesting.modulemap /Users/admin/builder/spi-builder-workspace/.derivedData/Build/Intermediates.noindex/GeneratedModuleMaps-xros
WriteAuxiliaryFile /Users/admin/builder/spi-builder-workspace/.derivedData/Build/Intermediates.noindex/TextBuffer.build/Debug-xros/TextBuffer-t.build/TextBuffer.DependencyStaticMetadataFileList (in target 'TextBuffer' from project 'TextBuffer')
cd /Users/admin/builder/spi-builder-workspace
write-file /Users/admin/builder/spi-builder-workspace/.derivedData/Build/Intermediates.noindex/TextBuffer.build/Debug-xros/TextBuffer-t.build/TextBuffer.DependencyStaticMetadataFileList
WriteAuxiliaryFile /Users/admin/builder/spi-builder-workspace/.derivedData/Build/Intermediates.noindex/TextBuffer.build/Debug-xros/TextBuffer-t.build/TextBuffer.DependencyMetadataFileList (in target 'TextBuffer' from project 'TextBuffer')
cd /Users/admin/builder/spi-builder-workspace
write-file /Users/admin/builder/spi-builder-workspace/.derivedData/Build/Intermediates.noindex/TextBuffer.build/Debug-xros/TextBuffer-t.build/TextBuffer.DependencyMetadataFileList
WriteAuxiliaryFile /Users/admin/builder/spi-builder-workspace/.derivedData/Build/Intermediates.noindex/TextBuffer.build/Debug-xros/TextBuffer-t.build/Objects-normal/arm64/TextBuffer_const_extract_protocols.json (in target 'TextBuffer' from project 'TextBuffer')
cd /Users/admin/builder/spi-builder-workspace
write-file /Users/admin/builder/spi-builder-workspace/.derivedData/Build/Intermediates.noindex/TextBuffer.build/Debug-xros/TextBuffer-t.build/Objects-normal/arm64/TextBuffer_const_extract_protocols.json
WriteAuxiliaryFile /Users/admin/builder/spi-builder-workspace/.derivedData/Build/Intermediates.noindex/TextBuffer.build/Debug-xros/TextBuffer-t.build/Objects-normal/arm64/TextBuffer.SwiftFileList (in target 'TextBuffer' from project 'TextBuffer')
cd /Users/admin/builder/spi-builder-workspace
write-file /Users/admin/builder/spi-builder-workspace/.derivedData/Build/Intermediates.noindex/TextBuffer.build/Debug-xros/TextBuffer-t.build/Objects-normal/arm64/TextBuffer.SwiftFileList
WriteAuxiliaryFile /Users/admin/builder/spi-builder-workspace/.derivedData/Build/Intermediates.noindex/TextBuffer.build/Debug-xros/TextBuffer-t.build/Objects-normal/arm64/TextBuffer.SwiftConstValuesFileList (in target 'TextBuffer' from project 'TextBuffer')
cd /Users/admin/builder/spi-builder-workspace
write-file /Users/admin/builder/spi-builder-workspace/.derivedData/Build/Intermediates.noindex/TextBuffer.build/Debug-xros/TextBuffer-t.build/Objects-normal/arm64/TextBuffer.SwiftConstValuesFileList
WriteAuxiliaryFile /Users/admin/builder/spi-builder-workspace/.derivedData/Build/Intermediates.noindex/TextBuffer.build/Debug-xros/TextBuffer-t.build/Objects-normal/arm64/TextBuffer.LinkFileList (in target 'TextBuffer' from project 'TextBuffer')
cd /Users/admin/builder/spi-builder-workspace
write-file /Users/admin/builder/spi-builder-workspace/.derivedData/Build/Intermediates.noindex/TextBuffer.build/Debug-xros/TextBuffer-t.build/Objects-normal/arm64/TextBuffer.LinkFileList
WriteAuxiliaryFile /Users/admin/builder/spi-builder-workspace/.derivedData/Build/Intermediates.noindex/TextBuffer.build/Debug-xros/TextBuffer-t.build/Objects-normal/arm64/TextBuffer-OutputFileMap.json (in target 'TextBuffer' from project 'TextBuffer')
cd /Users/admin/builder/spi-builder-workspace
write-file /Users/admin/builder/spi-builder-workspace/.derivedData/Build/Intermediates.noindex/TextBuffer.build/Debug-xros/TextBuffer-t.build/Objects-normal/arm64/TextBuffer-OutputFileMap.json
Copy /Users/admin/builder/spi-builder-workspace/.derivedData/Build/Intermediates.noindex/GeneratedModuleMaps-xros/TextBuffer.modulemap /Users/admin/builder/spi-builder-workspace/.derivedData/Build/Intermediates.noindex/TextBuffer.build/Debug-xros/TextBuffer-t.build/TextBuffer.modulemap (in target 'TextBuffer' from project 'TextBuffer')
cd /Users/admin/builder/spi-builder-workspace
builtin-copy -exclude .DS_Store -exclude CVS -exclude .svn -exclude .git -exclude .hg -resolve-src-symlinks /Users/admin/builder/spi-builder-workspace/.derivedData/Build/Intermediates.noindex/TextBuffer.build/Debug-xros/TextBuffer-t.build/TextBuffer.modulemap /Users/admin/builder/spi-builder-workspace/.derivedData/Build/Intermediates.noindex/GeneratedModuleMaps-xros
SwiftDriver TextRope normal arm64 com.apple.xcode.tools.swift.compiler (in target 'TextRope' from project 'TextBuffer')
cd /Users/admin/builder/spi-builder-workspace/.swiftpm/xcode
builtin-SwiftDriver -- /Applications/Xcode-27.0.0-Release.Candidate.app/Contents/Developer/Toolchains/XcodeDefault.xctoolchain/usr/bin/swiftc -parse-as-library -module-name TextRope -Onone @/Users/admin/builder/spi-builder-workspace/.derivedData/Build/Intermediates.noindex/TextBuffer.build/Debug-xros/TextRope-t.build/Objects-normal/arm64/TextRope.SwiftFileList -DSWIFT_PACKAGE -DDEBUG -DSWIFT_MODULE_RESOURCE_BUNDLE_UNAVAILABLE -DXcode -plugin-path /Applications/Xcode-27.0.0-Release.Candidate.app/Contents/Developer/Toolchains/XcodeDefault.xctoolchain/usr/lib/swift/host/plugins/testing -enable-experimental-feature DebugDescriptionMacro -sdk /Applications/Xcode-27.0.0-Release.Candidate.app/Contents/Developer/Platforms/XROS.platform/Developer/SDKs/XROS27.0.sdk -target arm64-apple-xros1.0 -g -module-cache-path /Users/admin/builder/spi-builder-workspace/.derivedData/ModuleCache.noindex -Xfrontend -serialize-debugging-options -profile-coverage-mapping -profile-generate -enable-testing -index-store-path /Users/admin/builder/spi-builder-workspace/.derivedData/Index.noindex/DataStore -Xcc -D_LIBCPP_HARDENING_MODE\=_LIBCPP_HARDENING_MODE_DEBUG -swift-version 6 -I /Users/admin/builder/spi-builder-workspace/.derivedData/Build/Products/Debug-xros -Isystem /Applications/Xcode-27.0.0-Release.Candidate.app/Contents/Developer/Platforms/XROS.platform/Developer/usr/lib -F /Users/admin/builder/spi-builder-workspace/.derivedData/Build/Products/Debug-xros -F /Applications/Xcode-27.0.0-Release.Candidate.app/Contents/Developer/Platforms/XROS.platform/Developer/Library/Frameworks -F /Applications/Xcode-27.0.0-Release.Candidate.app/Contents/Developer/Platforms/XROS.platform/Developer/SDKs/XROS27.0.sdk/Developer/Library/Frameworks -c -j10 -enable-batch-mode -incremental -Xcc -ivfsstatcache -Xcc /Users/admin/builder/spi-builder-workspace/.derivedData/SDKStatCaches.noindex/xros27.0-24M361-e829b21a6f8c9b70876ba0858053c044735bd543db762f57723cac368afd1ce4.sdkstatcache -output-file-map /Users/admin/builder/spi-builder-workspace/.derivedData/Build/Intermediates.noindex/TextBuffer.build/Debug-xros/TextRope-t.build/Objects-normal/arm64/TextRope-OutputFileMap.json -save-temps -no-color-diagnostics -explicit-module-build -module-cache-path /Users/admin/builder/spi-builder-workspace/.derivedData/Build/Intermediates.noindex/SwiftExplicitPrecompiledModules -clang-scanner-module-cache-path /Users/admin/builder/spi-builder-workspace/.derivedData/ModuleCache.noindex -sdk-module-cache-path /Users/admin/builder/spi-builder-workspace/.derivedData/SDKExplicitPrecompiledModules -emit-dependencies -emit-module -emit-module-path /Users/admin/builder/spi-builder-workspace/.derivedData/Build/Intermediates.noindex/TextBuffer.build/Debug-xros/TextRope-t.build/Objects-normal/arm64/TextRope.swiftmodule -serialize-diagnostics -dependency-scan-serialize-diagnostics-path /Users/admin/builder/spi-builder-workspace/.derivedData/Build/Intermediates.noindex/TextBuffer.build/Debug-xros/TextRope-t.build/Objects-normal/arm64/TextRope-dependency-scan.dia -validate-clang-modules-once -clang-build-session-file /Users/admin/builder/spi-builder-workspace/.derivedData/ModuleCache.noindex/Session.modulevalidation -Xcc -fmodules-prune-interval\=86400 -Xcc -fmodules-prune-after\=345600 -package-name spi_builder_workspace -emit-const-values -const-gather-protocols-list /Users/admin/builder/spi-builder-workspace/.derivedData/Build/Intermediates.noindex/TextBuffer.build/Debug-xros/TextRope-t.build/Objects-normal/arm64/TextRope_const_extract_protocols.json -Xcc -I/Users/admin/builder/spi-builder-workspace/.derivedData/Build/Products/Debug-xros/include -Xcc -I/Users/admin/builder/spi-builder-workspace/.derivedData/Build/Intermediates.noindex/TextBuffer.build/Debug-xros/TextRope-t.build/DerivedSources-normal/arm64 -Xcc -I/Users/admin/builder/spi-builder-workspace/.derivedData/Build/Intermediates.noindex/TextBuffer.build/Debug-xros/TextRope-t.build/DerivedSources/arm64 -Xcc -I/Users/admin/builder/spi-builder-workspace/.derivedData/Build/Intermediates.noindex/TextBuffer.build/Debug-xros/TextRope-t.build/DerivedSources -Xcc -DSWIFT_PACKAGE -Xcc -DDEBUG\=1 -emit-objc-header -emit-objc-header-path /Users/admin/builder/spi-builder-workspace/.derivedData/Build/Intermediates.noindex/TextBuffer.build/Debug-xros/TextRope-t.build/Objects-normal/arm64/TextRope-Swift.h -working-directory /Users/admin/builder/spi-builder-workspace/.swiftpm/xcode -experimental-emit-module-separately -disable-cmo
SwiftExplicitDependencyGeneratePcm arm64 /Users/admin/builder/spi-builder-workspace/.derivedData/SDKExplicitPrecompiledModules/SwiftShims-2HAZ94YF1BA79JLFTAIV7APMW.pcm
SwiftExplicitDependencyGeneratePcm arm64 /Users/admin/builder/spi-builder-workspace/.derivedData/SDKExplicitPrecompiledModules/_SwiftConcurrencyShims-9H7TQT237JM0VTD7TXCR6CNM9.pcm
SwiftEmitModule normal arm64 Emitting\ module\ for\ TextRope (in target 'TextRope' from project 'TextBuffer')
SwiftCompile normal arm64 (in target 'TextRope' from project 'TextBuffer')
cd /Users/admin/builder/spi-builder-workspace/.swiftpm/xcode
SwiftCompile normal arm64 Compiling\ TextRope.swift /Users/admin/builder/spi-builder-workspace/Sources/TextRope/TextRope.swift (in target 'TextRope' from project 'TextBuffer')
SwiftCompile normal arm64 /Users/admin/builder/spi-builder-workspace/Sources/TextRope/TextRope.swift (in target 'TextRope' from project 'TextBuffer')
cd /Users/admin/builder/spi-builder-workspace/.swiftpm/xcode
builtin-SwiftPerFileCompile TextRope.swift
SwiftCompile normal arm64 Compiling\ TextRope+Insert.swift /Users/admin/builder/spi-builder-workspace/Sources/TextRope/TextRope+Insert.swift (in target 'TextRope' from project 'TextBuffer')
SwiftCompile normal arm64 /Users/admin/builder/spi-builder-workspace/Sources/TextRope/TextRope+Insert.swift (in target 'TextRope' from project 'TextBuffer')
cd /Users/admin/builder/spi-builder-workspace/.swiftpm/xcode
builtin-SwiftPerFileCompile TextRope+Insert.swift
SwiftCompile normal arm64 Compiling\ TextRope+Delete.swift /Users/admin/builder/spi-builder-workspace/Sources/TextRope/TextRope+Delete.swift (in target 'TextRope' from project 'TextBuffer')
SwiftCompile normal arm64 /Users/admin/builder/spi-builder-workspace/Sources/TextRope/TextRope+Delete.swift (in target 'TextRope' from project 'TextBuffer')
cd /Users/admin/builder/spi-builder-workspace/.swiftpm/xcode
builtin-SwiftPerFileCompile TextRope+Delete.swift
SwiftCompile normal arm64 Compiling\ TextRope+Navigation.swift /Users/admin/builder/spi-builder-workspace/Sources/TextRope/TextRope+Navigation.swift (in target 'TextRope' from project 'TextBuffer')
SwiftCompile normal arm64 /Users/admin/builder/spi-builder-workspace/Sources/TextRope/TextRope+Navigation.swift (in target 'TextRope' from project 'TextBuffer')
cd /Users/admin/builder/spi-builder-workspace/.swiftpm/xcode
builtin-SwiftPerFileCompile TextRope+Navigation.swift
SwiftCompile normal arm64 Compiling\ TextRope+Replace.swift /Users/admin/builder/spi-builder-workspace/Sources/TextRope/TextRope+Replace.swift (in target 'TextRope' from project 'TextBuffer')
SwiftCompile normal arm64 /Users/admin/builder/spi-builder-workspace/Sources/TextRope/TextRope+Replace.swift (in target 'TextRope' from project 'TextBuffer')
cd /Users/admin/builder/spi-builder-workspace/.swiftpm/xcode
builtin-SwiftPerFileCompile TextRope+Replace.swift
SwiftCompile normal arm64 Compiling\ TextRope+COW.swift /Users/admin/builder/spi-builder-workspace/Sources/TextRope/TextRope+COW.swift (in target 'TextRope' from project 'TextBuffer')
SwiftCompile normal arm64 /Users/admin/builder/spi-builder-workspace/Sources/TextRope/TextRope+COW.swift (in target 'TextRope' from project 'TextBuffer')
cd /Users/admin/builder/spi-builder-workspace/.swiftpm/xcode
builtin-SwiftPerFileCompile TextRope+COW.swift
SwiftCompile normal arm64 Compiling\ Summary.swift /Users/admin/builder/spi-builder-workspace/Sources/TextRope/Summary.swift (in target 'TextRope' from project 'TextBuffer')
SwiftCompile normal arm64 /Users/admin/builder/spi-builder-workspace/Sources/TextRope/Summary.swift (in target 'TextRope' from project 'TextBuffer')
cd /Users/admin/builder/spi-builder-workspace/.swiftpm/xcode
builtin-SwiftPerFileCompile Summary.swift
SwiftCompile normal arm64 Compiling\ TextRope+Construction.swift /Users/admin/builder/spi-builder-workspace/Sources/TextRope/TextRope+Construction.swift (in target 'TextRope' from project 'TextBuffer')
SwiftCompile normal arm64 /Users/admin/builder/spi-builder-workspace/Sources/TextRope/TextRope+Construction.swift (in target 'TextRope' from project 'TextBuffer')
cd /Users/admin/builder/spi-builder-workspace/.swiftpm/xcode
builtin-SwiftPerFileCompile TextRope+Construction.swift
SwiftCompile normal arm64 Compiling\ Node.swift /Users/admin/builder/spi-builder-workspace/Sources/TextRope/Node.swift (in target 'TextRope' from project 'TextBuffer')
SwiftCompile normal arm64 /Users/admin/builder/spi-builder-workspace/Sources/TextRope/Node.swift (in target 'TextRope' from project 'TextBuffer')
cd /Users/admin/builder/spi-builder-workspace/.swiftpm/xcode
builtin-SwiftPerFileCompile Node.swift
SwiftCompile normal arm64 Compiling\ Node+Merge.swift,\ Node+Split.swift /Users/admin/builder/spi-builder-workspace/Sources/TextRope/Node+Merge.swift /Users/admin/builder/spi-builder-workspace/Sources/TextRope/Node+Split.swift (in target 'TextRope' from project 'TextBuffer')
SwiftCompile normal arm64 /Users/admin/builder/spi-builder-workspace/Sources/TextRope/Node+Merge.swift (in target 'TextRope' from project 'TextBuffer')
cd /Users/admin/builder/spi-builder-workspace/.swiftpm/xcode
builtin-SwiftPerFileCompile Node+Merge.swift
SwiftCompile normal arm64 /Users/admin/builder/spi-builder-workspace/Sources/TextRope/Node+Split.swift (in target 'TextRope' from project 'TextBuffer')
cd /Users/admin/builder/spi-builder-workspace/.swiftpm/xcode
builtin-SwiftPerFileCompile Node+Split.swift
SwiftDriverJobDiscovery normal arm64 Emitting module for TextRope (in target 'TextRope' from project 'TextBuffer')
SwiftDriver\ Compilation\ Requirements TextRope normal arm64 com.apple.xcode.tools.swift.compiler (in target 'TextRope' from project 'TextBuffer')
cd /Users/admin/builder/spi-builder-workspace/.swiftpm/xcode
builtin-Swift-Compilation-Requirements -- /Applications/Xcode-27.0.0-Release.Candidate.app/Contents/Developer/Toolchains/XcodeDefault.xctoolchain/usr/bin/swiftc -parse-as-library -module-name TextRope -Onone @/Users/admin/builder/spi-builder-workspace/.derivedData/Build/Intermediates.noindex/TextBuffer.build/Debug-xros/TextRope-t.build/Objects-normal/arm64/TextRope.SwiftFileList -DSWIFT_PACKAGE -DDEBUG -DSWIFT_MODULE_RESOURCE_BUNDLE_UNAVAILABLE -DXcode -plugin-path /Applications/Xcode-27.0.0-Release.Candidate.app/Contents/Developer/Toolchains/XcodeDefault.xctoolchain/usr/lib/swift/host/plugins/testing -enable-experimental-feature DebugDescriptionMacro -sdk /Applications/Xcode-27.0.0-Release.Candidate.app/Contents/Developer/Platforms/XROS.platform/Developer/SDKs/XROS27.0.sdk -target arm64-apple-xros1.0 -g -module-cache-path /Users/admin/builder/spi-builder-workspace/.derivedData/ModuleCache.noindex -Xfrontend -serialize-debugging-options -profile-coverage-mapping -profile-generate -enable-testing -index-store-path /Users/admin/builder/spi-builder-workspace/.derivedData/Index.noindex/DataStore -Xcc -D_LIBCPP_HARDENING_MODE\=_LIBCPP_HARDENING_MODE_DEBUG -swift-version 6 -I /Users/admin/builder/spi-builder-workspace/.derivedData/Build/Products/Debug-xros -Isystem /Applications/Xcode-27.0.0-Release.Candidate.app/Contents/Developer/Platforms/XROS.platform/Developer/usr/lib -F /Users/admin/builder/spi-builder-workspace/.derivedData/Build/Products/Debug-xros -F /Applications/Xcode-27.0.0-Release.Candidate.app/Contents/Developer/Platforms/XROS.platform/Developer/Library/Frameworks -F /Applications/Xcode-27.0.0-Release.Candidate.app/Contents/Developer/Platforms/XROS.platform/Developer/SDKs/XROS27.0.sdk/Developer/Library/Frameworks -c -j10 -enable-batch-mode -incremental -Xcc -ivfsstatcache -Xcc /Users/admin/builder/spi-builder-workspace/.derivedData/SDKStatCaches.noindex/xros27.0-24M361-e829b21a6f8c9b70876ba0858053c044735bd543db762f57723cac368afd1ce4.sdkstatcache -output-file-map /Users/admin/builder/spi-builder-workspace/.derivedData/Build/Intermediates.noindex/TextBuffer.build/Debug-xros/TextRope-t.build/Objects-normal/arm64/TextRope-OutputFileMap.json -save-temps -no-color-diagnostics -explicit-module-build -module-cache-path /Users/admin/builder/spi-builder-workspace/.derivedData/Build/Intermediates.noindex/SwiftExplicitPrecompiledModules -clang-scanner-module-cache-path /Users/admin/builder/spi-builder-workspace/.derivedData/ModuleCache.noindex -sdk-module-cache-path /Users/admin/builder/spi-builder-workspace/.derivedData/SDKExplicitPrecompiledModules -emit-dependencies -emit-module -emit-module-path /Users/admin/builder/spi-builder-workspace/.derivedData/Build/Intermediates.noindex/TextBuffer.build/Debug-xros/TextRope-t.build/Objects-normal/arm64/TextRope.swiftmodule -serialize-diagnostics -dependency-scan-serialize-diagnostics-path /Users/admin/builder/spi-builder-workspace/.derivedData/Build/Intermediates.noindex/TextBuffer.build/Debug-xros/TextRope-t.build/Objects-normal/arm64/TextRope-dependency-scan.dia -validate-clang-modules-once -clang-build-session-file /Users/admin/builder/spi-builder-workspace/.derivedData/ModuleCache.noindex/Session.modulevalidation -Xcc -fmodules-prune-interval\=86400 -Xcc -fmodules-prune-after\=345600 -package-name spi_builder_workspace -emit-const-values -const-gather-protocols-list /Users/admin/builder/spi-builder-workspace/.derivedData/Build/Intermediates.noindex/TextBuffer.build/Debug-xros/TextRope-t.build/Objects-normal/arm64/TextRope_const_extract_protocols.json -Xcc -I/Users/admin/builder/spi-builder-workspace/.derivedData/Build/Products/Debug-xros/include -Xcc -I/Users/admin/builder/spi-builder-workspace/.derivedData/Build/Intermediates.noindex/TextBuffer.build/Debug-xros/TextRope-t.build/DerivedSources-normal/arm64 -Xcc -I/Users/admin/builder/spi-builder-workspace/.derivedData/Build/Intermediates.noindex/TextBuffer.build/Debug-xros/TextRope-t.build/DerivedSources/arm64 -Xcc -I/Users/admin/builder/spi-builder-workspace/.derivedData/Build/Intermediates.noindex/TextBuffer.build/Debug-xros/TextRope-t.build/DerivedSources -Xcc -DSWIFT_PACKAGE -Xcc -DDEBUG\=1 -emit-objc-header -emit-objc-header-path /Users/admin/builder/spi-builder-workspace/.derivedData/Build/Intermediates.noindex/TextBuffer.build/Debug-xros/TextRope-t.build/Objects-normal/arm64/TextRope-Swift.h -working-directory /Users/admin/builder/spi-builder-workspace/.swiftpm/xcode -experimental-emit-module-separately -disable-cmo
SwiftDriverJobDiscovery normal arm64 Compiling TextRope+COW.swift (in target 'TextRope' from project 'TextBuffer')
SwiftMergeGeneratedHeaders /Users/admin/builder/spi-builder-workspace/.derivedData/Build/Intermediates.noindex/GeneratedModuleMaps-xros/TextRope-Swift.h /Users/admin/builder/spi-builder-workspace/.derivedData/Build/Intermediates.noindex/TextBuffer.build/Debug-xros/TextRope-t.build/Objects-normal/arm64/TextRope-Swift.h (in target 'TextRope' from project 'TextBuffer')
cd /Users/admin/builder/spi-builder-workspace
builtin-swiftHeaderTool -arch arm64 /Users/admin/builder/spi-builder-workspace/.derivedData/Build/Intermediates.noindex/TextBuffer.build/Debug-xros/TextRope-t.build/Objects-normal/arm64/TextRope-Swift.h -o /Users/admin/builder/spi-builder-workspace/.derivedData/Build/Intermediates.noindex/GeneratedModuleMaps-xros/TextRope-Swift.h
Copy /Users/admin/builder/spi-builder-workspace/.derivedData/Build/Products/Debug-xros/TextRope.swiftmodule/arm64-apple-xros.swiftmodule /Users/admin/builder/spi-builder-workspace/.derivedData/Build/Intermediates.noindex/TextBuffer.build/Debug-xros/TextRope-t.build/Objects-normal/arm64/TextRope.swiftmodule (in target 'TextRope' from project 'TextBuffer')
cd /Users/admin/builder/spi-builder-workspace
builtin-copy -exclude .DS_Store -exclude CVS -exclude .svn -exclude .git -exclude .hg -resolve-src-symlinks -rename /Users/admin/builder/spi-builder-workspace/.derivedData/Build/Intermediates.noindex/TextBuffer.build/Debug-xros/TextRope-t.build/Objects-normal/arm64/TextRope.swiftmodule /Users/admin/builder/spi-builder-workspace/.derivedData/Build/Products/Debug-xros/TextRope.swiftmodule/arm64-apple-xros.swiftmodule
Copy /Users/admin/builder/spi-builder-workspace/.derivedData/Build/Products/Debug-xros/TextRope.swiftmodule/arm64-apple-xros.swiftdoc /Users/admin/builder/spi-builder-workspace/.derivedData/Build/Intermediates.noindex/TextBuffer.build/Debug-xros/TextRope-t.build/Objects-normal/arm64/TextRope.swiftdoc (in target 'TextRope' from project 'TextBuffer')
cd /Users/admin/builder/spi-builder-workspace
builtin-copy -exclude .DS_Store -exclude CVS -exclude .svn -exclude .git -exclude .hg -resolve-src-symlinks -rename /Users/admin/builder/spi-builder-workspace/.derivedData/Build/Intermediates.noindex/TextBuffer.build/Debug-xros/TextRope-t.build/Objects-normal/arm64/TextRope.swiftdoc /Users/admin/builder/spi-builder-workspace/.derivedData/Build/Products/Debug-xros/TextRope.swiftmodule/arm64-apple-xros.swiftdoc
Copy /Users/admin/builder/spi-builder-workspace/.derivedData/Build/Products/Debug-xros/TextRope.swiftmodule/arm64-apple-xros.abi.json /Users/admin/builder/spi-builder-workspace/.derivedData/Build/Intermediates.noindex/TextBuffer.build/Debug-xros/TextRope-t.build/Objects-normal/arm64/TextRope.abi.json (in target 'TextRope' from project 'TextBuffer')
cd /Users/admin/builder/spi-builder-workspace
builtin-copy -exclude .DS_Store -exclude CVS -exclude .svn -exclude .git -exclude .hg -resolve-src-symlinks -rename /Users/admin/builder/spi-builder-workspace/.derivedData/Build/Intermediates.noindex/TextBuffer.build/Debug-xros/TextRope-t.build/Objects-normal/arm64/TextRope.abi.json /Users/admin/builder/spi-builder-workspace/.derivedData/Build/Products/Debug-xros/TextRope.swiftmodule/arm64-apple-xros.abi.json
SwiftDriverJobDiscovery normal arm64 Compiling TextRope+Replace.swift (in target 'TextRope' from project 'TextBuffer')
Copy /Users/admin/builder/spi-builder-workspace/.derivedData/Build/Products/Debug-xros/TextRope.swiftmodule/Project/arm64-apple-xros.swiftsourceinfo /Users/admin/builder/spi-builder-workspace/.derivedData/Build/Intermediates.noindex/TextBuffer.build/Debug-xros/TextRope-t.build/Objects-normal/arm64/TextRope.swiftsourceinfo (in target 'TextRope' from project 'TextBuffer')
cd /Users/admin/builder/spi-builder-workspace
builtin-copy -exclude .DS_Store -exclude CVS -exclude .svn -exclude .git -exclude .hg -resolve-src-symlinks -rename /Users/admin/builder/spi-builder-workspace/.derivedData/Build/Intermediates.noindex/TextBuffer.build/Debug-xros/TextRope-t.build/Objects-normal/arm64/TextRope.swiftsourceinfo /Users/admin/builder/spi-builder-workspace/.derivedData/Build/Products/Debug-xros/TextRope.swiftmodule/Project/arm64-apple-xros.swiftsourceinfo
SwiftDriverJobDiscovery normal arm64 Compiling TextRope.swift (in target 'TextRope' from project 'TextBuffer')
SwiftDriverJobDiscovery normal arm64 Compiling Node.swift (in target 'TextRope' from project 'TextBuffer')
SwiftDriver TextBuffer normal arm64 com.apple.xcode.tools.swift.compiler (in target 'TextBuffer' from project 'TextBuffer')
cd /Users/admin/builder/spi-builder-workspace/.swiftpm/xcode
builtin-SwiftDriver -- /Applications/Xcode-27.0.0-Release.Candidate.app/Contents/Developer/Toolchains/XcodeDefault.xctoolchain/usr/bin/swiftc -parse-as-library -module-name TextBuffer -Onone @/Users/admin/builder/spi-builder-workspace/.derivedData/Build/Intermediates.noindex/TextBuffer.build/Debug-xros/TextBuffer-t.build/Objects-normal/arm64/TextBuffer.SwiftFileList -DSWIFT_PACKAGE -DDEBUG -DSWIFT_MODULE_RESOURCE_BUNDLE_UNAVAILABLE -DXcode -plugin-path /Applications/Xcode-27.0.0-Release.Candidate.app/Contents/Developer/Toolchains/XcodeDefault.xctoolchain/usr/lib/swift/host/plugins/testing -enable-experimental-feature DebugDescriptionMacro -sdk /Applications/Xcode-27.0.0-Release.Candidate.app/Contents/Developer/Platforms/XROS.platform/Developer/SDKs/XROS27.0.sdk -target arm64-apple-xros1.0 -g -module-cache-path /Users/admin/builder/spi-builder-workspace/.derivedData/ModuleCache.noindex -Xfrontend -serialize-debugging-options -profile-coverage-mapping -profile-generate -enable-testing -index-store-path /Users/admin/builder/spi-builder-workspace/.derivedData/Index.noindex/DataStore -Xcc -D_LIBCPP_HARDENING_MODE\=_LIBCPP_HARDENING_MODE_DEBUG -swift-version 6 -I /Users/admin/builder/spi-builder-workspace/.derivedData/Build/Products/Debug-xros -Isystem /Applications/Xcode-27.0.0-Release.Candidate.app/Contents/Developer/Platforms/XROS.platform/Developer/usr/lib -F /Users/admin/builder/spi-builder-workspace/.derivedData/Build/Products/Debug-xros/PackageFrameworks -F /Users/admin/builder/spi-builder-workspace/.derivedData/Build/Products/Debug-xros -F /Applications/Xcode-27.0.0-Release.Candidate.app/Contents/Developer/Platforms/XROS.platform/Developer/Library/Frameworks -F /Applications/Xcode-27.0.0-Release.Candidate.app/Contents/Developer/Platforms/XROS.platform/Developer/SDKs/XROS27.0.sdk/Developer/Library/Frameworks -c -j10 -enable-batch-mode -incremental -Xcc -ivfsstatcache -Xcc /Users/admin/builder/spi-builder-workspace/.derivedData/SDKStatCaches.noindex/xros27.0-24M361-e829b21a6f8c9b70876ba0858053c044735bd543db762f57723cac368afd1ce4.sdkstatcache -output-file-map /Users/admin/builder/spi-builder-workspace/.derivedData/Build/Intermediates.noindex/TextBuffer.build/Debug-xros/TextBuffer-t.build/Objects-normal/arm64/TextBuffer-OutputFileMap.json -save-temps -no-color-diagnostics -explicit-module-build -module-cache-path /Users/admin/builder/spi-builder-workspace/.derivedData/Build/Intermediates.noindex/SwiftExplicitPrecompiledModules -clang-scanner-module-cache-path /Users/admin/builder/spi-builder-workspace/.derivedData/ModuleCache.noindex -sdk-module-cache-path /Users/admin/builder/spi-builder-workspace/.derivedData/SDKExplicitPrecompiledModules -emit-dependencies -emit-module -emit-module-path /Users/admin/builder/spi-builder-workspace/.derivedData/Build/Intermediates.noindex/TextBuffer.build/Debug-xros/TextBuffer-t.build/Objects-normal/arm64/TextBuffer.swiftmodule -serialize-diagnostics -dependency-scan-serialize-diagnostics-path /Users/admin/builder/spi-builder-workspace/.derivedData/Build/Intermediates.noindex/TextBuffer.build/Debug-xros/TextBuffer-t.build/Objects-normal/arm64/TextBuffer-dependency-scan.dia -validate-clang-modules-once -clang-build-session-file /Users/admin/builder/spi-builder-workspace/.derivedData/ModuleCache.noindex/Session.modulevalidation -Xcc -fmodules-prune-interval\=86400 -Xcc -fmodules-prune-after\=345600 -package-name spi_builder_workspace -emit-const-values -const-gather-protocols-list /Users/admin/builder/spi-builder-workspace/.derivedData/Build/Intermediates.noindex/TextBuffer.build/Debug-xros/TextBuffer-t.build/Objects-normal/arm64/TextBuffer_const_extract_protocols.json -Xcc -I/Users/admin/builder/spi-builder-workspace/.derivedData/Build/Products/Debug-xros/include -Xcc -I/Users/admin/builder/spi-builder-workspace/.derivedData/Build/Intermediates.noindex/TextBuffer.build/Debug-xros/TextBuffer-t.build/DerivedSources-normal/arm64 -Xcc -I/Users/admin/builder/spi-builder-workspace/.derivedData/Build/Intermediates.noindex/TextBuffer.build/Debug-xros/TextBuffer-t.build/DerivedSources/arm64 -Xcc -I/Users/admin/builder/spi-builder-workspace/.derivedData/Build/Intermediates.noindex/TextBuffer.build/Debug-xros/TextBuffer-t.build/DerivedSources -Xcc -DSWIFT_PACKAGE -Xcc -DDEBUG\=1 -emit-objc-header -emit-objc-header-path /Users/admin/builder/spi-builder-workspace/.derivedData/Build/Intermediates.noindex/TextBuffer.build/Debug-xros/TextBuffer-t.build/Objects-normal/arm64/TextBuffer-Swift.h -working-directory /Users/admin/builder/spi-builder-workspace/.swiftpm/xcode -experimental-emit-module-separately -disable-cmo
SwiftDriverJobDiscovery normal arm64 Compiling TextRope+Delete.swift (in target 'TextRope' from project 'TextBuffer')
SwiftDriverJobDiscovery normal arm64 Compiling TextRope+Construction.swift (in target 'TextRope' from project 'TextBuffer')
SwiftDriverJobDiscovery normal arm64 Compiling Summary.swift (in target 'TextRope' from project 'TextBuffer')
SwiftDriverJobDiscovery normal arm64 Compiling TextRope+Navigation.swift (in target 'TextRope' from project 'TextBuffer')
SwiftDriverJobDiscovery normal arm64 Compiling TextRope+Insert.swift (in target 'TextRope' from project 'TextBuffer')
SwiftDriverJobDiscovery normal arm64 Compiling Node+Merge.swift, Node+Split.swift (in target 'TextRope' from project 'TextBuffer')
SwiftDriver\ Compilation TextRope normal arm64 com.apple.xcode.tools.swift.compiler (in target 'TextRope' from project 'TextBuffer')
cd /Users/admin/builder/spi-builder-workspace/.swiftpm/xcode
builtin-Swift-Compilation -- /Applications/Xcode-27.0.0-Release.Candidate.app/Contents/Developer/Toolchains/XcodeDefault.xctoolchain/usr/bin/swiftc -parse-as-library -module-name TextRope -Onone @/Users/admin/builder/spi-builder-workspace/.derivedData/Build/Intermediates.noindex/TextBuffer.build/Debug-xros/TextRope-t.build/Objects-normal/arm64/TextRope.SwiftFileList -DSWIFT_PACKAGE -DDEBUG -DSWIFT_MODULE_RESOURCE_BUNDLE_UNAVAILABLE -DXcode -plugin-path /Applications/Xcode-27.0.0-Release.Candidate.app/Contents/Developer/Toolchains/XcodeDefault.xctoolchain/usr/lib/swift/host/plugins/testing -enable-experimental-feature DebugDescriptionMacro -sdk /Applications/Xcode-27.0.0-Release.Candidate.app/Contents/Developer/Platforms/XROS.platform/Developer/SDKs/XROS27.0.sdk -target arm64-apple-xros1.0 -g -module-cache-path /Users/admin/builder/spi-builder-workspace/.derivedData/ModuleCache.noindex -Xfrontend -serialize-debugging-options -profile-coverage-mapping -profile-generate -enable-testing -index-store-path /Users/admin/builder/spi-builder-workspace/.derivedData/Index.noindex/DataStore -Xcc -D_LIBCPP_HARDENING_MODE\=_LIBCPP_HARDENING_MODE_DEBUG -swift-version 6 -I /Users/admin/builder/spi-builder-workspace/.derivedData/Build/Products/Debug-xros -Isystem /Applications/Xcode-27.0.0-Release.Candidate.app/Contents/Developer/Platforms/XROS.platform/Developer/usr/lib -F /Users/admin/builder/spi-builder-workspace/.derivedData/Build/Products/Debug-xros -F /Applications/Xcode-27.0.0-Release.Candidate.app/Contents/Developer/Platforms/XROS.platform/Developer/Library/Frameworks -F /Applications/Xcode-27.0.0-Release.Candidate.app/Contents/Developer/Platforms/XROS.platform/Developer/SDKs/XROS27.0.sdk/Developer/Library/Frameworks -c -j10 -enable-batch-mode -incremental -Xcc -ivfsstatcache -Xcc /Users/admin/builder/spi-builder-workspace/.derivedData/SDKStatCaches.noindex/xros27.0-24M361-e829b21a6f8c9b70876ba0858053c044735bd543db762f57723cac368afd1ce4.sdkstatcache -output-file-map /Users/admin/builder/spi-builder-workspace/.derivedData/Build/Intermediates.noindex/TextBuffer.build/Debug-xros/TextRope-t.build/Objects-normal/arm64/TextRope-OutputFileMap.json -save-temps -no-color-diagnostics -explicit-module-build -module-cache-path /Users/admin/builder/spi-builder-workspace/.derivedData/Build/Intermediates.noindex/SwiftExplicitPrecompiledModules -clang-scanner-module-cache-path /Users/admin/builder/spi-builder-workspace/.derivedData/ModuleCache.noindex -sdk-module-cache-path /Users/admin/builder/spi-builder-workspace/.derivedData/SDKExplicitPrecompiledModules -emit-dependencies -emit-module -emit-module-path /Users/admin/builder/spi-builder-workspace/.derivedData/Build/Intermediates.noindex/TextBuffer.build/Debug-xros/TextRope-t.build/Objects-normal/arm64/TextRope.swiftmodule -serialize-diagnostics -dependency-scan-serialize-diagnostics-path /Users/admin/builder/spi-builder-workspace/.derivedData/Build/Intermediates.noindex/TextBuffer.build/Debug-xros/TextRope-t.build/Objects-normal/arm64/TextRope-dependency-scan.dia -validate-clang-modules-once -clang-build-session-file /Users/admin/builder/spi-builder-workspace/.derivedData/ModuleCache.noindex/Session.modulevalidation -Xcc -fmodules-prune-interval\=86400 -Xcc -fmodules-prune-after\=345600 -package-name spi_builder_workspace -emit-const-values -const-gather-protocols-list /Users/admin/builder/spi-builder-workspace/.derivedData/Build/Intermediates.noindex/TextBuffer.build/Debug-xros/TextRope-t.build/Objects-normal/arm64/TextRope_const_extract_protocols.json -Xcc -I/Users/admin/builder/spi-builder-workspace/.derivedData/Build/Products/Debug-xros/include -Xcc -I/Users/admin/builder/spi-builder-workspace/.derivedData/Build/Intermediates.noindex/TextBuffer.build/Debug-xros/TextRope-t.build/DerivedSources-normal/arm64 -Xcc -I/Users/admin/builder/spi-builder-workspace/.derivedData/Build/Intermediates.noindex/TextBuffer.build/Debug-xros/TextRope-t.build/DerivedSources/arm64 -Xcc -I/Users/admin/builder/spi-builder-workspace/.derivedData/Build/Intermediates.noindex/TextBuffer.build/Debug-xros/TextRope-t.build/DerivedSources -Xcc -DSWIFT_PACKAGE -Xcc -DDEBUG\=1 -emit-objc-header -emit-objc-header-path /Users/admin/builder/spi-builder-workspace/.derivedData/Build/Intermediates.noindex/TextBuffer.build/Debug-xros/TextRope-t.build/Objects-normal/arm64/TextRope-Swift.h -working-directory /Users/admin/builder/spi-builder-workspace/.swiftpm/xcode -experimental-emit-module-separately -disable-cmo
Ld /Users/admin/builder/spi-builder-workspace/.derivedData/Build/Products/Debug-xros/TextRope.o normal (in target 'TextRope' from project 'TextBuffer')
cd /Users/admin/builder/spi-builder-workspace
/Applications/Xcode-27.0.0-Release.Candidate.app/Contents/Developer/Toolchains/XcodeDefault.xctoolchain/usr/bin/clang -Xlinker -reproducible -target arm64-apple-xros1.0 -r -isysroot /Applications/Xcode-27.0.0-Release.Candidate.app/Contents/Developer/Platforms/XROS.platform/Developer/SDKs/XROS27.0.sdk -O0 -Xlinker -no_warn_duplicate_libraries -F/Users/admin/builder/spi-builder-workspace/.derivedData/Build/Intermediates.noindex/EagerLinkingTBDs/Debug-xros -F/Users/admin/builder/spi-builder-workspace/.derivedData/Build/Products/Debug-xros -iframework /Applications/Xcode-27.0.0-Release.Candidate.app/Contents/Developer/Platforms/XROS.platform/Developer/Library/Frameworks -iframework /Applications/Xcode-27.0.0-Release.Candidate.app/Contents/Developer/Platforms/XROS.platform/Developer/SDKs/XROS27.0.sdk/Developer/Library/Frameworks -filelist /Users/admin/builder/spi-builder-workspace/.derivedData/Build/Intermediates.noindex/TextBuffer.build/Debug-xros/TextRope-t.build/Objects-normal/arm64/TextRope.LinkFileList -nostdlib -Xlinker -object_path_lto -Xlinker /Users/admin/builder/spi-builder-workspace/.derivedData/Build/Intermediates.noindex/TextBuffer.build/Debug-xros/TextRope-t.build/Objects-normal/arm64/TextRope_lto.o -Xlinker -no_deduplicate -Xlinker -debug_variant -Xlinker -dependency_info -Xlinker /Users/admin/builder/spi-builder-workspace/.derivedData/Build/Intermediates.noindex/TextBuffer.build/Debug-xros/TextRope-t.build/Objects-normal/arm64/TextRope_dependency_info.dat -fobjc-link-runtime -L/Applications/Xcode-27.0.0-Release.Candidate.app/Contents/Developer/Toolchains/XcodeDefault.xctoolchain/usr/lib/swift/xros -L/usr/lib/swift -Xlinker -add_ast_path -Xlinker /Users/admin/builder/spi-builder-workspace/.derivedData/Build/Intermediates.noindex/TextBuffer.build/Debug-xros/TextRope-t.build/Objects-normal/arm64/TextRope.swiftmodule -o /Users/admin/builder/spi-builder-workspace/.derivedData/Build/Products/Debug-xros/TextRope.o
ExtractAppIntentsMetadata (in target 'TextRope' from project 'TextBuffer')
cd /Users/admin/builder/spi-builder-workspace
/Applications/Xcode-27.0.0-Release.Candidate.app/Contents/Developer/Toolchains/XcodeDefault.xctoolchain/usr/bin/appintentsmetadataprocessor --toolchain-dir /var/run/com.apple.security.cryptexd/mnt/com.apple.MobileAsset.MetalToolchain-v27.1.266.1.unwiaz/Metal.xctoolchain --module-name TextRope --sdk-root /Applications/Xcode-27.0.0-Release.Candidate.app/Contents/Developer/Platforms/XROS.platform/Developer/SDKs/XROS27.0.sdk --xcode-version 27A266a --platform-family xrOS --deployment-target 1.0 --bundle-identifier spi-builder-workspace.TextRope --output /Users/admin/builder/spi-builder-workspace/.derivedData/Build/Products/Debug-xros/TextRope.appintents --target-triple arm64-apple-xros1.0 --binary-file /Users/admin/builder/spi-builder-workspace/.derivedData/Build/Products/Debug-xros/TextRope.o --dependency-file /Users/admin/builder/spi-builder-workspace/.derivedData/Build/Intermediates.noindex/TextBuffer.build/Debug-xros/TextRope-t.build/Objects-normal/arm64/TextRope_dependency_info.dat --stringsdata-file /Users/admin/builder/spi-builder-workspace/.derivedData/Build/Intermediates.noindex/TextBuffer.build/Debug-xros/TextRope-t.build/Objects-normal/arm64/ExtractedAppShortcutsMetadata.stringsdata --source-file-list /Users/admin/builder/spi-builder-workspace/.derivedData/Build/Intermediates.noindex/TextBuffer.build/Debug-xros/TextRope-t.build/Objects-normal/arm64/TextRope.SwiftFileList --metadata-file-list /Users/admin/builder/spi-builder-workspace/.derivedData/Build/Intermediates.noindex/TextBuffer.build/Debug-xros/TextRope-t.build/TextRope.DependencyMetadataFileList --static-metadata-file-list /Users/admin/builder/spi-builder-workspace/.derivedData/Build/Intermediates.noindex/TextBuffer.build/Debug-xros/TextRope-t.build/TextRope.DependencyStaticMetadataFileList --swift-const-vals-list /Users/admin/builder/spi-builder-workspace/.derivedData/Build/Intermediates.noindex/TextBuffer.build/Debug-xros/TextRope-t.build/Objects-normal/arm64/TextRope.SwiftConstValuesFileList --force --compile-time-extraction --deployment-aware-processing --no-app-shortcuts-localization
2026-09-26 16:56:36.082 appintentsmetadataprocessor[695:4337] Starting appintentsmetadataprocessor export
2026-09-26 16:56:36.172 appintentsmetadataprocessor[695:4337] Extracted no relevant App Intents symbols, skipping writing output
SwiftExplicitDependencyGeneratePcm arm64 /Users/admin/builder/spi-builder-workspace/.derivedData/SDKExplicitPrecompiledModules/_Builtin_float-1J8SO31WACP82RKV0LOTRKG39.pcm
SwiftExplicitDependencyGeneratePcm arm64 /Users/admin/builder/spi-builder-workspace/.derivedData/SDKExplicitPrecompiledModules/_Builtin_stdarg-62NPPE4D8O3BNLU35D74TGLVQ.pcm
SwiftExplicitDependencyGeneratePcm arm64 /Users/admin/builder/spi-builder-workspace/.derivedData/SDKExplicitPrecompiledModules/ptrauth-9Q1PN7OTQZN7B0Z9D7V7Q8UB1.pcm
SwiftExplicitDependencyGeneratePcm arm64 /Users/admin/builder/spi-builder-workspace/.derivedData/SDKExplicitPrecompiledModules/_Builtin_stddef-2IE0R9M96I5XG0WY72N2UIQ8V.pcm
SwiftExplicitDependencyGeneratePcm arm64 /Users/admin/builder/spi-builder-workspace/.derivedData/SDKExplicitPrecompiledModules/_Builtin_stdbool-1Q6BTYNEVHC9M74WL5O5GJ1ZM.pcm
SwiftExplicitDependencyGeneratePcm arm64 /Users/admin/builder/spi-builder-workspace/.derivedData/SDKExplicitPrecompiledModules/ptrcheck-98Y8DWD0HPCMRMDFKAEZCA81O.pcm
SwiftExplicitDependencyGeneratePcm arm64 /Users/admin/builder/spi-builder-workspace/.derivedData/SDKExplicitPrecompiledModules/_AvailabilityInternal-6BH9T8OE123ARKKFOJFR111NS.pcm
SwiftExplicitDependencyGeneratePcm arm64 /Users/admin/builder/spi-builder-workspace/.derivedData/SDKExplicitPrecompiledModules/_DarwinFoundation1-AVZIQZ8HOAUXTT5CXVE5TNG7E.pcm
SwiftExplicitDependencyGeneratePcm arm64 /Users/admin/builder/spi-builder-workspace/.derivedData/SDKExplicitPrecompiledModules/_DarwinFoundation2-E0NXA4K8N3W3XTJG0EDH15WR2.pcm
SwiftExplicitDependencyGeneratePcm arm64 /Users/admin/builder/spi-builder-workspace/.derivedData/SDKExplicitPrecompiledModules/_Builtin_limits-599EXAY0E7DPK78D1JASUXYCQ.pcm
SwiftExplicitDependencyGeneratePcm arm64 /Users/admin/builder/spi-builder-workspace/.derivedData/SDKExplicitPrecompiledModules/sys_types-A3BBS6FJZK4C974FRQ5ZCTND7.pcm
SwiftExplicitDependencyGeneratePcm arm64 /Users/admin/builder/spi-builder-workspace/.derivedData/SDKExplicitPrecompiledModules/_Builtin_stdint-F1DLW8WMMSOC414RWOQWK8OS8.pcm
SwiftExplicitDependencyGeneratePcm arm64 /Users/admin/builder/spi-builder-workspace/.derivedData/SDKExplicitPrecompiledModules/string_h-BGPLTZ4H9HACR813QKF6VS72D.pcm
SwiftExplicitDependencyGeneratePcm arm64 /Users/admin/builder/spi-builder-workspace/.derivedData/SDKExplicitPrecompiledModules/_DarwinFoundation3-C1P0SZMW1CBYZ1956G2WPAGVQ.pcm
SwiftExplicitDependencyGeneratePcm arm64 /Users/admin/builder/spi-builder-workspace/.derivedData/SDKExplicitPrecompiledModules/_Builtin_inttypes-9DU9NJC5HKVLIXJ97CZROETBU.pcm
SwiftExplicitDependencyGeneratePcm arm64 /Users/admin/builder/spi-builder-workspace/.derivedData/SDKExplicitPrecompiledModules/Darwin-ET1KOXI5QIB2QZ81K0LJ5SCNP.pcm
SwiftExplicitDependencyGeneratePcm arm64 /Users/admin/builder/spi-builder-workspace/.derivedData/SDKExplicitPrecompiledModules/ObjectiveC-7UYOWV2RO2CMEGURP3Y7WLPAT.pcm
SwiftExplicitDependencyGeneratePcm arm64 /Users/admin/builder/spi-builder-workspace/.derivedData/SDKExplicitPrecompiledModules/os_object-A49MUZWNB60JKCX0NMFXESEZD.pcm
SwiftExplicitDependencyGeneratePcm arm64 /Users/admin/builder/spi-builder-workspace/.derivedData/SDKExplicitPrecompiledModules/os_workgroup-1J3Q9ELSMX5271913GPIT75QV.pcm
SwiftExplicitDependencyGeneratePcm arm64 /Users/admin/builder/spi-builder-workspace/.derivedData/SDKExplicitPrecompiledModules/Dispatch-7TDXDXPVVCZ0IQLPT2W4Z1AW3.pcm
SwiftExplicitDependencyGeneratePcm arm64 /Users/admin/builder/spi-builder-workspace/.derivedData/SDKExplicitPrecompiledModules/CoreFoundation-5D49BF05JAG3T79HLXZS0QOEB.pcm
SwiftExplicitDependencyGeneratePcm arm64 /Users/admin/builder/spi-builder-workspace/.derivedData/SDKExplicitPrecompiledModules/XPC-1U8J3QOEPI1JREQTBJYCK4Z2Z.pcm
SwiftExplicitDependencyGeneratePcm arm64 /Users/admin/builder/spi-builder-workspace/.derivedData/SDKExplicitPrecompiledModules/Security-4BDO3J0PXFNR7ZRKSDSXCO6IM.pcm
SwiftExplicitDependencyGeneratePcm arm64 /Users/admin/builder/spi-builder-workspace/.derivedData/SDKExplicitPrecompiledModules/CFNetwork-8XNJAT23SK5D0OET9NV9X387I.pcm
SwiftExplicitDependencyGeneratePcm arm64 /Users/admin/builder/spi-builder-workspace/.derivedData/SDKExplicitPrecompiledModules/Foundation-48S9SVOOX01R4NP8KF0LJG57Z.pcm
SwiftEmitModule normal arm64 Emitting\ module\ for\ TextBuffer (in target 'TextBuffer' from project 'TextBuffer')
/Users/admin/builder/spi-builder-workspace/Sources/TextBuffer/Buffer/Undoable+NSTextViewBuffer.swift:3:34: error: cannot find type 'NSTextViewBuffer' in scope
1 | // Copyright © 2024 Christian Tietze. All rights reserved. Distributed under the MIT License.
2 |
3 | extension Undoable where Base == NSTextViewBuffer {
| `- error: cannot find type 'NSTextViewBuffer' in scope
4 | /// Wraps `base` to support automatic undo/redo of buffer mutations with the default undo manager of the `NSTextView`.
5 | ///
/Users/admin/builder/spi-builder-workspace/Sources/TextBuffer/Buffer/Undoable+NSTextViewBuffer.swift:10:17: error: cannot find type 'NSTextViewBuffer' in scope
8 | /// This behavior can be tweaked by setting the `undoManager` on the enclosing document directly, or by implementing [`NSWindowDelegate.windowWillReturnUndoManager(_:)`](https://developer.apple.com/documentation/appkit/nswindowdelegate/1419745-windowwillreturnundomanager) to return `UndoManager` instances you manage yourself.
9 | public convenience init(
10 | _ base: NSTextViewBuffer
| `- error: cannot find type 'NSTextViewBuffer' in scope
11 | ) {
12 | self.init(base) {
/Users/admin/builder/spi-builder-workspace/Sources/TextBuffer/Buffer/Undoable+NSTextViewBuffer.swift:18:11: error: cannot find type 'NSTextViewBuffer' in scope
16 | }
17 |
18 | extension NSTextViewBuffer {
| `- error: cannot find type 'NSTextViewBuffer' in scope
19 | /// Buffer with the system's default undo/redo support (which is usually delegating to the `NSWindow` or `NSDocument`).
20 | public var undoable: Undoable<NSTextViewBuffer> { Undoable(self) }
Failed frontend command:
SwiftCompile normal arm64 (in target 'TextBuffer' from project 'TextBuffer')
cd /Users/admin/builder/spi-builder-workspace/.swiftpm/xcode
/Applications/Xcode-27.0.0-Release.Candidate.app/Contents/Developer/Toolchains/XcodeDefault.xctoolchain/usr/bin/swift-frontend -frontend -emit-module -experimental-skip-non-inlinable-function-bodies-without-types /Users/admin/builder/spi-builder-workspace/Sources/TextBuffer/Bool+inverted.swift /Users/admin/builder/spi-builder-workspace/Sources/TextBuffer/Buffer/AsyncBuffer.swift /Users/admin/builder/spi-builder-workspace/Sources/TextBuffer/Buffer/Buffer+contains.swift /Users/admin/builder/spi-builder-workspace/Sources/TextBuffer/Buffer/Buffer+wordRange.swift /Users/admin/builder/spi-builder-workspace/Sources/TextBuffer/Buffer/Buffer.swift /Users/admin/builder/spi-builder-workspace/Sources/TextBuffer/Buffer/BufferAccessFailure.swift /Users/admin/builder/spi-builder-workspace/Sources/TextBuffer/Buffer/BufferContent.swift /Users/admin/builder/spi-builder-workspace/Sources/TextBuffer/Buffer/BufferRange.swift /Users/admin/builder/spi-builder-workspace/Sources/TextBuffer/Buffer/MutableStringBuffer.swift /Users/admin/builder/spi-builder-workspace/Sources/TextBuffer/Buffer/NSMutableString+BufferCompatibility.swift /Users/admin/builder/spi-builder-workspace/Sources/TextBuffer/Buffer/NSTextViewBuffer.swift /Users/admin/builder/spi-builder-workspace/Sources/TextBuffer/Buffer/NSTextViewOperationLogBridge.swift /Users/admin/builder/spi-builder-workspace/Sources/TextBuffer/Buffer/PuppetUndoManager.swift /Users/admin/builder/spi-builder-workspace/Sources/TextBuffer/Buffer/RopeBuffer.swift /Users/admin/builder/spi-builder-workspace/Sources/TextBuffer/Buffer/SendableRopeBuffer+Conversion.swift /Users/admin/builder/spi-builder-workspace/Sources/TextBuffer/Buffer/SendableRopeBuffer.swift /Users/admin/builder/spi-builder-workspace/Sources/TextBuffer/Buffer/TextAnalysisCapable.swift /Users/admin/builder/spi-builder-workspace/Sources/TextBuffer/Buffer/TextBuffer.swift /Users/admin/builder/spi-builder-workspace/Sources/TextBuffer/Buffer/TransferableUndoable.swift /Users/admin/builder/spi-builder-workspace/Sources/TextBuffer/Buffer/UTF16.swift /Users/admin/builder/spi-builder-workspace/Sources/TextBuffer/Buffer/Undoable+NSTextViewBuffer.swift /Users/admin/builder/spi-builder-workspace/Sources/TextBuffer/Buffer/Undoable.swift /Users/admin/builder/spi-builder-workspace/Sources/TextBuffer/Exports.swift /Users/admin/builder/spi-builder-workspace/Sources/TextBuffer/NSRange+Order.swift /Users/admin/builder/spi-builder-workspace/Sources/TextBuffer/NSRange+Resized.swift /Users/admin/builder/spi-builder-workspace/Sources/TextBuffer/NSRange+Shifted.swift /Users/admin/builder/spi-builder-workspace/Sources/TextBuffer/NSRange+Subtracting.swift /Users/admin/builder/spi-builder-workspace/Sources/TextBuffer/NSRange+containsRange.swift /Users/admin/builder/spi-builder-workspace/Sources/TextBuffer/NSRange+expandedToOther.swift /Users/admin/builder/spi-builder-workspace/Sources/TextBuffer/NSRange+notFound.swift /Users/admin/builder/spi-builder-workspace/Sources/TextBuffer/NSRange+prefix.swift /Users/admin/builder/spi-builder-workspace/Sources/TextBuffer/NSRange+suffix.swift /Users/admin/builder/spi-builder-workspace/Sources/TextBuffer/NSString+locationUpToCharacter.swift /Users/admin/builder/spi-builder-workspace/Sources/TextBuffer/OperationLog/BufferOperation.swift /Users/admin/builder/spi-builder-workspace/Sources/TextBuffer/OperationLog/OperationLog.swift /Users/admin/builder/spi-builder-workspace/Sources/TextBuffer/OperationLog/UndoGroup.swift /Users/admin/builder/spi-builder-workspace/Sources/TextBuffer/TextRope+ComposedSequences.swift /Users/admin/builder/spi-builder-workspace/Sources/TextBuffer/TextRope+LineRange.swift /Users/admin/builder/spi-builder-workspace/Sources/TextBuffer/TextRope+NSRange.swift /Users/admin/builder/spi-builder-workspace/Sources/TextBuffer/TextRope+WordRange.swift -target arm64-apple-xros1.0 -disable-cross-import-overlay-search -load-resolved-plugin /Applications/Xcode-27.0.0-Release.Candidate.app/Contents/Developer/Platforms/XROS.platform/Developer/usr/lib/swift/host/plugins/libFoundationMacros.dylib\#/Applications/Xcode-27.0.0-Release.Candidate.app/Contents/Developer/Platforms/XROS.platform/Developer/usr/bin/swift-plugin-server\#FoundationMacros -load-resolved-plugin /Applications/Xcode-27.0.0-Release.Candidate.app/Contents/Developer/Platforms/XROS.platform/Developer/usr/lib/swift/host/plugins/libObservationMacros.dylib\#/Applications/Xcode-27.0.0-Release.Candidate.app/Contents/Developer/Platforms/XROS.platform/Developer/usr/bin/swift-plugin-server\#ObservationMacros -load-resolved-plugin /Applications/Xcode-27.0.0-Release.Candidate.app/Contents/Developer/Platforms/XROS.platform/Developer/usr/lib/swift/host/plugins/libSwiftMacros.dylib\#/Applications/Xcode-27.0.0-Release.Candidate.app/Contents/Developer/Platforms/XROS.platform/Developer/usr/bin/swift-plugin-server\#SwiftMacros -disable-implicit-swift-modules -Xcc -fno-implicit-modules -Xcc -fno-implicit-module-maps -explicit-swift-module-map-file /Users/admin/builder/spi-builder-workspace/.derivedData/Build/Intermediates.noindex/TextBuffer.build/Debug-xros/TextBuffer-t.build/Objects-normal/arm64/TextBuffer-dependencies-1.json -Xllvm -aarch64-use-tbi -enable-objc-interop -stack-check -sdk /Applications/Xcode-27.0.0-Release.Candidate.app/Contents/Developer/Platforms/XROS.platform/Developer/SDKs/XROS27.0.sdk -I /Users/admin/builder/spi-builder-workspace/.derivedData/Build/Products/Debug-xros -Isystem /Applications/Xcode-27.0.0-Release.Candidate.app/Contents/Developer/Platforms/XROS.platform/Developer/usr/lib -F /Users/admin/builder/spi-builder-workspace/.derivedData/Build/Products/Debug-xros/PackageFrameworks -F /Users/admin/builder/spi-builder-workspace/.derivedData/Build/Products/Debug-xros -F /Applications/Xcode-27.0.0-Release.Candidate.app/Contents/Developer/Platforms/XROS.platform/Developer/Library/Frameworks -F /Applications/Xcode-27.0.0-Release.Candidate.app/Contents/Developer/Platforms/XROS.platform/Developer/SDKs/XROS27.0.sdk/Developer/Library/Frameworks -module-cache-path /Users/admin/builder/spi-builder-workspace/.derivedData/Build/Intermediates.noindex/SwiftExplicitPrecompiledModules -no-color-diagnostics -Xcc -fno-color-diagnostics -enable-testing -g -debug-info-format\=dwarf -dwarf-version\=4 -profile-generate -profile-coverage-mapping -swift-version 6 -Onone -D SWIFT_PACKAGE -D DEBUG -D SWIFT_MODULE_RESOURCE_BUNDLE_UNAVAILABLE -D Xcode -serialize-debugging-options -enable-experimental-feature DebugDescriptionMacro -empty-abi-descriptor -validate-clang-modules-once -clang-build-session-file /Users/admin/builder/spi-builder-workspace/.derivedData/ModuleCache.noindex/Session.modulevalidation -Xcc -working-directory -Xcc /Users/admin/builder/spi-builder-workspace/.swiftpm/xcode -enable-anonymous-context-mangled-names -file-compilation-dir /Users/admin/builder/spi-builder-workspace/.swiftpm/xcode -Xcc -D_LIBCPP_HARDENING_MODE\=_LIBCPP_HARDENING_MODE_DEBUG -Xcc -ivfsstatcache -Xcc /Users/admin/builder/spi-builder-workspace/.derivedData/SDKStatCaches.noindex/xros27.0-24M361-e829b21a6f8c9b70876ba0858053c044735bd543db762f57723cac368afd1ce4.sdkstatcache -Xcc -fmodules-prune-interval\=86400 -Xcc -fmodules-prune-after\=345600 -Xcc -I/Users/admin/builder/spi-builder-workspace/.derivedData/Build/Products/Debug-xros/include -Xcc -I/Users/admin/builder/spi-builder-workspace/.derivedData/Build/Intermediates.noindex/TextBuffer.build/Debug-xros/TextBuffer-t.build/DerivedSources-normal/arm64 -Xcc -I/Users/admin/builder/spi-builder-workspace/.derivedData/Build/Intermediates.noindex/TextBuffer.build/Debug-xros/TextBuffer-t.build/DerivedSources/arm64 -Xcc -I/Users/admin/builder/spi-builder-workspace/.derivedData/Build/Intermediates.noindex/TextBuffer.build/Debug-xros/TextBuffer-t.build/DerivedSources -Xcc -DSWIFT_PACKAGE -Xcc -DDEBUG\=1 -no-auto-bridging-header-chaining -module-name TextBuffer -package-name spi_builder_workspace -const-gather-protocols-file /Users/admin/builder/spi-builder-workspace/.derivedData/Build/Intermediates.noindex/TextBuffer.build/Debug-xros/TextBuffer-t.build/Objects-normal/arm64/TextBuffer_const_extract_protocols.json -disable-clang-spi -clang-target arm64-apple-xros27.0 -target-sdk-version 27.0 -target-sdk-name xros27.0 -in-process-plugin-server-path /Applications/Xcode-27.0.0-Release.Candidate.app/Contents/Developer/Toolchains/XcodeDefault.xctoolchain/usr/lib/swift/host/libSwiftInProcPluginServer.dylib -emit-module-doc-path /Users/admin/builder/spi-builder-workspace/.derivedData/Build/Intermediates.noindex/TextBuffer.build/Debug-xros/TextBuffer-t.build/Objects-normal/arm64/TextBuffer.swiftdoc -emit-module-source-info-path /Users/admin/builder/spi-builder-workspace/.derivedData/Build/Intermediates.noindex/TextBuffer.build/Debug-xros/TextBuffer-t.build/Objects-normal/arm64/TextBuffer.swiftsourceinfo -emit-objc-header-path /Users/admin/builder/spi-builder-workspace/.derivedData/Build/Intermediates.noindex/TextBuffer.build/Debug-xros/TextBuffer-t.build/Objects-normal/arm64/TextBuffer-Swift.h -serialize-diagnostics-path /Users/admin/builder/spi-builder-workspace/.derivedData/Build/Intermediates.noindex/TextBuffer.build/Debug-xros/TextBuffer-t.build/Objects-normal/arm64/TextBuffer-primary-emit-module.dia -emit-dependencies-path /Users/admin/builder/spi-builder-workspace/.derivedData/Build/Intermediates.noindex/TextBuffer.build/Debug-xros/TextBuffer-t.build/Objects-normal/arm64/TextBuffer-primary-emit-module.d -parse-as-library -o /Users/admin/builder/spi-builder-workspace/.derivedData/Build/Intermediates.noindex/TextBuffer.build/Debug-xros/TextBuffer-t.build/Objects-normal/arm64/TextBuffer.swiftmodule -emit-abi-descriptor-path /Users/admin/builder/spi-builder-workspace/.derivedData/Build/Intermediates.noindex/TextBuffer.build/Debug-xros/TextBuffer-t.build/Objects-normal/arm64/TextBuffer.abi.json
SwiftCompile normal arm64 Compiling\ NSString+locationUpToCharacter.swift,\ BufferOperation.swift,\ OperationLog.swift,\ UndoGroup.swift /Users/admin/builder/spi-builder-workspace/Sources/TextBuffer/NSString+locationUpToCharacter.swift /Users/admin/builder/spi-builder-workspace/Sources/TextBuffer/OperationLog/BufferOperation.swift /Users/admin/builder/spi-builder-workspace/Sources/TextBuffer/OperationLog/OperationLog.swift /Users/admin/builder/spi-builder-workspace/Sources/TextBuffer/OperationLog/UndoGroup.swift (in target 'TextBuffer' from project 'TextBuffer')
SwiftCompile normal arm64 /Users/admin/builder/spi-builder-workspace/Sources/TextBuffer/NSString+locationUpToCharacter.swift (in target 'TextBuffer' from project 'TextBuffer')
cd /Users/admin/builder/spi-builder-workspace/.swiftpm/xcode
builtin-SwiftPerFileCompile NSString+locationUpToCharacter.swift
SwiftCompile normal arm64 /Users/admin/builder/spi-builder-workspace/Sources/TextBuffer/OperationLog/BufferOperation.swift (in target 'TextBuffer' from project 'TextBuffer')
cd /Users/admin/builder/spi-builder-workspace/.swiftpm/xcode
builtin-SwiftPerFileCompile BufferOperation.swift
SwiftCompile normal arm64 /Users/admin/builder/spi-builder-workspace/Sources/TextBuffer/OperationLog/OperationLog.swift (in target 'TextBuffer' from project 'TextBuffer')
cd /Users/admin/builder/spi-builder-workspace/.swiftpm/xcode
builtin-SwiftPerFileCompile OperationLog.swift
SwiftCompile normal arm64 /Users/admin/builder/spi-builder-workspace/Sources/TextBuffer/OperationLog/UndoGroup.swift (in target 'TextBuffer' from project 'TextBuffer')
cd /Users/admin/builder/spi-builder-workspace/.swiftpm/xcode
builtin-SwiftPerFileCompile UndoGroup.swift
SwiftCompile normal arm64 Compiling\ NSRange+expandedToOther.swift,\ NSRange+notFound.swift,\ NSRange+prefix.swift,\ NSRange+suffix.swift /Users/admin/builder/spi-builder-workspace/Sources/TextBuffer/NSRange+expandedToOther.swift /Users/admin/builder/spi-builder-workspace/Sources/TextBuffer/NSRange+notFound.swift /Users/admin/builder/spi-builder-workspace/Sources/TextBuffer/NSRange+prefix.swift /Users/admin/builder/spi-builder-workspace/Sources/TextBuffer/NSRange+suffix.swift (in target 'TextBuffer' from project 'TextBuffer')
SwiftCompile normal arm64 /Users/admin/builder/spi-builder-workspace/Sources/TextBuffer/NSRange+expandedToOther.swift (in target 'TextBuffer' from project 'TextBuffer')
cd /Users/admin/builder/spi-builder-workspace/.swiftpm/xcode
builtin-SwiftPerFileCompile NSRange+expandedToOther.swift
SwiftCompile normal arm64 /Users/admin/builder/spi-builder-workspace/Sources/TextBuffer/NSRange+notFound.swift (in target 'TextBuffer' from project 'TextBuffer')
cd /Users/admin/builder/spi-builder-workspace/.swiftpm/xcode
builtin-SwiftPerFileCompile NSRange+notFound.swift
SwiftCompile normal arm64 /Users/admin/builder/spi-builder-workspace/Sources/TextBuffer/NSRange+prefix.swift (in target 'TextBuffer' from project 'TextBuffer')
cd /Users/admin/builder/spi-builder-workspace/.swiftpm/xcode
builtin-SwiftPerFileCompile NSRange+prefix.swift
SwiftCompile normal arm64 /Users/admin/builder/spi-builder-workspace/Sources/TextBuffer/NSRange+suffix.swift (in target 'TextBuffer' from project 'TextBuffer')
cd /Users/admin/builder/spi-builder-workspace/.swiftpm/xcode
builtin-SwiftPerFileCompile NSRange+suffix.swift
SwiftCompile normal arm64 Compiling\ Undoable+NSTextViewBuffer.swift,\ Undoable.swift,\ Exports.swift,\ NSRange+Order.swift /Users/admin/builder/spi-builder-workspace/Sources/TextBuffer/Buffer/Undoable+NSTextViewBuffer.swift /Users/admin/builder/spi-builder-workspace/Sources/TextBuffer/Buffer/Undoable.swift /Users/admin/builder/spi-builder-workspace/Sources/TextBuffer/Exports.swift /Users/admin/builder/spi-builder-workspace/Sources/TextBuffer/NSRange+Order.swift (in target 'TextBuffer' from project 'TextBuffer')
/Users/admin/builder/spi-builder-workspace/Sources/TextBuffer/Buffer/Undoable+NSTextViewBuffer.swift:3:34: error: cannot find type 'NSTextViewBuffer' in scope
1 | // Copyright © 2024 Christian Tietze. All rights reserved. Distributed under the MIT License.
2 |
3 | extension Undoable where Base == NSTextViewBuffer {
| `- error: cannot find type 'NSTextViewBuffer' in scope
4 | /// Wraps `base` to support automatic undo/redo of buffer mutations with the default undo manager of the `NSTextView`.
5 | ///
/Users/admin/builder/spi-builder-workspace/Sources/TextBuffer/Buffer/Undoable+NSTextViewBuffer.swift:10:17: error: cannot find type 'NSTextViewBuffer' in scope
8 | /// This behavior can be tweaked by setting the `undoManager` on the enclosing document directly, or by implementing [`NSWindowDelegate.windowWillReturnUndoManager(_:)`](https://developer.apple.com/documentation/appkit/nswindowdelegate/1419745-windowwillreturnundomanager) to return `UndoManager` instances you manage yourself.
9 | public convenience init(
10 | _ base: NSTextViewBuffer
| `- error: cannot find type 'NSTextViewBuffer' in scope
11 | ) {
12 | self.init(base) {
/Users/admin/builder/spi-builder-workspace/Sources/TextBuffer/Buffer/Undoable+NSTextViewBuffer.swift:18:11: error: cannot find type 'NSTextViewBuffer' in scope
16 | }
17 |
18 | extension NSTextViewBuffer {
| `- error: cannot find type 'NSTextViewBuffer' in scope
19 | /// Buffer with the system's default undo/redo support (which is usually delegating to the `NSWindow` or `NSDocument`).
20 | public var undoable: Undoable<NSTextViewBuffer> { Undoable(self) }
SwiftCompile normal arm64 /Users/admin/builder/spi-builder-workspace/Sources/TextBuffer/Buffer/Undoable+NSTextViewBuffer.swift (in target 'TextBuffer' from project 'TextBuffer')
cd /Users/admin/builder/spi-builder-workspace/.swiftpm/xcode
builtin-SwiftPerFileCompile Undoable+NSTextViewBuffer.swift
SwiftCompile normal arm64 /Users/admin/builder/spi-builder-workspace/Sources/TextBuffer/Buffer/Undoable.swift (in target 'TextBuffer' from project 'TextBuffer')
cd /Users/admin/builder/spi-builder-workspace/.swiftpm/xcode
builtin-SwiftPerFileCompile Undoable.swift
SwiftCompile normal arm64 /Users/admin/builder/spi-builder-workspace/Sources/TextBuffer/Exports.swift (in target 'TextBuffer' from project 'TextBuffer')
cd /Users/admin/builder/spi-builder-workspace/.swiftpm/xcode
builtin-SwiftPerFileCompile Exports.swift
SwiftCompile normal arm64 /Users/admin/builder/spi-builder-workspace/Sources/TextBuffer/NSRange+Order.swift (in target 'TextBuffer' from project 'TextBuffer')
cd /Users/admin/builder/spi-builder-workspace/.swiftpm/xcode
builtin-SwiftPerFileCompile NSRange+Order.swift
SwiftCompile normal arm64 Compiling\ NSRange+Resized.swift,\ NSRange+Shifted.swift,\ NSRange+Subtracting.swift,\ NSRange+containsRange.swift /Users/admin/builder/spi-builder-workspace/Sources/TextBuffer/NSRange+Resized.swift /Users/admin/builder/spi-builder-workspace/Sources/TextBuffer/NSRange+Shifted.swift /Users/admin/builder/spi-builder-workspace/Sources/TextBuffer/NSRange+Subtracting.swift /Users/admin/builder/spi-builder-workspace/Sources/TextBuffer/NSRange+containsRange.swift (in target 'TextBuffer' from project 'TextBuffer')
SwiftCompile normal arm64 /Users/admin/builder/spi-builder-workspace/Sources/TextBuffer/NSRange+Resized.swift (in target 'TextBuffer' from project 'TextBuffer')
cd /Users/admin/builder/spi-builder-workspace/.swiftpm/xcode
builtin-SwiftPerFileCompile NSRange+Resized.swift
SwiftCompile normal arm64 /Users/admin/builder/spi-builder-workspace/Sources/TextBuffer/NSRange+Shifted.swift (in target 'TextBuffer' from project 'TextBuffer')
cd /Users/admin/builder/spi-builder-workspace/.swiftpm/xcode
builtin-SwiftPerFileCompile NSRange+Shifted.swift
SwiftCompile normal arm64 /Users/admin/builder/spi-builder-workspace/Sources/TextBuffer/NSRange+Subtracting.swift (in target 'TextBuffer' from project 'TextBuffer')
cd /Users/admin/builder/spi-builder-workspace/.swiftpm/xcode
builtin-SwiftPerFileCompile NSRange+Subtracting.swift
SwiftCompile normal arm64 /Users/admin/builder/spi-builder-workspace/Sources/TextBuffer/NSRange+containsRange.swift (in target 'TextBuffer' from project 'TextBuffer')
cd /Users/admin/builder/spi-builder-workspace/.swiftpm/xcode
builtin-SwiftPerFileCompile NSRange+containsRange.swift
SwiftCompile normal arm64 Compiling\ TextRope+ComposedSequences.swift,\ TextRope+LineRange.swift,\ TextRope+NSRange.swift,\ TextRope+WordRange.swift /Users/admin/builder/spi-builder-workspace/Sources/TextBuffer/TextRope+ComposedSequences.swift /Users/admin/builder/spi-builder-workspace/Sources/TextBuffer/TextRope+LineRange.swift /Users/admin/builder/spi-builder-workspace/Sources/TextBuffer/TextRope+NSRange.swift /Users/admin/builder/spi-builder-workspace/Sources/TextBuffer/TextRope+WordRange.swift (in target 'TextBuffer' from project 'TextBuffer')
SwiftCompile normal arm64 /Users/admin/builder/spi-builder-workspace/Sources/TextBuffer/TextRope+ComposedSequences.swift (in target 'TextBuffer' from project 'TextBuffer')
cd /Users/admin/builder/spi-builder-workspace/.swiftpm/xcode
builtin-SwiftPerFileCompile TextRope+ComposedSequences.swift
SwiftCompile normal arm64 /Users/admin/builder/spi-builder-workspace/Sources/TextBuffer/TextRope+LineRange.swift (in target 'TextBuffer' from project 'TextBuffer')
cd /Users/admin/builder/spi-builder-workspace/.swiftpm/xcode
builtin-SwiftPerFileCompile TextRope+LineRange.swift
SwiftCompile normal arm64 /Users/admin/builder/spi-builder-workspace/Sources/TextBuffer/TextRope+NSRange.swift (in target 'TextBuffer' from project 'TextBuffer')
cd /Users/admin/builder/spi-builder-workspace/.swiftpm/xcode
builtin-SwiftPerFileCompile TextRope+NSRange.swift
SwiftCompile normal arm64 /Users/admin/builder/spi-builder-workspace/Sources/TextBuffer/TextRope+WordRange.swift (in target 'TextBuffer' from project 'TextBuffer')
cd /Users/admin/builder/spi-builder-workspace/.swiftpm/xcode
builtin-SwiftPerFileCompile TextRope+WordRange.swift
SwiftCompile normal arm64 Compiling\ PuppetUndoManager.swift,\ RopeBuffer.swift,\ SendableRopeBuffer+Conversion.swift,\ SendableRopeBuffer.swift /Users/admin/builder/spi-builder-workspace/Sources/TextBuffer/Buffer/PuppetUndoManager.swift /Users/admin/builder/spi-builder-workspace/Sources/TextBuffer/Buffer/RopeBuffer.swift /Users/admin/builder/spi-builder-workspace/Sources/TextBuffer/Buffer/SendableRopeBuffer+Conversion.swift /Users/admin/builder/spi-builder-workspace/Sources/TextBuffer/Buffer/SendableRopeBuffer.swift (in target 'TextBuffer' from project 'TextBuffer')
SwiftCompile normal arm64 /Users/admin/builder/spi-builder-workspace/Sources/TextBuffer/Buffer/PuppetUndoManager.swift (in target 'TextBuffer' from project 'TextBuffer')
cd /Users/admin/builder/spi-builder-workspace/.swiftpm/xcode
builtin-SwiftPerFileCompile PuppetUndoManager.swift
SwiftCompile normal arm64 /Users/admin/builder/spi-builder-workspace/Sources/TextBuffer/Buffer/RopeBuffer.swift (in target 'TextBuffer' from project 'TextBuffer')
cd /Users/admin/builder/spi-builder-workspace/.swiftpm/xcode
builtin-SwiftPerFileCompile RopeBuffer.swift
SwiftCompile normal arm64 /Users/admin/builder/spi-builder-workspace/Sources/TextBuffer/Buffer/SendableRopeBuffer+Conversion.swift (in target 'TextBuffer' from project 'TextBuffer')
cd /Users/admin/builder/spi-builder-workspace/.swiftpm/xcode
builtin-SwiftPerFileCompile SendableRopeBuffer+Conversion.swift
SwiftCompile normal arm64 /Users/admin/builder/spi-builder-workspace/Sources/TextBuffer/Buffer/SendableRopeBuffer.swift (in target 'TextBuffer' from project 'TextBuffer')
cd /Users/admin/builder/spi-builder-workspace/.swiftpm/xcode
builtin-SwiftPerFileCompile SendableRopeBuffer.swift
SwiftCompile normal arm64 Compiling\ Buffer.swift,\ BufferAccessFailure.swift,\ BufferContent.swift,\ BufferRange.swift /Users/admin/builder/spi-builder-workspace/Sources/TextBuffer/Buffer/Buffer.swift /Users/admin/builder/spi-builder-workspace/Sources/TextBuffer/Buffer/BufferAccessFailure.swift /Users/admin/builder/spi-builder-workspace/Sources/TextBuffer/Buffer/BufferContent.swift /Users/admin/builder/spi-builder-workspace/Sources/TextBuffer/Buffer/BufferRange.swift (in target 'TextBuffer' from project 'TextBuffer')
SwiftCompile normal arm64 /Users/admin/builder/spi-builder-workspace/Sources/TextBuffer/Buffer/Buffer.swift (in target 'TextBuffer' from project 'TextBuffer')
cd /Users/admin/builder/spi-builder-workspace/.swiftpm/xcode
builtin-SwiftPerFileCompile Buffer.swift
SwiftCompile normal arm64 /Users/admin/builder/spi-builder-workspace/Sources/TextBuffer/Buffer/BufferAccessFailure.swift (in target 'TextBuffer' from project 'TextBuffer')
cd /Users/admin/builder/spi-builder-workspace/.swiftpm/xcode
builtin-SwiftPerFileCompile BufferAccessFailure.swift
SwiftCompile normal arm64 /Users/admin/builder/spi-builder-workspace/Sources/TextBuffer/Buffer/BufferContent.swift (in target 'TextBuffer' from project 'TextBuffer')
cd /Users/admin/builder/spi-builder-workspace/.swiftpm/xcode
builtin-SwiftPerFileCompile BufferContent.swift
SwiftCompile normal arm64 /Users/admin/builder/spi-builder-workspace/Sources/TextBuffer/Buffer/BufferRange.swift (in target 'TextBuffer' from project 'TextBuffer')
cd /Users/admin/builder/spi-builder-workspace/.swiftpm/xcode
builtin-SwiftPerFileCompile BufferRange.swift
SwiftCompile normal arm64 Compiling\ MutableStringBuffer.swift,\ NSMutableString+BufferCompatibility.swift,\ NSTextViewBuffer.swift,\ NSTextViewOperationLogBridge.swift /Users/admin/builder/spi-builder-workspace/Sources/TextBuffer/Buffer/MutableStringBuffer.swift /Users/admin/builder/spi-builder-workspace/Sources/TextBuffer/Buffer/NSMutableString+BufferCompatibility.swift /Users/admin/builder/spi-builder-workspace/Sources/TextBuffer/Buffer/NSTextViewBuffer.swift /Users/admin/builder/spi-builder-workspace/Sources/TextBuffer/Buffer/NSTextViewOperationLogBridge.swift (in target 'TextBuffer' from project 'TextBuffer')
SwiftCompile normal arm64 /Users/admin/builder/spi-builder-workspace/Sources/TextBuffer/Buffer/MutableStringBuffer.swift (in target 'TextBuffer' from project 'TextBuffer')
cd /Users/admin/builder/spi-builder-workspace/.swiftpm/xcode
builtin-SwiftPerFileCompile MutableStringBuffer.swift
SwiftCompile normal arm64 /Users/admin/builder/spi-builder-workspace/Sources/TextBuffer/Buffer/NSMutableString+BufferCompatibility.swift (in target 'TextBuffer' from project 'TextBuffer')
cd /Users/admin/builder/spi-builder-workspace/.swiftpm/xcode
builtin-SwiftPerFileCompile NSMutableString+BufferCompatibility.swift
SwiftCompile normal arm64 /Users/admin/builder/spi-builder-workspace/Sources/TextBuffer/Buffer/NSTextViewBuffer.swift (in target 'TextBuffer' from project 'TextBuffer')
cd /Users/admin/builder/spi-builder-workspace/.swiftpm/xcode
builtin-SwiftPerFileCompile NSTextViewBuffer.swift
SwiftCompile normal arm64 /Users/admin/builder/spi-builder-workspace/Sources/TextBuffer/Buffer/NSTextViewOperationLogBridge.swift (in target 'TextBuffer' from project 'TextBuffer')
cd /Users/admin/builder/spi-builder-workspace/.swiftpm/xcode
builtin-SwiftPerFileCompile NSTextViewOperationLogBridge.swift
SwiftCompile normal arm64 Compiling\ Bool+inverted.swift,\ AsyncBuffer.swift,\ Buffer+contains.swift,\ Buffer+wordRange.swift /Users/admin/builder/spi-builder-workspace/Sources/TextBuffer/Bool+inverted.swift /Users/admin/builder/spi-builder-workspace/Sources/TextBuffer/Buffer/AsyncBuffer.swift /Users/admin/builder/spi-builder-workspace/Sources/TextBuffer/Buffer/Buffer+contains.swift /Users/admin/builder/spi-builder-workspace/Sources/TextBuffer/Buffer/Buffer+wordRange.swift (in target 'TextBuffer' from project 'TextBuffer')
SwiftCompile normal arm64 /Users/admin/builder/spi-builder-workspace/Sources/TextBuffer/Bool+inverted.swift (in target 'TextBuffer' from project 'TextBuffer')
cd /Users/admin/builder/spi-builder-workspace/.swiftpm/xcode
builtin-SwiftPerFileCompile Bool+inverted.swift
SwiftCompile normal arm64 /Users/admin/builder/spi-builder-workspace/Sources/TextBuffer/Buffer/AsyncBuffer.swift (in target 'TextBuffer' from project 'TextBuffer')
cd /Users/admin/builder/spi-builder-workspace/.swiftpm/xcode
builtin-SwiftPerFileCompile AsyncBuffer.swift
SwiftCompile normal arm64 /Users/admin/builder/spi-builder-workspace/Sources/TextBuffer/Buffer/Buffer+contains.swift (in target 'TextBuffer' from project 'TextBuffer')
cd /Users/admin/builder/spi-builder-workspace/.swiftpm/xcode
builtin-SwiftPerFileCompile Buffer+contains.swift
SwiftCompile normal arm64 /Users/admin/builder/spi-builder-workspace/Sources/TextBuffer/Buffer/Buffer+wordRange.swift (in target 'TextBuffer' from project 'TextBuffer')
cd /Users/admin/builder/spi-builder-workspace/.swiftpm/xcode
builtin-SwiftPerFileCompile Buffer+wordRange.swift
SwiftCompile normal arm64 Compiling\ TextAnalysisCapable.swift,\ TextBuffer.swift,\ TransferableUndoable.swift,\ UTF16.swift /Users/admin/builder/spi-builder-workspace/Sources/TextBuffer/Buffer/TextAnalysisCapable.swift /Users/admin/builder/spi-builder-workspace/Sources/TextBuffer/Buffer/TextBuffer.swift /Users/admin/builder/spi-builder-workspace/Sources/TextBuffer/Buffer/TransferableUndoable.swift /Users/admin/builder/spi-builder-workspace/Sources/TextBuffer/Buffer/UTF16.swift (in target 'TextBuffer' from project 'TextBuffer')
SwiftCompile normal arm64 /Users/admin/builder/spi-builder-workspace/Sources/TextBuffer/Buffer/TextAnalysisCapable.swift (in target 'TextBuffer' from project 'TextBuffer')
cd /Users/admin/builder/spi-builder-workspace/.swiftpm/xcode
builtin-SwiftPerFileCompile TextAnalysisCapable.swift
SwiftCompile normal arm64 /Users/admin/builder/spi-builder-workspace/Sources/TextBuffer/Buffer/TextBuffer.swift (in target 'TextBuffer' from project 'TextBuffer')
cd /Users/admin/builder/spi-builder-workspace/.swiftpm/xcode
builtin-SwiftPerFileCompile TextBuffer.swift
SwiftCompile normal arm64 /Users/admin/builder/spi-builder-workspace/Sources/TextBuffer/Buffer/TransferableUndoable.swift (in target 'TextBuffer' from project 'TextBuffer')
cd /Users/admin/builder/spi-builder-workspace/.swiftpm/xcode
builtin-SwiftPerFileCompile TransferableUndoable.swift
SwiftCompile normal arm64 /Users/admin/builder/spi-builder-workspace/Sources/TextBuffer/Buffer/UTF16.swift (in target 'TextBuffer' from project 'TextBuffer')
cd /Users/admin/builder/spi-builder-workspace/.swiftpm/xcode
builtin-SwiftPerFileCompile UTF16.swift
PruneExplicitPrecompiledModules /Users/admin/builder/spi-builder-workspace/.derivedData/Build/Intermediates.noindex/ExplicitPrecompiledModules
PruneExplicitPrecompiledModules /Users/admin/builder/spi-builder-workspace/.derivedData/SDKExplicitPrecompiledModules
PruneExplicitPrecompiledModules /Users/admin/builder/spi-builder-workspace/.derivedData/Build/Intermediates.noindex/SwiftExplicitPrecompiledModules
2026-09-26 16:56:31.788 xcodebuild[629:3938] [MT] IDERunDestination: Supported platforms for the buildables in the current scheme is empty.
** BUILD FAILED **
The following build commands failed:
SwiftCompile normal arm64 (in target 'TextBuffer' from project 'TextBuffer')
SwiftEmitModule normal arm64 Emitting\ module\ for\ TextBuffer (in target 'TextBuffer' from project 'TextBuffer')
Building workspace TextBuffer with scheme TextBuffer-Package
(3 failures)
Command line invocation:
/Applications/Xcode-27.0.0-Release.Candidate.app/Contents/Developer/usr/bin/xcodebuild -IDEClonedSourcePackagesDirPathOverride=/Users/admin/builder/spi-builder-workspace/.dependencies -resolvePackageDependencies
Resolve Package Graph
Resolved source packages:
TextBuffer: /Users/admin/builder/spi-builder-workspace
resolved source packages: TextBuffer
2026-09-26 16:56:39.080 xcodebuild[731:4469] [MT] IDERunDestination: Supported platforms for the buildables in the current scheme is empty.
{
"dependencies" : [
],
"manifest_display_name" : "TextBuffer",
"name" : "TextBuffer",
"path" : "/Users/admin/builder/spi-builder-workspace",
"platforms" : [
{
"name" : "macos",
"version" : "13.0"
}
],
"products" : [
{
"name" : "TextBuffer",
"targets" : [
"TextBuffer"
],
"type" : {
"library" : [
"automatic"
]
}
},
{
"name" : "TextBufferTesting",
"targets" : [
"TextBufferTesting"
],
"type" : {
"library" : [
"automatic"
]
}
},
{
"name" : "TextRope",
"targets" : [
"TextRope"
],
"type" : {
"library" : [
"automatic"
]
}
}
],
"targets" : [
{
"c99name" : "TextRopeTests",
"module_type" : "SwiftTarget",
"name" : "TextRopeTests",
"path" : "Tests/TextRopeTests",
"sources" : [
"DeleteMergeStarvationTests.swift",
"GraphemeSeamRepairTests.swift",
"NodeSplitPointTests.swift",
"NodeTests.swift",
"SummaryTests.swift",
"TextRopeCOWTests.swift",
"TextRopeConcurrentCOWTests.swift",
"TextRopeConstructionTests.swift",
"TextRopeDeleteTests.swift",
"TextRopeEqualityTests.swift",
"TextRopeInsertTests.swift",
"TextRopeNavigationPreconditionTests.swift",
"TextRopeNavigationTests.swift",
"TextRopeNormalizationTests.swift",
"TextRopeReplaceTests.swift",
"TextRopeStressTests.swift",
"TextRopeTests.swift",
"TreeInvariantValidation.swift"
],
"target_dependencies" : [
"TextRope"
],
"type" : "test"
},
{
"c99name" : "TextRope",
"module_type" : "SwiftTarget",
"name" : "TextRope",
"path" : "Sources/TextRope",
"product_memberships" : [
"TextBuffer",
"TextBufferTesting",
"TextRope"
],
"sources" : [
"Node+Merge.swift",
"Node+Split.swift",
"Node.swift",
"Summary.swift",
"TextRope+COW.swift",
"TextRope+Construction.swift",
"TextRope+Delete.swift",
"TextRope+Insert.swift",
"TextRope+Navigation.swift",
"TextRope+Replace.swift",
"TextRope.swift"
],
"type" : "library"
},
{
"c99name" : "TextBufferTests",
"module_type" : "SwiftTarget",
"name" : "TextBufferTests",
"path" : "Tests/TextBufferTests",
"sources" : [
"BufferAccessFailureTests.swift",
"BufferBehaviorDriftTests.swift",
"BufferRangeDefaultTests.swift",
"BufferWordRangeTests.swift",
"Helpers.swift",
"MakeBufferWithSelectionFromStringTests.swift",
"MultiGroupUndoRoundTripTests.swift",
"MutableStringBufferTests.swift",
"NSRange+ContainsTests.swift",
"NSRange+ExpandedTests.swift",
"NSRange+OrderTests.swift",
"NSRange+PrefixTests.swift",
"NSRange+ResizedTests.swift",
"NSRange+ShiftedTests.swift",
"NSRange+SubtractingTests.swift",
"NSRange+SuffixTests.swift",
"NSTextViewBufferTests.swift",
"NSTextViewOperationLogBridgeTests.swift",
"OperationLogTests.swift",
"PuppetUndoManagerTests.swift",
"RopeBufferDriftTests.swift",
"RopeBufferQueryPerformanceTests.swift",
"RopeBufferTests.swift",
"RopeReadPerformanceTests.swift",
"RopeTransferIntegrationTests.swift",
"SendableRopeBufferConcurrencyTests.swift",
"SendableRopeBufferConversionTests.swift",
"SendableRopeBufferTests.swift",
"SendableRopeBufferUndoEquivalenceTests.swift",
"TestRange.swift",
"TextRopeComposedSequencesTests.swift",
"TextRopeNSRangeParityTests.swift",
"TransferAPITests.swift",
"TransferIntegrationTests.swift",
"TransferableUndoableTests.swift",
"UndoEquivalenceDriftTests.swift"
],
"target_dependencies" : [
"TextBuffer",
"TextBufferTesting"
],
"type" : "test"
},
{
"c99name" : "TextBufferTesting",
"module_type" : "SwiftTarget",
"name" : "TextBufferTesting",
"path" : "Sources/TextBufferTesting",
"product_memberships" : [
"TextBufferTesting"
],
"sources" : [
"AssertUndoEquivalence.swift",
"BufferStep.swift",
"MakeBufferWithSelectionFromString.swift",
"assertBufferState.swift"
],
"target_dependencies" : [
"TextBuffer"
],
"type" : "library"
},
{
"c99name" : "TextBuffer",
"module_type" : "SwiftTarget",
"name" : "TextBuffer",
"path" : "Sources/TextBuffer",
"product_memberships" : [
"TextBuffer",
"TextBufferTesting"
],
"sources" : [
"Bool+inverted.swift",
"Buffer/AsyncBuffer.swift",
"Buffer/Buffer+contains.swift",
"Buffer/Buffer+wordRange.swift",
"Buffer/Buffer.swift",
"Buffer/BufferAccessFailure.swift",
"Buffer/BufferContent.swift",
"Buffer/BufferRange.swift",
"Buffer/MutableStringBuffer.swift",
"Buffer/NSMutableString+BufferCompatibility.swift",
"Buffer/NSTextViewBuffer.swift",
"Buffer/NSTextViewOperationLogBridge.swift",
"Buffer/PuppetUndoManager.swift",
"Buffer/RopeBuffer.swift",
"Buffer/SendableRopeBuffer+Conversion.swift",
"Buffer/SendableRopeBuffer.swift",
"Buffer/TextAnalysisCapable.swift",
"Buffer/TextBuffer.swift",
"Buffer/TransferableUndoable.swift",
"Buffer/UTF16.swift",
"Buffer/Undoable+NSTextViewBuffer.swift",
"Buffer/Undoable.swift",
"Exports.swift",
"NSRange+Order.swift",
"NSRange+Resized.swift",
"NSRange+Shifted.swift",
"NSRange+Subtracting.swift",
"NSRange+containsRange.swift",
"NSRange+expandedToOther.swift",
"NSRange+notFound.swift",
"NSRange+prefix.swift",
"NSRange+suffix.swift",
"NSString+locationUpToCharacter.swift",
"OperationLog/BufferOperation.swift",
"OperationLog/OperationLog.swift",
"OperationLog/UndoGroup.swift",
"TextRope+ComposedSequences.swift",
"TextRope+LineRange.swift",
"TextRope+NSRange.swift",
"TextRope+WordRange.swift"
],
"target_dependencies" : [
"TextRope"
],
"type" : "library"
}
],
"tools_version" : "6.2"
}
{
"workspace" : {
"name" : "TextBuffer",
"schemes" : [
"TextBuffer",
"TextBuffer-Package",
"TextBufferTesting",
"TextRope"
]
}
}
2026-09-26 16:56:40.348 xcodebuild[739:4530] [MT] IDERunDestination: Supported platforms for the buildables in the current scheme is empty.
{
"workspace" : {
"name" : "TextBuffer",
"schemes" : [
"TextBuffer",
"TextBuffer-Package",
"TextBufferTesting",
"TextRope"
]
}
}
2026-09-26 16:56:41.349 xcodebuild[741:4565] [MT] IDERunDestination: Supported platforms for the buildables in the current scheme is empty.
Running build ...
env DEVELOPER_DIR=/Applications/Xcode-27.0.0-Release.Candidate.app xcrun xcodebuild -IDEClonedSourcePackagesDirPathOverride=$PWD/.dependencies -skipMacroValidation -skipPackagePluginValidation -derivedDataPath $PWD/.derivedData build -scheme TextBuffer-Package -destination generic/platform=xrOS
Command line invocation:
/Applications/Xcode-27.0.0-Release.Candidate.app/Contents/Developer/usr/bin/xcodebuild -IDEClonedSourcePackagesDirPathOverride=/Users/admin/builder/spi-builder-workspace/.dependencies -skipMacroValidation -skipPackagePluginValidation -derivedDataPath /Users/admin/builder/spi-builder-workspace/.derivedData build -scheme TextBuffer-Package -destination generic/platform=xrOS
Resolve Package Graph
Resolved source packages:
TextBuffer: /Users/admin/builder/spi-builder-workspace
ComputePackagePrebuildTargetDependencyGraph
Prepare packages
CreateBuildRequest
SendProjectDescription
CreateBuildOperation
ComputeTargetDependencyGraph
note: Building targets in dependency order
note: Target dependency graph (6 targets)
Target 'TextRope-product' in project 'TextBuffer'
➜ Explicit dependency on target 'TextRope' in project 'TextBuffer'
Target 'TextBufferTesting-product' in project 'TextBuffer'
➜ Explicit dependency on target 'TextBufferTesting' in project 'TextBuffer'
➜ Explicit dependency on target 'TextRope' in project 'TextBuffer'
➜ Explicit dependency on target 'TextBuffer' in project 'TextBuffer'
Target 'TextBufferTesting' in project 'TextBuffer'
➜ Explicit dependency on target 'TextRope' in project 'TextBuffer'
➜ Explicit dependency on target 'TextBuffer' in project 'TextBuffer'
Target 'TextBuffer-product' in project 'TextBuffer'
➜ Explicit dependency on target 'TextBuffer' in project 'TextBuffer'
➜ Explicit dependency on target 'TextRope' in project 'TextBuffer'
Target 'TextBuffer' in project 'TextBuffer'
➜ Explicit dependency on target 'TextRope' in project 'TextBuffer'
Target 'TextRope' in project 'TextBuffer' (no dependencies)
GatherProvisioningInputs
CreateBuildDescription
ClangStatCache /Applications/Xcode-27.0.0-Release.Candidate.app/Contents/Developer/Toolchains/XcodeDefault.xctoolchain/usr/bin/clang-stat-cache /Applications/Xcode-27.0.0-Release.Candidate.app/Contents/Developer/Platforms/XROS.platform/Developer/SDKs/XROS27.0.sdk /Users/admin/builder/spi-builder-workspace/.derivedData/SDKStatCaches.noindex/xros27.0-24M361-e829b21a6f8c9b70876ba0858053c044735bd543db762f57723cac368afd1ce4.sdkstatcache
cd /Users/admin/builder/spi-builder-workspace/.swiftpm/xcode
/Applications/Xcode-27.0.0-Release.Candidate.app/Contents/Developer/Toolchains/XcodeDefault.xctoolchain/usr/bin/clang-stat-cache /Applications/Xcode-27.0.0-Release.Candidate.app/Contents/Developer/Platforms/XROS.platform/Developer/SDKs/XROS27.0.sdk -o /Users/admin/builder/spi-builder-workspace/.derivedData/SDKStatCaches.noindex/xros27.0-24M361-e829b21a6f8c9b70876ba0858053c044735bd543db762f57723cac368afd1ce4.sdkstatcache
SwiftDriver TextBuffer normal arm64 com.apple.xcode.tools.swift.compiler (in target 'TextBuffer' from project 'TextBuffer')
cd /Users/admin/builder/spi-builder-workspace/.swiftpm/xcode
builtin-SwiftDriver -- /Applications/Xcode-27.0.0-Release.Candidate.app/Contents/Developer/Toolchains/XcodeDefault.xctoolchain/usr/bin/swiftc -parse-as-library -module-name TextBuffer -Onone @/Users/admin/builder/spi-builder-workspace/.derivedData/Build/Intermediates.noindex/TextBuffer.build/Debug-xros/TextBuffer-t.build/Objects-normal/arm64/TextBuffer.SwiftFileList -DSWIFT_PACKAGE -DDEBUG -DSWIFT_MODULE_RESOURCE_BUNDLE_UNAVAILABLE -DXcode -plugin-path /Applications/Xcode-27.0.0-Release.Candidate.app/Contents/Developer/Toolchains/XcodeDefault.xctoolchain/usr/lib/swift/host/plugins/testing -enable-experimental-feature DebugDescriptionMacro -sdk /Applications/Xcode-27.0.0-Release.Candidate.app/Contents/Developer/Platforms/XROS.platform/Developer/SDKs/XROS27.0.sdk -target arm64-apple-xros1.0 -g -module-cache-path /Users/admin/builder/spi-builder-workspace/.derivedData/ModuleCache.noindex -Xfrontend -serialize-debugging-options -profile-coverage-mapping -profile-generate -enable-testing -index-store-path /Users/admin/builder/spi-builder-workspace/.derivedData/Index.noindex/DataStore -Xcc -D_LIBCPP_HARDENING_MODE\=_LIBCPP_HARDENING_MODE_DEBUG -swift-version 6 -I /Users/admin/builder/spi-builder-workspace/.derivedData/Build/Products/Debug-xros -Isystem /Applications/Xcode-27.0.0-Release.Candidate.app/Contents/Developer/Platforms/XROS.platform/Developer/usr/lib -F /Users/admin/builder/spi-builder-workspace/.derivedData/Build/Products/Debug-xros/PackageFrameworks -F /Users/admin/builder/spi-builder-workspace/.derivedData/Build/Products/Debug-xros -F /Applications/Xcode-27.0.0-Release.Candidate.app/Contents/Developer/Platforms/XROS.platform/Developer/Library/Frameworks -F /Applications/Xcode-27.0.0-Release.Candidate.app/Contents/Developer/Platforms/XROS.platform/Developer/SDKs/XROS27.0.sdk/Developer/Library/Frameworks -c -j10 -enable-batch-mode -incremental -Xcc -ivfsstatcache -Xcc /Users/admin/builder/spi-builder-workspace/.derivedData/SDKStatCaches.noindex/xros27.0-24M361-e829b21a6f8c9b70876ba0858053c044735bd543db762f57723cac368afd1ce4.sdkstatcache -output-file-map /Users/admin/builder/spi-builder-workspace/.derivedData/Build/Intermediates.noindex/TextBuffer.build/Debug-xros/TextBuffer-t.build/Objects-normal/arm64/TextBuffer-OutputFileMap.json -save-temps -no-color-diagnostics -explicit-module-build -module-cache-path /Users/admin/builder/spi-builder-workspace/.derivedData/Build/Intermediates.noindex/SwiftExplicitPrecompiledModules -clang-scanner-module-cache-path /Users/admin/builder/spi-builder-workspace/.derivedData/ModuleCache.noindex -sdk-module-cache-path /Users/admin/builder/spi-builder-workspace/.derivedData/SDKExplicitPrecompiledModules -emit-dependencies -emit-module -emit-module-path /Users/admin/builder/spi-builder-workspace/.derivedData/Build/Intermediates.noindex/TextBuffer.build/Debug-xros/TextBuffer-t.build/Objects-normal/arm64/TextBuffer.swiftmodule -serialize-diagnostics -dependency-scan-serialize-diagnostics-path /Users/admin/builder/spi-builder-workspace/.derivedData/Build/Intermediates.noindex/TextBuffer.build/Debug-xros/TextBuffer-t.build/Objects-normal/arm64/TextBuffer-dependency-scan.dia -validate-clang-modules-once -clang-build-session-file /Users/admin/builder/spi-builder-workspace/.derivedData/ModuleCache.noindex/Session.modulevalidation -Xcc -fmodules-prune-interval\=86400 -Xcc -fmodules-prune-after\=345600 -package-name spi_builder_workspace -emit-const-values -const-gather-protocols-list /Users/admin/builder/spi-builder-workspace/.derivedData/Build/Intermediates.noindex/TextBuffer.build/Debug-xros/TextBuffer-t.build/Objects-normal/arm64/TextBuffer_const_extract_protocols.json -Xcc -I/Users/admin/builder/spi-builder-workspace/.derivedData/Build/Products/Debug-xros/include -Xcc -I/Users/admin/builder/spi-builder-workspace/.derivedData/Build/Intermediates.noindex/TextBuffer.build/Debug-xros/TextBuffer-t.build/DerivedSources-normal/arm64 -Xcc -I/Users/admin/builder/spi-builder-workspace/.derivedData/Build/Intermediates.noindex/TextBuffer.build/Debug-xros/TextBuffer-t.build/DerivedSources/arm64 -Xcc -I/Users/admin/builder/spi-builder-workspace/.derivedData/Build/Intermediates.noindex/TextBuffer.build/Debug-xros/TextBuffer-t.build/DerivedSources -Xcc -DSWIFT_PACKAGE -Xcc -DDEBUG\=1 -emit-objc-header -emit-objc-header-path /Users/admin/builder/spi-builder-workspace/.derivedData/Build/Intermediates.noindex/TextBuffer.build/Debug-xros/TextBuffer-t.build/Objects-normal/arm64/TextBuffer-Swift.h -working-directory /Users/admin/builder/spi-builder-workspace/.swiftpm/xcode -experimental-emit-module-separately -disable-cmo
SwiftCompile normal arm64 Compiling\ Buffer.swift,\ BufferAccessFailure.swift,\ BufferContent.swift,\ BufferRange.swift /Users/admin/builder/spi-builder-workspace/Sources/TextBuffer/Buffer/Buffer.swift /Users/admin/builder/spi-builder-workspace/Sources/TextBuffer/Buffer/BufferAccessFailure.swift /Users/admin/builder/spi-builder-workspace/Sources/TextBuffer/Buffer/BufferContent.swift /Users/admin/builder/spi-builder-workspace/Sources/TextBuffer/Buffer/BufferRange.swift (in target 'TextBuffer' from project 'TextBuffer')
SwiftCompile normal arm64 /Users/admin/builder/spi-builder-workspace/Sources/TextBuffer/Buffer/Buffer.swift (in target 'TextBuffer' from project 'TextBuffer')
cd /Users/admin/builder/spi-builder-workspace/.swiftpm/xcode
builtin-SwiftPerFileCompile Buffer.swift
SwiftCompile normal arm64 /Users/admin/builder/spi-builder-workspace/Sources/TextBuffer/Buffer/BufferAccessFailure.swift (in target 'TextBuffer' from project 'TextBuffer')
cd /Users/admin/builder/spi-builder-workspace/.swiftpm/xcode
builtin-SwiftPerFileCompile BufferAccessFailure.swift
SwiftCompile normal arm64 /Users/admin/builder/spi-builder-workspace/Sources/TextBuffer/Buffer/BufferContent.swift (in target 'TextBuffer' from project 'TextBuffer')
cd /Users/admin/builder/spi-builder-workspace/.swiftpm/xcode
builtin-SwiftPerFileCompile BufferContent.swift
SwiftCompile normal arm64 /Users/admin/builder/spi-builder-workspace/Sources/TextBuffer/Buffer/BufferRange.swift (in target 'TextBuffer' from project 'TextBuffer')
cd /Users/admin/builder/spi-builder-workspace/.swiftpm/xcode
builtin-SwiftPerFileCompile BufferRange.swift
SwiftCompile normal arm64 Compiling\ NSRange+Resized.swift,\ NSRange+Shifted.swift,\ NSRange+Subtracting.swift,\ NSRange+containsRange.swift /Users/admin/builder/spi-builder-workspace/Sources/TextBuffer/NSRange+Resized.swift /Users/admin/builder/spi-builder-workspace/Sources/TextBuffer/NSRange+Shifted.swift /Users/admin/builder/spi-builder-workspace/Sources/TextBuffer/NSRange+Subtracting.swift /Users/admin/builder/spi-builder-workspace/Sources/TextBuffer/NSRange+containsRange.swift (in target 'TextBuffer' from project 'TextBuffer')
SwiftCompile normal arm64 /Users/admin/builder/spi-builder-workspace/Sources/TextBuffer/NSRange+Resized.swift (in target 'TextBuffer' from project 'TextBuffer')
cd /Users/admin/builder/spi-builder-workspace/.swiftpm/xcode
builtin-SwiftPerFileCompile NSRange+Resized.swift
SwiftCompile normal arm64 /Users/admin/builder/spi-builder-workspace/Sources/TextBuffer/NSRange+Shifted.swift (in target 'TextBuffer' from project 'TextBuffer')
cd /Users/admin/builder/spi-builder-workspace/.swiftpm/xcode
builtin-SwiftPerFileCompile NSRange+Shifted.swift
SwiftCompile normal arm64 /Users/admin/builder/spi-builder-workspace/Sources/TextBuffer/NSRange+Subtracting.swift (in target 'TextBuffer' from project 'TextBuffer')
cd /Users/admin/builder/spi-builder-workspace/.swiftpm/xcode
builtin-SwiftPerFileCompile NSRange+Subtracting.swift
SwiftCompile normal arm64 /Users/admin/builder/spi-builder-workspace/Sources/TextBuffer/NSRange+containsRange.swift (in target 'TextBuffer' from project 'TextBuffer')
cd /Users/admin/builder/spi-builder-workspace/.swiftpm/xcode
builtin-SwiftPerFileCompile NSRange+containsRange.swift
SwiftCompile normal arm64 Compiling\ Undoable+NSTextViewBuffer.swift,\ Undoable.swift,\ Exports.swift,\ NSRange+Order.swift /Users/admin/builder/spi-builder-workspace/Sources/TextBuffer/Buffer/Undoable+NSTextViewBuffer.swift /Users/admin/builder/spi-builder-workspace/Sources/TextBuffer/Buffer/Undoable.swift /Users/admin/builder/spi-builder-workspace/Sources/TextBuffer/Exports.swift /Users/admin/builder/spi-builder-workspace/Sources/TextBuffer/NSRange+Order.swift (in target 'TextBuffer' from project 'TextBuffer')
SwiftCompile normal arm64 /Users/admin/builder/spi-builder-workspace/Sources/TextBuffer/Buffer/Undoable+NSTextViewBuffer.swift (in target 'TextBuffer' from project 'TextBuffer')
cd /Users/admin/builder/spi-builder-workspace/.swiftpm/xcode
builtin-SwiftPerFileCompile Undoable+NSTextViewBuffer.swift
SwiftCompile normal arm64 /Users/admin/builder/spi-builder-workspace/Sources/TextBuffer/Buffer/Undoable.swift (in target 'TextBuffer' from project 'TextBuffer')
cd /Users/admin/builder/spi-builder-workspace/.swiftpm/xcode
builtin-SwiftPerFileCompile Undoable.swift
SwiftCompile normal arm64 /Users/admin/builder/spi-builder-workspace/Sources/TextBuffer/Exports.swift (in target 'TextBuffer' from project 'TextBuffer')
cd /Users/admin/builder/spi-builder-workspace/.swiftpm/xcode
builtin-SwiftPerFileCompile Exports.swift
SwiftCompile normal arm64 /Users/admin/builder/spi-builder-workspace/Sources/TextBuffer/NSRange+Order.swift (in target 'TextBuffer' from project 'TextBuffer')
cd /Users/admin/builder/spi-builder-workspace/.swiftpm/xcode
builtin-SwiftPerFileCompile NSRange+Order.swift
/Users/admin/builder/spi-builder-workspace/Sources/TextBuffer/Buffer/Undoable+NSTextViewBuffer.swift:3:34: error: cannot find type 'NSTextViewBuffer' in scope
1 | // Copyright © 2024 Christian Tietze. All rights reserved. Distributed under the MIT License.
2 |
3 | extension Undoable where Base == NSTextViewBuffer {
| `- error: cannot find type 'NSTextViewBuffer' in scope
4 | /// Wraps `base` to support automatic undo/redo of buffer mutations with the default undo manager of the `NSTextView`.
5 | ///
/Users/admin/builder/spi-builder-workspace/Sources/TextBuffer/Buffer/Undoable+NSTextViewBuffer.swift:10:17: error: cannot find type 'NSTextViewBuffer' in scope
8 | /// This behavior can be tweaked by setting the `undoManager` on the enclosing document directly, or by implementing [`NSWindowDelegate.windowWillReturnUndoManager(_:)`](https://developer.apple.com/documentation/appkit/nswindowdelegate/1419745-windowwillreturnundomanager) to return `UndoManager` instances you manage yourself.
9 | public convenience init(
10 | _ base: NSTextViewBuffer
| `- error: cannot find type 'NSTextViewBuffer' in scope
11 | ) {
12 | self.init(base) {
/Users/admin/builder/spi-builder-workspace/Sources/TextBuffer/Buffer/Undoable+NSTextViewBuffer.swift:18:11: error: cannot find type 'NSTextViewBuffer' in scope
16 | }
17 |
18 | extension NSTextViewBuffer {
| `- error: cannot find type 'NSTextViewBuffer' in scope
19 | /// Buffer with the system's default undo/redo support (which is usually delegating to the `NSWindow` or `NSDocument`).
20 | public var undoable: Undoable<NSTextViewBuffer> { Undoable(self) }
SwiftCompile normal arm64 Compiling\ PuppetUndoManager.swift,\ RopeBuffer.swift,\ SendableRopeBuffer+Conversion.swift,\ SendableRopeBuffer.swift /Users/admin/builder/spi-builder-workspace/Sources/TextBuffer/Buffer/PuppetUndoManager.swift /Users/admin/builder/spi-builder-workspace/Sources/TextBuffer/Buffer/RopeBuffer.swift /Users/admin/builder/spi-builder-workspace/Sources/TextBuffer/Buffer/SendableRopeBuffer+Conversion.swift /Users/admin/builder/spi-builder-workspace/Sources/TextBuffer/Buffer/SendableRopeBuffer.swift (in target 'TextBuffer' from project 'TextBuffer')
SwiftCompile normal arm64 /Users/admin/builder/spi-builder-workspace/Sources/TextBuffer/Buffer/PuppetUndoManager.swift (in target 'TextBuffer' from project 'TextBuffer')
cd /Users/admin/builder/spi-builder-workspace/.swiftpm/xcode
builtin-SwiftPerFileCompile PuppetUndoManager.swift
SwiftCompile normal arm64 /Users/admin/builder/spi-builder-workspace/Sources/TextBuffer/Buffer/RopeBuffer.swift (in target 'TextBuffer' from project 'TextBuffer')
cd /Users/admin/builder/spi-builder-workspace/.swiftpm/xcode
builtin-SwiftPerFileCompile RopeBuffer.swift
SwiftCompile normal arm64 /Users/admin/builder/spi-builder-workspace/Sources/TextBuffer/Buffer/SendableRopeBuffer+Conversion.swift (in target 'TextBuffer' from project 'TextBuffer')
cd /Users/admin/builder/spi-builder-workspace/.swiftpm/xcode
builtin-SwiftPerFileCompile SendableRopeBuffer+Conversion.swift
SwiftCompile normal arm64 /Users/admin/builder/spi-builder-workspace/Sources/TextBuffer/Buffer/SendableRopeBuffer.swift (in target 'TextBuffer' from project 'TextBuffer')
cd /Users/admin/builder/spi-builder-workspace/.swiftpm/xcode
builtin-SwiftPerFileCompile SendableRopeBuffer.swift
SwiftCompile normal arm64 Compiling\ Bool+inverted.swift,\ AsyncBuffer.swift,\ Buffer+contains.swift,\ Buffer+wordRange.swift /Users/admin/builder/spi-builder-workspace/Sources/TextBuffer/Bool+inverted.swift /Users/admin/builder/spi-builder-workspace/Sources/TextBuffer/Buffer/AsyncBuffer.swift /Users/admin/builder/spi-builder-workspace/Sources/TextBuffer/Buffer/Buffer+contains.swift /Users/admin/builder/spi-builder-workspace/Sources/TextBuffer/Buffer/Buffer+wordRange.swift (in target 'TextBuffer' from project 'TextBuffer')
SwiftCompile normal arm64 /Users/admin/builder/spi-builder-workspace/Sources/TextBuffer/Bool+inverted.swift (in target 'TextBuffer' from project 'TextBuffer')
cd /Users/admin/builder/spi-builder-workspace/.swiftpm/xcode
builtin-SwiftPerFileCompile Bool+inverted.swift
SwiftCompile normal arm64 /Users/admin/builder/spi-builder-workspace/Sources/TextBuffer/Buffer/AsyncBuffer.swift (in target 'TextBuffer' from project 'TextBuffer')
cd /Users/admin/builder/spi-builder-workspace/.swiftpm/xcode
builtin-SwiftPerFileCompile AsyncBuffer.swift
SwiftCompile normal arm64 /Users/admin/builder/spi-builder-workspace/Sources/TextBuffer/Buffer/Buffer+contains.swift (in target 'TextBuffer' from project 'TextBuffer')
cd /Users/admin/builder/spi-builder-workspace/.swiftpm/xcode
builtin-SwiftPerFileCompile Buffer+contains.swift
SwiftCompile normal arm64 /Users/admin/builder/spi-builder-workspace/Sources/TextBuffer/Buffer/Buffer+wordRange.swift (in target 'TextBuffer' from project 'TextBuffer')
cd /Users/admin/builder/spi-builder-workspace/.swiftpm/xcode
builtin-SwiftPerFileCompile Buffer+wordRange.swift
SwiftCompile normal arm64 Compiling\ NSRange+expandedToOther.swift,\ NSRange+notFound.swift,\ NSRange+prefix.swift,\ NSRange+suffix.swift /Users/admin/builder/spi-builder-workspace/Sources/TextBuffer/NSRange+expandedToOther.swift /Users/admin/builder/spi-builder-workspace/Sources/TextBuffer/NSRange+notFound.swift /Users/admin/builder/spi-builder-workspace/Sources/TextBuffer/NSRange+prefix.swift /Users/admin/builder/spi-builder-workspace/Sources/TextBuffer/NSRange+suffix.swift (in target 'TextBuffer' from project 'TextBuffer')
SwiftCompile normal arm64 /Users/admin/builder/spi-builder-workspace/Sources/TextBuffer/NSRange+expandedToOther.swift (in target 'TextBuffer' from project 'TextBuffer')
cd /Users/admin/builder/spi-builder-workspace/.swiftpm/xcode
builtin-SwiftPerFileCompile NSRange+expandedToOther.swift
SwiftCompile normal arm64 /Users/admin/builder/spi-builder-workspace/Sources/TextBuffer/NSRange+notFound.swift (in target 'TextBuffer' from project 'TextBuffer')
cd /Users/admin/builder/spi-builder-workspace/.swiftpm/xcode
builtin-SwiftPerFileCompile NSRange+notFound.swift
SwiftCompile normal arm64 /Users/admin/builder/spi-builder-workspace/Sources/TextBuffer/NSRange+prefix.swift (in target 'TextBuffer' from project 'TextBuffer')
cd /Users/admin/builder/spi-builder-workspace/.swiftpm/xcode
builtin-SwiftPerFileCompile NSRange+prefix.swift
SwiftCompile normal arm64 /Users/admin/builder/spi-builder-workspace/Sources/TextBuffer/NSRange+suffix.swift (in target 'TextBuffer' from project 'TextBuffer')
cd /Users/admin/builder/spi-builder-workspace/.swiftpm/xcode
builtin-SwiftPerFileCompile NSRange+suffix.swift
SwiftCompile normal arm64 Compiling\ TextRope+ComposedSequences.swift,\ TextRope+LineRange.swift,\ TextRope+NSRange.swift,\ TextRope+WordRange.swift /Users/admin/builder/spi-builder-workspace/Sources/TextBuffer/TextRope+ComposedSequences.swift /Users/admin/builder/spi-builder-workspace/Sources/TextBuffer/TextRope+LineRange.swift /Users/admin/builder/spi-builder-workspace/Sources/TextBuffer/TextRope+NSRange.swift /Users/admin/builder/spi-builder-workspace/Sources/TextBuffer/TextRope+WordRange.swift (in target 'TextBuffer' from project 'TextBuffer')
SwiftCompile normal arm64 /Users/admin/builder/spi-builder-workspace/Sources/TextBuffer/TextRope+ComposedSequences.swift (in target 'TextBuffer' from project 'TextBuffer')
cd /Users/admin/builder/spi-builder-workspace/.swiftpm/xcode
builtin-SwiftPerFileCompile TextRope+ComposedSequences.swift
SwiftCompile normal arm64 /Users/admin/builder/spi-builder-workspace/Sources/TextBuffer/TextRope+LineRange.swift (in target 'TextBuffer' from project 'TextBuffer')
cd /Users/admin/builder/spi-builder-workspace/.swiftpm/xcode
builtin-SwiftPerFileCompile TextRope+LineRange.swift
SwiftCompile normal arm64 /Users/admin/builder/spi-builder-workspace/Sources/TextBuffer/TextRope+NSRange.swift (in target 'TextBuffer' from project 'TextBuffer')
cd /Users/admin/builder/spi-builder-workspace/.swiftpm/xcode
builtin-SwiftPerFileCompile TextRope+NSRange.swift
SwiftCompile normal arm64 /Users/admin/builder/spi-builder-workspace/Sources/TextBuffer/TextRope+WordRange.swift (in target 'TextBuffer' from project 'TextBuffer')
cd /Users/admin/builder/spi-builder-workspace/.swiftpm/xcode
builtin-SwiftPerFileCompile TextRope+WordRange.swift
SwiftEmitModule normal arm64 Emitting\ module\ for\ TextBuffer (in target 'TextBuffer' from project 'TextBuffer')
/Users/admin/builder/spi-builder-workspace/Sources/TextBuffer/Buffer/Undoable+NSTextViewBuffer.swift:3:34: error: cannot find type 'NSTextViewBuffer' in scope
1 | // Copyright © 2024 Christian Tietze. All rights reserved. Distributed under the MIT License.
2 |
3 | extension Undoable where Base == NSTextViewBuffer {
| `- error: cannot find type 'NSTextViewBuffer' in scope
4 | /// Wraps `base` to support automatic undo/redo of buffer mutations with the default undo manager of the `NSTextView`.
5 | ///
/Users/admin/builder/spi-builder-workspace/Sources/TextBuffer/Buffer/Undoable+NSTextViewBuffer.swift:10:17: error: cannot find type 'NSTextViewBuffer' in scope
8 | /// This behavior can be tweaked by setting the `undoManager` on the enclosing document directly, or by implementing [`NSWindowDelegate.windowWillReturnUndoManager(_:)`](https://developer.apple.com/documentation/appkit/nswindowdelegate/1419745-windowwillreturnundomanager) to return `UndoManager` instances you manage yourself.
9 | public convenience init(
10 | _ base: NSTextViewBuffer
| `- error: cannot find type 'NSTextViewBuffer' in scope
11 | ) {
12 | self.init(base) {
/Users/admin/builder/spi-builder-workspace/Sources/TextBuffer/Buffer/Undoable+NSTextViewBuffer.swift:18:11: error: cannot find type 'NSTextViewBuffer' in scope
16 | }
17 |
18 | extension NSTextViewBuffer {
| `- error: cannot find type 'NSTextViewBuffer' in scope
19 | /// Buffer with the system's default undo/redo support (which is usually delegating to the `NSWindow` or `NSDocument`).
20 | public var undoable: Undoable<NSTextViewBuffer> { Undoable(self) }
Failed frontend command:
/Applications/Xcode-27.0.0-Release.Candidate.app/Contents/Developer/Toolchains/XcodeDefault.xctoolchain/usr/bin/swift-frontend -frontend -emit-module -experimental-skip-non-inlinable-function-bodies-without-types /Users/admin/builder/spi-builder-workspace/Sources/TextBuffer/Bool+inverted.swift /Users/admin/builder/spi-builder-workspace/Sources/TextBuffer/Buffer/AsyncBuffer.swift /Users/admin/builder/spi-builder-workspace/Sources/TextBuffer/Buffer/Buffer+contains.swift /Users/admin/builder/spi-builder-workspace/Sources/TextBuffer/Buffer/Buffer+wordRange.swift /Users/admin/builder/spi-builder-workspace/Sources/TextBuffer/Buffer/Buffer.swift /Users/admin/builder/spi-builder-workspace/Sources/TextBuffer/Buffer/BufferAccessFailure.swift /Users/admin/builder/spi-builder-workspace/Sources/TextBuffer/Buffer/BufferContent.swift /Users/admin/builder/spi-builder-workspace/Sources/TextBuffer/Buffer/BufferRange.swift /Users/admin/builder/spi-builder-workspace/Sources/TextBuffer/Buffer/MutableStringBuffer.swift /Users/admin/builder/spi-builder-workspace/Sources/TextBuffer/Buffer/NSMutableString+BufferCompatibility.swift /Users/admin/builder/spi-builder-workspace/Sources/TextBuffer/Buffer/NSTextViewBuffer.swift /Users/admin/builder/spi-builder-workspace/Sources/TextBuffer/Buffer/NSTextViewOperationLogBridge.swift /Users/admin/builder/spi-builder-workspace/Sources/TextBuffer/Buffer/PuppetUndoManager.swift /Users/admin/builder/spi-builder-workspace/Sources/TextBuffer/Buffer/RopeBuffer.swift /Users/admin/builder/spi-builder-workspace/Sources/TextBuffer/Buffer/SendableRopeBuffer+Conversion.swift /Users/admin/builder/spi-builder-workspace/Sources/TextBuffer/Buffer/SendableRopeBuffer.swift /Users/admin/builder/spi-builder-workspace/Sources/TextBuffer/Buffer/TextAnalysisCapable.swift /Users/admin/builder/spi-builder-workspace/Sources/TextBuffer/Buffer/TextBuffer.swift /Users/admin/builder/spi-builder-workspace/Sources/TextBuffer/Buffer/TransferableUndoable.swift /Users/admin/builder/spi-builder-workspace/Sources/TextBuffer/Buffer/UTF16.swift /Users/admin/builder/spi-builder-workspace/Sources/TextBuffer/Buffer/Undoable+NSTextViewBuffer.swift /Users/admin/builder/spi-builder-workspace/Sources/TextBuffer/Buffer/Undoable.swift /Users/admin/builder/spi-builder-workspace/Sources/TextBuffer/Exports.swift /Users/admin/builder/spi-builder-workspace/Sources/TextBuffer/NSRange+Order.swift /Users/admin/builder/spi-builder-workspace/Sources/TextBuffer/NSRange+Resized.swift /Users/admin/builder/spi-builder-workspace/Sources/TextBuffer/NSRange+Shifted.swift /Users/admin/builder/spi-builder-workspace/Sources/TextBuffer/NSRange+Subtracting.swift /Users/admin/builder/spi-builder-workspace/Sources/TextBuffer/NSRange+containsRange.swift /Users/admin/builder/spi-builder-workspace/Sources/TextBuffer/NSRange+expandedToOther.swift /Users/admin/builder/spi-builder-workspace/Sources/TextBuffer/NSRange+notFound.swift /Users/admin/builder/spi-builder-workspace/Sources/TextBuffer/NSRange+prefix.swift /Users/admin/builder/spi-builder-workspace/Sources/TextBuffer/NSRange+suffix.swift /Users/admin/builder/spi-builder-workspace/Sources/TextBuffer/NSString+locationUpToCharacter.swift /Users/admin/builder/spi-builder-workspace/Sources/TextBuffer/OperationLog/BufferOperation.swift /Users/admin/builder/spi-builder-workspace/Sources/TextBuffer/OperationLog/OperationLog.swift /Users/admin/builder/spi-builder-workspace/Sources/TextBuffer/OperationLog/UndoGroup.swift /Users/admin/builder/spi-builder-workspace/Sources/TextBuffer/TextRope+ComposedSequences.swift /Users/admin/builder/spi-builder-workspace/Sources/TextBuffer/TextRope+LineRange.swift /Users/admin/builder/spi-builder-workspace/Sources/TextBuffer/TextRope+NSRange.swift /Users/admin/builder/spi-builder-workspace/Sources/TextBuffer/TextRope+WordRange.swift -target arm64-apple-xros1.0 -disable-cross-import-overlay-search -load-resolved-plugin /Applications/Xcode-27.0.0-Release.Candidate.app/Contents/Developer/Platforms/XROS.platform/Developer/usr/lib/swift/host/plugins/libFoundationMacros.dylib\#/Applications/Xcode-27.0.0-Release.Candidate.app/Contents/Developer/Platforms/XROS.platform/Developer/usr/bin/swift-plugin-server\#FoundationMacros -load-resolved-plugin /Applications/Xcode-27.0.0-Release.Candidate.app/Contents/Developer/Platforms/XROS.platform/Developer/usr/lib/swift/host/plugins/libObservationMacros.dylib\#/Applications/Xcode-27.0.0-Release.Candidate.app/Contents/Developer/Platforms/XROS.platform/Developer/usr/bin/swift-plugin-server\#ObservationMacros -load-resolved-plugin /Applications/Xcode-27.0.0-Release.Candidate.app/Contents/Developer/Platforms/XROS.platform/Developer/usr/lib/swift/host/plugins/libSwiftMacros.dylib\#/Applications/Xcode-27.0.0-Release.Candidate.app/Contents/Developer/Platforms/XROS.platform/Developer/usr/bin/swift-plugin-server\#SwiftMacros -disable-implicit-swift-modules -Xcc -fno-implicit-modules -Xcc -fno-implicit-module-maps -explicit-swift-module-map-file /Users/admin/builder/spi-builder-workspace/.derivedData/Build/Intermediates.noindex/TextBuffer.build/Debug-xros/TextBuffer-t.build/Objects-normal/arm64/TextBuffer-dependencies-1.json -Xllvm -aarch64-use-tbi -enable-objc-interop -stack-check -sdk /Applications/Xcode-27.0.0-Release.Candidate.app/Contents/Developer/Platforms/XROS.platform/Developer/SDKs/XROS27.0.sdk -I /Users/admin/builder/spi-builder-workspace/.derivedData/Build/Products/Debug-xros -Isystem /Applications/Xcode-27.0.0-Release.Candidate.app/Contents/Developer/Platforms/XROS.platform/Developer/usr/lib -F /Users/admin/builder/spi-builder-workspace/.derivedData/Build/Products/Debug-xros/PackageFrameworks -F /Users/admin/builder/spi-builder-workspace/.derivedData/Build/Products/Debug-xros -F /Applications/Xcode-27.0.0-Release.Candidate.app/Contents/Developer/Platforms/XROS.platform/Developer/Library/Frameworks -F /Applications/Xcode-27.0.0-Release.Candidate.app/Contents/Developer/Platforms/XROS.platform/Developer/SDKs/XROS27.0.sdk/Developer/Library/Frameworks -module-cache-path /Users/admin/builder/spi-builder-workspace/.derivedData/Build/Intermediates.noindex/SwiftExplicitPrecompiledModules -no-color-diagnostics -Xcc -fno-color-diagnostics -enable-testing -g -debug-info-format\=dwarf -dwarf-version\=4 -profile-generate -profile-coverage-mapping -swift-version 6 -Onone -D SWIFT_PACKAGE -D DEBUG -D SWIFT_MODULE_RESOURCE_BUNDLE_UNAVAILABLE -D Xcode -serialize-debugging-options -enable-experimental-feature DebugDescriptionMacro -empty-abi-descriptor -validate-clang-modules-once -clang-build-session-file /Users/admin/builder/spi-builder-workspace/.derivedData/ModuleCache.noindex/Session.modulevalidation -Xcc -working-directory -Xcc /Users/admin/builder/spi-builder-workspace/.swiftpm/xcode -enable-anonymous-context-mangled-names -file-compilation-dir /Users/admin/builder/spi-builder-workspace/.swiftpm/xcode -Xcc -D_LIBCPP_HARDENING_MODE\=_LIBCPP_HARDENING_MODE_DEBUG -Xcc -ivfsstatcache -Xcc /Users/admin/builder/spi-builder-workspace/.derivedData/SDKStatCaches.noindex/xros27.0-24M361-e829b21a6f8c9b70876ba0858053c044735bd543db762f57723cac368afd1ce4.sdkstatcache -Xcc -fmodules-prune-interval\=86400 -Xcc -fmodules-prune-after\=345600 -Xcc -I/Users/admin/builder/spi-builder-workspace/.derivedData/Build/Products/Debug-xros/include -Xcc -I/Users/admin/builder/spi-builder-workspace/.derivedData/Build/Intermediates.noindex/TextBuffer.build/Debug-xros/TextBuffer-t.build/DerivedSources-normal/arm64 -Xcc -I/Users/admin/builder/spi-builder-workspace/.derivedData/Build/Intermediates.noindex/TextBuffer.build/Debug-xros/TextBuffer-t.build/DerivedSources/arm64 -Xcc -I/Users/admin/builder/spi-builder-workspace/.derivedData/Build/Intermediates.noindex/TextBuffer.build/Debug-xros/TextBuffer-t.build/DerivedSources -Xcc -DSWIFT_PACKAGE -Xcc -DDEBUG\=1 -no-auto-bridging-header-chaining -module-name TextBuffer -package-name spi_builder_workspace -const-gather-protocols-file /Users/admin/builder/spi-builder-workspace/.derivedData/Build/Intermediates.noindex/TextBuffer.build/Debug-xros/TextBuffer-t.build/Objects-normal/arm64/TextBuffer_const_extract_protocols.json -disable-clang-spi -clang-target arm64-apple-xros27.0 -target-sdk-version 27.0 -target-sdk-name xros27.0 -in-process-plugin-server-path /Applications/Xcode-27.0.0-Release.Candidate.app/Contents/Developer/Toolchains/XcodeDefault.xctoolchain/usr/lib/swift/host/libSwiftInProcPluginServer.dylib -emit-module-doc-path /Users/admin/builder/spi-builder-workspace/.derivedData/Build/Intermediates.noindex/TextBuffer.build/Debug-xros/TextBuffer-t.build/Objects-normal/arm64/TextBuffer.swiftdoc -emit-module-source-info-path /Users/admin/builder/spi-builder-workspace/.derivedData/Build/Intermediates.noindex/TextBuffer.build/Debug-xros/TextBuffer-t.build/Objects-normal/arm64/TextBuffer.swiftsourceinfo -emit-objc-header-path /Users/admin/builder/spi-builder-workspace/.derivedData/Build/Intermediates.noindex/TextBuffer.build/Debug-xros/TextBuffer-t.build/Objects-normal/arm64/TextBuffer-Swift.h -serialize-diagnostics-path /Users/admin/builder/spi-builder-workspace/.derivedData/Build/Intermediates.noindex/TextBuffer.build/Debug-xros/TextBuffer-t.build/Objects-normal/arm64/TextBuffer-primary-emit-module.dia -emit-dependencies-path /Users/admin/builder/spi-builder-workspace/.derivedData/Build/Intermediates.noindex/TextBuffer.build/Debug-xros/TextBuffer-t.build/Objects-normal/arm64/TextBuffer-primary-emit-module.d -parse-as-library -o /Users/admin/builder/spi-builder-workspace/.derivedData/Build/Intermediates.noindex/TextBuffer.build/Debug-xros/TextBuffer-t.build/Objects-normal/arm64/TextBuffer.swiftmodule -emit-abi-descriptor-path /Users/admin/builder/spi-builder-workspace/.derivedData/Build/Intermediates.noindex/TextBuffer.build/Debug-xros/TextBuffer-t.build/Objects-normal/arm64/TextBuffer.abi.json
SwiftCompile normal arm64 (in target 'TextBuffer' from project 'TextBuffer')
cd /Users/admin/builder/spi-builder-workspace/.swiftpm/xcode
SwiftCompile normal arm64 Compiling\ TextAnalysisCapable.swift,\ TextBuffer.swift,\ TransferableUndoable.swift,\ UTF16.swift /Users/admin/builder/spi-builder-workspace/Sources/TextBuffer/Buffer/TextAnalysisCapable.swift /Users/admin/builder/spi-builder-workspace/Sources/TextBuffer/Buffer/TextBuffer.swift /Users/admin/builder/spi-builder-workspace/Sources/TextBuffer/Buffer/TransferableUndoable.swift /Users/admin/builder/spi-builder-workspace/Sources/TextBuffer/Buffer/UTF16.swift (in target 'TextBuffer' from project 'TextBuffer')
SwiftCompile normal arm64 /Users/admin/builder/spi-builder-workspace/Sources/TextBuffer/Buffer/TextAnalysisCapable.swift (in target 'TextBuffer' from project 'TextBuffer')
cd /Users/admin/builder/spi-builder-workspace/.swiftpm/xcode
builtin-SwiftPerFileCompile TextAnalysisCapable.swift
SwiftCompile normal arm64 /Users/admin/builder/spi-builder-workspace/Sources/TextBuffer/Buffer/TextBuffer.swift (in target 'TextBuffer' from project 'TextBuffer')
cd /Users/admin/builder/spi-builder-workspace/.swiftpm/xcode
builtin-SwiftPerFileCompile TextBuffer.swift
SwiftCompile normal arm64 /Users/admin/builder/spi-builder-workspace/Sources/TextBuffer/Buffer/TransferableUndoable.swift (in target 'TextBuffer' from project 'TextBuffer')
cd /Users/admin/builder/spi-builder-workspace/.swiftpm/xcode
builtin-SwiftPerFileCompile TransferableUndoable.swift
SwiftCompile normal arm64 /Users/admin/builder/spi-builder-workspace/Sources/TextBuffer/Buffer/UTF16.swift (in target 'TextBuffer' from project 'TextBuffer')
cd /Users/admin/builder/spi-builder-workspace/.swiftpm/xcode
builtin-SwiftPerFileCompile UTF16.swift
SwiftCompile normal arm64 Compiling\ MutableStringBuffer.swift,\ NSMutableString+BufferCompatibility.swift,\ NSTextViewBuffer.swift,\ NSTextViewOperationLogBridge.swift /Users/admin/builder/spi-builder-workspace/Sources/TextBuffer/Buffer/MutableStringBuffer.swift /Users/admin/builder/spi-builder-workspace/Sources/TextBuffer/Buffer/NSMutableString+BufferCompatibility.swift /Users/admin/builder/spi-builder-workspace/Sources/TextBuffer/Buffer/NSTextViewBuffer.swift /Users/admin/builder/spi-builder-workspace/Sources/TextBuffer/Buffer/NSTextViewOperationLogBridge.swift (in target 'TextBuffer' from project 'TextBuffer')
SwiftCompile normal arm64 /Users/admin/builder/spi-builder-workspace/Sources/TextBuffer/Buffer/MutableStringBuffer.swift (in target 'TextBuffer' from project 'TextBuffer')
cd /Users/admin/builder/spi-builder-workspace/.swiftpm/xcode
builtin-SwiftPerFileCompile MutableStringBuffer.swift
SwiftCompile normal arm64 /Users/admin/builder/spi-builder-workspace/Sources/TextBuffer/Buffer/NSMutableString+BufferCompatibility.swift (in target 'TextBuffer' from project 'TextBuffer')
cd /Users/admin/builder/spi-builder-workspace/.swiftpm/xcode
builtin-SwiftPerFileCompile NSMutableString+BufferCompatibility.swift
SwiftCompile normal arm64 /Users/admin/builder/spi-builder-workspace/Sources/TextBuffer/Buffer/NSTextViewBuffer.swift (in target 'TextBuffer' from project 'TextBuffer')
cd /Users/admin/builder/spi-builder-workspace/.swiftpm/xcode
builtin-SwiftPerFileCompile NSTextViewBuffer.swift
SwiftCompile normal arm64 /Users/admin/builder/spi-builder-workspace/Sources/TextBuffer/Buffer/NSTextViewOperationLogBridge.swift (in target 'TextBuffer' from project 'TextBuffer')
cd /Users/admin/builder/spi-builder-workspace/.swiftpm/xcode
builtin-SwiftPerFileCompile NSTextViewOperationLogBridge.swift
SwiftCompile normal arm64 Compiling\ NSString+locationUpToCharacter.swift,\ BufferOperation.swift,\ OperationLog.swift,\ UndoGroup.swift /Users/admin/builder/spi-builder-workspace/Sources/TextBuffer/NSString+locationUpToCharacter.swift /Users/admin/builder/spi-builder-workspace/Sources/TextBuffer/OperationLog/BufferOperation.swift /Users/admin/builder/spi-builder-workspace/Sources/TextBuffer/OperationLog/OperationLog.swift /Users/admin/builder/spi-builder-workspace/Sources/TextBuffer/OperationLog/UndoGroup.swift (in target 'TextBuffer' from project 'TextBuffer')
SwiftCompile normal arm64 /Users/admin/builder/spi-builder-workspace/Sources/TextBuffer/NSString+locationUpToCharacter.swift (in target 'TextBuffer' from project 'TextBuffer')
cd /Users/admin/builder/spi-builder-workspace/.swiftpm/xcode
builtin-SwiftPerFileCompile NSString+locationUpToCharacter.swift
SwiftCompile normal arm64 /Users/admin/builder/spi-builder-workspace/Sources/TextBuffer/OperationLog/BufferOperation.swift (in target 'TextBuffer' from project 'TextBuffer')
cd /Users/admin/builder/spi-builder-workspace/.swiftpm/xcode
builtin-SwiftPerFileCompile BufferOperation.swift
SwiftCompile normal arm64 /Users/admin/builder/spi-builder-workspace/Sources/TextBuffer/OperationLog/OperationLog.swift (in target 'TextBuffer' from project 'TextBuffer')
cd /Users/admin/builder/spi-builder-workspace/.swiftpm/xcode
builtin-SwiftPerFileCompile OperationLog.swift
SwiftCompile normal arm64 /Users/admin/builder/spi-builder-workspace/Sources/TextBuffer/OperationLog/UndoGroup.swift (in target 'TextBuffer' from project 'TextBuffer')
cd /Users/admin/builder/spi-builder-workspace/.swiftpm/xcode
builtin-SwiftPerFileCompile UndoGroup.swift
PruneExplicitPrecompiledModules /Users/admin/builder/spi-builder-workspace/.derivedData/Build/Intermediates.noindex/SwiftExplicitPrecompiledModules
PruneExplicitPrecompiledModules /Users/admin/builder/spi-builder-workspace/.derivedData/SDKExplicitPrecompiledModules
PruneExplicitPrecompiledModules /Users/admin/builder/spi-builder-workspace/.derivedData/Build/Intermediates.noindex/ExplicitPrecompiledModules
2026-09-26 16:56:42.285 xcodebuild[742:4590] [MT] IDERunDestination: Supported platforms for the buildables in the current scheme is empty.
** BUILD FAILED **
The following build commands failed:
SwiftEmitModule normal arm64 Emitting\ module\ for\ TextBuffer (in target 'TextBuffer' from project 'TextBuffer')
SwiftCompile normal arm64 (in target 'TextBuffer' from project 'TextBuffer')
Building workspace TextBuffer with scheme TextBuffer-Package
(3 failures)
BUILD FAILURE 6.4 visionOS