The Swift Package Index logo.Swift Package Index

Build Information

Failed to build LiquidGlassEffects, reference 0.2.0 (023401), with Swift 6.1 for Wasm on 4 Oct 2026 12:59:03 UTC.

Build Command

bash -c docker run --pull=always --rm -v "checkouts-54344844-2":/host -w "$PWD" -e JAVA_HOME="/root/.sdkman/candidates/java/current" -e SPI_BUILD="1" -e SPI_PROCESSING="1" registry.gitlab.com/saguaro1/spi-images:wasm-6.1-latest swift build --swift-sdk wasm32-unknown-wasi 2>&1

Build Log

========================================
RunAll
========================================
Builder version: 5.1.1
Interrupt handler set up.
========================================
Checkout
========================================
Clone URL: https://github.com/HoYeonPark1221/LiquidGlassEffects.git
Reference: 0.2.0
Initialized empty Git repository in /host/spi-builder-workspace/.git/
hint: Using 'master' as the name for the initial branch. This default branch name
hint: is subject to change. To configure the initial branch name to use in all
hint: of your new repositories, which will suppress this warning, call:
hint:
hint: 	git config --global init.defaultBranch <name>
hint:
hint: Names commonly chosen instead of 'master' are 'main', 'trunk' and
hint: 'development'. The just-created branch can be renamed via this command:
hint:
hint: 	git branch -m <name>
From https://github.com/HoYeonPark1221/LiquidGlassEffects
 * tag               0.2.0      -> FETCH_HEAD
HEAD is now at 023401c Build the GlassLab demo in CI on macOS 26 only
Cloned https://github.com/HoYeonPark1221/LiquidGlassEffects.git
Revision (git rev-parse @):
023401c71c4e4945cde503015ccf9bafc44077b0
SPI manifest file found: $PWD/.spi.yml
SUCCESS checkout https://github.com/HoYeonPark1221/LiquidGlassEffects.git at 0.2.0
========================================
Build
========================================
Selected platform:         wasm
Swift version:             6.1
Building package at path:  $PWD
https://github.com/HoYeonPark1221/LiquidGlassEffects.git
https://github.com/HoYeonPark1221/LiquidGlassEffects.git
WARNING: environment variable SUPPRESS_SWIFT_6_FLAGS is not set
Running build ...
bash -c docker run --pull=always --rm -v "checkouts-54344844-2":/host -w "$PWD" -e JAVA_HOME="/root/.sdkman/candidates/java/current" -e SPI_BUILD="1" -e SPI_PROCESSING="1" registry.gitlab.com/saguaro1/spi-images:wasm-6.1-latest swift build --swift-sdk wasm32-unknown-wasi -Xswiftc -Xfrontend -Xswiftc -stats-output-dir -Xswiftc -Xfrontend -Xswiftc .stats -Xswiftc -strict-concurrency=complete -Xswiftc -enable-upcoming-feature -Xswiftc StrictConcurrency -Xswiftc -enable-upcoming-feature -Xswiftc DisableOutwardActorInference -Xswiftc -enable-upcoming-feature -Xswiftc GlobalActorIsolatedTypesUsability -Xswiftc -enable-upcoming-feature -Xswiftc InferSendableFromCaptures 2>&1
wasm-6.1-latest: Pulling from saguaro1/spi-images
Digest: sha256:beceeede496da67681f4fa220a6b97cc098a0178841a413735f598dc6bbaf4c8
Status: Image is up to date for registry.gitlab.com/saguaro1/spi-images:wasm-6.1-latest
Building for debugging...
[0/2] Write sources
[1/2] Write swift-version-24593BA9C3E375BF.txt
[3/7] Compiling LiquidGlassEffects LiquidGlassBackground.swift
/host/spi-builder-workspace/Sources/LiquidGlassEffects/GlassVariantBridge.swift:1:8: error: no such module 'AppKit'
  1 | import AppKit
    |        `- error: no such module 'AppKit'
  2 | import ObjectiveC
  3 |
[4/7] Compiling LiquidGlassEffects GlassVariantGalleryView.swift
/host/spi-builder-workspace/Sources/LiquidGlassEffects/GlassVariantBridge.swift:1:8: error: no such module 'AppKit'
  1 | import AppKit
    |        `- error: no such module 'AppKit'
  2 | import ObjectiveC
  3 |
[5/7] Compiling LiquidGlassEffects GlassVariantBridge.swift
/host/spi-builder-workspace/Sources/LiquidGlassEffects/GlassVariantBridge.swift:1:8: error: no such module 'AppKit'
  1 | import AppKit
    |        `- error: no such module 'AppKit'
  2 | import ObjectiveC
  3 |
error: emit-module command failed with exit code 1 (use -v to see invocation)
[6/7] Emitting module LiquidGlassEffects
/host/spi-builder-workspace/Sources/LiquidGlassEffects/GlassVariantBridge.swift:1:8: error: no such module 'AppKit'
  1 | import AppKit
    |        `- error: no such module 'AppKit'
  2 | import ObjectiveC
  3 |
[7/7] Compiling LiquidGlassEffects GlassVariant.swift
/host/spi-builder-workspace/Sources/LiquidGlassEffects/GlassVariantBridge.swift:1:8: error: no such module 'AppKit'
  1 | import AppKit
    |        `- error: no such module 'AppKit'
  2 | import ObjectiveC
  3 |
Running build ...
bash -c docker run --pull=always --rm -v "checkouts-54344844-2":/host -w "$PWD" -e JAVA_HOME="/root/.sdkman/candidates/java/current" -e SPI_BUILD="1" -e SPI_PROCESSING="1" registry.gitlab.com/saguaro1/spi-images:wasm-6.1-latest swift build --swift-sdk wasm32-unknown-wasi 2>&1
wasm-6.1-latest: Pulling from saguaro1/spi-images
Digest: sha256:beceeede496da67681f4fa220a6b97cc098a0178841a413735f598dc6bbaf4c8
Status: Image is up to date for registry.gitlab.com/saguaro1/spi-images:wasm-6.1-latest
[0/1] Planning build
Building for debugging...
[0/1] Write swift-version-24593BA9C3E375BF.txt
[2/6] Compiling LiquidGlassEffects GlassVariantGalleryView.swift
/host/spi-builder-workspace/Sources/LiquidGlassEffects/GlassVariantBridge.swift:1:8: error: no such module 'AppKit'
  1 | import AppKit
    |        `- error: no such module 'AppKit'
  2 | import ObjectiveC
  3 |
[3/6] Compiling LiquidGlassEffects LiquidGlassBackground.swift
/host/spi-builder-workspace/Sources/LiquidGlassEffects/GlassVariantBridge.swift:1:8: error: no such module 'AppKit'
  1 | import AppKit
    |        `- error: no such module 'AppKit'
  2 | import ObjectiveC
  3 |
error: emit-module command failed with exit code 1 (use -v to see invocation)
[4/6] Emitting module LiquidGlassEffects
/host/spi-builder-workspace/Sources/LiquidGlassEffects/GlassVariantBridge.swift:1:8: error: no such module 'AppKit'
  1 | import AppKit
    |        `- error: no such module 'AppKit'
  2 | import ObjectiveC
  3 |
[5/6] Compiling LiquidGlassEffects GlassVariantBridge.swift
/host/spi-builder-workspace/Sources/LiquidGlassEffects/GlassVariantBridge.swift:1:8: error: no such module 'AppKit'
  1 | import AppKit
    |        `- error: no such module 'AppKit'
  2 | import ObjectiveC
  3 |
[6/6] Compiling LiquidGlassEffects GlassVariant.swift
/host/spi-builder-workspace/Sources/LiquidGlassEffects/GlassVariantBridge.swift:1:8: error: no such module 'AppKit'
  1 | import AppKit
    |        `- error: no such module 'AppKit'
  2 | import ObjectiveC
  3 |
BUILD FAILURE 6.1 wasm