Build Information
Failed to build RxCoreLocation, reference 1.5.1 (8b26b7), with Swift 6.4 for watchOS using Xcode 27.0 on 17 Sep 2026 11:42:39 UTC.
Build Command
No build command. This typically means the build failed at an early stage where we determine the build command.Build Log
========================================
RunAll
========================================
Builder version: 5.1.0
Interrupt handler set up.
========================================
Checkout
========================================
Clone URL: https://github.com/RxSwiftCommunity/RxCoreLocation.git
Reference: 1.5.1
Initialized empty Git repository in /Users/admin/builder/spi-builder-workspace/.git/
From https://github.com/RxSwiftCommunity/RxCoreLocation
* tag 1.5.1 -> FETCH_HEAD
HEAD is now at 8b26b77 Configured circle.yml to use xcode 11.4.0
Cloned https://github.com/RxSwiftCommunity/RxCoreLocation.git
Revision (git rev-parse @):
8b26b77851c09689c2fb6ba9cd875c203ff79797
SUCCESS checkout https://github.com/RxSwiftCommunity/RxCoreLocation.git at 1.5.1
========================================
Build
========================================
Selected platform: watchOS
Swift version: 6.4
Building package at path: $PWD
https://github.com/RxSwiftCommunity/RxCoreLocation.git
Command line invocation:
/Applications/Xcode-27.0.0-Release.Candidate.app/Contents/Developer/usr/bin/xcodebuild -IDEClonedSourcePackagesDirPathOverride=/Users/admin/builder/spi-builder-workspace/.dependencies -resolvePackageDependencies
2026-09-17 07:42:38.703 xcodebuild[523:3018] Writing error result bundle to /var/folders/xq/y_g06wb113726d38xsyx71_h0000gn/T/ResultBundle_2026-17-09_07-42-0038.xcresult
xcodebuild: error: The directory /Users/admin/builder/spi-builder-workspace contains 2 projects, including multiple projects with the current extension (.xcodeproj). Specify the project to use with the -project option.
Command line invocation:
/Applications/Xcode-27.0.0-Release.Candidate.app/Contents/Developer/usr/bin/xcodebuild -IDEClonedSourcePackagesDirPathOverride=/Users/admin/builder/spi-builder-workspace/.dependencies -resolvePackageDependencies
2026-09-17 07:42:39.701 xcodebuild[534:3118] Writing error result bundle to /var/folders/xq/y_g06wb113726d38xsyx71_h0000gn/T/ResultBundle_2026-17-09_07-42-0039.xcresult
xcodebuild: error: The directory /Users/admin/builder/spi-builder-workspace contains 2 projects, including multiple projects with the current extension (.xcodeproj). Specify the project to use with the -project option.
BUILD FAILURE 6.4 watchOS