Build Information
Failed to build WandLocation, reference 3.0.11 (0d7b03), with Swift 6.1 for Wasm on 11 Jul 2026 11:55:37 UTC.
Build Command
bash -c docker run --pull=always --rm -v "checkouts-53886769-0":/host -w "$PWD" -e JAVA_HOME="/root/.sdkman/candidates/java/current" -e SPI_BUILD="1" -e SPI_PROCESSING="1" registry.gitlab.com/saguaro1/spi-images:wasm-6.1-latest swift build --swift-sdk wasm32-unknown-wasi 2>&1Build Log
========================================
RunAll
========================================
Builder version: 0e64495ecc1688c3b3e031a5ef1348b5c05091ae
Interrupt handler set up.
========================================
Checkout
========================================
Clone URL: https://github.com/the-wand/Location.git
Reference: 3.0.11
Initialized empty Git repository in /host/spi-builder-workspace/.git/
hint: Using 'master' as the name for the initial branch. This default branch name
hint: is subject to change. To configure the initial branch name to use in all
hint: of your new repositories, which will suppress this warning, call:
hint:
hint: git config --global init.defaultBranch <name>
hint:
hint: Names commonly chosen instead of 'master' are 'main', 'trunk' and
hint: 'development'. The just-created branch can be renamed via this command:
hint:
hint: git branch -m <name>
From https://github.com/the-wand/Location
* tag 3.0.11 -> FETCH_HEAD
HEAD is now at 0d7b036 3.0.11
Cloned https://github.com/the-wand/Location.git
Revision (git rev-parse @):
0d7b0369871b962b7745b8a23b14b69706c39f1c
SUCCESS checkout https://github.com/the-wand/Location.git at 3.0.11
========================================
Build
========================================
Selected platform: wasm
Swift version: 6.1
Building package at path: $PWD
https://github.com/the-wand/Location.git
https://github.com/the-wand/Location.git
WARNING: environment variable SUPPRESS_SWIFT_6_FLAGS is not set
Running build ...
bash -c docker run --pull=always --rm -v "checkouts-53886769-0":/host -w "$PWD" -e JAVA_HOME="/root/.sdkman/candidates/java/current" -e SPI_BUILD="1" -e SPI_PROCESSING="1" registry.gitlab.com/saguaro1/spi-images:wasm-6.1-latest swift build --swift-sdk wasm32-unknown-wasi -Xswiftc -Xfrontend -Xswiftc -stats-output-dir -Xswiftc -Xfrontend -Xswiftc .stats -Xswiftc -strict-concurrency=complete -Xswiftc -enable-upcoming-feature -Xswiftc StrictConcurrency -Xswiftc -enable-upcoming-feature -Xswiftc DisableOutwardActorInference -Xswiftc -enable-upcoming-feature -Xswiftc GlobalActorIsolatedTypesUsability -Xswiftc -enable-upcoming-feature -Xswiftc InferSendableFromCaptures 2>&1
wasm-6.1-latest: Pulling from saguaro1/spi-images
Digest: sha256:1ad245dad3d2ae0004e1afbc92334bd39884ed9ca587cf04d0a8d5f640fb02e9
Status: Image is up to date for registry.gitlab.com/saguaro1/spi-images:wasm-6.1-latest
Fetching https://github.com/the-wand/Any.git
Fetching https://github.com/the-wand/Wand.git
[1/9917] Fetching wand
[497/10252] Fetching wand, any
Fetched https://github.com/the-wand/Any.git from cache (0.88s)
Fetched https://github.com/the-wand/Wand.git from cache (0.89s)
Computing version for https://github.com/the-wand/Wand.git
Computed https://github.com/the-wand/Wand.git at 3.0.11 (1.14s)
Computing version for https://github.com/the-wand/Any.git
Computed https://github.com/the-wand/Any.git at 1.0.3 (0.24s)
Creating working copy for https://github.com/the-wand/Wand.git
Working copy of https://github.com/the-wand/Wand.git resolved at 3.0.11
Creating working copy for https://github.com/the-wand/Any.git
Working copy of https://github.com/the-wand/Any.git resolved at 1.0.3
warning: 'wand': found 1 file(s) which are unhandled; explicitly declare them as resources or exclude from the target
/host/spi-builder-workspace/.build/checkouts/Wand/Sources/Wand/Wand.md
Building for debugging...
[0/3] Write sources
[2/3] Write swift-version-24593BA9C3E375BF.txt
error: emit-module command failed with exit code 1 (use -v to see invocation)
[4/40] Emitting module Wand
/host/spi-builder-workspace/.build/checkouts/Wand/Sources/Wand/|/Addons/Time.swift:21:16: error: cannot find type 'DispatchTime' in scope
19 | @inline(__always)
20 | public
21 | func | (after: DispatchTime, execute: @escaping ()->() ) {
| `- error: cannot find type 'DispatchTime' in scope
22 | DispatchQueue.main.asyncAfter(deadline: after, execute: execute)
23 | }
/host/spi-builder-workspace/.build/checkouts/Wand/Sources/Wand/Core/Core.swift:133:27: error: cannot find 'USEC_PER_SEC' in scope
131 |
132 | let time: Int = Date().timeIntervalSince1970|
133 | let usec = time * USEC_PER_SEC|
| `- error: cannot find 'USEC_PER_SEC' in scope
134 |
135 | var request = URLRequest(url: URL(string: "https://api.mixpanel.com/import")!)
/host/spi-builder-workspace/.build/checkouts/Wand/Sources/Wand/Core/Core.swift:135:23: error: cannot find 'URLRequest' in scope
133 | let usec = time * USEC_PER_SEC|
134 |
135 | var request = URLRequest(url: URL(string: "https://api.mixpanel.com/import")!)
| `- error: cannot find 'URLRequest' in scope
136 | request.httpMethod = "POST"
137 | request.addValue("application/json", forHTTPHeaderField: "Content-Type")
/host/spi-builder-workspace/.build/checkouts/Wand/Sources/Wand/Core/Core.swift:151:9: error: 'URLSession' (aka 'AnyObject') cannot be constructed because it has no accessible initializers
149 | ])
150 |
151 | URLSession(configuration: .default).dataTask(with: request).resume()
| `- error: 'URLSession' (aka 'AnyObject') cannot be constructed because it has no accessible initializers
152 | }
153 |
/host/spi-builder-workspace/.build/checkouts/Wand/Sources/Wand/Core/Core.swift:151:36: error: cannot infer contextual base in reference to member 'default'
149 | ])
150 |
151 | URLSession(configuration: .default).dataTask(with: request).resume()
| `- error: cannot infer contextual base in reference to member 'default'
152 | }
153 |
[5/45] Compiling Wand &.swift
/host/spi-builder-workspace/.build/checkouts/Wand/Sources/Wand/|/Addons/Time.swift:21:16: error: cannot find type 'DispatchTime' in scope
19 | @inline(__always)
20 | public
21 | func | (after: DispatchTime, execute: @escaping ()->() ) {
| `- error: cannot find type 'DispatchTime' in scope
22 | DispatchQueue.main.asyncAfter(deadline: after, execute: execute)
23 | }
[6/45] Compiling Wand AndT.swift
/host/spi-builder-workspace/.build/checkouts/Wand/Sources/Wand/|/Addons/Time.swift:21:16: error: cannot find type 'DispatchTime' in scope
19 | @inline(__always)
20 | public
21 | func | (after: DispatchTime, execute: @escaping ()->() ) {
| `- error: cannot find type 'DispatchTime' in scope
22 | DispatchQueue.main.asyncAfter(deadline: after, execute: execute)
23 | }
[7/45] Compiling Wand AndU.swift
/host/spi-builder-workspace/.build/checkouts/Wand/Sources/Wand/|/Addons/Time.swift:21:16: error: cannot find type 'DispatchTime' in scope
19 | @inline(__always)
20 | public
21 | func | (after: DispatchTime, execute: @escaping ()->() ) {
| `- error: cannot find type 'DispatchTime' in scope
22 | DispatchQueue.main.asyncAfter(deadline: after, execute: execute)
23 | }
[8/45] Compiling Wand Operation.swift
/host/spi-builder-workspace/.build/checkouts/Wand/Sources/Wand/|/Addons/Time.swift:21:16: error: cannot find type 'DispatchTime' in scope
19 | @inline(__always)
20 | public
21 | func | (after: DispatchTime, execute: @escaping ()->() ) {
| `- error: cannot find type 'DispatchTime' in scope
22 | DispatchQueue.main.asyncAfter(deadline: after, execute: execute)
23 | }
[9/45] Compiling Wand +.swift
/host/spi-builder-workspace/.build/checkouts/Wand/Sources/Wand/|/Addons/Time.swift:21:16: error: cannot find type 'DispatchTime' in scope
19 | @inline(__always)
20 | public
21 | func | (after: DispatchTime, execute: @escaping ()->() ) {
| `- error: cannot find type 'DispatchTime' in scope
22 | DispatchQueue.main.asyncAfter(deadline: after, execute: execute)
23 | }
[10/45] Compiling Wand ?.swift
/host/spi-builder-workspace/.build/checkouts/Wand/Sources/Wand/|/Addons/Time.swift:21:16: error: cannot find type 'DispatchTime' in scope
19 | @inline(__always)
20 | public
21 | func | (after: DispatchTime, execute: @escaping ()->() ) {
| `- error: cannot find type 'DispatchTime' in scope
22 | DispatchQueue.main.asyncAfter(deadline: after, execute: execute)
23 | }
[11/45] Compiling Wand Expecting.swift
/host/spi-builder-workspace/.build/checkouts/Wand/Sources/Wand/|/Addons/Time.swift:21:16: error: cannot find type 'DispatchTime' in scope
19 | @inline(__always)
20 | public
21 | func | (after: DispatchTime, execute: @escaping ()->() ) {
| `- error: cannot find type 'DispatchTime' in scope
22 | DispatchQueue.main.asyncAfter(deadline: after, execute: execute)
23 | }
[12/45] Compiling Wand Core+Wanded.swift
/host/spi-builder-workspace/.build/checkouts/Wand/Sources/Wand/|/Addons/Time.swift:21:16: error: cannot find type 'DispatchTime' in scope
19 | @inline(__always)
20 | public
21 | func | (after: DispatchTime, execute: @escaping ()->() ) {
| `- error: cannot find type 'DispatchTime' in scope
22 | DispatchQueue.main.asyncAfter(deadline: after, execute: execute)
23 | }
[13/45] Compiling Wand WandFramerProtocol.swift
/host/spi-builder-workspace/.build/checkouts/Wand/Sources/Wand/|/Addons/Time.swift:21:16: error: cannot find type 'DispatchTime' in scope
19 | @inline(__always)
20 | public
21 | func | (after: DispatchTime, execute: @escaping ()->() ) {
| `- error: cannot find type 'DispatchTime' in scope
22 | DispatchQueue.main.asyncAfter(deadline: after, execute: execute)
23 | }
[14/45] Compiling Wand Wanded.swift
/host/spi-builder-workspace/.build/checkouts/Wand/Sources/Wand/|/Addons/Time.swift:21:16: error: cannot find type 'DispatchTime' in scope
19 | @inline(__always)
20 | public
21 | func | (after: DispatchTime, execute: @escaping ()->() ) {
| `- error: cannot find type 'DispatchTime' in scope
22 | DispatchQueue.main.asyncAfter(deadline: after, execute: execute)
23 | }
[15/45] Compiling Wand |.swift
/host/spi-builder-workspace/.build/checkouts/Wand/Sources/Wand/|/Addons/Time.swift:21:16: error: cannot find type 'DispatchTime' in scope
19 | @inline(__always)
20 | public
21 | func | (after: DispatchTime, execute: @escaping ()->() ) {
| `- error: cannot find type 'DispatchTime' in scope
22 | DispatchQueue.main.asyncAfter(deadline: after, execute: execute)
23 | }
[16/45] Compiling Wand Log.swift
/host/spi-builder-workspace/.build/checkouts/Wand/Sources/Wand/|/Addons/Time.swift:21:16: error: cannot find type 'DispatchTime' in scope
19 | @inline(__always)
20 | public
21 | func | (after: DispatchTime, execute: @escaping ()->() ) {
| `- error: cannot find type 'DispatchTime' in scope
22 | DispatchQueue.main.asyncAfter(deadline: after, execute: execute)
23 | }
[17/45] Compiling Wand Memory.swift
/host/spi-builder-workspace/.build/checkouts/Wand/Sources/Wand/|/Addons/Time.swift:21:16: error: cannot find type 'DispatchTime' in scope
19 | @inline(__always)
20 | public
21 | func | (after: DispatchTime, execute: @escaping ()->() ) {
| `- error: cannot find type 'DispatchTime' in scope
22 | DispatchQueue.main.asyncAfter(deadline: after, execute: execute)
23 | }
[18/45] Compiling Wand o.swift
/host/spi-builder-workspace/.build/checkouts/Wand/Sources/Wand/|/Addons/Time.swift:21:16: error: cannot find type 'DispatchTime' in scope
19 | @inline(__always)
20 | public
21 | func | (after: DispatchTime, execute: @escaping ()->() ) {
| `- error: cannot find type 'DispatchTime' in scope
22 | DispatchQueue.main.asyncAfter(deadline: after, execute: execute)
23 | }
[19/45] Compiling Wand u.swift
/host/spi-builder-workspace/.build/checkouts/Wand/Sources/Wand/|/Addons/Time.swift:21:16: error: cannot find type 'DispatchTime' in scope
19 | @inline(__always)
20 | public
21 | func | (after: DispatchTime, execute: @escaping ()->() ) {
| `- error: cannot find type 'DispatchTime' in scope
22 | DispatchQueue.main.asyncAfter(deadline: after, execute: execute)
23 | }
[20/45] Compiling Wand Addons.swift
/host/spi-builder-workspace/.build/checkouts/Wand/Sources/Wand/|/Addons/Time.swift:21:16: error: cannot find type 'DispatchTime' in scope
19 | @inline(__always)
20 | public
21 | func | (after: DispatchTime, execute: @escaping ()->() ) {
| `- error: cannot find type 'DispatchTime' in scope
22 | DispatchQueue.main.asyncAfter(deadline: after, execute: execute)
23 | }
[21/45] Compiling Wand Expressible.swift
/host/spi-builder-workspace/.build/checkouts/Wand/Sources/Wand/|/Addons/Time.swift:21:16: error: cannot find type 'DispatchTime' in scope
19 | @inline(__always)
20 | public
21 | func | (after: DispatchTime, execute: @escaping ()->() ) {
| `- error: cannot find type 'DispatchTime' in scope
22 | DispatchQueue.main.asyncAfter(deadline: after, execute: execute)
23 | }
[22/45] Compiling Wand ExpressibleByArray.swift
/host/spi-builder-workspace/.build/checkouts/Wand/Sources/Wand/|/Addons/Time.swift:21:16: error: cannot find type 'DispatchTime' in scope
19 | @inline(__always)
20 | public
21 | func | (after: DispatchTime, execute: @escaping ()->() ) {
| `- error: cannot find type 'DispatchTime' in scope
22 | DispatchQueue.main.asyncAfter(deadline: after, execute: execute)
23 | }
[23/45] Compiling Wand ExpressibleByDictionary.swift
/host/spi-builder-workspace/.build/checkouts/Wand/Sources/Wand/|/Addons/Time.swift:21:16: error: cannot find type 'DispatchTime' in scope
19 | @inline(__always)
20 | public
21 | func | (after: DispatchTime, execute: @escaping ()->() ) {
| `- error: cannot find type 'DispatchTime' in scope
22 | DispatchQueue.main.asyncAfter(deadline: after, execute: execute)
23 | }
[24/45] Compiling Wand Key.swift
/host/spi-builder-workspace/.build/checkouts/Wand/Sources/Wand/|/Addons/Time.swift:21:16: error: cannot find type 'DispatchTime' in scope
19 | @inline(__always)
20 | public
21 | func | (after: DispatchTime, execute: @escaping ()->() ) {
| `- error: cannot find type 'DispatchTime' in scope
22 | DispatchQueue.main.asyncAfter(deadline: after, execute: execute)
23 | }
[25/45] Compiling Wand Weak.swift
/host/spi-builder-workspace/.build/checkouts/Wand/Sources/Wand/|/Addons/Time.swift:21:16: error: cannot find type 'DispatchTime' in scope
19 | @inline(__always)
20 | public
21 | func | (after: DispatchTime, execute: @escaping ()->() ) {
| `- error: cannot find type 'DispatchTime' in scope
22 | DispatchQueue.main.asyncAfter(deadline: after, execute: execute)
23 | }
[26/45] Compiling Wand Numbers_Convertable.swift
[27/45] Compiling Wand String_Convertable.swift
[28/45] Compiling Wand Describing.swift
[29/45] Compiling Wand Describing_Character.swift
[30/45] Compiling Wand Describing_Data.swift
[31/45] Compiling Wand All.swift
/host/spi-builder-workspace/.build/checkouts/Wand/Sources/Wand/|/Addons/Time.swift:21:16: error: cannot find type 'DispatchTime' in scope
19 | @inline(__always)
20 | public
21 | func | (after: DispatchTime, execute: @escaping ()->() ) {
| `- error: cannot find type 'DispatchTime' in scope
22 | DispatchQueue.main.asyncAfter(deadline: after, execute: execute)
23 | }
/host/spi-builder-workspace/.build/checkouts/Wand/Sources/Wand/|/Addons/Retry.swift:41:13: error: cannot find 'DispatchTime' in scope
39 | .while { (retry: Retry, count: Int) in
40 |
41 | DispatchTime.now() + timeout | {
| `- error: cannot find 'DispatchTime' in scope
42 | retry()
43 | }
[32/45] Compiling Wand Any.swift
/host/spi-builder-workspace/.build/checkouts/Wand/Sources/Wand/|/Addons/Time.swift:21:16: error: cannot find type 'DispatchTime' in scope
19 | @inline(__always)
20 | public
21 | func | (after: DispatchTime, execute: @escaping ()->() ) {
| `- error: cannot find type 'DispatchTime' in scope
22 | DispatchQueue.main.asyncAfter(deadline: after, execute: execute)
23 | }
/host/spi-builder-workspace/.build/checkouts/Wand/Sources/Wand/|/Addons/Retry.swift:41:13: error: cannot find 'DispatchTime' in scope
39 | .while { (retry: Retry, count: Int) in
40 |
41 | DispatchTime.now() + timeout | {
| `- error: cannot find 'DispatchTime' in scope
42 | retry()
43 | }
[33/45] Compiling Wand Counting.swift
/host/spi-builder-workspace/.build/checkouts/Wand/Sources/Wand/|/Addons/Time.swift:21:16: error: cannot find type 'DispatchTime' in scope
19 | @inline(__always)
20 | public
21 | func | (after: DispatchTime, execute: @escaping ()->() ) {
| `- error: cannot find type 'DispatchTime' in scope
22 | DispatchQueue.main.asyncAfter(deadline: after, execute: execute)
23 | }
/host/spi-builder-workspace/.build/checkouts/Wand/Sources/Wand/|/Addons/Retry.swift:41:13: error: cannot find 'DispatchTime' in scope
39 | .while { (retry: Retry, count: Int) in
40 |
41 | DispatchTime.now() + timeout | {
| `- error: cannot find 'DispatchTime' in scope
42 | retry()
43 | }
[34/45] Compiling Wand Retry.swift
/host/spi-builder-workspace/.build/checkouts/Wand/Sources/Wand/|/Addons/Time.swift:21:16: error: cannot find type 'DispatchTime' in scope
19 | @inline(__always)
20 | public
21 | func | (after: DispatchTime, execute: @escaping ()->() ) {
| `- error: cannot find type 'DispatchTime' in scope
22 | DispatchQueue.main.asyncAfter(deadline: after, execute: execute)
23 | }
/host/spi-builder-workspace/.build/checkouts/Wand/Sources/Wand/|/Addons/Retry.swift:41:13: error: cannot find 'DispatchTime' in scope
39 | .while { (retry: Retry, count: Int) in
40 |
41 | DispatchTime.now() + timeout | {
| `- error: cannot find 'DispatchTime' in scope
42 | retry()
43 | }
[35/45] Compiling Wand Sequence.swift
/host/spi-builder-workspace/.build/checkouts/Wand/Sources/Wand/|/Addons/Time.swift:21:16: error: cannot find type 'DispatchTime' in scope
19 | @inline(__always)
20 | public
21 | func | (after: DispatchTime, execute: @escaping ()->() ) {
| `- error: cannot find type 'DispatchTime' in scope
22 | DispatchQueue.main.asyncAfter(deadline: after, execute: execute)
23 | }
/host/spi-builder-workspace/.build/checkouts/Wand/Sources/Wand/|/Addons/Retry.swift:41:13: error: cannot find 'DispatchTime' in scope
39 | .while { (retry: Retry, count: Int) in
40 |
41 | DispatchTime.now() + timeout | {
| `- error: cannot find 'DispatchTime' in scope
42 | retry()
43 | }
[36/45] Compiling Wand Error.swift
/host/spi-builder-workspace/.build/checkouts/Wand/Sources/Wand/|/Addons/Time.swift:21:16: error: cannot find type 'DispatchTime' in scope
19 | @inline(__always)
20 | public
21 | func | (after: DispatchTime, execute: @escaping ()->() ) {
| `- error: cannot find type 'DispatchTime' in scope
22 | DispatchQueue.main.asyncAfter(deadline: after, execute: execute)
23 | }
/host/spi-builder-workspace/.build/checkouts/Wand/Sources/Wand/Core/Core.swift:133:27: error: cannot find 'USEC_PER_SEC' in scope
131 |
132 | let time: Int = Date().timeIntervalSince1970|
133 | let usec = time * USEC_PER_SEC|
| `- error: cannot find 'USEC_PER_SEC' in scope
134 |
135 | var request = URLRequest(url: URL(string: "https://api.mixpanel.com/import")!)
/host/spi-builder-workspace/.build/checkouts/Wand/Sources/Wand/Core/Core.swift:135:23: error: cannot find 'URLRequest' in scope
133 | let usec = time * USEC_PER_SEC|
134 |
135 | var request = URLRequest(url: URL(string: "https://api.mixpanel.com/import")!)
| `- error: cannot find 'URLRequest' in scope
136 | request.httpMethod = "POST"
137 | request.addValue("application/json", forHTTPHeaderField: "Content-Type")
/host/spi-builder-workspace/.build/checkouts/Wand/Sources/Wand/Core/Core.swift:151:9: error: 'URLSession' (aka 'AnyObject') cannot be constructed because it has no accessible initializers
149 | ])
150 |
151 | URLSession(configuration: .default).dataTask(with: request).resume()
| `- error: 'URLSession' (aka 'AnyObject') cannot be constructed because it has no accessible initializers
152 | }
153 |
/host/spi-builder-workspace/.build/checkouts/Wand/Sources/Wand/Core/Core.swift:151:36: error: cannot infer contextual base in reference to member 'default'
149 | ])
150 |
151 | URLSession(configuration: .default).dataTask(with: request).resume()
| `- error: cannot infer contextual base in reference to member 'default'
152 | }
153 |
[37/45] Compiling Wand Error?.swift
/host/spi-builder-workspace/.build/checkouts/Wand/Sources/Wand/|/Addons/Time.swift:21:16: error: cannot find type 'DispatchTime' in scope
19 | @inline(__always)
20 | public
21 | func | (after: DispatchTime, execute: @escaping ()->() ) {
| `- error: cannot find type 'DispatchTime' in scope
22 | DispatchQueue.main.asyncAfter(deadline: after, execute: execute)
23 | }
/host/spi-builder-workspace/.build/checkouts/Wand/Sources/Wand/Core/Core.swift:133:27: error: cannot find 'USEC_PER_SEC' in scope
131 |
132 | let time: Int = Date().timeIntervalSince1970|
133 | let usec = time * USEC_PER_SEC|
| `- error: cannot find 'USEC_PER_SEC' in scope
134 |
135 | var request = URLRequest(url: URL(string: "https://api.mixpanel.com/import")!)
/host/spi-builder-workspace/.build/checkouts/Wand/Sources/Wand/Core/Core.swift:135:23: error: cannot find 'URLRequest' in scope
133 | let usec = time * USEC_PER_SEC|
134 |
135 | var request = URLRequest(url: URL(string: "https://api.mixpanel.com/import")!)
| `- error: cannot find 'URLRequest' in scope
136 | request.httpMethod = "POST"
137 | request.addValue("application/json", forHTTPHeaderField: "Content-Type")
/host/spi-builder-workspace/.build/checkouts/Wand/Sources/Wand/Core/Core.swift:151:9: error: 'URLSession' (aka 'AnyObject') cannot be constructed because it has no accessible initializers
149 | ])
150 |
151 | URLSession(configuration: .default).dataTask(with: request).resume()
| `- error: 'URLSession' (aka 'AnyObject') cannot be constructed because it has no accessible initializers
152 | }
153 |
/host/spi-builder-workspace/.build/checkouts/Wand/Sources/Wand/Core/Core.swift:151:36: error: cannot infer contextual base in reference to member 'default'
149 | ])
150 |
151 | URLSession(configuration: .default).dataTask(with: request).resume()
| `- error: cannot infer contextual base in reference to member 'default'
152 | }
153 |
[38/45] Compiling Wand Option.swift
/host/spi-builder-workspace/.build/checkouts/Wand/Sources/Wand/|/Addons/Time.swift:21:16: error: cannot find type 'DispatchTime' in scope
19 | @inline(__always)
20 | public
21 | func | (after: DispatchTime, execute: @escaping ()->() ) {
| `- error: cannot find type 'DispatchTime' in scope
22 | DispatchQueue.main.asyncAfter(deadline: after, execute: execute)
23 | }
/host/spi-builder-workspace/.build/checkouts/Wand/Sources/Wand/Core/Core.swift:133:27: error: cannot find 'USEC_PER_SEC' in scope
131 |
132 | let time: Int = Date().timeIntervalSince1970|
133 | let usec = time * USEC_PER_SEC|
| `- error: cannot find 'USEC_PER_SEC' in scope
134 |
135 | var request = URLRequest(url: URL(string: "https://api.mixpanel.com/import")!)
/host/spi-builder-workspace/.build/checkouts/Wand/Sources/Wand/Core/Core.swift:135:23: error: cannot find 'URLRequest' in scope
133 | let usec = time * USEC_PER_SEC|
134 |
135 | var request = URLRequest(url: URL(string: "https://api.mixpanel.com/import")!)
| `- error: cannot find 'URLRequest' in scope
136 | request.httpMethod = "POST"
137 | request.addValue("application/json", forHTTPHeaderField: "Content-Type")
/host/spi-builder-workspace/.build/checkouts/Wand/Sources/Wand/Core/Core.swift:151:9: error: 'URLSession' (aka 'AnyObject') cannot be constructed because it has no accessible initializers
149 | ])
150 |
151 | URLSession(configuration: .default).dataTask(with: request).resume()
| `- error: 'URLSession' (aka 'AnyObject') cannot be constructed because it has no accessible initializers
152 | }
153 |
/host/spi-builder-workspace/.build/checkouts/Wand/Sources/Wand/Core/Core.swift:151:36: error: cannot infer contextual base in reference to member 'default'
149 | ])
150 |
151 | URLSession(configuration: .default).dataTask(with: request).resume()
| `- error: cannot infer contextual base in reference to member 'default'
152 | }
153 |
[39/45] Compiling Wand Ask.swift
/host/spi-builder-workspace/.build/checkouts/Wand/Sources/Wand/|/Addons/Time.swift:21:16: error: cannot find type 'DispatchTime' in scope
19 | @inline(__always)
20 | public
21 | func | (after: DispatchTime, execute: @escaping ()->() ) {
| `- error: cannot find type 'DispatchTime' in scope
22 | DispatchQueue.main.asyncAfter(deadline: after, execute: execute)
23 | }
/host/spi-builder-workspace/.build/checkouts/Wand/Sources/Wand/Core/Core.swift:133:27: error: cannot find 'USEC_PER_SEC' in scope
131 |
132 | let time: Int = Date().timeIntervalSince1970|
133 | let usec = time * USEC_PER_SEC|
| `- error: cannot find 'USEC_PER_SEC' in scope
134 |
135 | var request = URLRequest(url: URL(string: "https://api.mixpanel.com/import")!)
/host/spi-builder-workspace/.build/checkouts/Wand/Sources/Wand/Core/Core.swift:135:23: error: cannot find 'URLRequest' in scope
133 | let usec = time * USEC_PER_SEC|
134 |
135 | var request = URLRequest(url: URL(string: "https://api.mixpanel.com/import")!)
| `- error: cannot find 'URLRequest' in scope
136 | request.httpMethod = "POST"
137 | request.addValue("application/json", forHTTPHeaderField: "Content-Type")
/host/spi-builder-workspace/.build/checkouts/Wand/Sources/Wand/Core/Core.swift:151:9: error: 'URLSession' (aka 'AnyObject') cannot be constructed because it has no accessible initializers
149 | ])
150 |
151 | URLSession(configuration: .default).dataTask(with: request).resume()
| `- error: 'URLSession' (aka 'AnyObject') cannot be constructed because it has no accessible initializers
152 | }
153 |
/host/spi-builder-workspace/.build/checkouts/Wand/Sources/Wand/Core/Core.swift:151:36: error: cannot infer contextual base in reference to member 'default'
149 | ])
150 |
151 | URLSession(configuration: .default).dataTask(with: request).resume()
| `- error: cannot infer contextual base in reference to member 'default'
152 | }
153 |
[40/45] Compiling Wand Core.swift
/host/spi-builder-workspace/.build/checkouts/Wand/Sources/Wand/|/Addons/Time.swift:21:16: error: cannot find type 'DispatchTime' in scope
19 | @inline(__always)
20 | public
21 | func | (after: DispatchTime, execute: @escaping ()->() ) {
| `- error: cannot find type 'DispatchTime' in scope
22 | DispatchQueue.main.asyncAfter(deadline: after, execute: execute)
23 | }
/host/spi-builder-workspace/.build/checkouts/Wand/Sources/Wand/Core/Core.swift:133:27: error: cannot find 'USEC_PER_SEC' in scope
131 |
132 | let time: Int = Date().timeIntervalSince1970|
133 | let usec = time * USEC_PER_SEC|
| `- error: cannot find 'USEC_PER_SEC' in scope
134 |
135 | var request = URLRequest(url: URL(string: "https://api.mixpanel.com/import")!)
/host/spi-builder-workspace/.build/checkouts/Wand/Sources/Wand/Core/Core.swift:135:23: error: cannot find 'URLRequest' in scope
133 | let usec = time * USEC_PER_SEC|
134 |
135 | var request = URLRequest(url: URL(string: "https://api.mixpanel.com/import")!)
| `- error: cannot find 'URLRequest' in scope
136 | request.httpMethod = "POST"
137 | request.addValue("application/json", forHTTPHeaderField: "Content-Type")
/host/spi-builder-workspace/.build/checkouts/Wand/Sources/Wand/Core/Core.swift:151:9: error: 'URLSession' (aka 'AnyObject') cannot be constructed because it has no accessible initializers
149 | ])
150 |
151 | URLSession(configuration: .default).dataTask(with: request).resume()
| `- error: 'URLSession' (aka 'AnyObject') cannot be constructed because it has no accessible initializers
152 | }
153 |
/host/spi-builder-workspace/.build/checkouts/Wand/Sources/Wand/Core/Core.swift:151:36: error: cannot infer contextual base in reference to member 'default'
149 | ])
150 |
151 | URLSession(configuration: .default).dataTask(with: request).resume()
| `- error: cannot infer contextual base in reference to member 'default'
152 | }
153 |
[41/45] Compiling Wand Task.swift
/host/spi-builder-workspace/.build/checkouts/Wand/Sources/Wand/|/Addons/Time.swift:21:16: error: cannot find type 'DispatchTime' in scope
19 | @inline(__always)
20 | public
21 | func | (after: DispatchTime, execute: @escaping ()->() ) {
| `- error: cannot find type 'DispatchTime' in scope
22 | DispatchQueue.main.asyncAfter(deadline: after, execute: execute)
23 | }
/host/spi-builder-workspace/.build/checkouts/Wand/Sources/Wand/|/Addons/Time.swift:22:5: error: cannot find 'DispatchQueue' in scope
20 | public
21 | func | (after: DispatchTime, execute: @escaping ()->() ) {
22 | DispatchQueue.main.asyncAfter(deadline: after, execute: execute)
| `- error: cannot find 'DispatchQueue' in scope
23 | }
24 |
/host/spi-builder-workspace/.build/checkouts/Wand/Sources/Wand/|/Addons/Time.swift:29:60: error: cannot find 'NSEC_PER_SEC' in scope
27 | func | (after: Int, execute: @escaping ()->() ) {
28 | Task {
29 | try? await Task.sleep(nanoseconds: UInt64(after) * NSEC_PER_SEC)
| `- error: cannot find 'NSEC_PER_SEC' in scope
30 | }
31 | }
[42/45] Compiling Wand Time.swift
/host/spi-builder-workspace/.build/checkouts/Wand/Sources/Wand/|/Addons/Time.swift:21:16: error: cannot find type 'DispatchTime' in scope
19 | @inline(__always)
20 | public
21 | func | (after: DispatchTime, execute: @escaping ()->() ) {
| `- error: cannot find type 'DispatchTime' in scope
22 | DispatchQueue.main.asyncAfter(deadline: after, execute: execute)
23 | }
/host/spi-builder-workspace/.build/checkouts/Wand/Sources/Wand/|/Addons/Time.swift:22:5: error: cannot find 'DispatchQueue' in scope
20 | public
21 | func | (after: DispatchTime, execute: @escaping ()->() ) {
22 | DispatchQueue.main.asyncAfter(deadline: after, execute: execute)
| `- error: cannot find 'DispatchQueue' in scope
23 | }
24 |
/host/spi-builder-workspace/.build/checkouts/Wand/Sources/Wand/|/Addons/Time.swift:29:60: error: cannot find 'NSEC_PER_SEC' in scope
27 | func | (after: Int, execute: @escaping ()->() ) {
28 | Task {
29 | try? await Task.sleep(nanoseconds: UInt64(after) * NSEC_PER_SEC)
| `- error: cannot find 'NSEC_PER_SEC' in scope
30 | }
31 | }
[43/45] Compiling Wand Ask.Nil.swift
/host/spi-builder-workspace/.build/checkouts/Wand/Sources/Wand/|/Addons/Time.swift:21:16: error: cannot find type 'DispatchTime' in scope
19 | @inline(__always)
20 | public
21 | func | (after: DispatchTime, execute: @escaping ()->() ) {
| `- error: cannot find type 'DispatchTime' in scope
22 | DispatchQueue.main.asyncAfter(deadline: after, execute: execute)
23 | }
/host/spi-builder-workspace/.build/checkouts/Wand/Sources/Wand/|/Addons/Time.swift:22:5: error: cannot find 'DispatchQueue' in scope
20 | public
21 | func | (after: DispatchTime, execute: @escaping ()->() ) {
22 | DispatchQueue.main.asyncAfter(deadline: after, execute: execute)
| `- error: cannot find 'DispatchQueue' in scope
23 | }
24 |
/host/spi-builder-workspace/.build/checkouts/Wand/Sources/Wand/|/Addons/Time.swift:29:60: error: cannot find 'NSEC_PER_SEC' in scope
27 | func | (after: Int, execute: @escaping ()->() ) {
28 | Task {
29 | try? await Task.sleep(nanoseconds: UInt64(after) * NSEC_PER_SEC)
| `- error: cannot find 'NSEC_PER_SEC' in scope
30 | }
31 | }
[44/45] Compiling Wand Ask.T.swift
/host/spi-builder-workspace/.build/checkouts/Wand/Sources/Wand/|/Addons/Time.swift:21:16: error: cannot find type 'DispatchTime' in scope
19 | @inline(__always)
20 | public
21 | func | (after: DispatchTime, execute: @escaping ()->() ) {
| `- error: cannot find type 'DispatchTime' in scope
22 | DispatchQueue.main.asyncAfter(deadline: after, execute: execute)
23 | }
/host/spi-builder-workspace/.build/checkouts/Wand/Sources/Wand/|/Addons/Time.swift:22:5: error: cannot find 'DispatchQueue' in scope
20 | public
21 | func | (after: DispatchTime, execute: @escaping ()->() ) {
22 | DispatchQueue.main.asyncAfter(deadline: after, execute: execute)
| `- error: cannot find 'DispatchQueue' in scope
23 | }
24 |
/host/spi-builder-workspace/.build/checkouts/Wand/Sources/Wand/|/Addons/Time.swift:29:60: error: cannot find 'NSEC_PER_SEC' in scope
27 | func | (after: Int, execute: @escaping ()->() ) {
28 | Task {
29 | try? await Task.sleep(nanoseconds: UInt64(after) * NSEC_PER_SEC)
| `- error: cannot find 'NSEC_PER_SEC' in scope
30 | }
31 | }
[45/45] Compiling Wand CoreGraphics_Convertable.swift
/host/spi-builder-workspace/.build/checkouts/Wand/Sources/Wand/|/Addons/Time.swift:21:16: error: cannot find type 'DispatchTime' in scope
19 | @inline(__always)
20 | public
21 | func | (after: DispatchTime, execute: @escaping ()->() ) {
| `- error: cannot find type 'DispatchTime' in scope
22 | DispatchQueue.main.asyncAfter(deadline: after, execute: execute)
23 | }
/host/spi-builder-workspace/.build/checkouts/Wand/Sources/Wand/|/Addons/Time.swift:22:5: error: cannot find 'DispatchQueue' in scope
20 | public
21 | func | (after: DispatchTime, execute: @escaping ()->() ) {
22 | DispatchQueue.main.asyncAfter(deadline: after, execute: execute)
| `- error: cannot find 'DispatchQueue' in scope
23 | }
24 |
/host/spi-builder-workspace/.build/checkouts/Wand/Sources/Wand/|/Addons/Time.swift:29:60: error: cannot find 'NSEC_PER_SEC' in scope
27 | func | (after: Int, execute: @escaping ()->() ) {
28 | Task {
29 | try? await Task.sleep(nanoseconds: UInt64(after) * NSEC_PER_SEC)
| `- error: cannot find 'NSEC_PER_SEC' in scope
30 | }
31 | }
Running build ...
bash -c docker run --pull=always --rm -v "checkouts-53886769-0":/host -w "$PWD" -e JAVA_HOME="/root/.sdkman/candidates/java/current" -e SPI_BUILD="1" -e SPI_PROCESSING="1" registry.gitlab.com/saguaro1/spi-images:wasm-6.1-latest swift build --swift-sdk wasm32-unknown-wasi 2>&1
wasm-6.1-latest: Pulling from saguaro1/spi-images
Digest: sha256:1ad245dad3d2ae0004e1afbc92334bd39884ed9ca587cf04d0a8d5f640fb02e9
Status: Image is up to date for registry.gitlab.com/saguaro1/spi-images:wasm-6.1-latest
warning: 'spi-builder-workspace': found 1 file(s) which are unhandled; explicitly declare them as resources or exclude from the target
/host/spi-builder-workspace/Tests/wandTests/Package.xctestplan
warning: 'wand': found 1 file(s) which are unhandled; explicitly declare them as resources or exclude from the target
/host/spi-builder-workspace/.build/checkouts/Wand/Sources/Wand/Wand.md
[0/1] Planning build
Building for debugging...
[0/1] Write swift-version-24593BA9C3E375BF.txt
[2/38] Compiling Wand Task.swift
/host/spi-builder-workspace/.build/checkouts/Wand/Sources/Wand/|/Addons/Time.swift:21:16: error: cannot find type 'DispatchTime' in scope
19 | @inline(__always)
20 | public
21 | func | (after: DispatchTime, execute: @escaping ()->() ) {
| `- error: cannot find type 'DispatchTime' in scope
22 | DispatchQueue.main.asyncAfter(deadline: after, execute: execute)
23 | }
/host/spi-builder-workspace/.build/checkouts/Wand/Sources/Wand/|/Addons/Time.swift:22:5: error: cannot find 'DispatchQueue' in scope
20 | public
21 | func | (after: DispatchTime, execute: @escaping ()->() ) {
22 | DispatchQueue.main.asyncAfter(deadline: after, execute: execute)
| `- error: cannot find 'DispatchQueue' in scope
23 | }
24 |
/host/spi-builder-workspace/.build/checkouts/Wand/Sources/Wand/|/Addons/Time.swift:29:60: error: cannot find 'NSEC_PER_SEC' in scope
27 | func | (after: Int, execute: @escaping ()->() ) {
28 | Task {
29 | try? await Task.sleep(nanoseconds: UInt64(after) * NSEC_PER_SEC)
| `- error: cannot find 'NSEC_PER_SEC' in scope
30 | }
31 | }
[3/38] Compiling Wand Time.swift
/host/spi-builder-workspace/.build/checkouts/Wand/Sources/Wand/|/Addons/Time.swift:21:16: error: cannot find type 'DispatchTime' in scope
19 | @inline(__always)
20 | public
21 | func | (after: DispatchTime, execute: @escaping ()->() ) {
| `- error: cannot find type 'DispatchTime' in scope
22 | DispatchQueue.main.asyncAfter(deadline: after, execute: execute)
23 | }
/host/spi-builder-workspace/.build/checkouts/Wand/Sources/Wand/|/Addons/Time.swift:22:5: error: cannot find 'DispatchQueue' in scope
20 | public
21 | func | (after: DispatchTime, execute: @escaping ()->() ) {
22 | DispatchQueue.main.asyncAfter(deadline: after, execute: execute)
| `- error: cannot find 'DispatchQueue' in scope
23 | }
24 |
/host/spi-builder-workspace/.build/checkouts/Wand/Sources/Wand/|/Addons/Time.swift:29:60: error: cannot find 'NSEC_PER_SEC' in scope
27 | func | (after: Int, execute: @escaping ()->() ) {
28 | Task {
29 | try? await Task.sleep(nanoseconds: UInt64(after) * NSEC_PER_SEC)
| `- error: cannot find 'NSEC_PER_SEC' in scope
30 | }
31 | }
[4/38] Compiling Wand Ask.Nil.swift
/host/spi-builder-workspace/.build/checkouts/Wand/Sources/Wand/|/Addons/Time.swift:21:16: error: cannot find type 'DispatchTime' in scope
19 | @inline(__always)
20 | public
21 | func | (after: DispatchTime, execute: @escaping ()->() ) {
| `- error: cannot find type 'DispatchTime' in scope
22 | DispatchQueue.main.asyncAfter(deadline: after, execute: execute)
23 | }
/host/spi-builder-workspace/.build/checkouts/Wand/Sources/Wand/|/Addons/Time.swift:22:5: error: cannot find 'DispatchQueue' in scope
20 | public
21 | func | (after: DispatchTime, execute: @escaping ()->() ) {
22 | DispatchQueue.main.asyncAfter(deadline: after, execute: execute)
| `- error: cannot find 'DispatchQueue' in scope
23 | }
24 |
/host/spi-builder-workspace/.build/checkouts/Wand/Sources/Wand/|/Addons/Time.swift:29:60: error: cannot find 'NSEC_PER_SEC' in scope
27 | func | (after: Int, execute: @escaping ()->() ) {
28 | Task {
29 | try? await Task.sleep(nanoseconds: UInt64(after) * NSEC_PER_SEC)
| `- error: cannot find 'NSEC_PER_SEC' in scope
30 | }
31 | }
[5/38] Compiling Wand Ask.T.swift
/host/spi-builder-workspace/.build/checkouts/Wand/Sources/Wand/|/Addons/Time.swift:21:16: error: cannot find type 'DispatchTime' in scope
19 | @inline(__always)
20 | public
21 | func | (after: DispatchTime, execute: @escaping ()->() ) {
| `- error: cannot find type 'DispatchTime' in scope
22 | DispatchQueue.main.asyncAfter(deadline: after, execute: execute)
23 | }
/host/spi-builder-workspace/.build/checkouts/Wand/Sources/Wand/|/Addons/Time.swift:22:5: error: cannot find 'DispatchQueue' in scope
20 | public
21 | func | (after: DispatchTime, execute: @escaping ()->() ) {
22 | DispatchQueue.main.asyncAfter(deadline: after, execute: execute)
| `- error: cannot find 'DispatchQueue' in scope
23 | }
24 |
/host/spi-builder-workspace/.build/checkouts/Wand/Sources/Wand/|/Addons/Time.swift:29:60: error: cannot find 'NSEC_PER_SEC' in scope
27 | func | (after: Int, execute: @escaping ()->() ) {
28 | Task {
29 | try? await Task.sleep(nanoseconds: UInt64(after) * NSEC_PER_SEC)
| `- error: cannot find 'NSEC_PER_SEC' in scope
30 | }
31 | }
[6/38] Compiling Wand CoreGraphics_Convertable.swift
/host/spi-builder-workspace/.build/checkouts/Wand/Sources/Wand/|/Addons/Time.swift:21:16: error: cannot find type 'DispatchTime' in scope
19 | @inline(__always)
20 | public
21 | func | (after: DispatchTime, execute: @escaping ()->() ) {
| `- error: cannot find type 'DispatchTime' in scope
22 | DispatchQueue.main.asyncAfter(deadline: after, execute: execute)
23 | }
/host/spi-builder-workspace/.build/checkouts/Wand/Sources/Wand/|/Addons/Time.swift:22:5: error: cannot find 'DispatchQueue' in scope
20 | public
21 | func | (after: DispatchTime, execute: @escaping ()->() ) {
22 | DispatchQueue.main.asyncAfter(deadline: after, execute: execute)
| `- error: cannot find 'DispatchQueue' in scope
23 | }
24 |
/host/spi-builder-workspace/.build/checkouts/Wand/Sources/Wand/|/Addons/Time.swift:29:60: error: cannot find 'NSEC_PER_SEC' in scope
27 | func | (after: Int, execute: @escaping ()->() ) {
28 | Task {
29 | try? await Task.sleep(nanoseconds: UInt64(after) * NSEC_PER_SEC)
| `- error: cannot find 'NSEC_PER_SEC' in scope
30 | }
31 | }
[7/38] Compiling Wand Expressible.swift
/host/spi-builder-workspace/.build/checkouts/Wand/Sources/Wand/|/Addons/Time.swift:21:16: error: cannot find type 'DispatchTime' in scope
19 | @inline(__always)
20 | public
21 | func | (after: DispatchTime, execute: @escaping ()->() ) {
| `- error: cannot find type 'DispatchTime' in scope
22 | DispatchQueue.main.asyncAfter(deadline: after, execute: execute)
23 | }
[8/38] Compiling Wand ExpressibleByArray.swift
/host/spi-builder-workspace/.build/checkouts/Wand/Sources/Wand/|/Addons/Time.swift:21:16: error: cannot find type 'DispatchTime' in scope
19 | @inline(__always)
20 | public
21 | func | (after: DispatchTime, execute: @escaping ()->() ) {
| `- error: cannot find type 'DispatchTime' in scope
22 | DispatchQueue.main.asyncAfter(deadline: after, execute: execute)
23 | }
[9/38] Compiling Wand ExpressibleByDictionary.swift
/host/spi-builder-workspace/.build/checkouts/Wand/Sources/Wand/|/Addons/Time.swift:21:16: error: cannot find type 'DispatchTime' in scope
19 | @inline(__always)
20 | public
21 | func | (after: DispatchTime, execute: @escaping ()->() ) {
| `- error: cannot find type 'DispatchTime' in scope
22 | DispatchQueue.main.asyncAfter(deadline: after, execute: execute)
23 | }
[10/38] Compiling Wand Key.swift
/host/spi-builder-workspace/.build/checkouts/Wand/Sources/Wand/|/Addons/Time.swift:21:16: error: cannot find type 'DispatchTime' in scope
19 | @inline(__always)
20 | public
21 | func | (after: DispatchTime, execute: @escaping ()->() ) {
| `- error: cannot find type 'DispatchTime' in scope
22 | DispatchQueue.main.asyncAfter(deadline: after, execute: execute)
23 | }
[11/38] Compiling Wand Weak.swift
/host/spi-builder-workspace/.build/checkouts/Wand/Sources/Wand/|/Addons/Time.swift:21:16: error: cannot find type 'DispatchTime' in scope
19 | @inline(__always)
20 | public
21 | func | (after: DispatchTime, execute: @escaping ()->() ) {
| `- error: cannot find type 'DispatchTime' in scope
22 | DispatchQueue.main.asyncAfter(deadline: after, execute: execute)
23 | }
[12/43] Compiling Wand &.swift
/host/spi-builder-workspace/.build/checkouts/Wand/Sources/Wand/|/Addons/Time.swift:21:16: error: cannot find type 'DispatchTime' in scope
19 | @inline(__always)
20 | public
21 | func | (after: DispatchTime, execute: @escaping ()->() ) {
| `- error: cannot find type 'DispatchTime' in scope
22 | DispatchQueue.main.asyncAfter(deadline: after, execute: execute)
23 | }
[13/43] Compiling Wand AndT.swift
/host/spi-builder-workspace/.build/checkouts/Wand/Sources/Wand/|/Addons/Time.swift:21:16: error: cannot find type 'DispatchTime' in scope
19 | @inline(__always)
20 | public
21 | func | (after: DispatchTime, execute: @escaping ()->() ) {
| `- error: cannot find type 'DispatchTime' in scope
22 | DispatchQueue.main.asyncAfter(deadline: after, execute: execute)
23 | }
[14/43] Compiling Wand AndU.swift
/host/spi-builder-workspace/.build/checkouts/Wand/Sources/Wand/|/Addons/Time.swift:21:16: error: cannot find type 'DispatchTime' in scope
19 | @inline(__always)
20 | public
21 | func | (after: DispatchTime, execute: @escaping ()->() ) {
| `- error: cannot find type 'DispatchTime' in scope
22 | DispatchQueue.main.asyncAfter(deadline: after, execute: execute)
23 | }
[15/43] Compiling Wand Operation.swift
/host/spi-builder-workspace/.build/checkouts/Wand/Sources/Wand/|/Addons/Time.swift:21:16: error: cannot find type 'DispatchTime' in scope
19 | @inline(__always)
20 | public
21 | func | (after: DispatchTime, execute: @escaping ()->() ) {
| `- error: cannot find type 'DispatchTime' in scope
22 | DispatchQueue.main.asyncAfter(deadline: after, execute: execute)
23 | }
[16/43] Compiling Wand +.swift
/host/spi-builder-workspace/.build/checkouts/Wand/Sources/Wand/|/Addons/Time.swift:21:16: error: cannot find type 'DispatchTime' in scope
19 | @inline(__always)
20 | public
21 | func | (after: DispatchTime, execute: @escaping ()->() ) {
| `- error: cannot find type 'DispatchTime' in scope
22 | DispatchQueue.main.asyncAfter(deadline: after, execute: execute)
23 | }
[17/43] Compiling Wand ?.swift
/host/spi-builder-workspace/.build/checkouts/Wand/Sources/Wand/|/Addons/Time.swift:21:16: error: cannot find type 'DispatchTime' in scope
19 | @inline(__always)
20 | public
21 | func | (after: DispatchTime, execute: @escaping ()->() ) {
| `- error: cannot find type 'DispatchTime' in scope
22 | DispatchQueue.main.asyncAfter(deadline: after, execute: execute)
23 | }
[18/43] Compiling Wand Log.swift
/host/spi-builder-workspace/.build/checkouts/Wand/Sources/Wand/|/Addons/Time.swift:21:16: error: cannot find type 'DispatchTime' in scope
19 | @inline(__always)
20 | public
21 | func | (after: DispatchTime, execute: @escaping ()->() ) {
| `- error: cannot find type 'DispatchTime' in scope
22 | DispatchQueue.main.asyncAfter(deadline: after, execute: execute)
23 | }
[19/43] Compiling Wand Memory.swift
/host/spi-builder-workspace/.build/checkouts/Wand/Sources/Wand/|/Addons/Time.swift:21:16: error: cannot find type 'DispatchTime' in scope
19 | @inline(__always)
20 | public
21 | func | (after: DispatchTime, execute: @escaping ()->() ) {
| `- error: cannot find type 'DispatchTime' in scope
22 | DispatchQueue.main.asyncAfter(deadline: after, execute: execute)
23 | }
[20/43] Compiling Wand o.swift
/host/spi-builder-workspace/.build/checkouts/Wand/Sources/Wand/|/Addons/Time.swift:21:16: error: cannot find type 'DispatchTime' in scope
19 | @inline(__always)
20 | public
21 | func | (after: DispatchTime, execute: @escaping ()->() ) {
| `- error: cannot find type 'DispatchTime' in scope
22 | DispatchQueue.main.asyncAfter(deadline: after, execute: execute)
23 | }
[21/43] Compiling Wand u.swift
/host/spi-builder-workspace/.build/checkouts/Wand/Sources/Wand/|/Addons/Time.swift:21:16: error: cannot find type 'DispatchTime' in scope
19 | @inline(__always)
20 | public
21 | func | (after: DispatchTime, execute: @escaping ()->() ) {
| `- error: cannot find type 'DispatchTime' in scope
22 | DispatchQueue.main.asyncAfter(deadline: after, execute: execute)
23 | }
[22/43] Compiling Wand Addons.swift
/host/spi-builder-workspace/.build/checkouts/Wand/Sources/Wand/|/Addons/Time.swift:21:16: error: cannot find type 'DispatchTime' in scope
19 | @inline(__always)
20 | public
21 | func | (after: DispatchTime, execute: @escaping ()->() ) {
| `- error: cannot find type 'DispatchTime' in scope
22 | DispatchQueue.main.asyncAfter(deadline: after, execute: execute)
23 | }
[23/43] Compiling Wand All.swift
/host/spi-builder-workspace/.build/checkouts/Wand/Sources/Wand/|/Addons/Time.swift:21:16: error: cannot find type 'DispatchTime' in scope
19 | @inline(__always)
20 | public
21 | func | (after: DispatchTime, execute: @escaping ()->() ) {
| `- error: cannot find type 'DispatchTime' in scope
22 | DispatchQueue.main.asyncAfter(deadline: after, execute: execute)
23 | }
/host/spi-builder-workspace/.build/checkouts/Wand/Sources/Wand/|/Addons/Retry.swift:41:13: error: cannot find 'DispatchTime' in scope
39 | .while { (retry: Retry, count: Int) in
40 |
41 | DispatchTime.now() + timeout | {
| `- error: cannot find 'DispatchTime' in scope
42 | retry()
43 | }
[24/43] Compiling Wand Any.swift
/host/spi-builder-workspace/.build/checkouts/Wand/Sources/Wand/|/Addons/Time.swift:21:16: error: cannot find type 'DispatchTime' in scope
19 | @inline(__always)
20 | public
21 | func | (after: DispatchTime, execute: @escaping ()->() ) {
| `- error: cannot find type 'DispatchTime' in scope
22 | DispatchQueue.main.asyncAfter(deadline: after, execute: execute)
23 | }
/host/spi-builder-workspace/.build/checkouts/Wand/Sources/Wand/|/Addons/Retry.swift:41:13: error: cannot find 'DispatchTime' in scope
39 | .while { (retry: Retry, count: Int) in
40 |
41 | DispatchTime.now() + timeout | {
| `- error: cannot find 'DispatchTime' in scope
42 | retry()
43 | }
[25/43] Compiling Wand Counting.swift
/host/spi-builder-workspace/.build/checkouts/Wand/Sources/Wand/|/Addons/Time.swift:21:16: error: cannot find type 'DispatchTime' in scope
19 | @inline(__always)
20 | public
21 | func | (after: DispatchTime, execute: @escaping ()->() ) {
| `- error: cannot find type 'DispatchTime' in scope
22 | DispatchQueue.main.asyncAfter(deadline: after, execute: execute)
23 | }
/host/spi-builder-workspace/.build/checkouts/Wand/Sources/Wand/|/Addons/Retry.swift:41:13: error: cannot find 'DispatchTime' in scope
39 | .while { (retry: Retry, count: Int) in
40 |
41 | DispatchTime.now() + timeout | {
| `- error: cannot find 'DispatchTime' in scope
42 | retry()
43 | }
[26/43] Compiling Wand Retry.swift
/host/spi-builder-workspace/.build/checkouts/Wand/Sources/Wand/|/Addons/Time.swift:21:16: error: cannot find type 'DispatchTime' in scope
19 | @inline(__always)
20 | public
21 | func | (after: DispatchTime, execute: @escaping ()->() ) {
| `- error: cannot find type 'DispatchTime' in scope
22 | DispatchQueue.main.asyncAfter(deadline: after, execute: execute)
23 | }
/host/spi-builder-workspace/.build/checkouts/Wand/Sources/Wand/|/Addons/Retry.swift:41:13: error: cannot find 'DispatchTime' in scope
39 | .while { (retry: Retry, count: Int) in
40 |
41 | DispatchTime.now() + timeout | {
| `- error: cannot find 'DispatchTime' in scope
42 | retry()
43 | }
[27/43] Compiling Wand Sequence.swift
/host/spi-builder-workspace/.build/checkouts/Wand/Sources/Wand/|/Addons/Time.swift:21:16: error: cannot find type 'DispatchTime' in scope
19 | @inline(__always)
20 | public
21 | func | (after: DispatchTime, execute: @escaping ()->() ) {
| `- error: cannot find type 'DispatchTime' in scope
22 | DispatchQueue.main.asyncAfter(deadline: after, execute: execute)
23 | }
/host/spi-builder-workspace/.build/checkouts/Wand/Sources/Wand/|/Addons/Retry.swift:41:13: error: cannot find 'DispatchTime' in scope
39 | .while { (retry: Retry, count: Int) in
40 |
41 | DispatchTime.now() + timeout | {
| `- error: cannot find 'DispatchTime' in scope
42 | retry()
43 | }
error: emit-module command failed with exit code 1 (use -v to see invocation)
[28/43] Emitting module Wand
/host/spi-builder-workspace/.build/checkouts/Wand/Sources/Wand/|/Addons/Time.swift:21:16: error: cannot find type 'DispatchTime' in scope
19 | @inline(__always)
20 | public
21 | func | (after: DispatchTime, execute: @escaping ()->() ) {
| `- error: cannot find type 'DispatchTime' in scope
22 | DispatchQueue.main.asyncAfter(deadline: after, execute: execute)
23 | }
/host/spi-builder-workspace/.build/checkouts/Wand/Sources/Wand/Core/Core.swift:133:27: error: cannot find 'USEC_PER_SEC' in scope
131 |
132 | let time: Int = Date().timeIntervalSince1970|
133 | let usec = time * USEC_PER_SEC|
| `- error: cannot find 'USEC_PER_SEC' in scope
134 |
135 | var request = URLRequest(url: URL(string: "https://api.mixpanel.com/import")!)
/host/spi-builder-workspace/.build/checkouts/Wand/Sources/Wand/Core/Core.swift:135:23: error: cannot find 'URLRequest' in scope
133 | let usec = time * USEC_PER_SEC|
134 |
135 | var request = URLRequest(url: URL(string: "https://api.mixpanel.com/import")!)
| `- error: cannot find 'URLRequest' in scope
136 | request.httpMethod = "POST"
137 | request.addValue("application/json", forHTTPHeaderField: "Content-Type")
/host/spi-builder-workspace/.build/checkouts/Wand/Sources/Wand/Core/Core.swift:151:9: error: 'URLSession' (aka 'AnyObject') cannot be constructed because it has no accessible initializers
149 | ])
150 |
151 | URLSession(configuration: .default).dataTask(with: request).resume()
| `- error: 'URLSession' (aka 'AnyObject') cannot be constructed because it has no accessible initializers
152 | }
153 |
/host/spi-builder-workspace/.build/checkouts/Wand/Sources/Wand/Core/Core.swift:151:36: error: cannot infer contextual base in reference to member 'default'
149 | ])
150 |
151 | URLSession(configuration: .default).dataTask(with: request).resume()
| `- error: cannot infer contextual base in reference to member 'default'
152 | }
153 |
[29/43] Compiling Wand Error.swift
/host/spi-builder-workspace/.build/checkouts/Wand/Sources/Wand/|/Addons/Time.swift:21:16: error: cannot find type 'DispatchTime' in scope
19 | @inline(__always)
20 | public
21 | func | (after: DispatchTime, execute: @escaping ()->() ) {
| `- error: cannot find type 'DispatchTime' in scope
22 | DispatchQueue.main.asyncAfter(deadline: after, execute: execute)
23 | }
/host/spi-builder-workspace/.build/checkouts/Wand/Sources/Wand/Core/Core.swift:133:27: error: cannot find 'USEC_PER_SEC' in scope
131 |
132 | let time: Int = Date().timeIntervalSince1970|
133 | let usec = time * USEC_PER_SEC|
| `- error: cannot find 'USEC_PER_SEC' in scope
134 |
135 | var request = URLRequest(url: URL(string: "https://api.mixpanel.com/import")!)
/host/spi-builder-workspace/.build/checkouts/Wand/Sources/Wand/Core/Core.swift:135:23: error: cannot find 'URLRequest' in scope
133 | let usec = time * USEC_PER_SEC|
134 |
135 | var request = URLRequest(url: URL(string: "https://api.mixpanel.com/import")!)
| `- error: cannot find 'URLRequest' in scope
136 | request.httpMethod = "POST"
137 | request.addValue("application/json", forHTTPHeaderField: "Content-Type")
/host/spi-builder-workspace/.build/checkouts/Wand/Sources/Wand/Core/Core.swift:151:9: error: 'URLSession' (aka 'AnyObject') cannot be constructed because it has no accessible initializers
149 | ])
150 |
151 | URLSession(configuration: .default).dataTask(with: request).resume()
| `- error: 'URLSession' (aka 'AnyObject') cannot be constructed because it has no accessible initializers
152 | }
153 |
/host/spi-builder-workspace/.build/checkouts/Wand/Sources/Wand/Core/Core.swift:151:36: error: cannot infer contextual base in reference to member 'default'
149 | ])
150 |
151 | URLSession(configuration: .default).dataTask(with: request).resume()
| `- error: cannot infer contextual base in reference to member 'default'
152 | }
153 |
[30/43] Compiling Wand Error?.swift
/host/spi-builder-workspace/.build/checkouts/Wand/Sources/Wand/|/Addons/Time.swift:21:16: error: cannot find type 'DispatchTime' in scope
19 | @inline(__always)
20 | public
21 | func | (after: DispatchTime, execute: @escaping ()->() ) {
| `- error: cannot find type 'DispatchTime' in scope
22 | DispatchQueue.main.asyncAfter(deadline: after, execute: execute)
23 | }
/host/spi-builder-workspace/.build/checkouts/Wand/Sources/Wand/Core/Core.swift:133:27: error: cannot find 'USEC_PER_SEC' in scope
131 |
132 | let time: Int = Date().timeIntervalSince1970|
133 | let usec = time * USEC_PER_SEC|
| `- error: cannot find 'USEC_PER_SEC' in scope
134 |
135 | var request = URLRequest(url: URL(string: "https://api.mixpanel.com/import")!)
/host/spi-builder-workspace/.build/checkouts/Wand/Sources/Wand/Core/Core.swift:135:23: error: cannot find 'URLRequest' in scope
133 | let usec = time * USEC_PER_SEC|
134 |
135 | var request = URLRequest(url: URL(string: "https://api.mixpanel.com/import")!)
| `- error: cannot find 'URLRequest' in scope
136 | request.httpMethod = "POST"
137 | request.addValue("application/json", forHTTPHeaderField: "Content-Type")
/host/spi-builder-workspace/.build/checkouts/Wand/Sources/Wand/Core/Core.swift:151:9: error: 'URLSession' (aka 'AnyObject') cannot be constructed because it has no accessible initializers
149 | ])
150 |
151 | URLSession(configuration: .default).dataTask(with: request).resume()
| `- error: 'URLSession' (aka 'AnyObject') cannot be constructed because it has no accessible initializers
152 | }
153 |
/host/spi-builder-workspace/.build/checkouts/Wand/Sources/Wand/Core/Core.swift:151:36: error: cannot infer contextual base in reference to member 'default'
149 | ])
150 |
151 | URLSession(configuration: .default).dataTask(with: request).resume()
| `- error: cannot infer contextual base in reference to member 'default'
152 | }
153 |
[31/43] Compiling Wand Option.swift
/host/spi-builder-workspace/.build/checkouts/Wand/Sources/Wand/|/Addons/Time.swift:21:16: error: cannot find type 'DispatchTime' in scope
19 | @inline(__always)
20 | public
21 | func | (after: DispatchTime, execute: @escaping ()->() ) {
| `- error: cannot find type 'DispatchTime' in scope
22 | DispatchQueue.main.asyncAfter(deadline: after, execute: execute)
23 | }
/host/spi-builder-workspace/.build/checkouts/Wand/Sources/Wand/Core/Core.swift:133:27: error: cannot find 'USEC_PER_SEC' in scope
131 |
132 | let time: Int = Date().timeIntervalSince1970|
133 | let usec = time * USEC_PER_SEC|
| `- error: cannot find 'USEC_PER_SEC' in scope
134 |
135 | var request = URLRequest(url: URL(string: "https://api.mixpanel.com/import")!)
/host/spi-builder-workspace/.build/checkouts/Wand/Sources/Wand/Core/Core.swift:135:23: error: cannot find 'URLRequest' in scope
133 | let usec = time * USEC_PER_SEC|
134 |
135 | var request = URLRequest(url: URL(string: "https://api.mixpanel.com/import")!)
| `- error: cannot find 'URLRequest' in scope
136 | request.httpMethod = "POST"
137 | request.addValue("application/json", forHTTPHeaderField: "Content-Type")
/host/spi-builder-workspace/.build/checkouts/Wand/Sources/Wand/Core/Core.swift:151:9: error: 'URLSession' (aka 'AnyObject') cannot be constructed because it has no accessible initializers
149 | ])
150 |
151 | URLSession(configuration: .default).dataTask(with: request).resume()
| `- error: 'URLSession' (aka 'AnyObject') cannot be constructed because it has no accessible initializers
152 | }
153 |
/host/spi-builder-workspace/.build/checkouts/Wand/Sources/Wand/Core/Core.swift:151:36: error: cannot infer contextual base in reference to member 'default'
149 | ])
150 |
151 | URLSession(configuration: .default).dataTask(with: request).resume()
| `- error: cannot infer contextual base in reference to member 'default'
152 | }
153 |
[32/43] Compiling Wand Ask.swift
/host/spi-builder-workspace/.build/checkouts/Wand/Sources/Wand/|/Addons/Time.swift:21:16: error: cannot find type 'DispatchTime' in scope
19 | @inline(__always)
20 | public
21 | func | (after: DispatchTime, execute: @escaping ()->() ) {
| `- error: cannot find type 'DispatchTime' in scope
22 | DispatchQueue.main.asyncAfter(deadline: after, execute: execute)
23 | }
/host/spi-builder-workspace/.build/checkouts/Wand/Sources/Wand/Core/Core.swift:133:27: error: cannot find 'USEC_PER_SEC' in scope
131 |
132 | let time: Int = Date().timeIntervalSince1970|
133 | let usec = time * USEC_PER_SEC|
| `- error: cannot find 'USEC_PER_SEC' in scope
134 |
135 | var request = URLRequest(url: URL(string: "https://api.mixpanel.com/import")!)
/host/spi-builder-workspace/.build/checkouts/Wand/Sources/Wand/Core/Core.swift:135:23: error: cannot find 'URLRequest' in scope
133 | let usec = time * USEC_PER_SEC|
134 |
135 | var request = URLRequest(url: URL(string: "https://api.mixpanel.com/import")!)
| `- error: cannot find 'URLRequest' in scope
136 | request.httpMethod = "POST"
137 | request.addValue("application/json", forHTTPHeaderField: "Content-Type")
/host/spi-builder-workspace/.build/checkouts/Wand/Sources/Wand/Core/Core.swift:151:9: error: 'URLSession' (aka 'AnyObject') cannot be constructed because it has no accessible initializers
149 | ])
150 |
151 | URLSession(configuration: .default).dataTask(with: request).resume()
| `- error: 'URLSession' (aka 'AnyObject') cannot be constructed because it has no accessible initializers
152 | }
153 |
/host/spi-builder-workspace/.build/checkouts/Wand/Sources/Wand/Core/Core.swift:151:36: error: cannot infer contextual base in reference to member 'default'
149 | ])
150 |
151 | URLSession(configuration: .default).dataTask(with: request).resume()
| `- error: cannot infer contextual base in reference to member 'default'
152 | }
153 |
[33/43] Compiling Wand Core.swift
/host/spi-builder-workspace/.build/checkouts/Wand/Sources/Wand/|/Addons/Time.swift:21:16: error: cannot find type 'DispatchTime' in scope
19 | @inline(__always)
20 | public
21 | func | (after: DispatchTime, execute: @escaping ()->() ) {
| `- error: cannot find type 'DispatchTime' in scope
22 | DispatchQueue.main.asyncAfter(deadline: after, execute: execute)
23 | }
/host/spi-builder-workspace/.build/checkouts/Wand/Sources/Wand/Core/Core.swift:133:27: error: cannot find 'USEC_PER_SEC' in scope
131 |
132 | let time: Int = Date().timeIntervalSince1970|
133 | let usec = time * USEC_PER_SEC|
| `- error: cannot find 'USEC_PER_SEC' in scope
134 |
135 | var request = URLRequest(url: URL(string: "https://api.mixpanel.com/import")!)
/host/spi-builder-workspace/.build/checkouts/Wand/Sources/Wand/Core/Core.swift:135:23: error: cannot find 'URLRequest' in scope
133 | let usec = time * USEC_PER_SEC|
134 |
135 | var request = URLRequest(url: URL(string: "https://api.mixpanel.com/import")!)
| `- error: cannot find 'URLRequest' in scope
136 | request.httpMethod = "POST"
137 | request.addValue("application/json", forHTTPHeaderField: "Content-Type")
/host/spi-builder-workspace/.build/checkouts/Wand/Sources/Wand/Core/Core.swift:151:9: error: 'URLSession' (aka 'AnyObject') cannot be constructed because it has no accessible initializers
149 | ])
150 |
151 | URLSession(configuration: .default).dataTask(with: request).resume()
| `- error: 'URLSession' (aka 'AnyObject') cannot be constructed because it has no accessible initializers
152 | }
153 |
/host/spi-builder-workspace/.build/checkouts/Wand/Sources/Wand/Core/Core.swift:151:36: error: cannot infer contextual base in reference to member 'default'
149 | ])
150 |
151 | URLSession(configuration: .default).dataTask(with: request).resume()
| `- error: cannot infer contextual base in reference to member 'default'
152 | }
153 |
[34/43] Compiling Wand Numbers_Convertable.swift
[35/43] Compiling Wand String_Convertable.swift
[36/43] Compiling Wand Describing.swift
[37/43] Compiling Wand Describing_Character.swift
[38/43] Compiling Wand Describing_Data.swift
[39/43] Compiling Wand Expecting.swift
/host/spi-builder-workspace/.build/checkouts/Wand/Sources/Wand/|/Addons/Time.swift:21:16: error: cannot find type 'DispatchTime' in scope
19 | @inline(__always)
20 | public
21 | func | (after: DispatchTime, execute: @escaping ()->() ) {
| `- error: cannot find type 'DispatchTime' in scope
22 | DispatchQueue.main.asyncAfter(deadline: after, execute: execute)
23 | }
[40/43] Compiling Wand Core+Wanded.swift
/host/spi-builder-workspace/.build/checkouts/Wand/Sources/Wand/|/Addons/Time.swift:21:16: error: cannot find type 'DispatchTime' in scope
19 | @inline(__always)
20 | public
21 | func | (after: DispatchTime, execute: @escaping ()->() ) {
| `- error: cannot find type 'DispatchTime' in scope
22 | DispatchQueue.main.asyncAfter(deadline: after, execute: execute)
23 | }
[41/43] Compiling Wand WandFramerProtocol.swift
/host/spi-builder-workspace/.build/checkouts/Wand/Sources/Wand/|/Addons/Time.swift:21:16: error: cannot find type 'DispatchTime' in scope
19 | @inline(__always)
20 | public
21 | func | (after: DispatchTime, execute: @escaping ()->() ) {
| `- error: cannot find type 'DispatchTime' in scope
22 | DispatchQueue.main.asyncAfter(deadline: after, execute: execute)
23 | }
[42/43] Compiling Wand Wanded.swift
/host/spi-builder-workspace/.build/checkouts/Wand/Sources/Wand/|/Addons/Time.swift:21:16: error: cannot find type 'DispatchTime' in scope
19 | @inline(__always)
20 | public
21 | func | (after: DispatchTime, execute: @escaping ()->() ) {
| `- error: cannot find type 'DispatchTime' in scope
22 | DispatchQueue.main.asyncAfter(deadline: after, execute: execute)
23 | }
[43/43] Compiling Wand |.swift
/host/spi-builder-workspace/.build/checkouts/Wand/Sources/Wand/|/Addons/Time.swift:21:16: error: cannot find type 'DispatchTime' in scope
19 | @inline(__always)
20 | public
21 | func | (after: DispatchTime, execute: @escaping ()->() ) {
| `- error: cannot find type 'DispatchTime' in scope
22 | DispatchQueue.main.asyncAfter(deadline: after, execute: execute)
23 | }
BUILD FAILURE 6.1 wasm