Build Information
Failed to build SwiftClockUI, reference main (e20124), with Swift 6.4 for tvOS using Xcode 27.0 on 19 Sep 2026 01:14:45 UTC.
Build Command
env DEVELOPER_DIR=/Applications/Xcode-27.0.0-Release.Candidate.app xcrun xcodebuild -IDEClonedSourcePackagesDirPathOverride=$PWD/.dependencies -skipMacroValidation -skipPackagePluginValidation -derivedDataPath $PWD/.derivedData build -scheme SwiftClockUI -destination generic/platform=tvOSBuild Log
========================================
RunAll
========================================
Builder version: 5.1.0
Interrupt handler set up.
========================================
Checkout
========================================
Clone URL: https://github.com/renaudjenny/SwiftClockUI.git
Reference: main
Initialized empty Git repository in /Users/admin/builder/spi-builder-workspace/.git/
From https://github.com/renaudjenny/SwiftClockUI
* branch main -> FETCH_HEAD
* [new branch] main -> origin/main
HEAD is now at e201240 Merge pull request #19 from renaudjenny/update-snapshots-for-tests
Cloned https://github.com/renaudjenny/SwiftClockUI.git
Revision (git rev-parse @):
e2012408d166ebafa0f0c0cdf568c984e77c3ded
SUCCESS checkout https://github.com/renaudjenny/SwiftClockUI.git at main
========================================
Build
========================================
Selected platform: tvOS
Swift version: 6.4
Building package at path: $PWD
https://github.com/renaudjenny/SwiftClockUI.git
Command line invocation:
/Applications/Xcode-27.0.0-Release.Candidate.app/Contents/Developer/usr/bin/xcodebuild -IDEClonedSourcePackagesDirPathOverride=/Users/admin/builder/spi-builder-workspace/.dependencies -resolvePackageDependencies
Resolve Package Graph
Fetching from https://github.com/pointfreeco/swift-snapshot-testing.git
Fetching from https://github.com/swiftlang/swift-syntax
Fetching from https://github.com/pointfreeco/swift-custom-dump
Fetching from https://github.com/pointfreeco/swift-issue-reporting
Creating working copy of package ‘swift-syntax’
Checking out 604.0.0 of package ‘swift-syntax’
Creating working copy of package ‘swift-issue-reporting’
Checking out 2.1.0 of package ‘swift-issue-reporting’
Creating working copy of package ‘swift-snapshot-testing’
Checking out 1.19.5 of package ‘swift-snapshot-testing’
Creating working copy of package ‘swift-custom-dump’
Checking out 1.7.3 of package ‘swift-custom-dump’
Resolve Package Graph
Resolved source packages:
SwiftClockUI: /Users/admin/builder/spi-builder-workspace
swift-issue-reporting: https://github.com/pointfreeco/swift-issue-reporting @ 2.1.0
swift-custom-dump: https://github.com/pointfreeco/swift-custom-dump @ 1.7.3
swift-snapshot-testing: https://github.com/pointfreeco/swift-snapshot-testing.git @ 1.19.5
swift-syntax: https://github.com/swiftlang/swift-syntax @ 604.0.0
resolved source packages: SwiftClockUI, swift-issue-reporting, swift-custom-dump, swift-snapshot-testing, swift-syntax
2026-09-18 21:13:52.919 xcodebuild[529:3045] [MT] IDERunDestination: Supported platforms for the buildables in the current scheme is empty.
{
"dependencies" : [
{
"identity" : "swift-snapshot-testing",
"requirement" : {
"range" : [
{
"lower_bound" : "1.9.0",
"upper_bound" : "2.0.0"
}
]
},
"type" : "sourceControl",
"url" : "https://github.com/pointfreeco/swift-snapshot-testing.git"
}
],
"manifest_display_name" : "SwiftClockUI",
"name" : "SwiftClockUI",
"path" : "/Users/admin/builder/spi-builder-workspace",
"platforms" : [
{
"name" : "ios",
"version" : "13.0"
},
{
"name" : "macos",
"version" : "10.15"
}
],
"products" : [
{
"name" : "SwiftClockUI",
"targets" : [
"SwiftClockUI"
],
"type" : {
"library" : [
"automatic"
]
}
}
],
"targets" : [
{
"c99name" : "SwiftClockUITests",
"module_type" : "SwiftTarget",
"name" : "SwiftClockUITests",
"path" : "Tests/SwiftClockUITests",
"product_dependencies" : [
"SnapshotTesting"
],
"sources" : [
"Calendar+Test.swift",
"ClockViewTests.swift",
"Elements/Arm/ArmTests.swift",
"Elements/Arm/ArmTypeTests.swift",
"Elements/Arm/ArtNouveauArmTests.swift",
"Elements/Arm/ClassicArmTests.swift",
"Elements/ArmsTests.swift",
"Elements/Borders/ClassicClockBorderTests.swift",
"Elements/Borders/DrawnClockBorderTests.swift",
"Elements/Borders/SteampunkClockBorderTests.swift",
"Elements/Indicators/ArtNouveauIndicatorsTests.swift",
"Elements/Indicators/SteampunkIndicatorsTests.swift",
"Elements/Steampunk/CogwheelTests.swift",
"Elements/Steampunk/MoonTests.swift",
"Elements/Steampunk/PlateTests.swift",
"Elements/Steampunk/SteampunkHourArmTests.swift",
"Elements/Steampunk/SteampunkMinuteArmTests.swift",
"Elements/Steampunk/WindUpKeyTests.swift",
"EnvironmentTests.swift",
"Extensions/CGPoint+CircleTests.swift",
"Extensions/CGRect+CircleTests.swift",
"Extensions/Date+ClockTests.swift",
"Extensions/Path+CircleTests.swift",
"Face/ClockFaceTests.swift",
"Face/EyeTests.swift",
"Face/MouthTests.swift",
"Snapshotting+DefaultImage.swift",
"XCTestManifests.swift"
],
"target_dependencies" : [
"SwiftClockUI"
],
"type" : "test"
},
{
"c99name" : "SwiftClockUI",
"module_type" : "SwiftTarget",
"name" : "SwiftClockUI",
"path" : "Sources/SwiftClockUI",
"product_memberships" : [
"SwiftClockUI"
],
"sources" : [
"ClockView.swift",
"Elements/Arm/ArmDragGesture.swift",
"Elements/Arm/ArmType.swift",
"Elements/Arm/ArmView.swift",
"Elements/Arm/ArtNouveauArm.swift",
"Elements/Arm/ClassicArm.swift",
"Elements/Arm/DrawnArm.swift",
"Elements/Arm/SteampunkArm.swift",
"Elements/Arms.swift",
"Elements/Borders/ArtNouveauClockBorder.swift",
"Elements/Borders/ClassicClockBorder.swift",
"Elements/Borders/ClockBorderView.swift",
"Elements/Borders/DrawnClockBorder.swift",
"Elements/Borders/SteampunkClockBorder.swift",
"Elements/Indicators/ArtNouveauIndicators.swift",
"Elements/Indicators/ClassicIndicators.swift",
"Elements/Indicators/DrawnIndicators.swift",
"Elements/Indicators/IndicatorsView.swift",
"Elements/Indicators/RomanNumber.swift",
"Elements/Indicators/SteampunkIndicators.swift",
"Elements/Steampunk/Cogwheel.swift",
"Elements/Steampunk/Moon.swift",
"Elements/Steampunk/Plate.swift",
"Elements/Steampunk/SteampunkHourArm.swift",
"Elements/Steampunk/SteampunkMinuteArm.swift",
"Elements/Steampunk/WindUpKey.swift",
"Environment/ClockAnimationEnabled.swift",
"Environment/ClockArmColorsEnvironment.swift",
"Environment/ClockBorderColorEnvironment.swift",
"Environment/ClockConfigurationEnvironment.swift",
"Environment/ClockDateEnvironment.swift",
"Environment/ClockIndicatorsColorEnvironment.swift",
"Environment/ClockIsAnimationEnabledEnvironment.swift",
"Environment/ClockRandomEnvironment.swift",
"Environment/ClockStyleEnvironment.swift",
"Extensions/Angle+Circle.swift",
"Extensions/CGPoint+Circle.swift",
"Extensions/CGRect+Circle.swift",
"Extensions/Color+Background.swift",
"Extensions/Date+Clock.swift",
"Extensions/Double+Time.swift",
"Extensions/GeometryProxy+Diameter.swift",
"Extensions/NSBezierPath+CGPath.swift",
"Extensions/Path+Circle.swift",
"Extensions/Path+VerticalMirror.swift",
"Face/ClockFaceEnvironment.swift",
"Face/ClockFaceView.swift",
"Face/Eye.swift",
"Face/Mouth.swift",
"ViewModifiers/FontProportional.swift",
"ViewModifiers/PositionInCircle.swift"
],
"type" : "library"
}
],
"tools_version" : "5.1"
}
{
"workspace" : {
"name" : "SwiftClockUI",
"schemes" : [
"SwiftClockUI"
]
}
}
2026-09-18 21:14:29.524 xcodebuild[814:4963] [MT] IDERunDestination: Supported platforms for the buildables in the current scheme is empty.
Running build ...
env DEVELOPER_DIR=/Applications/Xcode-27.0.0-Release.Candidate.app xcrun xcodebuild -IDEClonedSourcePackagesDirPathOverride=$PWD/.dependencies -skipMacroValidation -skipPackagePluginValidation -derivedDataPath $PWD/.derivedData build -scheme SwiftClockUI -destination generic/platform=tvOS
Command line invocation:
/Applications/Xcode-27.0.0-Release.Candidate.app/Contents/Developer/usr/bin/xcodebuild -IDEClonedSourcePackagesDirPathOverride=/Users/admin/builder/spi-builder-workspace/.dependencies -skipMacroValidation -skipPackagePluginValidation -derivedDataPath /Users/admin/builder/spi-builder-workspace/.derivedData build -scheme SwiftClockUI -destination generic/platform=tvOS
Resolve Package Graph
Resolve Package Graph
Resolved source packages:
swift-syntax: https://github.com/swiftlang/swift-syntax @ 604.0.0
swift-custom-dump: https://github.com/pointfreeco/swift-custom-dump @ 1.7.3
swift-snapshot-testing: https://github.com/pointfreeco/swift-snapshot-testing.git @ 1.19.5
swift-issue-reporting: https://github.com/pointfreeco/swift-issue-reporting @ 2.1.0
SwiftClockUI: /Users/admin/builder/spi-builder-workspace
ComputePackagePrebuildTargetDependencyGraph
Prepare packages
CreateBuildRequest
SendProjectDescription
CreateBuildOperation
ComputeTargetDependencyGraph
note: Building targets in dependency order
note: Target dependency graph (2 targets)
Target 'SwiftClockUI-product' in project 'SwiftClockUI'
➜ Explicit dependency on target 'SwiftClockUI' in project 'SwiftClockUI'
Target 'SwiftClockUI' in project 'SwiftClockUI' (no dependencies)
GatherProvisioningInputs
CreateBuildDescription
ExecuteExternalTool /Applications/Xcode-27.0.0-Release.Candidate.app/Contents/Developer/Toolchains/XcodeDefault.xctoolchain/usr/bin/clang -v -E -dM -isysroot /Applications/Xcode-27.0.0-Release.Candidate.app/Contents/Developer/Platforms/AppleTVOS.platform/Developer/SDKs/AppleTVOS27.0.sdk -x c -c /dev/null
ExecuteExternalTool /Applications/Xcode-27.0.0-Release.Candidate.app/Contents/Developer/Toolchains/XcodeDefault.xctoolchain/usr/bin/swiftc --version
ExecuteExternalTool /Applications/Xcode-27.0.0-Release.Candidate.app/Contents/Developer/Toolchains/XcodeDefault.xctoolchain/usr/bin/ld -version_details
Build description signature: dcd33dbe4b132fd0e6ae92ad5381094b
Build description path: /Users/admin/builder/spi-builder-workspace/.derivedData/Build/Intermediates.noindex/XCBuildData/dcd33dbe4b132fd0e6ae92ad5381094b.xcbuilddata
CreateBuildDirectory /Users/admin/builder/spi-builder-workspace/.derivedData/CompilationCache.noindex
cd /Users/admin/builder/spi-builder-workspace/.swiftpm/xcode
builtin-create-build-directory /Users/admin/builder/spi-builder-workspace/.derivedData/CompilationCache.noindex
CreateBuildDirectory /Users/admin/builder/spi-builder-workspace/.derivedData/SDKExplicitPrecompiledModules
cd /Users/admin/builder/spi-builder-workspace/.swiftpm/xcode
builtin-create-build-directory /Users/admin/builder/spi-builder-workspace/.derivedData/SDKExplicitPrecompiledModules
CreateBuildDirectory /Users/admin/builder/spi-builder-workspace/.derivedData/ModuleCache.noindex
cd /Users/admin/builder/spi-builder-workspace/.swiftpm/xcode
builtin-create-build-directory /Users/admin/builder/spi-builder-workspace/.derivedData/ModuleCache.noindex
ClangStatCache /Applications/Xcode-27.0.0-Release.Candidate.app/Contents/Developer/Toolchains/XcodeDefault.xctoolchain/usr/bin/clang-stat-cache /Applications/Xcode-27.0.0-Release.Candidate.app/Contents/Developer/Platforms/AppleTVOS.platform/Developer/SDKs/AppleTVOS27.0.sdk /Users/admin/builder/spi-builder-workspace/.derivedData/SDKStatCaches.noindex/appletvos27.0-24J360-e829b21a6f8c9b70876ba0858053c044b32bfd8d43560033f8d89884cdb90028.sdkstatcache
cd /Users/admin/builder/spi-builder-workspace/.swiftpm/xcode
/Applications/Xcode-27.0.0-Release.Candidate.app/Contents/Developer/Toolchains/XcodeDefault.xctoolchain/usr/bin/clang-stat-cache /Applications/Xcode-27.0.0-Release.Candidate.app/Contents/Developer/Platforms/AppleTVOS.platform/Developer/SDKs/AppleTVOS27.0.sdk -o /Users/admin/builder/spi-builder-workspace/.derivedData/SDKStatCaches.noindex/appletvos27.0-24J360-e829b21a6f8c9b70876ba0858053c044b32bfd8d43560033f8d89884cdb90028.sdkstatcache
CreateBuildDirectory /Users/admin/builder/spi-builder-workspace/.derivedData/Build/Products
cd /Users/admin/builder/spi-builder-workspace/.swiftpm/xcode
builtin-create-build-directory /Users/admin/builder/spi-builder-workspace/.derivedData/Build/Products
CreateBuildDirectory /Users/admin/builder/spi-builder-workspace/.derivedData/Build/Intermediates.noindex
cd /Users/admin/builder/spi-builder-workspace/.swiftpm/xcode
builtin-create-build-directory /Users/admin/builder/spi-builder-workspace/.derivedData/Build/Intermediates.noindex
CreateBuildDirectory /Users/admin/builder/spi-builder-workspace/.derivedData/Build/Intermediates.noindex/PrecompiledHeaders
cd /Users/admin/builder/spi-builder-workspace/.swiftpm/xcode
builtin-create-build-directory /Users/admin/builder/spi-builder-workspace/.derivedData/Build/Intermediates.noindex/PrecompiledHeaders
CreateBuildDirectory /Users/admin/builder/spi-builder-workspace/.derivedData/Build/Intermediates.noindex/ExplicitPrecompiledModules
cd /Users/admin/builder/spi-builder-workspace/.swiftpm/xcode
builtin-create-build-directory /Users/admin/builder/spi-builder-workspace/.derivedData/Build/Intermediates.noindex/ExplicitPrecompiledModules
CreateBuildDirectory /Users/admin/builder/spi-builder-workspace/.derivedData/Build/Intermediates.noindex/SwiftExplicitPrecompiledModules
cd /Users/admin/builder/spi-builder-workspace/.swiftpm/xcode
builtin-create-build-directory /Users/admin/builder/spi-builder-workspace/.derivedData/Build/Intermediates.noindex/SwiftExplicitPrecompiledModules
CreateBuildDirectory /Users/admin/builder/spi-builder-workspace/.derivedData/Build/Intermediates.noindex/EagerLinkingTBDs/Debug-appletvos
cd /Users/admin/builder/spi-builder-workspace/.swiftpm/xcode
builtin-create-build-directory /Users/admin/builder/spi-builder-workspace/.derivedData/Build/Intermediates.noindex/EagerLinkingTBDs/Debug-appletvos
CreateBuildDirectory /Users/admin/builder/spi-builder-workspace/.derivedData/Build/Products/Debug-appletvos
cd /Users/admin/builder/spi-builder-workspace/.swiftpm/xcode
builtin-create-build-directory /Users/admin/builder/spi-builder-workspace/.derivedData/Build/Products/Debug-appletvos
CreateBuildDirectory /Users/admin/builder/spi-builder-workspace/.derivedData/Build/Products/Debug-appletvos/PackageFrameworks
cd /Users/admin/builder/spi-builder-workspace/.swiftpm/xcode
builtin-create-build-directory /Users/admin/builder/spi-builder-workspace/.derivedData/Build/Products/Debug-appletvos/PackageFrameworks
WriteAuxiliaryFile /Users/admin/builder/spi-builder-workspace/.derivedData/Build/Intermediates.noindex/SwiftClockUI.build/Debug-appletvos/SwiftClockUI-t.build/SwiftClockUI.DependencyStaticMetadataFileList (in target 'SwiftClockUI' from project 'SwiftClockUI')
cd /Users/admin/builder/spi-builder-workspace
write-file /Users/admin/builder/spi-builder-workspace/.derivedData/Build/Intermediates.noindex/SwiftClockUI.build/Debug-appletvos/SwiftClockUI-t.build/SwiftClockUI.DependencyStaticMetadataFileList
WriteAuxiliaryFile /Users/admin/builder/spi-builder-workspace/.derivedData/Build/Intermediates.noindex/SwiftClockUI.build/Debug-appletvos/SwiftClockUI-t.build/SwiftClockUI.modulemap (in target 'SwiftClockUI' from project 'SwiftClockUI')
cd /Users/admin/builder/spi-builder-workspace
write-file /Users/admin/builder/spi-builder-workspace/.derivedData/Build/Intermediates.noindex/SwiftClockUI.build/Debug-appletvos/SwiftClockUI-t.build/SwiftClockUI.modulemap
WriteAuxiliaryFile /Users/admin/builder/spi-builder-workspace/.derivedData/Build/Intermediates.noindex/SwiftClockUI.build/Debug-appletvos/SwiftClockUI-t.build/SwiftClockUI.DependencyMetadataFileList (in target 'SwiftClockUI' from project 'SwiftClockUI')
cd /Users/admin/builder/spi-builder-workspace
write-file /Users/admin/builder/spi-builder-workspace/.derivedData/Build/Intermediates.noindex/SwiftClockUI.build/Debug-appletvos/SwiftClockUI-t.build/SwiftClockUI.DependencyMetadataFileList
WriteAuxiliaryFile /Users/admin/builder/spi-builder-workspace/.derivedData/Build/Intermediates.noindex/SwiftClockUI.build/Debug-appletvos/SwiftClockUI-t.build/Objects-normal/arm64/SwiftClockUI.SwiftConstValuesFileList (in target 'SwiftClockUI' from project 'SwiftClockUI')
cd /Users/admin/builder/spi-builder-workspace
write-file /Users/admin/builder/spi-builder-workspace/.derivedData/Build/Intermediates.noindex/SwiftClockUI.build/Debug-appletvos/SwiftClockUI-t.build/Objects-normal/arm64/SwiftClockUI.SwiftConstValuesFileList
WriteAuxiliaryFile /Users/admin/builder/spi-builder-workspace/.derivedData/Build/Intermediates.noindex/SwiftClockUI.build/Debug-appletvos/SwiftClockUI-t.build/Objects-normal/arm64/SwiftClockUI.LinkFileList (in target 'SwiftClockUI' from project 'SwiftClockUI')
cd /Users/admin/builder/spi-builder-workspace
write-file /Users/admin/builder/spi-builder-workspace/.derivedData/Build/Intermediates.noindex/SwiftClockUI.build/Debug-appletvos/SwiftClockUI-t.build/Objects-normal/arm64/SwiftClockUI.LinkFileList
WriteAuxiliaryFile /Users/admin/builder/spi-builder-workspace/.derivedData/Build/Intermediates.noindex/SwiftClockUI.build/Debug-appletvos/SwiftClockUI-t.build/Objects-normal/arm64/SwiftClockUI-OutputFileMap.json (in target 'SwiftClockUI' from project 'SwiftClockUI')
cd /Users/admin/builder/spi-builder-workspace
write-file /Users/admin/builder/spi-builder-workspace/.derivedData/Build/Intermediates.noindex/SwiftClockUI.build/Debug-appletvos/SwiftClockUI-t.build/Objects-normal/arm64/SwiftClockUI-OutputFileMap.json
WriteAuxiliaryFile /Users/admin/builder/spi-builder-workspace/.derivedData/Build/Intermediates.noindex/SwiftClockUI.build/Debug-appletvos/SwiftClockUI-t.build/Objects-normal/arm64/SwiftClockUI_const_extract_protocols.json (in target 'SwiftClockUI' from project 'SwiftClockUI')
cd /Users/admin/builder/spi-builder-workspace
write-file /Users/admin/builder/spi-builder-workspace/.derivedData/Build/Intermediates.noindex/SwiftClockUI.build/Debug-appletvos/SwiftClockUI-t.build/Objects-normal/arm64/SwiftClockUI_const_extract_protocols.json
WriteAuxiliaryFile /Users/admin/builder/spi-builder-workspace/.derivedData/Build/Intermediates.noindex/SwiftClockUI.build/Debug-appletvos/SwiftClockUI-t.build/Objects-normal/arm64/SwiftClockUI.SwiftFileList (in target 'SwiftClockUI' from project 'SwiftClockUI')
cd /Users/admin/builder/spi-builder-workspace
write-file /Users/admin/builder/spi-builder-workspace/.derivedData/Build/Intermediates.noindex/SwiftClockUI.build/Debug-appletvos/SwiftClockUI-t.build/Objects-normal/arm64/SwiftClockUI.SwiftFileList
Copy /Users/admin/builder/spi-builder-workspace/.derivedData/Build/Intermediates.noindex/GeneratedModuleMaps-appletvos/SwiftClockUI.modulemap /Users/admin/builder/spi-builder-workspace/.derivedData/Build/Intermediates.noindex/SwiftClockUI.build/Debug-appletvos/SwiftClockUI-t.build/SwiftClockUI.modulemap (in target 'SwiftClockUI' from project 'SwiftClockUI')
cd /Users/admin/builder/spi-builder-workspace
builtin-copy -exclude .DS_Store -exclude CVS -exclude .svn -exclude .git -exclude .hg -resolve-src-symlinks /Users/admin/builder/spi-builder-workspace/.derivedData/Build/Intermediates.noindex/SwiftClockUI.build/Debug-appletvos/SwiftClockUI-t.build/SwiftClockUI.modulemap /Users/admin/builder/spi-builder-workspace/.derivedData/Build/Intermediates.noindex/GeneratedModuleMaps-appletvos
SwiftDriver SwiftClockUI normal arm64 com.apple.xcode.tools.swift.compiler (in target 'SwiftClockUI' from project 'SwiftClockUI')
cd /Users/admin/builder/spi-builder-workspace/.swiftpm/xcode
builtin-SwiftDriver -- /Applications/Xcode-27.0.0-Release.Candidate.app/Contents/Developer/Toolchains/XcodeDefault.xctoolchain/usr/bin/swiftc -parse-as-library -module-name SwiftClockUI -Onone @/Users/admin/builder/spi-builder-workspace/.derivedData/Build/Intermediates.noindex/SwiftClockUI.build/Debug-appletvos/SwiftClockUI-t.build/Objects-normal/arm64/SwiftClockUI.SwiftFileList -DSWIFT_PACKAGE -DDEBUG -DSWIFT_MODULE_RESOURCE_BUNDLE_UNAVAILABLE -DXcode -plugin-path /Applications/Xcode-27.0.0-Release.Candidate.app/Contents/Developer/Toolchains/XcodeDefault.xctoolchain/usr/lib/swift/host/plugins/testing -enable-experimental-feature DebugDescriptionMacro -sdk /Applications/Xcode-27.0.0-Release.Candidate.app/Contents/Developer/Platforms/AppleTVOS.platform/Developer/SDKs/AppleTVOS27.0.sdk -target arm64-apple-tvos15.0 -g -module-cache-path /Users/admin/builder/spi-builder-workspace/.derivedData/ModuleCache.noindex -Xfrontend -serialize-debugging-options -profile-coverage-mapping -profile-generate -enable-testing -index-store-path /Users/admin/builder/spi-builder-workspace/.derivedData/Index.noindex/DataStore -Xcc -D_LIBCPP_HARDENING_MODE\=_LIBCPP_HARDENING_MODE_DEBUG -swift-version 5 -I /Users/admin/builder/spi-builder-workspace/.derivedData/Build/Products/Debug-appletvos -Isystem /Applications/Xcode-27.0.0-Release.Candidate.app/Contents/Developer/Platforms/AppleTVOS.platform/Developer/usr/lib -F /Users/admin/builder/spi-builder-workspace/.derivedData/Build/Products/Debug-appletvos -F /Applications/Xcode-27.0.0-Release.Candidate.app/Contents/Developer/Platforms/AppleTVOS.platform/Developer/Library/Frameworks -F /Applications/Xcode-27.0.0-Release.Candidate.app/Contents/Developer/Platforms/AppleTVOS.platform/Developer/SDKs/AppleTVOS27.0.sdk/Developer/Library/Frameworks -c -j10 -enable-batch-mode -incremental -Xcc -ivfsstatcache -Xcc /Users/admin/builder/spi-builder-workspace/.derivedData/SDKStatCaches.noindex/appletvos27.0-24J360-e829b21a6f8c9b70876ba0858053c044b32bfd8d43560033f8d89884cdb90028.sdkstatcache -output-file-map /Users/admin/builder/spi-builder-workspace/.derivedData/Build/Intermediates.noindex/SwiftClockUI.build/Debug-appletvos/SwiftClockUI-t.build/Objects-normal/arm64/SwiftClockUI-OutputFileMap.json -save-temps -no-color-diagnostics -explicit-module-build -module-cache-path /Users/admin/builder/spi-builder-workspace/.derivedData/Build/Intermediates.noindex/SwiftExplicitPrecompiledModules -clang-scanner-module-cache-path /Users/admin/builder/spi-builder-workspace/.derivedData/ModuleCache.noindex -sdk-module-cache-path /Users/admin/builder/spi-builder-workspace/.derivedData/SDKExplicitPrecompiledModules -emit-dependencies -emit-module -emit-module-path /Users/admin/builder/spi-builder-workspace/.derivedData/Build/Intermediates.noindex/SwiftClockUI.build/Debug-appletvos/SwiftClockUI-t.build/Objects-normal/arm64/SwiftClockUI.swiftmodule -serialize-diagnostics -dependency-scan-serialize-diagnostics-path /Users/admin/builder/spi-builder-workspace/.derivedData/Build/Intermediates.noindex/SwiftClockUI.build/Debug-appletvos/SwiftClockUI-t.build/Objects-normal/arm64/SwiftClockUI-dependency-scan.dia -validate-clang-modules-once -clang-build-session-file /Users/admin/builder/spi-builder-workspace/.derivedData/ModuleCache.noindex/Session.modulevalidation -Xcc -fmodules-prune-interval\=86400 -Xcc -fmodules-prune-after\=345600 -emit-const-values -const-gather-protocols-list /Users/admin/builder/spi-builder-workspace/.derivedData/Build/Intermediates.noindex/SwiftClockUI.build/Debug-appletvos/SwiftClockUI-t.build/Objects-normal/arm64/SwiftClockUI_const_extract_protocols.json -Xcc -I/Users/admin/builder/spi-builder-workspace/.derivedData/Build/Products/Debug-appletvos/include -Xcc -I/Users/admin/builder/spi-builder-workspace/.derivedData/Build/Intermediates.noindex/SwiftClockUI.build/Debug-appletvos/SwiftClockUI-t.build/DerivedSources-normal/arm64 -Xcc -I/Users/admin/builder/spi-builder-workspace/.derivedData/Build/Intermediates.noindex/SwiftClockUI.build/Debug-appletvos/SwiftClockUI-t.build/DerivedSources/arm64 -Xcc -I/Users/admin/builder/spi-builder-workspace/.derivedData/Build/Intermediates.noindex/SwiftClockUI.build/Debug-appletvos/SwiftClockUI-t.build/DerivedSources -Xcc -DSWIFT_PACKAGE -Xcc -DDEBUG\=1 -emit-objc-header -emit-objc-header-path /Users/admin/builder/spi-builder-workspace/.derivedData/Build/Intermediates.noindex/SwiftClockUI.build/Debug-appletvos/SwiftClockUI-t.build/Objects-normal/arm64/SwiftClockUI-Swift.h -working-directory /Users/admin/builder/spi-builder-workspace/.swiftpm/xcode -experimental-emit-module-separately -disable-cmo
SwiftExplicitDependencyGeneratePcm arm64 /Users/admin/builder/spi-builder-workspace/.derivedData/SDKExplicitPrecompiledModules/_Builtin_float-8ZJAYZ85YBOAOP52Y9H6IUNP3.pcm
SwiftExplicitDependencyGeneratePcm arm64 /Users/admin/builder/spi-builder-workspace/.derivedData/SDKExplicitPrecompiledModules/ptrcheck-2AZ6B5IBYD3RRRTFWN2ONASY3.pcm
SwiftExplicitDependencyGeneratePcm arm64 /Users/admin/builder/spi-builder-workspace/.derivedData/SDKExplicitPrecompiledModules/SwiftShims-8N4EXJ4RUJTR8K9OO3CMOH1EP.pcm
SwiftExplicitDependencyGeneratePcm arm64 /Users/admin/builder/spi-builder-workspace/.derivedData/SDKExplicitPrecompiledModules/_Builtin_stdbool-AHRDH5EKLY6D04C5E42F3VCQI.pcm
SwiftExplicitDependencyGeneratePcm arm64 /Users/admin/builder/spi-builder-workspace/.derivedData/SDKExplicitPrecompiledModules/DeveloperToolsSupport-B1X8RI63V48AJRTH2RK6JAARV.pcm
SwiftExplicitDependencyGeneratePcm arm64 /Users/admin/builder/spi-builder-workspace/.derivedData/SDKExplicitPrecompiledModules/ptrauth-8X2KEPL7CTRPS40TUB9APHPK6.pcm
SwiftExplicitDependencyGeneratePcm arm64 /Users/admin/builder/spi-builder-workspace/.derivedData/SDKExplicitPrecompiledModules/_AvailabilityInternal-BV2EDDP0MI5QJDDPEEV4D9D3V.pcm
SwiftExplicitDependencyGeneratePcm arm64 /Users/admin/builder/spi-builder-workspace/.derivedData/SDKExplicitPrecompiledModules/_Builtin_stdarg-BO2OCAUYVAXDRVQWQ8ISKGNUQ.pcm
SwiftExplicitDependencyGeneratePcm arm64 /Users/admin/builder/spi-builder-workspace/.derivedData/SDKExplicitPrecompiledModules/_Builtin_stddef-9ZJZ6FDEZNKTZU8YLPMFT9RAQ.pcm
SwiftExplicitDependencyGeneratePcm arm64 /Users/admin/builder/spi-builder-workspace/.derivedData/SDKExplicitPrecompiledModules/_SwiftConcurrencyShims-BY5PD8KF1L5KF6F4Q69HE3TJ4.pcm
SwiftExplicitDependencyGeneratePcm arm64 /Users/admin/builder/spi-builder-workspace/.derivedData/SDKExplicitPrecompiledModules/_DarwinFoundation1-JOTYMOA1YZCIJ2NON6FQ848O.pcm
SwiftExplicitDependencyGeneratePcm arm64 /Users/admin/builder/spi-builder-workspace/.derivedData/SDKExplicitPrecompiledModules/_Builtin_limits-7JU2HP127LIT1X9E2V3D8WZ1.pcm
SwiftExplicitDependencyGeneratePcm arm64 /Users/admin/builder/spi-builder-workspace/.derivedData/SDKExplicitPrecompiledModules/_DarwinFoundation2-AOGAN1O02NKXRJN5V73AV3V3M.pcm
SwiftExplicitDependencyGeneratePcm arm64 /Users/admin/builder/spi-builder-workspace/.derivedData/SDKExplicitPrecompiledModules/_Builtin_stdint-6NFTB6IBKS143IVPGT1EKB7HO.pcm
SwiftExplicitDependencyGeneratePcm arm64 /Users/admin/builder/spi-builder-workspace/.derivedData/SDKExplicitPrecompiledModules/sys_types-8GCAV1YMG5UUGHUID3CA20TCH.pcm
SwiftExplicitDependencyGeneratePcm arm64 /Users/admin/builder/spi-builder-workspace/.derivedData/SDKExplicitPrecompiledModules/_Builtin_tgmath-7ULT1EUHDHW4OZPSTT33H6QGE.pcm
SwiftExplicitDependencyGeneratePcm arm64 /Users/admin/builder/spi-builder-workspace/.derivedData/SDKExplicitPrecompiledModules/string_h-6EVHP7A717OUS5DMC78F79HWO.pcm
SwiftExplicitDependencyGeneratePcm arm64 /Users/admin/builder/spi-builder-workspace/.derivedData/SDKExplicitPrecompiledModules/_Builtin_stdatomic-3YXHN678NGYM3NL9POJ2HVEIF.pcm
SwiftExplicitDependencyGeneratePcm arm64 /Users/admin/builder/spi-builder-workspace/.derivedData/SDKExplicitPrecompiledModules/_DarwinFoundation3-8SR3855WDFHQPR6G9GHOI2C07.pcm
SwiftExplicitDependencyGeneratePcm arm64 /Users/admin/builder/spi-builder-workspace/.derivedData/SDKExplicitPrecompiledModules/_Builtin_intrinsics-437O2R2NID4WAQVENR63GR82C.pcm
SwiftExplicitDependencyGeneratePcm arm64 /Users/admin/builder/spi-builder-workspace/.derivedData/SDKExplicitPrecompiledModules/_Builtin_inttypes-6X1IQ3QK9KEVKXOK9Y79EW7J3.pcm
SwiftExplicitDependencyGeneratePcm arm64 /Users/admin/builder/spi-builder-workspace/.derivedData/SDKExplicitPrecompiledModules/Darwin-DBSQAVBBPC3D2OMU5ZI2RXMST.pcm
SwiftExplicitDependencyGeneratePcm arm64 /Users/admin/builder/spi-builder-workspace/.derivedData/SDKExplicitPrecompiledModules/simd-117QUXEUT3Z7UQCUYWV2UA228.pcm
SwiftExplicitDependencyGeneratePcm arm64 /Users/admin/builder/spi-builder-workspace/.derivedData/SDKExplicitPrecompiledModules/ObjectiveC-5250FDCE56N8508OR6XUYDKZM.pcm
SwiftExplicitDependencyGeneratePcm arm64 /Users/admin/builder/spi-builder-workspace/.derivedData/SDKExplicitPrecompiledModules/MachO-EH3F5PJCIZG05NO51CEFSZYPW.pcm
SwiftExplicitDependencyGeneratePcm arm64 /Users/admin/builder/spi-builder-workspace/.derivedData/SDKExplicitPrecompiledModules/os_object-E2DGZ0SX0TULQHULZRPO6OKNW.pcm
SwiftExplicitDependencyGeneratePcm arm64 /Users/admin/builder/spi-builder-workspace/.derivedData/SDKExplicitPrecompiledModules/os_workgroup-DBUFF7811DKMX7VPBOJPGGF1U.pcm
SwiftExplicitDependencyGeneratePcm arm64 /Users/admin/builder/spi-builder-workspace/.derivedData/SDKExplicitPrecompiledModules/Spatial-7U8NLEFXSB8BR7PJQGVMF5A4Q.pcm
SwiftExplicitDependencyGeneratePcm arm64 /Users/admin/builder/spi-builder-workspace/.derivedData/SDKExplicitPrecompiledModules/Dispatch-1QL58A0V50C39KVAIC6C38SHL.pcm
SwiftExplicitDependencyGeneratePcm arm64 /Users/admin/builder/spi-builder-workspace/.derivedData/SDKExplicitPrecompiledModules/CoreFoundation-7TPJ7ENDC4L1A1ESHYI9TXS0D.pcm
SwiftExplicitDependencyGeneratePcm arm64 /Users/admin/builder/spi-builder-workspace/.derivedData/SDKExplicitPrecompiledModules/XPC-6O2DJFT3QUJ7QKTD3SNUB6PCR.pcm
SwiftExplicitDependencyGeneratePcm arm64 /Users/admin/builder/spi-builder-workspace/.derivedData/SDKExplicitPrecompiledModules/os-3GJI8H0BNAEZPQPQ1V0VVY3FY.pcm
SwiftExplicitDependencyGeneratePcm arm64 /Users/admin/builder/spi-builder-workspace/.derivedData/SDKExplicitPrecompiledModules/CoreGraphics-CWSP3J98S2658BYCVL6RP99T3.pcm
SwiftExplicitDependencyGeneratePcm arm64 /Users/admin/builder/spi-builder-workspace/.derivedData/SDKExplicitPrecompiledModules/Security-8VMXEKVDA3MHUH9AOTP905DID.pcm
SwiftExplicitDependencyGeneratePcm arm64 /Users/admin/builder/spi-builder-workspace/.derivedData/SDKExplicitPrecompiledModules/CFNetwork-2CUR2VK9S3S3WPFXPNXNUWYGN.pcm
SwiftExplicitDependencyGeneratePcm arm64 /Users/admin/builder/spi-builder-workspace/.derivedData/SDKExplicitPrecompiledModules/CoreAudioTypes-E7EH96HAL3G83QSWLT7VWYIP4.pcm
SwiftExplicitDependencyGeneratePcm arm64 /Users/admin/builder/spi-builder-workspace/.derivedData/SDKExplicitPrecompiledModules/CoreAudio-6IR1XRM0Q9YQZMFW89F3H4V3X.pcm
SwiftExplicitDependencyGeneratePcm arm64 /Users/admin/builder/spi-builder-workspace/.derivedData/SDKExplicitPrecompiledModules/Foundation-BSSIP64DIGUKMAYJOG1WPQ78X.pcm
SwiftExplicitDependencyGeneratePcm arm64 /Users/admin/builder/spi-builder-workspace/.derivedData/SDKExplicitPrecompiledModules/ImageIO-88D4CLEBD4CLWQKT78PZ6H1O8.pcm
SwiftExplicitDependencyGeneratePcm arm64 /Users/admin/builder/spi-builder-workspace/.derivedData/SDKExplicitPrecompiledModules/CoreText-59NY7PABM0I4V978161FOC04A.pcm
SwiftExplicitDependencyGeneratePcm arm64 /Users/admin/builder/spi-builder-workspace/.derivedData/SDKExplicitPrecompiledModules/OSLog-7OT6HHTMY0ZFEQJ095LJZ6NLC.pcm
SwiftExplicitDependencyGeneratePcm arm64 /Users/admin/builder/spi-builder-workspace/.derivedData/SDKExplicitPrecompiledModules/CoreData-DYMPHH3PH8AX9I1FHA4VFJ675.pcm
SwiftExplicitDependencyGeneratePcm arm64 /Users/admin/builder/spi-builder-workspace/.derivedData/SDKExplicitPrecompiledModules/_LocationEssentials-ETSJ65FELPWR8WH8G49R1DF2E.pcm
SwiftExplicitDependencyGeneratePcm arm64 /Users/admin/builder/spi-builder-workspace/.derivedData/SDKExplicitPrecompiledModules/CoreTransferable-7V4O8DATEQ9F7SDNTCW8YWLG3.pcm
SwiftExplicitDependencyGeneratePcm arm64 /Users/admin/builder/spi-builder-workspace/.derivedData/SDKExplicitPrecompiledModules/DataDetection-37JIYZ2GWDA1L166PP1D9JKAF.pcm
SwiftExplicitDependencyGeneratePcm arm64 /Users/admin/builder/spi-builder-workspace/.derivedData/SDKExplicitPrecompiledModules/UniformTypeIdentifiers-95CC8U42ZA9STP5K6GP9ZVJS5.pcm
SwiftExplicitDependencyGeneratePcm arm64 /Users/admin/builder/spi-builder-workspace/.derivedData/SDKExplicitPrecompiledModules/IOSurface-38FJ1CKX9FV2RD97O64Z7QB17.pcm
SwiftExplicitDependencyGeneratePcm arm64 /Users/admin/builder/spi-builder-workspace/.derivedData/SDKExplicitPrecompiledModules/UIUtilities-6ZFJ1AK4H8IBGEBMYQBWGBYLK.pcm
SwiftExplicitDependencyGeneratePcm arm64 /Users/admin/builder/spi-builder-workspace/.derivedData/SDKExplicitPrecompiledModules/UserNotifications-E9ZW5TH066WIJWH9080RC5NG4.pcm
SwiftExplicitDependencyGeneratePcm arm64 /Users/admin/builder/spi-builder-workspace/.derivedData/SDKExplicitPrecompiledModules/Accessibility-B6BODGZ4MQQTY0PBC4SHRP009.pcm
SwiftExplicitDependencyGeneratePcm arm64 /Users/admin/builder/spi-builder-workspace/.derivedData/SDKExplicitPrecompiledModules/Symbols-B5AU9VM9Y7NU79RLMH13Z4IFM.pcm
SwiftExplicitDependencyGeneratePcm arm64 /Users/admin/builder/spi-builder-workspace/.derivedData/SDKExplicitPrecompiledModules/CoreLocation-YVXXAOMVX0JH2KO1XTTKTY51.pcm
SwiftExplicitDependencyGeneratePcm arm64 /Users/admin/builder/spi-builder-workspace/.derivedData/SDKExplicitPrecompiledModules/OpenGLES-4NY99CNDU9WUNUYEIXSS1QFGE.pcm
SwiftExplicitDependencyGeneratePcm arm64 /Users/admin/builder/spi-builder-workspace/.derivedData/SDKExplicitPrecompiledModules/Metal-2KYBS7IML1SD788M91YV7Q0CC.pcm
SwiftExplicitDependencyGeneratePcm arm64 /Users/admin/builder/spi-builder-workspace/.derivedData/SDKExplicitPrecompiledModules/CoreVideo-DPU0PB5X0XLSVA2ETRGI6FJBM.pcm
SwiftExplicitDependencyGeneratePcm arm64 /Users/admin/builder/spi-builder-workspace/.derivedData/SDKExplicitPrecompiledModules/CoreImage-7S2AFJ8EIY3DUFYLEAX1JR1QV.pcm
SwiftExplicitDependencyGeneratePcm arm64 /Users/admin/builder/spi-builder-workspace/.derivedData/SDKExplicitPrecompiledModules/CoreMedia-4OUKVT03LV547KZJDPPJRJ4F8.pcm
SwiftExplicitDependencyGeneratePcm arm64 /Users/admin/builder/spi-builder-workspace/.derivedData/SDKExplicitPrecompiledModules/QuartzCore-DJSYAWKXFGVSAK5CQMOB3JSR.pcm
SwiftExplicitDependencyGeneratePcm arm64 /Users/admin/builder/spi-builder-workspace/.derivedData/SDKExplicitPrecompiledModules/SwiftUICore-543QU5V2NHKUFCYFJDKUJ7NYG.pcm
SwiftExplicitDependencyGeneratePcm arm64 /Users/admin/builder/spi-builder-workspace/.derivedData/SDKExplicitPrecompiledModules/UIKit-1TKWN7VC2X6N3ITMRVA2G0EB2.pcm
SwiftExplicitDependencyGeneratePcm arm64 /Users/admin/builder/spi-builder-workspace/.derivedData/SDKExplicitPrecompiledModules/SwiftUI-7BV1YDT6IZWW6B8OC6ENV0Y0F.pcm
SwiftEmitModule normal arm64 Emitting\ module\ for\ SwiftClockUI (in target 'SwiftClockUI' from project 'SwiftClockUI')
/Users/admin/builder/spi-builder-workspace/Sources/SwiftClockUI/Elements/Arm/ArmDragGesture.swift:48:42: error: 'DragGesture' is unavailable in tvOS
46 | }
47 |
48 | private func angle(dragGestureValue: DragGesture.Value, frame: CGRect) -> Angle {
| `- error: 'DragGesture' is unavailable in tvOS
49 | let radius = frame.size.width/2
50 | let location = (
SwiftUI.DragGesture:3:42: note: 'DragGesture' has been explicitly marked unavailable here
1 | @available(iOS 13.0, macOS 10.15, watchOS 6.0, *)
2 | @available(tvOS, unavailable)
3 | @MainActor @preconcurrency public struct DragGesture : Gesture, ~Sendable {
| `- note: 'DragGesture' has been explicitly marked unavailable here
4 | public struct Value : Equatable, Sendable {
5 | public var time: Date
/Users/admin/builder/spi-builder-workspace/Sources/SwiftClockUI/Elements/Arm/DrawnArm.swift:26:9: warning: stored property 'controlRatios' of 'Sendable'-conforming struct 'DrawnArmShape' has non-Sendable type 'Random.ControlRatio'; this is an error in the Swift 6 language mode
24 | let type: ArmType
25 | var drawStep: CGFloat
26 | let controlRatios: Random.ControlRatio
| `- warning: stored property 'controlRatios' of 'Sendable'-conforming struct 'DrawnArmShape' has non-Sendable type 'Random.ControlRatio'; this is an error in the Swift 6 language mode
27 |
28 | var animatableData: CGFloat {
/Users/admin/builder/spi-builder-workspace/Sources/SwiftClockUI/Environment/ClockRandomEnvironment.swift:34:12: note: consider making struct 'ControlRatio' conform to the 'Sendable' protocol
32 |
33 | public extension Random {
34 | struct ControlRatio {
| `- note: consider making struct 'ControlRatio' conform to the 'Sendable' protocol
35 | let leftX: CGFloat
36 | let leftY: CGFloat
/Users/admin/builder/spi-builder-workspace/Sources/SwiftClockUI/Elements/Indicators/DrawnIndicators.swift:29:37: warning: stored property '_random' of 'Sendable'-conforming struct 'HoursShape' contains non-Sendable type 'Random'; this is an error in the Swift 6 language mode
27 |
28 | private struct HoursShape: Shape {
29 | @Environment(\.clockRandom) var random
| `- warning: stored property '_random' of 'Sendable'-conforming struct 'HoursShape' contains non-Sendable type 'Random'; this is an error in the Swift 6 language mode
30 | var drawStep: CGFloat
31 |
/Users/admin/builder/spi-builder-workspace/Sources/SwiftClockUI/Environment/ClockRandomEnvironment.swift:3:15: note: consider making struct 'Random' conform to the 'Sendable' protocol
1 | import SwiftUI
2 |
3 | public struct Random {
| `- note: consider making struct 'Random' conform to the 'Sendable' protocol
4 | var controlRatio = (
5 | leftX: { CGFloat.random(in: 0.1...1) },
/Users/admin/builder/spi-builder-workspace/Sources/SwiftClockUI/Elements/Indicators/DrawnIndicators.swift:59:44: warning: stored property '_configuration' of 'Sendable'-conforming struct 'MinutesShape' contains non-Sendable type 'ClockConfiguration'; this is an error in the Swift 6 language mode
57 |
58 | private struct MinutesShape: Shape {
59 | @Environment(\.clockConfiguration) var configuration
| `- warning: stored property '_configuration' of 'Sendable'-conforming struct 'MinutesShape' contains non-Sendable type 'ClockConfiguration'; this is an error in the Swift 6 language mode
60 | @Environment(\.clockRandom) var random
61 | var drawStep: CGFloat
/Users/admin/builder/spi-builder-workspace/Sources/SwiftClockUI/Environment/ClockConfigurationEnvironment.swift:3:15: note: consider making struct 'ClockConfiguration' conform to the 'Sendable' protocol
1 | import SwiftUI
2 |
3 | public struct ClockConfiguration: Equatable {
| `- note: consider making struct 'ClockConfiguration' conform to the 'Sendable' protocol
4 | public var isLimitedHoursShown = false
5 | public var isMinuteIndicatorsShown = true
/Users/admin/builder/spi-builder-workspace/Sources/SwiftClockUI/Elements/Indicators/DrawnIndicators.swift:60:37: warning: stored property '_random' of 'Sendable'-conforming struct 'MinutesShape' contains non-Sendable type 'Random'; this is an error in the Swift 6 language mode
58 | private struct MinutesShape: Shape {
59 | @Environment(\.clockConfiguration) var configuration
60 | @Environment(\.clockRandom) var random
| `- warning: stored property '_random' of 'Sendable'-conforming struct 'MinutesShape' contains non-Sendable type 'Random'; this is an error in the Swift 6 language mode
61 | var drawStep: CGFloat
62 |
/Users/admin/builder/spi-builder-workspace/Sources/SwiftClockUI/Environment/ClockRandomEnvironment.swift:3:15: note: consider making struct 'Random' conform to the 'Sendable' protocol
1 | import SwiftUI
2 |
3 | public struct Random {
| `- note: consider making struct 'Random' conform to the 'Sendable' protocol
4 | var controlRatio = (
5 | leftX: { CGFloat.random(in: 0.1...1) },
/Users/admin/builder/spi-builder-workspace/Sources/SwiftClockUI/Elements/Indicators/DrawnIndicators.swift:97:9: warning: stored property 'controlRatios' of 'Sendable'-conforming struct 'DrawnIndicator' has non-Sendable type 'Random.ControlRatio'; this is an error in the Swift 6 language mode
95 | private struct DrawnIndicator: Shape {
96 | var drawStep: CGFloat
97 | let controlRatios: Random.ControlRatio
| `- warning: stored property 'controlRatios' of 'Sendable'-conforming struct 'DrawnIndicator' has non-Sendable type 'Random.ControlRatio'; this is an error in the Swift 6 language mode
98 |
99 | var animatableData: CGFloat {
/Users/admin/builder/spi-builder-workspace/Sources/SwiftClockUI/Environment/ClockRandomEnvironment.swift:34:12: note: consider making struct 'ControlRatio' conform to the 'Sendable' protocol
32 |
33 | public extension Random {
34 | struct ControlRatio {
| `- note: consider making struct 'ControlRatio' conform to the 'Sendable' protocol
35 | let leftX: CGFloat
36 | let leftY: CGFloat
Failed frontend command:
SwiftCompile normal arm64 (in target 'SwiftClockUI' from project 'SwiftClockUI')
cd /Users/admin/builder/spi-builder-workspace/.swiftpm/xcode
/Applications/Xcode-27.0.0-Release.Candidate.app/Contents/Developer/Toolchains/XcodeDefault.xctoolchain/usr/bin/swift-frontend -frontend -emit-module -experimental-skip-non-inlinable-function-bodies-without-types /Users/admin/builder/spi-builder-workspace/Sources/SwiftClockUI/ClockView.swift /Users/admin/builder/spi-builder-workspace/Sources/SwiftClockUI/Elements/Arm/ArmDragGesture.swift /Users/admin/builder/spi-builder-workspace/Sources/SwiftClockUI/Elements/Arm/ArmType.swift /Users/admin/builder/spi-builder-workspace/Sources/SwiftClockUI/Elements/Arm/ArmView.swift /Users/admin/builder/spi-builder-workspace/Sources/SwiftClockUI/Elements/Arm/ArtNouveauArm.swift /Users/admin/builder/spi-builder-workspace/Sources/SwiftClockUI/Elements/Arm/ClassicArm.swift /Users/admin/builder/spi-builder-workspace/Sources/SwiftClockUI/Elements/Arm/DrawnArm.swift /Users/admin/builder/spi-builder-workspace/Sources/SwiftClockUI/Elements/Arm/SteampunkArm.swift /Users/admin/builder/spi-builder-workspace/Sources/SwiftClockUI/Elements/Arms.swift /Users/admin/builder/spi-builder-workspace/Sources/SwiftClockUI/Elements/Borders/ArtNouveauClockBorder.swift /Users/admin/builder/spi-builder-workspace/Sources/SwiftClockUI/Elements/Borders/ClassicClockBorder.swift /Users/admin/builder/spi-builder-workspace/Sources/SwiftClockUI/Elements/Borders/ClockBorderView.swift /Users/admin/builder/spi-builder-workspace/Sources/SwiftClockUI/Elements/Borders/DrawnClockBorder.swift /Users/admin/builder/spi-builder-workspace/Sources/SwiftClockUI/Elements/Borders/SteampunkClockBorder.swift /Users/admin/builder/spi-builder-workspace/Sources/SwiftClockUI/Elements/Indicators/ArtNouveauIndicators.swift /Users/admin/builder/spi-builder-workspace/Sources/SwiftClockUI/Elements/Indicators/ClassicIndicators.swift /Users/admin/builder/spi-builder-workspace/Sources/SwiftClockUI/Elements/Indicators/DrawnIndicators.swift /Users/admin/builder/spi-builder-workspace/Sources/SwiftClockUI/Elements/Indicators/IndicatorsView.swift /Users/admin/builder/spi-builder-workspace/Sources/SwiftClockUI/Elements/Indicators/RomanNumber.swift /Users/admin/builder/spi-builder-workspace/Sources/SwiftClockUI/Elements/Indicators/SteampunkIndicators.swift /Users/admin/builder/spi-builder-workspace/Sources/SwiftClockUI/Elements/Steampunk/Cogwheel.swift /Users/admin/builder/spi-builder-workspace/Sources/SwiftClockUI/Elements/Steampunk/Moon.swift /Users/admin/builder/spi-builder-workspace/Sources/SwiftClockUI/Elements/Steampunk/Plate.swift /Users/admin/builder/spi-builder-workspace/Sources/SwiftClockUI/Elements/Steampunk/SteampunkHourArm.swift /Users/admin/builder/spi-builder-workspace/Sources/SwiftClockUI/Elements/Steampunk/SteampunkMinuteArm.swift /Users/admin/builder/spi-builder-workspace/Sources/SwiftClockUI/Elements/Steampunk/WindUpKey.swift /Users/admin/builder/spi-builder-workspace/Sources/SwiftClockUI/Environment/ClockAnimationEnabled.swift /Users/admin/builder/spi-builder-workspace/Sources/SwiftClockUI/Environment/ClockArmColorsEnvironment.swift /Users/admin/builder/spi-builder-workspace/Sources/SwiftClockUI/Environment/ClockBorderColorEnvironment.swift /Users/admin/builder/spi-builder-workspace/Sources/SwiftClockUI/Environment/ClockConfigurationEnvironment.swift /Users/admin/builder/spi-builder-workspace/Sources/SwiftClockUI/Environment/ClockDateEnvironment.swift /Users/admin/builder/spi-builder-workspace/Sources/SwiftClockUI/Environment/ClockIndicatorsColorEnvironment.swift /Users/admin/builder/spi-builder-workspace/Sources/SwiftClockUI/Environment/ClockIsAnimationEnabledEnvironment.swift /Users/admin/builder/spi-builder-workspace/Sources/SwiftClockUI/Environment/ClockRandomEnvironment.swift /Users/admin/builder/spi-builder-workspace/Sources/SwiftClockUI/Environment/ClockStyleEnvironment.swift /Users/admin/builder/spi-builder-workspace/Sources/SwiftClockUI/Extensions/Angle+Circle.swift /Users/admin/builder/spi-builder-workspace/Sources/SwiftClockUI/Extensions/CGPoint+Circle.swift /Users/admin/builder/spi-builder-workspace/Sources/SwiftClockUI/Extensions/CGRect+Circle.swift /Users/admin/builder/spi-builder-workspace/Sources/SwiftClockUI/Extensions/Color+Background.swift /Users/admin/builder/spi-builder-workspace/Sources/SwiftClockUI/Extensions/Date+Clock.swift /Users/admin/builder/spi-builder-workspace/Sources/SwiftClockUI/Extensions/Double+Time.swift /Users/admin/builder/spi-builder-workspace/Sources/SwiftClockUI/Extensions/GeometryProxy+Diameter.swift /Users/admin/builder/spi-builder-workspace/Sources/SwiftClockUI/Extensions/NSBezierPath+CGPath.swift /Users/admin/builder/spi-builder-workspace/Sources/SwiftClockUI/Extensions/Path+Circle.swift /Users/admin/builder/spi-builder-workspace/Sources/SwiftClockUI/Extensions/Path+VerticalMirror.swift /Users/admin/builder/spi-builder-workspace/Sources/SwiftClockUI/Face/ClockFaceEnvironment.swift /Users/admin/builder/spi-builder-workspace/Sources/SwiftClockUI/Face/ClockFaceView.swift /Users/admin/builder/spi-builder-workspace/Sources/SwiftClockUI/Face/Eye.swift /Users/admin/builder/spi-builder-workspace/Sources/SwiftClockUI/Face/Mouth.swift /Users/admin/builder/spi-builder-workspace/Sources/SwiftClockUI/ViewModifiers/FontProportional.swift /Users/admin/builder/spi-builder-workspace/Sources/SwiftClockUI/ViewModifiers/PositionInCircle.swift -target arm64-apple-tvos15.0 -disable-cross-import-overlay-search -load-resolved-plugin /Applications/Xcode-27.0.0-Release.Candidate.app/Contents/Developer/Platforms/AppleTVOS.platform/Developer/usr/lib/swift/host/plugins/libFoundationMacros.dylib\#/Applications/Xcode-27.0.0-Release.Candidate.app/Contents/Developer/Platforms/AppleTVOS.platform/Developer/usr/bin/swift-plugin-server\#FoundationMacros -load-resolved-plugin /Applications/Xcode-27.0.0-Release.Candidate.app/Contents/Developer/Platforms/AppleTVOS.platform/Developer/usr/lib/swift/host/plugins/libObservationMacros.dylib\#/Applications/Xcode-27.0.0-Release.Candidate.app/Contents/Developer/Platforms/AppleTVOS.platform/Developer/usr/bin/swift-plugin-server\#ObservationMacros -load-resolved-plugin /Applications/Xcode-27.0.0-Release.Candidate.app/Contents/Developer/Platforms/AppleTVOS.platform/Developer/usr/lib/swift/host/plugins/libPreviewsMacros.dylib\#/Applications/Xcode-27.0.0-Release.Candidate.app/Contents/Developer/Platforms/AppleTVOS.platform/Developer/usr/bin/swift-plugin-server\#PreviewsMacros -load-resolved-plugin /Applications/Xcode-27.0.0-Release.Candidate.app/Contents/Developer/Platforms/AppleTVOS.platform/Developer/usr/lib/swift/host/plugins/libSwiftMacros.dylib\#/Applications/Xcode-27.0.0-Release.Candidate.app/Contents/Developer/Platforms/AppleTVOS.platform/Developer/usr/bin/swift-plugin-server\#SwiftMacros -load-resolved-plugin /Applications/Xcode-27.0.0-Release.Candidate.app/Contents/Developer/Platforms/AppleTVOS.platform/Developer/usr/lib/swift/host/plugins/libSwiftUIMacros.dylib\#/Applications/Xcode-27.0.0-Release.Candidate.app/Contents/Developer/Platforms/AppleTVOS.platform/Developer/usr/bin/swift-plugin-server\#SwiftUIMacros -disable-implicit-swift-modules -Xcc -fno-implicit-modules -Xcc -fno-implicit-module-maps -explicit-swift-module-map-file /Users/admin/builder/spi-builder-workspace/.derivedData/Build/Intermediates.noindex/SwiftClockUI.build/Debug-appletvos/SwiftClockUI-t.build/Objects-normal/arm64/SwiftClockUI-dependencies-1.json -Xllvm -aarch64-use-tbi -enable-objc-interop -stack-check -sdk /Applications/Xcode-27.0.0-Release.Candidate.app/Contents/Developer/Platforms/AppleTVOS.platform/Developer/SDKs/AppleTVOS27.0.sdk -I /Users/admin/builder/spi-builder-workspace/.derivedData/Build/Products/Debug-appletvos -Isystem /Applications/Xcode-27.0.0-Release.Candidate.app/Contents/Developer/Platforms/AppleTVOS.platform/Developer/usr/lib -F /Users/admin/builder/spi-builder-workspace/.derivedData/Build/Products/Debug-appletvos -F /Applications/Xcode-27.0.0-Release.Candidate.app/Contents/Developer/Platforms/AppleTVOS.platform/Developer/Library/Frameworks -F /Applications/Xcode-27.0.0-Release.Candidate.app/Contents/Developer/Platforms/AppleTVOS.platform/Developer/SDKs/AppleTVOS27.0.sdk/Developer/Library/Frameworks -module-cache-path /Users/admin/builder/spi-builder-workspace/.derivedData/Build/Intermediates.noindex/SwiftExplicitPrecompiledModules -no-color-diagnostics -Xcc -fno-color-diagnostics -enable-testing -g -debug-info-format\=dwarf -dwarf-version\=4 -profile-generate -profile-coverage-mapping -swift-version 5 -Onone -D SWIFT_PACKAGE -D DEBUG -D SWIFT_MODULE_RESOURCE_BUNDLE_UNAVAILABLE -D Xcode -serialize-debugging-options -enable-experimental-feature DebugDescriptionMacro -empty-abi-descriptor -validate-clang-modules-once -clang-build-session-file /Users/admin/builder/spi-builder-workspace/.derivedData/ModuleCache.noindex/Session.modulevalidation -Xcc -working-directory -Xcc /Users/admin/builder/spi-builder-workspace/.swiftpm/xcode -enable-anonymous-context-mangled-names -file-compilation-dir /Users/admin/builder/spi-builder-workspace/.swiftpm/xcode -Xcc -D_LIBCPP_HARDENING_MODE\=_LIBCPP_HARDENING_MODE_DEBUG -Xcc -ivfsstatcache -Xcc /Users/admin/builder/spi-builder-workspace/.derivedData/SDKStatCaches.noindex/appletvos27.0-24J360-e829b21a6f8c9b70876ba0858053c044b32bfd8d43560033f8d89884cdb90028.sdkstatcache -Xcc -fmodules-prune-interval\=86400 -Xcc -fmodules-prune-after\=345600 -Xcc -I/Users/admin/builder/spi-builder-workspace/.derivedData/Build/Products/Debug-appletvos/include -Xcc -I/Users/admin/builder/spi-builder-workspace/.derivedData/Build/Intermediates.noindex/SwiftClockUI.build/Debug-appletvos/SwiftClockUI-t.build/DerivedSources-normal/arm64 -Xcc -I/Users/admin/builder/spi-builder-workspace/.derivedData/Build/Intermediates.noindex/SwiftClockUI.build/Debug-appletvos/SwiftClockUI-t.build/DerivedSources/arm64 -Xcc -I/Users/admin/builder/spi-builder-workspace/.derivedData/Build/Intermediates.noindex/SwiftClockUI.build/Debug-appletvos/SwiftClockUI-t.build/DerivedSources -Xcc -DSWIFT_PACKAGE -Xcc -DDEBUG\=1 -no-auto-bridging-header-chaining -module-name SwiftClockUI -const-gather-protocols-file /Users/admin/builder/spi-builder-workspace/.derivedData/Build/Intermediates.noindex/SwiftClockUI.build/Debug-appletvos/SwiftClockUI-t.build/Objects-normal/arm64/SwiftClockUI_const_extract_protocols.json -disable-clang-spi -clang-target arm64-apple-tvos27.0 -target-sdk-version 27.0 -target-sdk-name appletvos27.0 -in-process-plugin-server-path /Applications/Xcode-27.0.0-Release.Candidate.app/Contents/Developer/Toolchains/XcodeDefault.xctoolchain/usr/lib/swift/host/libSwiftInProcPluginServer.dylib -emit-module-doc-path /Users/admin/builder/spi-builder-workspace/.derivedData/Build/Intermediates.noindex/SwiftClockUI.build/Debug-appletvos/SwiftClockUI-t.build/Objects-normal/arm64/SwiftClockUI.swiftdoc -emit-module-source-info-path /Users/admin/builder/spi-builder-workspace/.derivedData/Build/Intermediates.noindex/SwiftClockUI.build/Debug-appletvos/SwiftClockUI-t.build/Objects-normal/arm64/SwiftClockUI.swiftsourceinfo -emit-objc-header-path /Users/admin/builder/spi-builder-workspace/.derivedData/Build/Intermediates.noindex/SwiftClockUI.build/Debug-appletvos/SwiftClockUI-t.build/Objects-normal/arm64/SwiftClockUI-Swift.h -serialize-diagnostics-path /Users/admin/builder/spi-builder-workspace/.derivedData/Build/Intermediates.noindex/SwiftClockUI.build/Debug-appletvos/SwiftClockUI-t.build/Objects-normal/arm64/SwiftClockUI-primary-emit-module.dia -emit-dependencies-path /Users/admin/builder/spi-builder-workspace/.derivedData/Build/Intermediates.noindex/SwiftClockUI.build/Debug-appletvos/SwiftClockUI-t.build/Objects-normal/arm64/SwiftClockUI-primary-emit-module.d -parse-as-library -o /Users/admin/builder/spi-builder-workspace/.derivedData/Build/Intermediates.noindex/SwiftClockUI.build/Debug-appletvos/SwiftClockUI-t.build/Objects-normal/arm64/SwiftClockUI.swiftmodule -emit-abi-descriptor-path /Users/admin/builder/spi-builder-workspace/.derivedData/Build/Intermediates.noindex/SwiftClockUI.build/Debug-appletvos/SwiftClockUI-t.build/Objects-normal/arm64/SwiftClockUI.abi.json
SwiftCompile normal arm64 Compiling\ DrawnIndicators.swift,\ IndicatorsView.swift,\ RomanNumber.swift,\ SteampunkIndicators.swift,\ Cogwheel.swift /Users/admin/builder/spi-builder-workspace/Sources/SwiftClockUI/Elements/Indicators/DrawnIndicators.swift /Users/admin/builder/spi-builder-workspace/Sources/SwiftClockUI/Elements/Indicators/IndicatorsView.swift /Users/admin/builder/spi-builder-workspace/Sources/SwiftClockUI/Elements/Indicators/RomanNumber.swift /Users/admin/builder/spi-builder-workspace/Sources/SwiftClockUI/Elements/Indicators/SteampunkIndicators.swift /Users/admin/builder/spi-builder-workspace/Sources/SwiftClockUI/Elements/Steampunk/Cogwheel.swift (in target 'SwiftClockUI' from project 'SwiftClockUI')
SwiftCompile normal arm64 /Users/admin/builder/spi-builder-workspace/Sources/SwiftClockUI/Elements/Indicators/DrawnIndicators.swift (in target 'SwiftClockUI' from project 'SwiftClockUI')
cd /Users/admin/builder/spi-builder-workspace/.swiftpm/xcode
builtin-SwiftPerFileCompile DrawnIndicators.swift
SwiftCompile normal arm64 /Users/admin/builder/spi-builder-workspace/Sources/SwiftClockUI/Elements/Indicators/IndicatorsView.swift (in target 'SwiftClockUI' from project 'SwiftClockUI')
cd /Users/admin/builder/spi-builder-workspace/.swiftpm/xcode
builtin-SwiftPerFileCompile IndicatorsView.swift
SwiftCompile normal arm64 /Users/admin/builder/spi-builder-workspace/Sources/SwiftClockUI/Elements/Indicators/RomanNumber.swift (in target 'SwiftClockUI' from project 'SwiftClockUI')
cd /Users/admin/builder/spi-builder-workspace/.swiftpm/xcode
builtin-SwiftPerFileCompile RomanNumber.swift
SwiftCompile normal arm64 /Users/admin/builder/spi-builder-workspace/Sources/SwiftClockUI/Elements/Indicators/SteampunkIndicators.swift (in target 'SwiftClockUI' from project 'SwiftClockUI')
cd /Users/admin/builder/spi-builder-workspace/.swiftpm/xcode
builtin-SwiftPerFileCompile SteampunkIndicators.swift
SwiftCompile normal arm64 /Users/admin/builder/spi-builder-workspace/Sources/SwiftClockUI/Elements/Steampunk/Cogwheel.swift (in target 'SwiftClockUI' from project 'SwiftClockUI')
cd /Users/admin/builder/spi-builder-workspace/.swiftpm/xcode
builtin-SwiftPerFileCompile Cogwheel.swift
/Users/admin/builder/spi-builder-workspace/Sources/SwiftClockUI/Elements/Indicators/DrawnIndicators.swift:29:37: warning: stored property '_random' of 'Sendable'-conforming struct 'HoursShape' contains non-Sendable type 'Random'; this is an error in the Swift 6 language mode
27 |
28 | private struct HoursShape: Shape {
29 | @Environment(\.clockRandom) var random
| `- warning: stored property '_random' of 'Sendable'-conforming struct 'HoursShape' contains non-Sendable type 'Random'; this is an error in the Swift 6 language mode
30 | var drawStep: CGFloat
31 |
/Users/admin/builder/spi-builder-workspace/Sources/SwiftClockUI/Environment/ClockRandomEnvironment.swift:3:15: note: consider making struct 'Random' conform to the 'Sendable' protocol
1 | import SwiftUI
2 |
3 | public struct Random {
| `- note: consider making struct 'Random' conform to the 'Sendable' protocol
4 | var controlRatio = (
5 | leftX: { CGFloat.random(in: 0.1...1) },
/Users/admin/builder/spi-builder-workspace/Sources/SwiftClockUI/Elements/Indicators/DrawnIndicators.swift:59:44: warning: stored property '_configuration' of 'Sendable'-conforming struct 'MinutesShape' contains non-Sendable type 'ClockConfiguration'; this is an error in the Swift 6 language mode
57 |
58 | private struct MinutesShape: Shape {
59 | @Environment(\.clockConfiguration) var configuration
| `- warning: stored property '_configuration' of 'Sendable'-conforming struct 'MinutesShape' contains non-Sendable type 'ClockConfiguration'; this is an error in the Swift 6 language mode
60 | @Environment(\.clockRandom) var random
61 | var drawStep: CGFloat
/Users/admin/builder/spi-builder-workspace/Sources/SwiftClockUI/Environment/ClockConfigurationEnvironment.swift:3:15: note: consider making struct 'ClockConfiguration' conform to the 'Sendable' protocol
1 | import SwiftUI
2 |
3 | public struct ClockConfiguration: Equatable {
| `- note: consider making struct 'ClockConfiguration' conform to the 'Sendable' protocol
4 | public var isLimitedHoursShown = false
5 | public var isMinuteIndicatorsShown = true
/Users/admin/builder/spi-builder-workspace/Sources/SwiftClockUI/Elements/Indicators/DrawnIndicators.swift:60:37: warning: stored property '_random' of 'Sendable'-conforming struct 'MinutesShape' contains non-Sendable type 'Random'; this is an error in the Swift 6 language mode
58 | private struct MinutesShape: Shape {
59 | @Environment(\.clockConfiguration) var configuration
60 | @Environment(\.clockRandom) var random
| `- warning: stored property '_random' of 'Sendable'-conforming struct 'MinutesShape' contains non-Sendable type 'Random'; this is an error in the Swift 6 language mode
61 | var drawStep: CGFloat
62 |
/Users/admin/builder/spi-builder-workspace/Sources/SwiftClockUI/Environment/ClockRandomEnvironment.swift:3:15: note: consider making struct 'Random' conform to the 'Sendable' protocol
1 | import SwiftUI
2 |
3 | public struct Random {
| `- note: consider making struct 'Random' conform to the 'Sendable' protocol
4 | var controlRatio = (
5 | leftX: { CGFloat.random(in: 0.1...1) },
/Users/admin/builder/spi-builder-workspace/Sources/SwiftClockUI/Elements/Indicators/DrawnIndicators.swift:97:9: warning: stored property 'controlRatios' of 'Sendable'-conforming struct 'DrawnIndicator' has non-Sendable type 'Random.ControlRatio'; this is an error in the Swift 6 language mode
95 | private struct DrawnIndicator: Shape {
96 | var drawStep: CGFloat
97 | let controlRatios: Random.ControlRatio
| `- warning: stored property 'controlRatios' of 'Sendable'-conforming struct 'DrawnIndicator' has non-Sendable type 'Random.ControlRatio'; this is an error in the Swift 6 language mode
98 |
99 | var animatableData: CGFloat {
/Users/admin/builder/spi-builder-workspace/Sources/SwiftClockUI/Environment/ClockRandomEnvironment.swift:34:12: note: consider making struct 'ControlRatio' conform to the 'Sendable' protocol
32 |
33 | public extension Random {
34 | struct ControlRatio {
| `- note: consider making struct 'ControlRatio' conform to the 'Sendable' protocol
35 | let leftX: CGFloat
36 | let leftY: CGFloat
/Users/admin/builder/spi-builder-workspace/Sources/SwiftClockUI/Elements/Indicators/DrawnIndicators.swift:217:17: error: 'Slider' is unavailable in tvOS
215 | }.padding()
216 | Spacer()
217 | Slider(value: $drawStep).padding()
| `- error: 'Slider' is unavailable in tvOS
218 | }.padding()
219 | }
SwiftUI.Slider:3:27: note: 'Slider' has been explicitly marked unavailable here
1 | @available(iOS 13.0, macOS 10.15, watchOS 6.0, *)
2 | @available(tvOS, unavailable)
3 | nonisolated public struct Slider<Label, ValueLabel> : View, ~Sendable where Label : View, ValueLabel : View {
| `- note: 'Slider' has been explicitly marked unavailable here
4 | nonisolated public var body: some View { get }
5 | @available(macOS 10.15, iOS 13.0, watchOS 6.0, *)
/Users/admin/builder/spi-builder-workspace/Sources/SwiftClockUI/Elements/Indicators/DrawnIndicators.swift:217:17: error: 'init(value:in:onEditingChanged:)' is unavailable in tvOS
215 | }.padding()
216 | Spacer()
217 | Slider(value: $drawStep).padding()
| `- error: 'init(value:in:onEditingChanged:)' is unavailable in tvOS
218 | }.padding()
219 | }
SwiftUI.Slider.init:2:20: note: 'init(value:in:onEditingChanged:)' has been explicitly marked unavailable here
1 | generic struct Slider {
2 | nonisolated public init<V>(value: Binding<V>, in bounds: ClosedRange<V> = 0...1, onEditingChanged: @escaping (Bool) -> Void = { _ in }) where V : BinaryFloatingPoint, V.Stride : BinaryFloatingPoint}
| `- note: 'init(value:in:onEditingChanged:)' has been explicitly marked unavailable here
3 |
/Users/admin/builder/spi-builder-workspace/Sources/SwiftClockUI/Elements/Indicators/DrawnIndicators.swift:237:17: error: 'Slider' is unavailable in tvOS
235 | .frame(width: 10, height: 200)
236 | Spacer()
237 | Slider(value: $drawStep).padding()
| `- error: 'Slider' is unavailable in tvOS
238 | }.padding()
239 | }
SwiftUI.Slider:3:27: note: 'Slider' has been explicitly marked unavailable here
1 | @available(iOS 13.0, macOS 10.15, watchOS 6.0, *)
2 | @available(tvOS, unavailable)
3 | nonisolated public struct Slider<Label, ValueLabel> : View, ~Sendable where Label : View, ValueLabel : View {
| `- note: 'Slider' has been explicitly marked unavailable here
4 | nonisolated public var body: some View { get }
5 | @available(macOS 10.15, iOS 13.0, watchOS 6.0, *)
/Users/admin/builder/spi-builder-workspace/Sources/SwiftClockUI/Elements/Indicators/DrawnIndicators.swift:237:17: error: 'init(value:in:onEditingChanged:)' is unavailable in tvOS
235 | .frame(width: 10, height: 200)
236 | Spacer()
237 | Slider(value: $drawStep).padding()
| `- error: 'init(value:in:onEditingChanged:)' is unavailable in tvOS
238 | }.padding()
239 | }
SwiftUI.Slider.init:2:20: note: 'init(value:in:onEditingChanged:)' has been explicitly marked unavailable here
1 | generic struct Slider {
2 | nonisolated public init<V>(value: Binding<V>, in bounds: ClosedRange<V> = 0...1, onEditingChanged: @escaping (Bool) -> Void = { _ in }) where V : BinaryFloatingPoint, V.Stride : BinaryFloatingPoint}
| `- note: 'init(value:in:onEditingChanged:)' has been explicitly marked unavailable here
3 |
/Users/admin/builder/spi-builder-workspace/Sources/SwiftClockUI/Elements/Steampunk/Cogwheel.swift:166:17: error: 'Slider' is unavailable in tvOS
164 | Spacer()
165 | Text(String(format: "Degrees: %.f", angle.degrees))
166 | Slider(value: $angle.degrees, in: 0...360).padding()
| `- error: 'Slider' is unavailable in tvOS
167 | }
168 | }
SwiftUI.Slider:3:27: note: 'Slider' has been explicitly marked unavailable here
1 | @available(iOS 13.0, macOS 10.15, watchOS 6.0, *)
2 | @available(tvOS, unavailable)
3 | nonisolated public struct Slider<Label, ValueLabel> : View, ~Sendable where Label : View, ValueLabel : View {
| `- note: 'Slider' has been explicitly marked unavailable here
4 | nonisolated public var body: some View { get }
5 | @available(macOS 10.15, iOS 13.0, watchOS 6.0, *)
SwiftCompile normal arm64 Compiling\ CGPoint+Circle.swift,\ CGRect+Circle.swift,\ Color+Background.swift,\ Date+Clock.swift,\ Double+Time.swift /Users/admin/builder/spi-builder-workspace/Sources/SwiftClockUI/Extensions/CGPoint+Circle.swift /Users/admin/builder/spi-builder-workspace/Sources/SwiftClockUI/Extensions/CGRect+Circle.swift /Users/admin/builder/spi-builder-workspace/Sources/SwiftClockUI/Extensions/Color+Background.swift /Users/admin/builder/spi-builder-workspace/Sources/SwiftClockUI/Extensions/Date+Clock.swift /Users/admin/builder/spi-builder-workspace/Sources/SwiftClockUI/Extensions/Double+Time.swift (in target 'SwiftClockUI' from project 'SwiftClockUI')
SwiftCompile normal arm64 /Users/admin/builder/spi-builder-workspace/Sources/SwiftClockUI/Extensions/CGPoint+Circle.swift (in target 'SwiftClockUI' from project 'SwiftClockUI')
cd /Users/admin/builder/spi-builder-workspace/.swiftpm/xcode
builtin-SwiftPerFileCompile CGPoint+Circle.swift
SwiftCompile normal arm64 /Users/admin/builder/spi-builder-workspace/Sources/SwiftClockUI/Extensions/CGRect+Circle.swift (in target 'SwiftClockUI' from project 'SwiftClockUI')
cd /Users/admin/builder/spi-builder-workspace/.swiftpm/xcode
builtin-SwiftPerFileCompile CGRect+Circle.swift
SwiftCompile normal arm64 /Users/admin/builder/spi-builder-workspace/Sources/SwiftClockUI/Extensions/Color+Background.swift (in target 'SwiftClockUI' from project 'SwiftClockUI')
cd /Users/admin/builder/spi-builder-workspace/.swiftpm/xcode
builtin-SwiftPerFileCompile Color+Background.swift
SwiftCompile normal arm64 /Users/admin/builder/spi-builder-workspace/Sources/SwiftClockUI/Extensions/Date+Clock.swift (in target 'SwiftClockUI' from project 'SwiftClockUI')
cd /Users/admin/builder/spi-builder-workspace/.swiftpm/xcode
builtin-SwiftPerFileCompile Date+Clock.swift
SwiftCompile normal arm64 /Users/admin/builder/spi-builder-workspace/Sources/SwiftClockUI/Extensions/Double+Time.swift (in target 'SwiftClockUI' from project 'SwiftClockUI')
cd /Users/admin/builder/spi-builder-workspace/.swiftpm/xcode
builtin-SwiftPerFileCompile Double+Time.swift
SwiftCompile normal arm64 Compiling\ ClockBorderView.swift,\ DrawnClockBorder.swift,\ SteampunkClockBorder.swift,\ ArtNouveauIndicators.swift,\ ClassicIndicators.swift /Users/admin/builder/spi-builder-workspace/Sources/SwiftClockUI/Elements/Borders/ClockBorderView.swift /Users/admin/builder/spi-builder-workspace/Sources/SwiftClockUI/Elements/Borders/DrawnClockBorder.swift /Users/admin/builder/spi-builder-workspace/Sources/SwiftClockUI/Elements/Borders/SteampunkClockBorder.swift /Users/admin/builder/spi-builder-workspace/Sources/SwiftClockUI/Elements/Indicators/ArtNouveauIndicators.swift /Users/admin/builder/spi-builder-workspace/Sources/SwiftClockUI/Elements/Indicators/ClassicIndicators.swift (in target 'SwiftClockUI' from project 'SwiftClockUI')
/Users/admin/builder/spi-builder-workspace/Sources/SwiftClockUI/Elements/Borders/DrawnClockBorder.swift:90:17: error: 'Slider' is unavailable in tvOS
88 | VStack {
89 | DrawnCircle(drawStep: drawStep, random: random).strokeBorder(lineWidth: 2)
90 | Slider(value: $drawStep)
| `- error: 'Slider' is unavailable in tvOS
91 | }
92 | }
SwiftUI.Slider:3:27: note: 'Slider' has been explicitly marked unavailable here
1 | @available(iOS 13.0, macOS 10.15, watchOS 6.0, *)
2 | @available(tvOS, unavailable)
3 | nonisolated public struct Slider<Label, ValueLabel> : View, ~Sendable where Label : View, ValueLabel : View {
| `- note: 'Slider' has been explicitly marked unavailable here
4 | nonisolated public var body: some View { get }
5 | @available(macOS 10.15, iOS 13.0, watchOS 6.0, *)
SwiftCompile normal arm64 /Users/admin/builder/spi-builder-workspace/Sources/SwiftClockUI/Elements/Borders/ClockBorderView.swift (in target 'SwiftClockUI' from project 'SwiftClockUI')
cd /Users/admin/builder/spi-builder-workspace/.swiftpm/xcode
builtin-SwiftPerFileCompile ClockBorderView.swift
SwiftCompile normal arm64 /Users/admin/builder/spi-builder-workspace/Sources/SwiftClockUI/Elements/Borders/DrawnClockBorder.swift (in target 'SwiftClockUI' from project 'SwiftClockUI')
cd /Users/admin/builder/spi-builder-workspace/.swiftpm/xcode
builtin-SwiftPerFileCompile DrawnClockBorder.swift
SwiftCompile normal arm64 /Users/admin/builder/spi-builder-workspace/Sources/SwiftClockUI/Elements/Borders/SteampunkClockBorder.swift (in target 'SwiftClockUI' from project 'SwiftClockUI')
cd /Users/admin/builder/spi-builder-workspace/.swiftpm/xcode
builtin-SwiftPerFileCompile SteampunkClockBorder.swift
SwiftCompile normal arm64 /Users/admin/builder/spi-builder-workspace/Sources/SwiftClockUI/Elements/Indicators/ArtNouveauIndicators.swift (in target 'SwiftClockUI' from project 'SwiftClockUI')
cd /Users/admin/builder/spi-builder-workspace/.swiftpm/xcode
builtin-SwiftPerFileCompile ArtNouveauIndicators.swift
SwiftCompile normal arm64 /Users/admin/builder/spi-builder-workspace/Sources/SwiftClockUI/Elements/Indicators/ClassicIndicators.swift (in target 'SwiftClockUI' from project 'SwiftClockUI')
cd /Users/admin/builder/spi-builder-workspace/.swiftpm/xcode
builtin-SwiftPerFileCompile ClassicIndicators.swift
SwiftCompile normal arm64 Compiling\ ClockIndicatorsColorEnvironment.swift,\ ClockIsAnimationEnabledEnvironment.swift,\ ClockRandomEnvironment.swift,\ ClockStyleEnvironment.swift,\ Angle+Circle.swift /Users/admin/builder/spi-builder-workspace/Sources/SwiftClockUI/Environment/ClockIndicatorsColorEnvironment.swift /Users/admin/builder/spi-builder-workspace/Sources/SwiftClockUI/Environment/ClockIsAnimationEnabledEnvironment.swift /Users/admin/builder/spi-builder-workspace/Sources/SwiftClockUI/Environment/ClockRandomEnvironment.swift /Users/admin/builder/spi-builder-workspace/Sources/SwiftClockUI/Environment/ClockStyleEnvironment.swift /Users/admin/builder/spi-builder-workspace/Sources/SwiftClockUI/Extensions/Angle+Circle.swift (in target 'SwiftClockUI' from project 'SwiftClockUI')
SwiftCompile normal arm64 /Users/admin/builder/spi-builder-workspace/Sources/SwiftClockUI/Environment/ClockIndicatorsColorEnvironment.swift (in target 'SwiftClockUI' from project 'SwiftClockUI')
cd /Users/admin/builder/spi-builder-workspace/.swiftpm/xcode
builtin-SwiftPerFileCompile ClockIndicatorsColorEnvironment.swift
SwiftCompile normal arm64 /Users/admin/builder/spi-builder-workspace/Sources/SwiftClockUI/Environment/ClockIsAnimationEnabledEnvironment.swift (in target 'SwiftClockUI' from project 'SwiftClockUI')
cd /Users/admin/builder/spi-builder-workspace/.swiftpm/xcode
builtin-SwiftPerFileCompile ClockIsAnimationEnabledEnvironment.swift
SwiftCompile normal arm64 /Users/admin/builder/spi-builder-workspace/Sources/SwiftClockUI/Environment/ClockRandomEnvironment.swift (in target 'SwiftClockUI' from project 'SwiftClockUI')
cd /Users/admin/builder/spi-builder-workspace/.swiftpm/xcode
builtin-SwiftPerFileCompile ClockRandomEnvironment.swift
SwiftCompile normal arm64 /Users/admin/builder/spi-builder-workspace/Sources/SwiftClockUI/Environment/ClockStyleEnvironment.swift (in target 'SwiftClockUI' from project 'SwiftClockUI')
cd /Users/admin/builder/spi-builder-workspace/.swiftpm/xcode
builtin-SwiftPerFileCompile ClockStyleEnvironment.swift
SwiftCompile normal arm64 /Users/admin/builder/spi-builder-workspace/Sources/SwiftClockUI/Extensions/Angle+Circle.swift (in target 'SwiftClockUI' from project 'SwiftClockUI')
cd /Users/admin/builder/spi-builder-workspace/.swiftpm/xcode
builtin-SwiftPerFileCompile Angle+Circle.swift
SwiftCompile normal arm64 Compiling\ DrawnArm.swift,\ SteampunkArm.swift,\ Arms.swift,\ ArtNouveauClockBorder.swift,\ ClassicClockBorder.swift /Users/admin/builder/spi-builder-workspace/Sources/SwiftClockUI/Elements/Arm/DrawnArm.swift /Users/admin/builder/spi-builder-workspace/Sources/SwiftClockUI/Elements/Arm/SteampunkArm.swift /Users/admin/builder/spi-builder-workspace/Sources/SwiftClockUI/Elements/Arms.swift /Users/admin/builder/spi-builder-workspace/Sources/SwiftClockUI/Elements/Borders/ArtNouveauClockBorder.swift /Users/admin/builder/spi-builder-workspace/Sources/SwiftClockUI/Elements/Borders/ClassicClockBorder.swift (in target 'SwiftClockUI' from project 'SwiftClockUI')
/Users/admin/builder/spi-builder-workspace/Sources/SwiftClockUI/Elements/Arm/DrawnArm.swift:26:9: warning: stored property 'controlRatios' of 'Sendable'-conforming struct 'DrawnArmShape' has non-Sendable type 'Random.ControlRatio'; this is an error in the Swift 6 language mode
24 | let type: ArmType
25 | var drawStep: CGFloat
26 | let controlRatios: Random.ControlRatio
| `- warning: stored property 'controlRatios' of 'Sendable'-conforming struct 'DrawnArmShape' has non-Sendable type 'Random.ControlRatio'; this is an error in the Swift 6 language mode
27 |
28 | var animatableData: CGFloat {
/Users/admin/builder/spi-builder-workspace/Sources/SwiftClockUI/Environment/ClockRandomEnvironment.swift:34:12: note: consider making struct 'ControlRatio' conform to the 'Sendable' protocol
32 |
33 | public extension Random {
34 | struct ControlRatio {
| `- note: consider making struct 'ControlRatio' conform to the 'Sendable' protocol
35 | let leftX: CGFloat
36 | let leftY: CGFloat
/Users/admin/builder/spi-builder-workspace/Sources/SwiftClockUI/Elements/Arm/DrawnArm.swift:128:17: error: 'Slider' is unavailable in tvOS
126 | )
127 | }
128 | Slider(value: $drawStep)
| `- error: 'Slider' is unavailable in tvOS
129 | }.padding()
130 | }
SwiftUI.Slider:3:27: note: 'Slider' has been explicitly marked unavailable here
1 | @available(iOS 13.0, macOS 10.15, watchOS 6.0, *)
2 | @available(tvOS, unavailable)
3 | nonisolated public struct Slider<Label, ValueLabel> : View, ~Sendable where Label : View, ValueLabel : View {
| `- note: 'Slider' has been explicitly marked unavailable here
4 | nonisolated public var body: some View { get }
5 | @available(macOS 10.15, iOS 13.0, watchOS 6.0, *)
SwiftCompile normal arm64 /Users/admin/builder/spi-builder-workspace/Sources/SwiftClockUI/Elements/Arm/DrawnArm.swift (in target 'SwiftClockUI' from project 'SwiftClockUI')
cd /Users/admin/builder/spi-builder-workspace/.swiftpm/xcode
builtin-SwiftPerFileCompile DrawnArm.swift
SwiftCompile normal arm64 /Users/admin/builder/spi-builder-workspace/Sources/SwiftClockUI/Elements/Arm/SteampunkArm.swift (in target 'SwiftClockUI' from project 'SwiftClockUI')
cd /Users/admin/builder/spi-builder-workspace/.swiftpm/xcode
builtin-SwiftPerFileCompile SteampunkArm.swift
SwiftCompile normal arm64 /Users/admin/builder/spi-builder-workspace/Sources/SwiftClockUI/Elements/Arms.swift (in target 'SwiftClockUI' from project 'SwiftClockUI')
cd /Users/admin/builder/spi-builder-workspace/.swiftpm/xcode
builtin-SwiftPerFileCompile Arms.swift
SwiftCompile normal arm64 /Users/admin/builder/spi-builder-workspace/Sources/SwiftClockUI/Elements/Borders/ArtNouveauClockBorder.swift (in target 'SwiftClockUI' from project 'SwiftClockUI')
cd /Users/admin/builder/spi-builder-workspace/.swiftpm/xcode
builtin-SwiftPerFileCompile ArtNouveauClockBorder.swift
SwiftCompile normal arm64 /Users/admin/builder/spi-builder-workspace/Sources/SwiftClockUI/Elements/Borders/ClassicClockBorder.swift (in target 'SwiftClockUI' from project 'SwiftClockUI')
cd /Users/admin/builder/spi-builder-workspace/.swiftpm/xcode
builtin-SwiftPerFileCompile ClassicClockBorder.swift
SwiftCompile normal arm64 Compiling\ ClockFaceView.swift,\ Eye.swift,\ Mouth.swift,\ FontProportional.swift,\ PositionInCircle.swift /Users/admin/builder/spi-builder-workspace/Sources/SwiftClockUI/Face/ClockFaceView.swift /Users/admin/builder/spi-builder-workspace/Sources/SwiftClockUI/Face/Eye.swift /Users/admin/builder/spi-builder-workspace/Sources/SwiftClockUI/Face/Mouth.swift /Users/admin/builder/spi-builder-workspace/Sources/SwiftClockUI/ViewModifiers/FontProportional.swift /Users/admin/builder/spi-builder-workspace/Sources/SwiftClockUI/ViewModifiers/PositionInCircle.swift (in target 'SwiftClockUI' from project 'SwiftClockUI')
SwiftCompile normal arm64 /Users/admin/builder/spi-builder-workspace/Sources/SwiftClockUI/Face/ClockFaceView.swift (in target 'SwiftClockUI' from project 'SwiftClockUI')
cd /Users/admin/builder/spi-builder-workspace/.swiftpm/xcode
builtin-SwiftPerFileCompile ClockFaceView.swift
SwiftCompile normal arm64 /Users/admin/builder/spi-builder-workspace/Sources/SwiftClockUI/Face/Eye.swift (in target 'SwiftClockUI' from project 'SwiftClockUI')
cd /Users/admin/builder/spi-builder-workspace/.swiftpm/xcode
builtin-SwiftPerFileCompile Eye.swift
SwiftCompile normal arm64 /Users/admin/builder/spi-builder-workspace/Sources/SwiftClockUI/Face/Mouth.swift (in target 'SwiftClockUI' from project 'SwiftClockUI')
cd /Users/admin/builder/spi-builder-workspace/.swiftpm/xcode
builtin-SwiftPerFileCompile Mouth.swift
SwiftCompile normal arm64 /Users/admin/builder/spi-builder-workspace/Sources/SwiftClockUI/ViewModifiers/FontProportional.swift (in target 'SwiftClockUI' from project 'SwiftClockUI')
cd /Users/admin/builder/spi-builder-workspace/.swiftpm/xcode
builtin-SwiftPerFileCompile FontProportional.swift
SwiftCompile normal arm64 /Users/admin/builder/spi-builder-workspace/Sources/SwiftClockUI/ViewModifiers/PositionInCircle.swift (in target 'SwiftClockUI' from project 'SwiftClockUI')
cd /Users/admin/builder/spi-builder-workspace/.swiftpm/xcode
builtin-SwiftPerFileCompile PositionInCircle.swift
SwiftCompile normal arm64 Compiling\ ClockAnimationEnabled.swift,\ ClockArmColorsEnvironment.swift,\ ClockBorderColorEnvironment.swift,\ ClockConfigurationEnvironment.swift,\ ClockDateEnvironment.swift /Users/admin/builder/spi-builder-workspace/Sources/SwiftClockUI/Environment/ClockAnimationEnabled.swift /Users/admin/builder/spi-builder-workspace/Sources/SwiftClockUI/Environment/ClockArmColorsEnvironment.swift /Users/admin/builder/spi-builder-workspace/Sources/SwiftClockUI/Environment/ClockBorderColorEnvironment.swift /Users/admin/builder/spi-builder-workspace/Sources/SwiftClockUI/Environment/ClockConfigurationEnvironment.swift /Users/admin/builder/spi-builder-workspace/Sources/SwiftClockUI/Environment/ClockDateEnvironment.swift (in target 'SwiftClockUI' from project 'SwiftClockUI')
SwiftCompile normal arm64 /Users/admin/builder/spi-builder-workspace/Sources/SwiftClockUI/Environment/ClockAnimationEnabled.swift (in target 'SwiftClockUI' from project 'SwiftClockUI')
cd /Users/admin/builder/spi-builder-workspace/.swiftpm/xcode
builtin-SwiftPerFileCompile ClockAnimationEnabled.swift
SwiftCompile normal arm64 /Users/admin/builder/spi-builder-workspace/Sources/SwiftClockUI/Environment/ClockArmColorsEnvironment.swift (in target 'SwiftClockUI' from project 'SwiftClockUI')
cd /Users/admin/builder/spi-builder-workspace/.swiftpm/xcode
builtin-SwiftPerFileCompile ClockArmColorsEnvironment.swift
SwiftCompile normal arm64 /Users/admin/builder/spi-builder-workspace/Sources/SwiftClockUI/Environment/ClockBorderColorEnvironment.swift (in target 'SwiftClockUI' from project 'SwiftClockUI')
cd /Users/admin/builder/spi-builder-workspace/.swiftpm/xcode
builtin-SwiftPerFileCompile ClockBorderColorEnvironment.swift
SwiftCompile normal arm64 /Users/admin/builder/spi-builder-workspace/Sources/SwiftClockUI/Environment/ClockConfigurationEnvironment.swift (in target 'SwiftClockUI' from project 'SwiftClockUI')
cd /Users/admin/builder/spi-builder-workspace/.swiftpm/xcode
builtin-SwiftPerFileCompile ClockConfigurationEnvironment.swift
SwiftCompile normal arm64 /Users/admin/builder/spi-builder-workspace/Sources/SwiftClockUI/Environment/ClockDateEnvironment.swift (in target 'SwiftClockUI' from project 'SwiftClockUI')
cd /Users/admin/builder/spi-builder-workspace/.swiftpm/xcode
builtin-SwiftPerFileCompile ClockDateEnvironment.swift
SwiftCompile normal arm64 Compiling\ ClockView.swift,\ ArmDragGesture.swift,\ ArmType.swift,\ ArmView.swift,\ ArtNouveauArm.swift,\ ClassicArm.swift /Users/admin/builder/spi-builder-workspace/Sources/SwiftClockUI/ClockView.swift /Users/admin/builder/spi-builder-workspace/Sources/SwiftClockUI/Elements/Arm/ArmDragGesture.swift /Users/admin/builder/spi-builder-workspace/Sources/SwiftClockUI/Elements/Arm/ArmType.swift /Users/admin/builder/spi-builder-workspace/Sources/SwiftClockUI/Elements/Arm/ArmView.swift /Users/admin/builder/spi-builder-workspace/Sources/SwiftClockUI/Elements/Arm/ArtNouveauArm.swift /Users/admin/builder/spi-builder-workspace/Sources/SwiftClockUI/Elements/Arm/ClassicArm.swift (in target 'SwiftClockUI' from project 'SwiftClockUI')
/Users/admin/builder/spi-builder-workspace/Sources/SwiftClockUI/ClockView.swift:20:10: error: 'onTapGesture(count:perform:)' is only available in tvOS 16.0 or newer
2 | import Combine
3 |
4 | public struct ClockView: View {
| `- note: add '@available' attribute to enclosing struct
5 | @Environment(\.clockFaceShown) var initialClockFaceShown
6 | static let borderWidthRatio: CGFloat = 1/70
:
10 | public init() { }
11 |
12 | public var body: some View {
| `- note: add '@available' attribute to enclosing property
13 | ZStack {
14 | ClockBorderView()
:
18 | }
19 | .environment(\.clockFaceShown, initialClockFaceShown || clockFaceShown)
20 | .onTapGesture(count: 3, perform: self.showClockFace)
| |- error: 'onTapGesture(count:perform:)' is only available in tvOS 16.0 or newer
| `- note: add 'if #available' version check
21 | }
22 |
/Users/admin/builder/spi-builder-workspace/Sources/SwiftClockUI/Elements/Arm/ArmDragGesture.swift:48:42: error: 'DragGesture' is unavailable in tvOS
46 | }
47 |
48 | private func angle(dragGestureValue: DragGesture.Value, frame: CGRect) -> Angle {
| `- error: 'DragGesture' is unavailable in tvOS
49 | let radius = frame.size.width/2
50 | let location = (
SwiftUI.DragGesture:3:42: note: 'DragGesture' has been explicitly marked unavailable here
1 | @available(iOS 13.0, macOS 10.15, watchOS 6.0, *)
2 | @available(tvOS, unavailable)
3 | @MainActor @preconcurrency public struct DragGesture : Gesture, ~Sendable {
| `- note: 'DragGesture' has been explicitly marked unavailable here
4 | public struct Value : Equatable, Sendable {
5 | public var time: Date
/Users/admin/builder/spi-builder-workspace/Sources/SwiftClockUI/Elements/Arm/ArmDragGesture.swift:30:9: error: 'DragGesture' is unavailable in tvOS
28 |
29 | private func dragGesture(geometry: GeometryProxy) -> some Gesture {
30 | DragGesture(coordinateSpace: .global)
| `- error: 'DragGesture' is unavailable in tvOS
31 | .updating($dragAngle, body: { value, state, _ in
32 | let extraRotationAngle = angle(
SwiftUI.DragGesture:3:42: note: 'DragGesture' has been explicitly marked unavailable here
1 | @available(iOS 13.0, macOS 10.15, watchOS 6.0, *)
2 | @available(tvOS, unavailable)
3 | @MainActor @preconcurrency public struct DragGesture : Gesture, ~Sendable {
| `- note: 'DragGesture' has been explicitly marked unavailable here
4 | public struct Value : Equatable, Sendable {
5 | public var time: Date
SwiftCompile normal arm64 /Users/admin/builder/spi-builder-workspace/Sources/SwiftClockUI/ClockView.swift (in target 'SwiftClockUI' from project 'SwiftClockUI')
cd /Users/admin/builder/spi-builder-workspace/.swiftpm/xcode
builtin-SwiftPerFileCompile ClockView.swift
SwiftCompile normal arm64 /Users/admin/builder/spi-builder-workspace/Sources/SwiftClockUI/Elements/Arm/ArmDragGesture.swift (in target 'SwiftClockUI' from project 'SwiftClockUI')
cd /Users/admin/builder/spi-builder-workspace/.swiftpm/xcode
builtin-SwiftPerFileCompile ArmDragGesture.swift
SwiftCompile normal arm64 /Users/admin/builder/spi-builder-workspace/Sources/SwiftClockUI/Elements/Arm/ArmType.swift (in target 'SwiftClockUI' from project 'SwiftClockUI')
cd /Users/admin/builder/spi-builder-workspace/.swiftpm/xcode
builtin-SwiftPerFileCompile ArmType.swift
SwiftCompile normal arm64 /Users/admin/builder/spi-builder-workspace/Sources/SwiftClockUI/Elements/Arm/ArmView.swift (in target 'SwiftClockUI' from project 'SwiftClockUI')
cd /Users/admin/builder/spi-builder-workspace/.swiftpm/xcode
builtin-SwiftPerFileCompile ArmView.swift
SwiftCompile normal arm64 /Users/admin/builder/spi-builder-workspace/Sources/SwiftClockUI/Elements/Arm/ArtNouveauArm.swift (in target 'SwiftClockUI' from project 'SwiftClockUI')
cd /Users/admin/builder/spi-builder-workspace/.swiftpm/xcode
builtin-SwiftPerFileCompile ArtNouveauArm.swift
SwiftCompile normal arm64 /Users/admin/builder/spi-builder-workspace/Sources/SwiftClockUI/Elements/Arm/ClassicArm.swift (in target 'SwiftClockUI' from project 'SwiftClockUI')
cd /Users/admin/builder/spi-builder-workspace/.swiftpm/xcode
builtin-SwiftPerFileCompile ClassicArm.swift
SwiftCompile normal arm64 Compiling\ Moon.swift,\ Plate.swift,\ SteampunkHourArm.swift,\ SteampunkMinuteArm.swift,\ WindUpKey.swift /Users/admin/builder/spi-builder-workspace/Sources/SwiftClockUI/Elements/Steampunk/Moon.swift /Users/admin/builder/spi-builder-workspace/Sources/SwiftClockUI/Elements/Steampunk/Plate.swift /Users/admin/builder/spi-builder-workspace/Sources/SwiftClockUI/Elements/Steampunk/SteampunkHourArm.swift /Users/admin/builder/spi-builder-workspace/Sources/SwiftClockUI/Elements/Steampunk/SteampunkMinuteArm.swift /Users/admin/builder/spi-builder-workspace/Sources/SwiftClockUI/Elements/Steampunk/WindUpKey.swift (in target 'SwiftClockUI' from project 'SwiftClockUI')
SwiftCompile normal arm64 /Users/admin/builder/spi-builder-workspace/Sources/SwiftClockUI/Elements/Steampunk/Moon.swift (in target 'SwiftClockUI' from project 'SwiftClockUI')
cd /Users/admin/builder/spi-builder-workspace/.swiftpm/xcode
builtin-SwiftPerFileCompile Moon.swift
SwiftCompile normal arm64 /Users/admin/builder/spi-builder-workspace/Sources/SwiftClockUI/Elements/Steampunk/Plate.swift (in target 'SwiftClockUI' from project 'SwiftClockUI')
cd /Users/admin/builder/spi-builder-workspace/.swiftpm/xcode
builtin-SwiftPerFileCompile Plate.swift
SwiftCompile normal arm64 /Users/admin/builder/spi-builder-workspace/Sources/SwiftClockUI/Elements/Steampunk/SteampunkHourArm.swift (in target 'SwiftClockUI' from project 'SwiftClockUI')
cd /Users/admin/builder/spi-builder-workspace/.swiftpm/xcode
builtin-SwiftPerFileCompile SteampunkHourArm.swift
SwiftCompile normal arm64 /Users/admin/builder/spi-builder-workspace/Sources/SwiftClockUI/Elements/Steampunk/SteampunkMinuteArm.swift (in target 'SwiftClockUI' from project 'SwiftClockUI')
cd /Users/admin/builder/spi-builder-workspace/.swiftpm/xcode
builtin-SwiftPerFileCompile SteampunkMinuteArm.swift
SwiftCompile normal arm64 /Users/admin/builder/spi-builder-workspace/Sources/SwiftClockUI/Elements/Steampunk/WindUpKey.swift (in target 'SwiftClockUI' from project 'SwiftClockUI')
cd /Users/admin/builder/spi-builder-workspace/.swiftpm/xcode
builtin-SwiftPerFileCompile WindUpKey.swift
/Users/admin/builder/spi-builder-workspace/Sources/SwiftClockUI/Elements/Steampunk/WindUpKey.swift:95:17: error: 'Slider' is unavailable in tvOS
93 | Text(String(format: "%.f", animationStep * 100))
94 |
95 | Slider(value: $animationStep, in: 0...1)
| `- error: 'Slider' is unavailable in tvOS
96 | }
97 | .padding()
SwiftUI.Slider:3:27: note: 'Slider' has been explicitly marked unavailable here
1 | @available(iOS 13.0, macOS 10.15, watchOS 6.0, *)
2 | @available(tvOS, unavailable)
3 | nonisolated public struct Slider<Label, ValueLabel> : View, ~Sendable where Label : View, ValueLabel : View {
| `- note: 'Slider' has been explicitly marked unavailable here
4 | nonisolated public var body: some View { get }
5 | @available(macOS 10.15, iOS 13.0, watchOS 6.0, *)
SwiftCompile normal arm64 Compiling\ GeometryProxy+Diameter.swift,\ NSBezierPath+CGPath.swift,\ Path+Circle.swift,\ Path+VerticalMirror.swift,\ ClockFaceEnvironment.swift /Users/admin/builder/spi-builder-workspace/Sources/SwiftClockUI/Extensions/GeometryProxy+Diameter.swift /Users/admin/builder/spi-builder-workspace/Sources/SwiftClockUI/Extensions/NSBezierPath+CGPath.swift /Users/admin/builder/spi-builder-workspace/Sources/SwiftClockUI/Extensions/Path+Circle.swift /Users/admin/builder/spi-builder-workspace/Sources/SwiftClockUI/Extensions/Path+VerticalMirror.swift /Users/admin/builder/spi-builder-workspace/Sources/SwiftClockUI/Face/ClockFaceEnvironment.swift (in target 'SwiftClockUI' from project 'SwiftClockUI')
SwiftCompile normal arm64 /Users/admin/builder/spi-builder-workspace/Sources/SwiftClockUI/Extensions/GeometryProxy+Diameter.swift (in target 'SwiftClockUI' from project 'SwiftClockUI')
cd /Users/admin/builder/spi-builder-workspace/.swiftpm/xcode
builtin-SwiftPerFileCompile GeometryProxy+Diameter.swift
SwiftCompile normal arm64 /Users/admin/builder/spi-builder-workspace/Sources/SwiftClockUI/Extensions/NSBezierPath+CGPath.swift (in target 'SwiftClockUI' from project 'SwiftClockUI')
cd /Users/admin/builder/spi-builder-workspace/.swiftpm/xcode
builtin-SwiftPerFileCompile NSBezierPath+CGPath.swift
SwiftCompile normal arm64 /Users/admin/builder/spi-builder-workspace/Sources/SwiftClockUI/Extensions/Path+Circle.swift (in target 'SwiftClockUI' from project 'SwiftClockUI')
cd /Users/admin/builder/spi-builder-workspace/.swiftpm/xcode
builtin-SwiftPerFileCompile Path+Circle.swift
SwiftCompile normal arm64 /Users/admin/builder/spi-builder-workspace/Sources/SwiftClockUI/Extensions/Path+VerticalMirror.swift (in target 'SwiftClockUI' from project 'SwiftClockUI')
cd /Users/admin/builder/spi-builder-workspace/.swiftpm/xcode
builtin-SwiftPerFileCompile Path+VerticalMirror.swift
SwiftCompile normal arm64 /Users/admin/builder/spi-builder-workspace/Sources/SwiftClockUI/Face/ClockFaceEnvironment.swift (in target 'SwiftClockUI' from project 'SwiftClockUI')
cd /Users/admin/builder/spi-builder-workspace/.swiftpm/xcode
builtin-SwiftPerFileCompile ClockFaceEnvironment.swift
PruneExplicitPrecompiledModules /Users/admin/builder/spi-builder-workspace/.derivedData/Build/Intermediates.noindex/ExplicitPrecompiledModules
PruneExplicitPrecompiledModules /Users/admin/builder/spi-builder-workspace/.derivedData/Build/Intermediates.noindex/SwiftExplicitPrecompiledModules
PruneExplicitPrecompiledModules /Users/admin/builder/spi-builder-workspace/.derivedData/SDKExplicitPrecompiledModules
2026-09-18 21:14:33.146 xcodebuild[816:5014] [MT] IDERunDestination: Supported platforms for the buildables in the current scheme is empty.
** BUILD FAILED **
The following build commands failed:
SwiftCompile normal arm64 (in target 'SwiftClockUI' from project 'SwiftClockUI')
SwiftEmitModule normal arm64 Emitting\ module\ for\ SwiftClockUI (in target 'SwiftClockUI' from project 'SwiftClockUI')
Building workspace SwiftClockUI with scheme SwiftClockUI
(3 failures)
Command line invocation:
/Applications/Xcode-27.0.0-Release.Candidate.app/Contents/Developer/usr/bin/xcodebuild -IDEClonedSourcePackagesDirPathOverride=/Users/admin/builder/spi-builder-workspace/.dependencies -resolvePackageDependencies
Resolve Package Graph
Resolved source packages:
swift-snapshot-testing: https://github.com/pointfreeco/swift-snapshot-testing.git @ 1.19.5
swift-custom-dump: https://github.com/pointfreeco/swift-custom-dump @ 1.7.3
SwiftClockUI: /Users/admin/builder/spi-builder-workspace
swift-issue-reporting: https://github.com/pointfreeco/swift-issue-reporting @ 2.1.0
swift-syntax: https://github.com/swiftlang/swift-syntax @ 604.0.0
resolved source packages: swift-snapshot-testing, swift-custom-dump, SwiftClockUI, swift-issue-reporting, swift-syntax
2026-09-18 21:14:40.464 xcodebuild[942:5574] [MT] IDERunDestination: Supported platforms for the buildables in the current scheme is empty.
{
"dependencies" : [
{
"identity" : "swift-snapshot-testing",
"requirement" : {
"range" : [
{
"lower_bound" : "1.9.0",
"upper_bound" : "2.0.0"
}
]
},
"type" : "sourceControl",
"url" : "https://github.com/pointfreeco/swift-snapshot-testing.git"
}
],
"manifest_display_name" : "SwiftClockUI",
"name" : "SwiftClockUI",
"path" : "/Users/admin/builder/spi-builder-workspace",
"platforms" : [
{
"name" : "ios",
"version" : "13.0"
},
{
"name" : "macos",
"version" : "10.15"
}
],
"products" : [
{
"name" : "SwiftClockUI",
"targets" : [
"SwiftClockUI"
],
"type" : {
"library" : [
"automatic"
]
}
}
],
"targets" : [
{
"c99name" : "SwiftClockUITests",
"module_type" : "SwiftTarget",
"name" : "SwiftClockUITests",
"path" : "Tests/SwiftClockUITests",
"product_dependencies" : [
"SnapshotTesting"
],
"sources" : [
"Calendar+Test.swift",
"ClockViewTests.swift",
"Elements/Arm/ArmTests.swift",
"Elements/Arm/ArmTypeTests.swift",
"Elements/Arm/ArtNouveauArmTests.swift",
"Elements/Arm/ClassicArmTests.swift",
"Elements/ArmsTests.swift",
"Elements/Borders/ClassicClockBorderTests.swift",
"Elements/Borders/DrawnClockBorderTests.swift",
"Elements/Borders/SteampunkClockBorderTests.swift",
"Elements/Indicators/ArtNouveauIndicatorsTests.swift",
"Elements/Indicators/SteampunkIndicatorsTests.swift",
"Elements/Steampunk/CogwheelTests.swift",
"Elements/Steampunk/MoonTests.swift",
"Elements/Steampunk/PlateTests.swift",
"Elements/Steampunk/SteampunkHourArmTests.swift",
"Elements/Steampunk/SteampunkMinuteArmTests.swift",
"Elements/Steampunk/WindUpKeyTests.swift",
"EnvironmentTests.swift",
"Extensions/CGPoint+CircleTests.swift",
"Extensions/CGRect+CircleTests.swift",
"Extensions/Date+ClockTests.swift",
"Extensions/Path+CircleTests.swift",
"Face/ClockFaceTests.swift",
"Face/EyeTests.swift",
"Face/MouthTests.swift",
"Snapshotting+DefaultImage.swift",
"XCTestManifests.swift"
],
"target_dependencies" : [
"SwiftClockUI"
],
"type" : "test"
},
{
"c99name" : "SwiftClockUI",
"module_type" : "SwiftTarget",
"name" : "SwiftClockUI",
"path" : "Sources/SwiftClockUI",
"product_memberships" : [
"SwiftClockUI"
],
"sources" : [
"ClockView.swift",
"Elements/Arm/ArmDragGesture.swift",
"Elements/Arm/ArmType.swift",
"Elements/Arm/ArmView.swift",
"Elements/Arm/ArtNouveauArm.swift",
"Elements/Arm/ClassicArm.swift",
"Elements/Arm/DrawnArm.swift",
"Elements/Arm/SteampunkArm.swift",
"Elements/Arms.swift",
"Elements/Borders/ArtNouveauClockBorder.swift",
"Elements/Borders/ClassicClockBorder.swift",
"Elements/Borders/ClockBorderView.swift",
"Elements/Borders/DrawnClockBorder.swift",
"Elements/Borders/SteampunkClockBorder.swift",
"Elements/Indicators/ArtNouveauIndicators.swift",
"Elements/Indicators/ClassicIndicators.swift",
"Elements/Indicators/DrawnIndicators.swift",
"Elements/Indicators/IndicatorsView.swift",
"Elements/Indicators/RomanNumber.swift",
"Elements/Indicators/SteampunkIndicators.swift",
"Elements/Steampunk/Cogwheel.swift",
"Elements/Steampunk/Moon.swift",
"Elements/Steampunk/Plate.swift",
"Elements/Steampunk/SteampunkHourArm.swift",
"Elements/Steampunk/SteampunkMinuteArm.swift",
"Elements/Steampunk/WindUpKey.swift",
"Environment/ClockAnimationEnabled.swift",
"Environment/ClockArmColorsEnvironment.swift",
"Environment/ClockBorderColorEnvironment.swift",
"Environment/ClockConfigurationEnvironment.swift",
"Environment/ClockDateEnvironment.swift",
"Environment/ClockIndicatorsColorEnvironment.swift",
"Environment/ClockIsAnimationEnabledEnvironment.swift",
"Environment/ClockRandomEnvironment.swift",
"Environment/ClockStyleEnvironment.swift",
"Extensions/Angle+Circle.swift",
"Extensions/CGPoint+Circle.swift",
"Extensions/CGRect+Circle.swift",
"Extensions/Color+Background.swift",
"Extensions/Date+Clock.swift",
"Extensions/Double+Time.swift",
"Extensions/GeometryProxy+Diameter.swift",
"Extensions/NSBezierPath+CGPath.swift",
"Extensions/Path+Circle.swift",
"Extensions/Path+VerticalMirror.swift",
"Face/ClockFaceEnvironment.swift",
"Face/ClockFaceView.swift",
"Face/Eye.swift",
"Face/Mouth.swift",
"ViewModifiers/FontProportional.swift",
"ViewModifiers/PositionInCircle.swift"
],
"type" : "library"
}
],
"tools_version" : "5.1"
}
{
"workspace" : {
"name" : "SwiftClockUI",
"schemes" : [
"SwiftClockUI"
]
}
}
2026-09-18 21:14:42.046 xcodebuild[951:5646] [MT] IDERunDestination: Supported platforms for the buildables in the current scheme is empty.
Running build ...
env DEVELOPER_DIR=/Applications/Xcode-27.0.0-Release.Candidate.app xcrun xcodebuild -IDEClonedSourcePackagesDirPathOverride=$PWD/.dependencies -skipMacroValidation -skipPackagePluginValidation -derivedDataPath $PWD/.derivedData build -scheme SwiftClockUI -destination generic/platform=tvOS
Command line invocation:
/Applications/Xcode-27.0.0-Release.Candidate.app/Contents/Developer/usr/bin/xcodebuild -IDEClonedSourcePackagesDirPathOverride=/Users/admin/builder/spi-builder-workspace/.dependencies -skipMacroValidation -skipPackagePluginValidation -derivedDataPath /Users/admin/builder/spi-builder-workspace/.derivedData build -scheme SwiftClockUI -destination generic/platform=tvOS
Resolve Package Graph
Resolved source packages:
swift-snapshot-testing: https://github.com/pointfreeco/swift-snapshot-testing.git @ 1.19.5
swift-syntax: https://github.com/swiftlang/swift-syntax @ 604.0.0
swift-custom-dump: https://github.com/pointfreeco/swift-custom-dump @ 1.7.3
swift-issue-reporting: https://github.com/pointfreeco/swift-issue-reporting @ 2.1.0
SwiftClockUI: /Users/admin/builder/spi-builder-workspace
ComputePackagePrebuildTargetDependencyGraph
Prepare packages
CreateBuildRequest
SendProjectDescription
CreateBuildOperation
ComputeTargetDependencyGraph
note: Building targets in dependency order
note: Target dependency graph (2 targets)
Target 'SwiftClockUI-product' in project 'SwiftClockUI'
➜ Explicit dependency on target 'SwiftClockUI' in project 'SwiftClockUI'
Target 'SwiftClockUI' in project 'SwiftClockUI' (no dependencies)
GatherProvisioningInputs
CreateBuildDescription
ClangStatCache /Applications/Xcode-27.0.0-Release.Candidate.app/Contents/Developer/Toolchains/XcodeDefault.xctoolchain/usr/bin/clang-stat-cache /Applications/Xcode-27.0.0-Release.Candidate.app/Contents/Developer/Platforms/AppleTVOS.platform/Developer/SDKs/AppleTVOS27.0.sdk /Users/admin/builder/spi-builder-workspace/.derivedData/SDKStatCaches.noindex/appletvos27.0-24J360-e829b21a6f8c9b70876ba0858053c044b32bfd8d43560033f8d89884cdb90028.sdkstatcache
cd /Users/admin/builder/spi-builder-workspace/.swiftpm/xcode
/Applications/Xcode-27.0.0-Release.Candidate.app/Contents/Developer/Toolchains/XcodeDefault.xctoolchain/usr/bin/clang-stat-cache /Applications/Xcode-27.0.0-Release.Candidate.app/Contents/Developer/Platforms/AppleTVOS.platform/Developer/SDKs/AppleTVOS27.0.sdk -o /Users/admin/builder/spi-builder-workspace/.derivedData/SDKStatCaches.noindex/appletvos27.0-24J360-e829b21a6f8c9b70876ba0858053c044b32bfd8d43560033f8d89884cdb90028.sdkstatcache
SwiftDriver SwiftClockUI normal arm64 com.apple.xcode.tools.swift.compiler (in target 'SwiftClockUI' from project 'SwiftClockUI')
cd /Users/admin/builder/spi-builder-workspace/.swiftpm/xcode
builtin-SwiftDriver -- /Applications/Xcode-27.0.0-Release.Candidate.app/Contents/Developer/Toolchains/XcodeDefault.xctoolchain/usr/bin/swiftc -parse-as-library -module-name SwiftClockUI -Onone @/Users/admin/builder/spi-builder-workspace/.derivedData/Build/Intermediates.noindex/SwiftClockUI.build/Debug-appletvos/SwiftClockUI-t.build/Objects-normal/arm64/SwiftClockUI.SwiftFileList -DSWIFT_PACKAGE -DDEBUG -DSWIFT_MODULE_RESOURCE_BUNDLE_UNAVAILABLE -DXcode -plugin-path /Applications/Xcode-27.0.0-Release.Candidate.app/Contents/Developer/Toolchains/XcodeDefault.xctoolchain/usr/lib/swift/host/plugins/testing -enable-experimental-feature DebugDescriptionMacro -sdk /Applications/Xcode-27.0.0-Release.Candidate.app/Contents/Developer/Platforms/AppleTVOS.platform/Developer/SDKs/AppleTVOS27.0.sdk -target arm64-apple-tvos15.0 -g -module-cache-path /Users/admin/builder/spi-builder-workspace/.derivedData/ModuleCache.noindex -Xfrontend -serialize-debugging-options -profile-coverage-mapping -profile-generate -enable-testing -index-store-path /Users/admin/builder/spi-builder-workspace/.derivedData/Index.noindex/DataStore -Xcc -D_LIBCPP_HARDENING_MODE\=_LIBCPP_HARDENING_MODE_DEBUG -swift-version 5 -I /Users/admin/builder/spi-builder-workspace/.derivedData/Build/Products/Debug-appletvos -Isystem /Applications/Xcode-27.0.0-Release.Candidate.app/Contents/Developer/Platforms/AppleTVOS.platform/Developer/usr/lib -F /Users/admin/builder/spi-builder-workspace/.derivedData/Build/Products/Debug-appletvos -F /Applications/Xcode-27.0.0-Release.Candidate.app/Contents/Developer/Platforms/AppleTVOS.platform/Developer/Library/Frameworks -F /Applications/Xcode-27.0.0-Release.Candidate.app/Contents/Developer/Platforms/AppleTVOS.platform/Developer/SDKs/AppleTVOS27.0.sdk/Developer/Library/Frameworks -c -j10 -enable-batch-mode -incremental -Xcc -ivfsstatcache -Xcc /Users/admin/builder/spi-builder-workspace/.derivedData/SDKStatCaches.noindex/appletvos27.0-24J360-e829b21a6f8c9b70876ba0858053c044b32bfd8d43560033f8d89884cdb90028.sdkstatcache -output-file-map /Users/admin/builder/spi-builder-workspace/.derivedData/Build/Intermediates.noindex/SwiftClockUI.build/Debug-appletvos/SwiftClockUI-t.build/Objects-normal/arm64/SwiftClockUI-OutputFileMap.json -save-temps -no-color-diagnostics -explicit-module-build -module-cache-path /Users/admin/builder/spi-builder-workspace/.derivedData/Build/Intermediates.noindex/SwiftExplicitPrecompiledModules -clang-scanner-module-cache-path /Users/admin/builder/spi-builder-workspace/.derivedData/ModuleCache.noindex -sdk-module-cache-path /Users/admin/builder/spi-builder-workspace/.derivedData/SDKExplicitPrecompiledModules -emit-dependencies -emit-module -emit-module-path /Users/admin/builder/spi-builder-workspace/.derivedData/Build/Intermediates.noindex/SwiftClockUI.build/Debug-appletvos/SwiftClockUI-t.build/Objects-normal/arm64/SwiftClockUI.swiftmodule -serialize-diagnostics -dependency-scan-serialize-diagnostics-path /Users/admin/builder/spi-builder-workspace/.derivedData/Build/Intermediates.noindex/SwiftClockUI.build/Debug-appletvos/SwiftClockUI-t.build/Objects-normal/arm64/SwiftClockUI-dependency-scan.dia -validate-clang-modules-once -clang-build-session-file /Users/admin/builder/spi-builder-workspace/.derivedData/ModuleCache.noindex/Session.modulevalidation -Xcc -fmodules-prune-interval\=86400 -Xcc -fmodules-prune-after\=345600 -emit-const-values -const-gather-protocols-list /Users/admin/builder/spi-builder-workspace/.derivedData/Build/Intermediates.noindex/SwiftClockUI.build/Debug-appletvos/SwiftClockUI-t.build/Objects-normal/arm64/SwiftClockUI_const_extract_protocols.json -Xcc -I/Users/admin/builder/spi-builder-workspace/.derivedData/Build/Products/Debug-appletvos/include -Xcc -I/Users/admin/builder/spi-builder-workspace/.derivedData/Build/Intermediates.noindex/SwiftClockUI.build/Debug-appletvos/SwiftClockUI-t.build/DerivedSources-normal/arm64 -Xcc -I/Users/admin/builder/spi-builder-workspace/.derivedData/Build/Intermediates.noindex/SwiftClockUI.build/Debug-appletvos/SwiftClockUI-t.build/DerivedSources/arm64 -Xcc -I/Users/admin/builder/spi-builder-workspace/.derivedData/Build/Intermediates.noindex/SwiftClockUI.build/Debug-appletvos/SwiftClockUI-t.build/DerivedSources -Xcc -DSWIFT_PACKAGE -Xcc -DDEBUG\=1 -emit-objc-header -emit-objc-header-path /Users/admin/builder/spi-builder-workspace/.derivedData/Build/Intermediates.noindex/SwiftClockUI.build/Debug-appletvos/SwiftClockUI-t.build/Objects-normal/arm64/SwiftClockUI-Swift.h -working-directory /Users/admin/builder/spi-builder-workspace/.swiftpm/xcode -experimental-emit-module-separately -disable-cmo
SwiftCompile normal arm64 Compiling\ Moon.swift,\ Plate.swift,\ SteampunkHourArm.swift,\ SteampunkMinuteArm.swift,\ WindUpKey.swift /Users/admin/builder/spi-builder-workspace/Sources/SwiftClockUI/Elements/Steampunk/Moon.swift /Users/admin/builder/spi-builder-workspace/Sources/SwiftClockUI/Elements/Steampunk/Plate.swift /Users/admin/builder/spi-builder-workspace/Sources/SwiftClockUI/Elements/Steampunk/SteampunkHourArm.swift /Users/admin/builder/spi-builder-workspace/Sources/SwiftClockUI/Elements/Steampunk/SteampunkMinuteArm.swift /Users/admin/builder/spi-builder-workspace/Sources/SwiftClockUI/Elements/Steampunk/WindUpKey.swift (in target 'SwiftClockUI' from project 'SwiftClockUI')
SwiftCompile normal arm64 /Users/admin/builder/spi-builder-workspace/Sources/SwiftClockUI/Elements/Steampunk/Moon.swift (in target 'SwiftClockUI' from project 'SwiftClockUI')
cd /Users/admin/builder/spi-builder-workspace/.swiftpm/xcode
builtin-SwiftPerFileCompile Moon.swift
SwiftCompile normal arm64 /Users/admin/builder/spi-builder-workspace/Sources/SwiftClockUI/Elements/Steampunk/Plate.swift (in target 'SwiftClockUI' from project 'SwiftClockUI')
cd /Users/admin/builder/spi-builder-workspace/.swiftpm/xcode
builtin-SwiftPerFileCompile Plate.swift
SwiftCompile normal arm64 /Users/admin/builder/spi-builder-workspace/Sources/SwiftClockUI/Elements/Steampunk/SteampunkHourArm.swift (in target 'SwiftClockUI' from project 'SwiftClockUI')
cd /Users/admin/builder/spi-builder-workspace/.swiftpm/xcode
builtin-SwiftPerFileCompile SteampunkHourArm.swift
SwiftCompile normal arm64 /Users/admin/builder/spi-builder-workspace/Sources/SwiftClockUI/Elements/Steampunk/SteampunkMinuteArm.swift (in target 'SwiftClockUI' from project 'SwiftClockUI')
cd /Users/admin/builder/spi-builder-workspace/.swiftpm/xcode
builtin-SwiftPerFileCompile SteampunkMinuteArm.swift
SwiftCompile normal arm64 /Users/admin/builder/spi-builder-workspace/Sources/SwiftClockUI/Elements/Steampunk/WindUpKey.swift (in target 'SwiftClockUI' from project 'SwiftClockUI')
cd /Users/admin/builder/spi-builder-workspace/.swiftpm/xcode
builtin-SwiftPerFileCompile WindUpKey.swift
/Users/admin/builder/spi-builder-workspace/Sources/SwiftClockUI/Elements/Steampunk/WindUpKey.swift:95:17: error: 'Slider' is unavailable in tvOS
93 | Text(String(format: "%.f", animationStep * 100))
94 |
95 | Slider(value: $animationStep, in: 0...1)
| `- error: 'Slider' is unavailable in tvOS
96 | }
97 | .padding()
SwiftUI.Slider:3:27: note: 'Slider' has been explicitly marked unavailable here
1 | @available(iOS 13.0, macOS 10.15, watchOS 6.0, *)
2 | @available(tvOS, unavailable)
3 | nonisolated public struct Slider<Label, ValueLabel> : View, ~Sendable where Label : View, ValueLabel : View {
| `- note: 'Slider' has been explicitly marked unavailable here
4 | nonisolated public var body: some View { get }
5 | @available(macOS 10.15, iOS 13.0, watchOS 6.0, *)
SwiftCompile normal arm64 Compiling\ ClockView.swift,\ ArmDragGesture.swift,\ ArmType.swift,\ ArmView.swift,\ ArtNouveauArm.swift,\ ClassicArm.swift /Users/admin/builder/spi-builder-workspace/Sources/SwiftClockUI/ClockView.swift /Users/admin/builder/spi-builder-workspace/Sources/SwiftClockUI/Elements/Arm/ArmDragGesture.swift /Users/admin/builder/spi-builder-workspace/Sources/SwiftClockUI/Elements/Arm/ArmType.swift /Users/admin/builder/spi-builder-workspace/Sources/SwiftClockUI/Elements/Arm/ArmView.swift /Users/admin/builder/spi-builder-workspace/Sources/SwiftClockUI/Elements/Arm/ArtNouveauArm.swift /Users/admin/builder/spi-builder-workspace/Sources/SwiftClockUI/Elements/Arm/ClassicArm.swift (in target 'SwiftClockUI' from project 'SwiftClockUI')
/Users/admin/builder/spi-builder-workspace/Sources/SwiftClockUI/ClockView.swift:20:10: error: 'onTapGesture(count:perform:)' is only available in tvOS 16.0 or newer
2 | import Combine
3 |
4 | public struct ClockView: View {
| `- note: add '@available' attribute to enclosing struct
5 | @Environment(\.clockFaceShown) var initialClockFaceShown
6 | static let borderWidthRatio: CGFloat = 1/70
:
10 | public init() { }
11 |
12 | public var body: some View {
| `- note: add '@available' attribute to enclosing property
13 | ZStack {
14 | ClockBorderView()
:
18 | }
19 | .environment(\.clockFaceShown, initialClockFaceShown || clockFaceShown)
20 | .onTapGesture(count: 3, perform: self.showClockFace)
| |- error: 'onTapGesture(count:perform:)' is only available in tvOS 16.0 or newer
| `- note: add 'if #available' version check
21 | }
22 |
/Users/admin/builder/spi-builder-workspace/Sources/SwiftClockUI/Elements/Arm/ArmDragGesture.swift:48:42: error: 'DragGesture' is unavailable in tvOS
46 | }
47 |
48 | private func angle(dragGestureValue: DragGesture.Value, frame: CGRect) -> Angle {
| `- error: 'DragGesture' is unavailable in tvOS
49 | let radius = frame.size.width/2
50 | let location = (
SwiftUI.DragGesture:3:42: note: 'DragGesture' has been explicitly marked unavailable here
1 | @available(iOS 13.0, macOS 10.15, watchOS 6.0, *)
2 | @available(tvOS, unavailable)
3 | @MainActor @preconcurrency public struct DragGesture : Gesture, ~Sendable {
| `- note: 'DragGesture' has been explicitly marked unavailable here
4 | public struct Value : Equatable, Sendable {
5 | public var time: Date
/Users/admin/builder/spi-builder-workspace/Sources/SwiftClockUI/Elements/Arm/ArmDragGesture.swift:30:9: error: 'DragGesture' is unavailable in tvOS
28 |
29 | private func dragGesture(geometry: GeometryProxy) -> some Gesture {
30 | DragGesture(coordinateSpace: .global)
| `- error: 'DragGesture' is unavailable in tvOS
31 | .updating($dragAngle, body: { value, state, _ in
32 | let extraRotationAngle = angle(
SwiftUI.DragGesture:3:42: note: 'DragGesture' has been explicitly marked unavailable here
1 | @available(iOS 13.0, macOS 10.15, watchOS 6.0, *)
2 | @available(tvOS, unavailable)
3 | @MainActor @preconcurrency public struct DragGesture : Gesture, ~Sendable {
| `- note: 'DragGesture' has been explicitly marked unavailable here
4 | public struct Value : Equatable, Sendable {
5 | public var time: Date
SwiftCompile normal arm64 /Users/admin/builder/spi-builder-workspace/Sources/SwiftClockUI/ClockView.swift (in target 'SwiftClockUI' from project 'SwiftClockUI')
cd /Users/admin/builder/spi-builder-workspace/.swiftpm/xcode
builtin-SwiftPerFileCompile ClockView.swift
SwiftCompile normal arm64 /Users/admin/builder/spi-builder-workspace/Sources/SwiftClockUI/Elements/Arm/ArmDragGesture.swift (in target 'SwiftClockUI' from project 'SwiftClockUI')
cd /Users/admin/builder/spi-builder-workspace/.swiftpm/xcode
builtin-SwiftPerFileCompile ArmDragGesture.swift
SwiftCompile normal arm64 /Users/admin/builder/spi-builder-workspace/Sources/SwiftClockUI/Elements/Arm/ArmType.swift (in target 'SwiftClockUI' from project 'SwiftClockUI')
cd /Users/admin/builder/spi-builder-workspace/.swiftpm/xcode
builtin-SwiftPerFileCompile ArmType.swift
SwiftCompile normal arm64 /Users/admin/builder/spi-builder-workspace/Sources/SwiftClockUI/Elements/Arm/ArmView.swift (in target 'SwiftClockUI' from project 'SwiftClockUI')
cd /Users/admin/builder/spi-builder-workspace/.swiftpm/xcode
builtin-SwiftPerFileCompile ArmView.swift
SwiftCompile normal arm64 /Users/admin/builder/spi-builder-workspace/Sources/SwiftClockUI/Elements/Arm/ArtNouveauArm.swift (in target 'SwiftClockUI' from project 'SwiftClockUI')
cd /Users/admin/builder/spi-builder-workspace/.swiftpm/xcode
builtin-SwiftPerFileCompile ArtNouveauArm.swift
SwiftCompile normal arm64 /Users/admin/builder/spi-builder-workspace/Sources/SwiftClockUI/Elements/Arm/ClassicArm.swift (in target 'SwiftClockUI' from project 'SwiftClockUI')
cd /Users/admin/builder/spi-builder-workspace/.swiftpm/xcode
builtin-SwiftPerFileCompile ClassicArm.swift
SwiftCompile normal arm64 Compiling\ GeometryProxy+Diameter.swift,\ NSBezierPath+CGPath.swift,\ Path+Circle.swift,\ Path+VerticalMirror.swift,\ ClockFaceEnvironment.swift /Users/admin/builder/spi-builder-workspace/Sources/SwiftClockUI/Extensions/GeometryProxy+Diameter.swift /Users/admin/builder/spi-builder-workspace/Sources/SwiftClockUI/Extensions/NSBezierPath+CGPath.swift /Users/admin/builder/spi-builder-workspace/Sources/SwiftClockUI/Extensions/Path+Circle.swift /Users/admin/builder/spi-builder-workspace/Sources/SwiftClockUI/Extensions/Path+VerticalMirror.swift /Users/admin/builder/spi-builder-workspace/Sources/SwiftClockUI/Face/ClockFaceEnvironment.swift (in target 'SwiftClockUI' from project 'SwiftClockUI')
SwiftCompile normal arm64 /Users/admin/builder/spi-builder-workspace/Sources/SwiftClockUI/Extensions/GeometryProxy+Diameter.swift (in target 'SwiftClockUI' from project 'SwiftClockUI')
cd /Users/admin/builder/spi-builder-workspace/.swiftpm/xcode
builtin-SwiftPerFileCompile GeometryProxy+Diameter.swift
SwiftCompile normal arm64 /Users/admin/builder/spi-builder-workspace/Sources/SwiftClockUI/Extensions/NSBezierPath+CGPath.swift (in target 'SwiftClockUI' from project 'SwiftClockUI')
cd /Users/admin/builder/spi-builder-workspace/.swiftpm/xcode
builtin-SwiftPerFileCompile NSBezierPath+CGPath.swift
SwiftCompile normal arm64 /Users/admin/builder/spi-builder-workspace/Sources/SwiftClockUI/Extensions/Path+Circle.swift (in target 'SwiftClockUI' from project 'SwiftClockUI')
cd /Users/admin/builder/spi-builder-workspace/.swiftpm/xcode
builtin-SwiftPerFileCompile Path+Circle.swift
SwiftCompile normal arm64 /Users/admin/builder/spi-builder-workspace/Sources/SwiftClockUI/Extensions/Path+VerticalMirror.swift (in target 'SwiftClockUI' from project 'SwiftClockUI')
cd /Users/admin/builder/spi-builder-workspace/.swiftpm/xcode
builtin-SwiftPerFileCompile Path+VerticalMirror.swift
SwiftCompile normal arm64 /Users/admin/builder/spi-builder-workspace/Sources/SwiftClockUI/Face/ClockFaceEnvironment.swift (in target 'SwiftClockUI' from project 'SwiftClockUI')
cd /Users/admin/builder/spi-builder-workspace/.swiftpm/xcode
builtin-SwiftPerFileCompile ClockFaceEnvironment.swift
SwiftCompile normal arm64 Compiling\ ClockIndicatorsColorEnvironment.swift,\ ClockIsAnimationEnabledEnvironment.swift,\ ClockRandomEnvironment.swift,\ ClockStyleEnvironment.swift,\ Angle+Circle.swift /Users/admin/builder/spi-builder-workspace/Sources/SwiftClockUI/Environment/ClockIndicatorsColorEnvironment.swift /Users/admin/builder/spi-builder-workspace/Sources/SwiftClockUI/Environment/ClockIsAnimationEnabledEnvironment.swift /Users/admin/builder/spi-builder-workspace/Sources/SwiftClockUI/Environment/ClockRandomEnvironment.swift /Users/admin/builder/spi-builder-workspace/Sources/SwiftClockUI/Environment/ClockStyleEnvironment.swift /Users/admin/builder/spi-builder-workspace/Sources/SwiftClockUI/Extensions/Angle+Circle.swift (in target 'SwiftClockUI' from project 'SwiftClockUI')
SwiftCompile normal arm64 /Users/admin/builder/spi-builder-workspace/Sources/SwiftClockUI/Environment/ClockIndicatorsColorEnvironment.swift (in target 'SwiftClockUI' from project 'SwiftClockUI')
cd /Users/admin/builder/spi-builder-workspace/.swiftpm/xcode
builtin-SwiftPerFileCompile ClockIndicatorsColorEnvironment.swift
SwiftCompile normal arm64 /Users/admin/builder/spi-builder-workspace/Sources/SwiftClockUI/Environment/ClockIsAnimationEnabledEnvironment.swift (in target 'SwiftClockUI' from project 'SwiftClockUI')
cd /Users/admin/builder/spi-builder-workspace/.swiftpm/xcode
builtin-SwiftPerFileCompile ClockIsAnimationEnabledEnvironment.swift
SwiftCompile normal arm64 /Users/admin/builder/spi-builder-workspace/Sources/SwiftClockUI/Environment/ClockRandomEnvironment.swift (in target 'SwiftClockUI' from project 'SwiftClockUI')
cd /Users/admin/builder/spi-builder-workspace/.swiftpm/xcode
builtin-SwiftPerFileCompile ClockRandomEnvironment.swift
SwiftCompile normal arm64 /Users/admin/builder/spi-builder-workspace/Sources/SwiftClockUI/Environment/ClockStyleEnvironment.swift (in target 'SwiftClockUI' from project 'SwiftClockUI')
cd /Users/admin/builder/spi-builder-workspace/.swiftpm/xcode
builtin-SwiftPerFileCompile ClockStyleEnvironment.swift
SwiftCompile normal arm64 /Users/admin/builder/spi-builder-workspace/Sources/SwiftClockUI/Extensions/Angle+Circle.swift (in target 'SwiftClockUI' from project 'SwiftClockUI')
cd /Users/admin/builder/spi-builder-workspace/.swiftpm/xcode
builtin-SwiftPerFileCompile Angle+Circle.swift
SwiftCompile normal arm64 Compiling\ DrawnIndicators.swift,\ IndicatorsView.swift,\ RomanNumber.swift,\ SteampunkIndicators.swift,\ Cogwheel.swift /Users/admin/builder/spi-builder-workspace/Sources/SwiftClockUI/Elements/Indicators/DrawnIndicators.swift /Users/admin/builder/spi-builder-workspace/Sources/SwiftClockUI/Elements/Indicators/IndicatorsView.swift /Users/admin/builder/spi-builder-workspace/Sources/SwiftClockUI/Elements/Indicators/RomanNumber.swift /Users/admin/builder/spi-builder-workspace/Sources/SwiftClockUI/Elements/Indicators/SteampunkIndicators.swift /Users/admin/builder/spi-builder-workspace/Sources/SwiftClockUI/Elements/Steampunk/Cogwheel.swift (in target 'SwiftClockUI' from project 'SwiftClockUI')
/Users/admin/builder/spi-builder-workspace/Sources/SwiftClockUI/Elements/Indicators/DrawnIndicators.swift:29:37: warning: stored property '_random' of 'Sendable'-conforming struct 'HoursShape' contains non-Sendable type 'Random'; this is an error in the Swift 6 language mode
27 |
28 | private struct HoursShape: Shape {
29 | @Environment(\.clockRandom) var random
| `- warning: stored property '_random' of 'Sendable'-conforming struct 'HoursShape' contains non-Sendable type 'Random'; this is an error in the Swift 6 language mode
30 | var drawStep: CGFloat
31 |
/Users/admin/builder/spi-builder-workspace/Sources/SwiftClockUI/Environment/ClockRandomEnvironment.swift:3:15: note: consider making struct 'Random' conform to the 'Sendable' protocol
1 | import SwiftUI
2 |
3 | public struct Random {
| `- note: consider making struct 'Random' conform to the 'Sendable' protocol
4 | var controlRatio = (
5 | leftX: { CGFloat.random(in: 0.1...1) },
/Users/admin/builder/spi-builder-workspace/Sources/SwiftClockUI/Elements/Indicators/DrawnIndicators.swift:59:44: warning: stored property '_configuration' of 'Sendable'-conforming struct 'MinutesShape' contains non-Sendable type 'ClockConfiguration'; this is an error in the Swift 6 language mode
57 |
58 | private struct MinutesShape: Shape {
59 | @Environment(\.clockConfiguration) var configuration
| `- warning: stored property '_configuration' of 'Sendable'-conforming struct 'MinutesShape' contains non-Sendable type 'ClockConfiguration'; this is an error in the Swift 6 language mode
60 | @Environment(\.clockRandom) var random
61 | var drawStep: CGFloat
/Users/admin/builder/spi-builder-workspace/Sources/SwiftClockUI/Environment/ClockConfigurationEnvironment.swift:3:15: note: consider making struct 'ClockConfiguration' conform to the 'Sendable' protocol
1 | import SwiftUI
2 |
3 | public struct ClockConfiguration: Equatable {
| `- note: consider making struct 'ClockConfiguration' conform to the 'Sendable' protocol
4 | public var isLimitedHoursShown = false
5 | public var isMinuteIndicatorsShown = true
/Users/admin/builder/spi-builder-workspace/Sources/SwiftClockUI/Elements/Indicators/DrawnIndicators.swift:60:37: warning: stored property '_random' of 'Sendable'-conforming struct 'MinutesShape' contains non-Sendable type 'Random'; this is an error in the Swift 6 language mode
58 | private struct MinutesShape: Shape {
59 | @Environment(\.clockConfiguration) var configuration
60 | @Environment(\.clockRandom) var random
| `- warning: stored property '_random' of 'Sendable'-conforming struct 'MinutesShape' contains non-Sendable type 'Random'; this is an error in the Swift 6 language mode
61 | var drawStep: CGFloat
62 |
/Users/admin/builder/spi-builder-workspace/Sources/SwiftClockUI/Environment/ClockRandomEnvironment.swift:3:15: note: consider making struct 'Random' conform to the 'Sendable' protocol
1 | import SwiftUI
2 |
3 | public struct Random {
| `- note: consider making struct 'Random' conform to the 'Sendable' protocol
4 | var controlRatio = (
5 | leftX: { CGFloat.random(in: 0.1...1) },
/Users/admin/builder/spi-builder-workspace/Sources/SwiftClockUI/Elements/Indicators/DrawnIndicators.swift:97:9: warning: stored property 'controlRatios' of 'Sendable'-conforming struct 'DrawnIndicator' has non-Sendable type 'Random.ControlRatio'; this is an error in the Swift 6 language mode
95 | private struct DrawnIndicator: Shape {
96 | var drawStep: CGFloat
97 | let controlRatios: Random.ControlRatio
| `- warning: stored property 'controlRatios' of 'Sendable'-conforming struct 'DrawnIndicator' has non-Sendable type 'Random.ControlRatio'; this is an error in the Swift 6 language mode
98 |
99 | var animatableData: CGFloat {
/Users/admin/builder/spi-builder-workspace/Sources/SwiftClockUI/Environment/ClockRandomEnvironment.swift:34:12: note: consider making struct 'ControlRatio' conform to the 'Sendable' protocol
32 |
33 | public extension Random {
34 | struct ControlRatio {
| `- note: consider making struct 'ControlRatio' conform to the 'Sendable' protocol
35 | let leftX: CGFloat
36 | let leftY: CGFloat
/Users/admin/builder/spi-builder-workspace/Sources/SwiftClockUI/Elements/Indicators/DrawnIndicators.swift:217:17: error: 'Slider' is unavailable in tvOS
215 | }.padding()
216 | Spacer()
217 | Slider(value: $drawStep).padding()
| `- error: 'Slider' is unavailable in tvOS
218 | }.padding()
219 | }
SwiftUI.Slider:3:27: note: 'Slider' has been explicitly marked unavailable here
1 | @available(iOS 13.0, macOS 10.15, watchOS 6.0, *)
2 | @available(tvOS, unavailable)
3 | nonisolated public struct Slider<Label, ValueLabel> : View, ~Sendable where Label : View, ValueLabel : View {
| `- note: 'Slider' has been explicitly marked unavailable here
4 | nonisolated public var body: some View { get }
5 | @available(macOS 10.15, iOS 13.0, watchOS 6.0, *)
/Users/admin/builder/spi-builder-workspace/Sources/SwiftClockUI/Elements/Indicators/DrawnIndicators.swift:217:17: error: 'init(value:in:onEditingChanged:)' is unavailable in tvOS
215 | }.padding()
216 | Spacer()
217 | Slider(value: $drawStep).padding()
| `- error: 'init(value:in:onEditingChanged:)' is unavailable in tvOS
218 | }.padding()
219 | }
SwiftUI.Slider.init:2:20: note: 'init(value:in:onEditingChanged:)' has been explicitly marked unavailable here
1 | generic struct Slider {
2 | nonisolated public init<V>(value: Binding<V>, in bounds: ClosedRange<V> = 0...1, onEditingChanged: @escaping (Bool) -> Void = { _ in }) where V : BinaryFloatingPoint, V.Stride : BinaryFloatingPoint}
| `- note: 'init(value:in:onEditingChanged:)' has been explicitly marked unavailable here
3 |
/Users/admin/builder/spi-builder-workspace/Sources/SwiftClockUI/Elements/Indicators/DrawnIndicators.swift:237:17: error: 'Slider' is unavailable in tvOS
235 | .frame(width: 10, height: 200)
236 | Spacer()
237 | Slider(value: $drawStep).padding()
| `- error: 'Slider' is unavailable in tvOS
238 | }.padding()
239 | }
SwiftUI.Slider:3:27: note: 'Slider' has been explicitly marked unavailable here
1 | @available(iOS 13.0, macOS 10.15, watchOS 6.0, *)
2 | @available(tvOS, unavailable)
3 | nonisolated public struct Slider<Label, ValueLabel> : View, ~Sendable where Label : View, ValueLabel : View {
| `- note: 'Slider' has been explicitly marked unavailable here
4 | nonisolated public var body: some View { get }
5 | @available(macOS 10.15, iOS 13.0, watchOS 6.0, *)
/Users/admin/builder/spi-builder-workspace/Sources/SwiftClockUI/Elements/Indicators/DrawnIndicators.swift:237:17: error: 'init(value:in:onEditingChanged:)' is unavailable in tvOS
235 | .frame(width: 10, height: 200)
236 | Spacer()
237 | Slider(value: $drawStep).padding()
| `- error: 'init(value:in:onEditingChanged:)' is unavailable in tvOS
238 | }.padding()
239 | }
SwiftUI.Slider.init:2:20: note: 'init(value:in:onEditingChanged:)' has been explicitly marked unavailable here
1 | generic struct Slider {
2 | nonisolated public init<V>(value: Binding<V>, in bounds: ClosedRange<V> = 0...1, onEditingChanged: @escaping (Bool) -> Void = { _ in }) where V : BinaryFloatingPoint, V.Stride : BinaryFloatingPoint}
| `- note: 'init(value:in:onEditingChanged:)' has been explicitly marked unavailable here
3 |
/Users/admin/builder/spi-builder-workspace/Sources/SwiftClockUI/Elements/Steampunk/Cogwheel.swift:166:17: error: 'Slider' is unavailable in tvOS
164 | Spacer()
165 | Text(String(format: "Degrees: %.f", angle.degrees))
166 | Slider(value: $angle.degrees, in: 0...360).padding()
| `- error: 'Slider' is unavailable in tvOS
167 | }
168 | }
SwiftUI.Slider:3:27: note: 'Slider' has been explicitly marked unavailable here
1 | @available(iOS 13.0, macOS 10.15, watchOS 6.0, *)
2 | @available(tvOS, unavailable)
3 | nonisolated public struct Slider<Label, ValueLabel> : View, ~Sendable where Label : View, ValueLabel : View {
| `- note: 'Slider' has been explicitly marked unavailable here
4 | nonisolated public var body: some View { get }
5 | @available(macOS 10.15, iOS 13.0, watchOS 6.0, *)
SwiftCompile normal arm64 /Users/admin/builder/spi-builder-workspace/Sources/SwiftClockUI/Elements/Indicators/DrawnIndicators.swift (in target 'SwiftClockUI' from project 'SwiftClockUI')
cd /Users/admin/builder/spi-builder-workspace/.swiftpm/xcode
builtin-SwiftPerFileCompile DrawnIndicators.swift
SwiftCompile normal arm64 /Users/admin/builder/spi-builder-workspace/Sources/SwiftClockUI/Elements/Indicators/IndicatorsView.swift (in target 'SwiftClockUI' from project 'SwiftClockUI')
cd /Users/admin/builder/spi-builder-workspace/.swiftpm/xcode
builtin-SwiftPerFileCompile IndicatorsView.swift
SwiftCompile normal arm64 /Users/admin/builder/spi-builder-workspace/Sources/SwiftClockUI/Elements/Indicators/RomanNumber.swift (in target 'SwiftClockUI' from project 'SwiftClockUI')
cd /Users/admin/builder/spi-builder-workspace/.swiftpm/xcode
builtin-SwiftPerFileCompile RomanNumber.swift
SwiftCompile normal arm64 /Users/admin/builder/spi-builder-workspace/Sources/SwiftClockUI/Elements/Indicators/SteampunkIndicators.swift (in target 'SwiftClockUI' from project 'SwiftClockUI')
cd /Users/admin/builder/spi-builder-workspace/.swiftpm/xcode
builtin-SwiftPerFileCompile SteampunkIndicators.swift
SwiftCompile normal arm64 /Users/admin/builder/spi-builder-workspace/Sources/SwiftClockUI/Elements/Steampunk/Cogwheel.swift (in target 'SwiftClockUI' from project 'SwiftClockUI')
cd /Users/admin/builder/spi-builder-workspace/.swiftpm/xcode
builtin-SwiftPerFileCompile Cogwheel.swift
SwiftCompile normal arm64 Compiling\ CGPoint+Circle.swift,\ CGRect+Circle.swift,\ Color+Background.swift,\ Date+Clock.swift,\ Double+Time.swift /Users/admin/builder/spi-builder-workspace/Sources/SwiftClockUI/Extensions/CGPoint+Circle.swift /Users/admin/builder/spi-builder-workspace/Sources/SwiftClockUI/Extensions/CGRect+Circle.swift /Users/admin/builder/spi-builder-workspace/Sources/SwiftClockUI/Extensions/Color+Background.swift /Users/admin/builder/spi-builder-workspace/Sources/SwiftClockUI/Extensions/Date+Clock.swift /Users/admin/builder/spi-builder-workspace/Sources/SwiftClockUI/Extensions/Double+Time.swift (in target 'SwiftClockUI' from project 'SwiftClockUI')
SwiftCompile normal arm64 /Users/admin/builder/spi-builder-workspace/Sources/SwiftClockUI/Extensions/CGPoint+Circle.swift (in target 'SwiftClockUI' from project 'SwiftClockUI')
cd /Users/admin/builder/spi-builder-workspace/.swiftpm/xcode
builtin-SwiftPerFileCompile CGPoint+Circle.swift
SwiftCompile normal arm64 /Users/admin/builder/spi-builder-workspace/Sources/SwiftClockUI/Extensions/CGRect+Circle.swift (in target 'SwiftClockUI' from project 'SwiftClockUI')
cd /Users/admin/builder/spi-builder-workspace/.swiftpm/xcode
builtin-SwiftPerFileCompile CGRect+Circle.swift
SwiftCompile normal arm64 /Users/admin/builder/spi-builder-workspace/Sources/SwiftClockUI/Extensions/Color+Background.swift (in target 'SwiftClockUI' from project 'SwiftClockUI')
cd /Users/admin/builder/spi-builder-workspace/.swiftpm/xcode
builtin-SwiftPerFileCompile Color+Background.swift
SwiftCompile normal arm64 /Users/admin/builder/spi-builder-workspace/Sources/SwiftClockUI/Extensions/Date+Clock.swift (in target 'SwiftClockUI' from project 'SwiftClockUI')
cd /Users/admin/builder/spi-builder-workspace/.swiftpm/xcode
builtin-SwiftPerFileCompile Date+Clock.swift
SwiftCompile normal arm64 /Users/admin/builder/spi-builder-workspace/Sources/SwiftClockUI/Extensions/Double+Time.swift (in target 'SwiftClockUI' from project 'SwiftClockUI')
cd /Users/admin/builder/spi-builder-workspace/.swiftpm/xcode
builtin-SwiftPerFileCompile Double+Time.swift
SwiftCompile normal arm64 Compiling\ ClockFaceView.swift,\ Eye.swift,\ Mouth.swift,\ FontProportional.swift,\ PositionInCircle.swift /Users/admin/builder/spi-builder-workspace/Sources/SwiftClockUI/Face/ClockFaceView.swift /Users/admin/builder/spi-builder-workspace/Sources/SwiftClockUI/Face/Eye.swift /Users/admin/builder/spi-builder-workspace/Sources/SwiftClockUI/Face/Mouth.swift /Users/admin/builder/spi-builder-workspace/Sources/SwiftClockUI/ViewModifiers/FontProportional.swift /Users/admin/builder/spi-builder-workspace/Sources/SwiftClockUI/ViewModifiers/PositionInCircle.swift (in target 'SwiftClockUI' from project 'SwiftClockUI')
SwiftCompile normal arm64 /Users/admin/builder/spi-builder-workspace/Sources/SwiftClockUI/Face/ClockFaceView.swift (in target 'SwiftClockUI' from project 'SwiftClockUI')
cd /Users/admin/builder/spi-builder-workspace/.swiftpm/xcode
builtin-SwiftPerFileCompile ClockFaceView.swift
SwiftCompile normal arm64 /Users/admin/builder/spi-builder-workspace/Sources/SwiftClockUI/Face/Eye.swift (in target 'SwiftClockUI' from project 'SwiftClockUI')
cd /Users/admin/builder/spi-builder-workspace/.swiftpm/xcode
builtin-SwiftPerFileCompile Eye.swift
SwiftCompile normal arm64 /Users/admin/builder/spi-builder-workspace/Sources/SwiftClockUI/Face/Mouth.swift (in target 'SwiftClockUI' from project 'SwiftClockUI')
cd /Users/admin/builder/spi-builder-workspace/.swiftpm/xcode
builtin-SwiftPerFileCompile Mouth.swift
SwiftCompile normal arm64 /Users/admin/builder/spi-builder-workspace/Sources/SwiftClockUI/ViewModifiers/FontProportional.swift (in target 'SwiftClockUI' from project 'SwiftClockUI')
cd /Users/admin/builder/spi-builder-workspace/.swiftpm/xcode
builtin-SwiftPerFileCompile FontProportional.swift
SwiftCompile normal arm64 /Users/admin/builder/spi-builder-workspace/Sources/SwiftClockUI/ViewModifiers/PositionInCircle.swift (in target 'SwiftClockUI' from project 'SwiftClockUI')
cd /Users/admin/builder/spi-builder-workspace/.swiftpm/xcode
builtin-SwiftPerFileCompile PositionInCircle.swift
SwiftEmitModule normal arm64 Emitting\ module\ for\ SwiftClockUI (in target 'SwiftClockUI' from project 'SwiftClockUI')
/Users/admin/builder/spi-builder-workspace/Sources/SwiftClockUI/Elements/Arm/ArmDragGesture.swift:48:42: error: 'DragGesture' is unavailable in tvOS
46 | }
47 |
48 | private func angle(dragGestureValue: DragGesture.Value, frame: CGRect) -> Angle {
| `- error: 'DragGesture' is unavailable in tvOS
49 | let radius = frame.size.width/2
50 | let location = (
SwiftUI.DragGesture:3:42: note: 'DragGesture' has been explicitly marked unavailable here
1 | @available(iOS 13.0, macOS 10.15, watchOS 6.0, *)
2 | @available(tvOS, unavailable)
3 | @MainActor @preconcurrency public struct DragGesture : Gesture, ~Sendable {
| `- note: 'DragGesture' has been explicitly marked unavailable here
4 | public struct Value : Equatable, Sendable {
5 | public var time: Date
/Users/admin/builder/spi-builder-workspace/Sources/SwiftClockUI/Elements/Arm/DrawnArm.swift:26:9: warning: stored property 'controlRatios' of 'Sendable'-conforming struct 'DrawnArmShape' has non-Sendable type 'Random.ControlRatio'; this is an error in the Swift 6 language mode
24 | let type: ArmType
25 | var drawStep: CGFloat
26 | let controlRatios: Random.ControlRatio
| `- warning: stored property 'controlRatios' of 'Sendable'-conforming struct 'DrawnArmShape' has non-Sendable type 'Random.ControlRatio'; this is an error in the Swift 6 language mode
27 |
28 | var animatableData: CGFloat {
/Users/admin/builder/spi-builder-workspace/Sources/SwiftClockUI/Environment/ClockRandomEnvironment.swift:34:12: note: consider making struct 'ControlRatio' conform to the 'Sendable' protocol
32 |
33 | public extension Random {
34 | struct ControlRatio {
| `- note: consider making struct 'ControlRatio' conform to the 'Sendable' protocol
35 | let leftX: CGFloat
36 | let leftY: CGFloat
/Users/admin/builder/spi-builder-workspace/Sources/SwiftClockUI/Elements/Indicators/DrawnIndicators.swift:29:37: warning: stored property '_random' of 'Sendable'-conforming struct 'HoursShape' contains non-Sendable type 'Random'; this is an error in the Swift 6 language mode
27 |
28 | private struct HoursShape: Shape {
29 | @Environment(\.clockRandom) var random
| `- warning: stored property '_random' of 'Sendable'-conforming struct 'HoursShape' contains non-Sendable type 'Random'; this is an error in the Swift 6 language mode
30 | var drawStep: CGFloat
31 |
/Users/admin/builder/spi-builder-workspace/Sources/SwiftClockUI/Environment/ClockRandomEnvironment.swift:3:15: note: consider making struct 'Random' conform to the 'Sendable' protocol
1 | import SwiftUI
2 |
3 | public struct Random {
| `- note: consider making struct 'Random' conform to the 'Sendable' protocol
4 | var controlRatio = (
5 | leftX: { CGFloat.random(in: 0.1...1) },
/Users/admin/builder/spi-builder-workspace/Sources/SwiftClockUI/Elements/Indicators/DrawnIndicators.swift:59:44: warning: stored property '_configuration' of 'Sendable'-conforming struct 'MinutesShape' contains non-Sendable type 'ClockConfiguration'; this is an error in the Swift 6 language mode
57 |
58 | private struct MinutesShape: Shape {
59 | @Environment(\.clockConfiguration) var configuration
| `- warning: stored property '_configuration' of 'Sendable'-conforming struct 'MinutesShape' contains non-Sendable type 'ClockConfiguration'; this is an error in the Swift 6 language mode
60 | @Environment(\.clockRandom) var random
61 | var drawStep: CGFloat
/Users/admin/builder/spi-builder-workspace/Sources/SwiftClockUI/Environment/ClockConfigurationEnvironment.swift:3:15: note: consider making struct 'ClockConfiguration' conform to the 'Sendable' protocol
1 | import SwiftUI
2 |
3 | public struct ClockConfiguration: Equatable {
| `- note: consider making struct 'ClockConfiguration' conform to the 'Sendable' protocol
4 | public var isLimitedHoursShown = false
5 | public var isMinuteIndicatorsShown = true
/Users/admin/builder/spi-builder-workspace/Sources/SwiftClockUI/Elements/Indicators/DrawnIndicators.swift:60:37: warning: stored property '_random' of 'Sendable'-conforming struct 'MinutesShape' contains non-Sendable type 'Random'; this is an error in the Swift 6 language mode
58 | private struct MinutesShape: Shape {
59 | @Environment(\.clockConfiguration) var configuration
60 | @Environment(\.clockRandom) var random
| `- warning: stored property '_random' of 'Sendable'-conforming struct 'MinutesShape' contains non-Sendable type 'Random'; this is an error in the Swift 6 language mode
61 | var drawStep: CGFloat
62 |
/Users/admin/builder/spi-builder-workspace/Sources/SwiftClockUI/Environment/ClockRandomEnvironment.swift:3:15: note: consider making struct 'Random' conform to the 'Sendable' protocol
1 | import SwiftUI
2 |
3 | public struct Random {
| `- note: consider making struct 'Random' conform to the 'Sendable' protocol
4 | var controlRatio = (
5 | leftX: { CGFloat.random(in: 0.1...1) },
/Users/admin/builder/spi-builder-workspace/Sources/SwiftClockUI/Elements/Indicators/DrawnIndicators.swift:97:9: warning: stored property 'controlRatios' of 'Sendable'-conforming struct 'DrawnIndicator' has non-Sendable type 'Random.ControlRatio'; this is an error in the Swift 6 language mode
95 | private struct DrawnIndicator: Shape {
96 | var drawStep: CGFloat
97 | let controlRatios: Random.ControlRatio
| `- warning: stored property 'controlRatios' of 'Sendable'-conforming struct 'DrawnIndicator' has non-Sendable type 'Random.ControlRatio'; this is an error in the Swift 6 language mode
98 |
99 | var animatableData: CGFloat {
/Users/admin/builder/spi-builder-workspace/Sources/SwiftClockUI/Environment/ClockRandomEnvironment.swift:34:12: note: consider making struct 'ControlRatio' conform to the 'Sendable' protocol
32 |
33 | public extension Random {
34 | struct ControlRatio {
| `- note: consider making struct 'ControlRatio' conform to the 'Sendable' protocol
35 | let leftX: CGFloat
36 | let leftY: CGFloat
Failed frontend command:
/Applications/Xcode-27.0.0-Release.Candidate.app/Contents/Developer/Toolchains/XcodeDefault.xctoolchain/usr/bin/swift-frontend -frontend -emit-module -experimental-skip-non-inlinable-function-bodies-without-types /Users/admin/builder/spi-builder-workspace/Sources/SwiftClockUI/ClockView.swift /Users/admin/builder/spi-builder-workspace/Sources/SwiftClockUI/Elements/Arm/ArmDragGesture.swift /Users/admin/builder/spi-builder-workspace/Sources/SwiftClockUI/Elements/Arm/ArmType.swift /Users/admin/builder/spi-builder-workspace/Sources/SwiftClockUI/Elements/Arm/ArmView.swift /Users/admin/builder/spi-builder-workspace/Sources/SwiftClockUI/Elements/Arm/ArtNouveauArm.swift /Users/admin/builder/spi-builder-workspace/Sources/SwiftClockUI/Elements/Arm/ClassicArm.swift /Users/admin/builder/spi-builder-workspace/Sources/SwiftClockUI/Elements/Arm/DrawnArm.swift /Users/admin/builder/spi-builder-workspace/Sources/SwiftClockUI/Elements/Arm/SteampunkArm.swift /Users/admin/builder/spi-builder-workspace/Sources/SwiftClockUI/Elements/Arms.swift /Users/admin/builder/spi-builder-workspace/Sources/SwiftClockUI/Elements/Borders/ArtNouveauClockBorder.swift /Users/admin/builder/spi-builder-workspace/Sources/SwiftClockUI/Elements/Borders/ClassicClockBorder.swift /Users/admin/builder/spi-builder-workspace/Sources/SwiftClockUI/Elements/Borders/ClockBorderView.swift /Users/admin/builder/spi-builder-workspace/Sources/SwiftClockUI/Elements/Borders/DrawnClockBorder.swift /Users/admin/builder/spi-builder-workspace/Sources/SwiftClockUI/Elements/Borders/SteampunkClockBorder.swift /Users/admin/builder/spi-builder-workspace/Sources/SwiftClockUI/Elements/Indicators/ArtNouveauIndicators.swift /Users/admin/builder/spi-builder-workspace/Sources/SwiftClockUI/Elements/Indicators/ClassicIndicators.swift /Users/admin/builder/spi-builder-workspace/Sources/SwiftClockUI/Elements/Indicators/DrawnIndicators.swift /Users/admin/builder/spi-builder-workspace/Sources/SwiftClockUI/Elements/Indicators/IndicatorsView.swift /Users/admin/builder/spi-builder-workspace/Sources/SwiftClockUI/Elements/Indicators/RomanNumber.swift /Users/admin/builder/spi-builder-workspace/Sources/SwiftClockUI/Elements/Indicators/SteampunkIndicators.swift /Users/admin/builder/spi-builder-workspace/Sources/SwiftClockUI/Elements/Steampunk/Cogwheel.swift /Users/admin/builder/spi-builder-workspace/Sources/SwiftClockUI/Elements/Steampunk/Moon.swift /Users/admin/builder/spi-builder-workspace/Sources/SwiftClockUI/Elements/Steampunk/Plate.swift /Users/admin/builder/spi-builder-workspace/Sources/SwiftClockUI/Elements/Steampunk/SteampunkHourArm.swift /Users/admin/builder/spi-builder-workspace/Sources/SwiftClockUI/Elements/Steampunk/SteampunkMinuteArm.swift /Users/admin/builder/spi-builder-workspace/Sources/SwiftClockUI/Elements/Steampunk/WindUpKey.swift /Users/admin/builder/spi-builder-workspace/Sources/SwiftClockUI/Environment/ClockAnimationEnabled.swift /Users/admin/builder/spi-builder-workspace/Sources/SwiftClockUI/Environment/ClockArmColorsEnvironment.swift /Users/admin/builder/spi-builder-workspace/Sources/SwiftClockUI/Environment/ClockBorderColorEnvironment.swift /Users/admin/builder/spi-builder-workspace/Sources/SwiftClockUI/Environment/ClockConfigurationEnvironment.swift /Users/admin/builder/spi-builder-workspace/Sources/SwiftClockUI/Environment/ClockDateEnvironment.swift /Users/admin/builder/spi-builder-workspace/Sources/SwiftClockUI/Environment/ClockIndicatorsColorEnvironment.swift /Users/admin/builder/spi-builder-workspace/Sources/SwiftClockUI/Environment/ClockIsAnimationEnabledEnvironment.swift /Users/admin/builder/spi-builder-workspace/Sources/SwiftClockUI/Environment/ClockRandomEnvironment.swift /Users/admin/builder/spi-builder-workspace/Sources/SwiftClockUI/Environment/ClockStyleEnvironment.swift /Users/admin/builder/spi-builder-workspace/Sources/SwiftClockUI/Extensions/Angle+Circle.swift /Users/admin/builder/spi-builder-workspace/Sources/SwiftClockUI/Extensions/CGPoint+Circle.swift /Users/admin/builder/spi-builder-workspace/Sources/SwiftClockUI/Extensions/CGRect+Circle.swift /Users/admin/builder/spi-builder-workspace/Sources/SwiftClockUI/Extensions/Color+Background.swift /Users/admin/builder/spi-builder-workspace/Sources/SwiftClockUI/Extensions/Date+Clock.swift /Users/admin/builder/spi-builder-workspace/Sources/SwiftClockUI/Extensions/Double+Time.swift /Users/admin/builder/spi-builder-workspace/Sources/SwiftClockUI/Extensions/GeometryProxy+Diameter.swift /Users/admin/builder/spi-builder-workspace/Sources/SwiftClockUI/Extensions/NSBezierPath+CGPath.swift /Users/admin/builder/spi-builder-workspace/Sources/SwiftClockUI/Extensions/Path+Circle.swift /Users/admin/builder/spi-builder-workspace/Sources/SwiftClockUI/Extensions/Path+VerticalMirror.swift /Users/admin/builder/spi-builder-workspace/Sources/SwiftClockUI/Face/ClockFaceEnvironment.swift /Users/admin/builder/spi-builder-workspace/Sources/SwiftClockUI/Face/ClockFaceView.swift /Users/admin/builder/spi-builder-workspace/Sources/SwiftClockUI/Face/Eye.swift /Users/admin/builder/spi-builder-workspace/Sources/SwiftClockUI/Face/Mouth.swift /Users/admin/builder/spi-builder-workspace/Sources/SwiftClockUI/ViewModifiers/FontProportional.swift /Users/admin/builder/spi-builder-workspace/Sources/SwiftClockUI/ViewModifiers/PositionInCircle.swift -target arm64-apple-tvos15.0 -disable-cross-import-overlay-search -load-resolved-plugin /Applications/Xcode-27.0.0-Release.Candidate.app/Contents/Developer/Platforms/AppleTVOS.platform/Developer/usr/lib/swift/host/plugins/libFoundationMacros.dylib\#/Applications/Xcode-27.0.0-Release.Candidate.app/Contents/Developer/Platforms/AppleTVOS.platform/Developer/usr/bin/swift-plugin-server\#FoundationMacros -load-resolved-plugin /Applications/Xcode-27.0.0-Release.Candidate.app/Contents/Developer/Platforms/AppleTVOS.platform/Developer/usr/lib/swift/host/plugins/libObservationMacros.dylib\#/Applications/Xcode-27.0.0-Release.Candidate.app/Contents/Developer/Platforms/AppleTVOS.platform/Developer/usr/bin/swift-plugin-server\#ObservationMacros -load-resolved-plugin /Applications/Xcode-27.0.0-Release.Candidate.app/Contents/Developer/Platforms/AppleTVOS.platform/Developer/usr/lib/swift/host/plugins/libPreviewsMacros.dylib\#/Applications/Xcode-27.0.0-Release.Candidate.app/Contents/Developer/Platforms/AppleTVOS.platform/Developer/usr/bin/swift-plugin-server\#PreviewsMacros -load-resolved-plugin /Applications/Xcode-27.0.0-Release.Candidate.app/Contents/Developer/Platforms/AppleTVOS.platform/Developer/usr/lib/swift/host/plugins/libSwiftMacros.dylib\#/Applications/Xcode-27.0.0-Release.Candidate.app/Contents/Developer/Platforms/AppleTVOS.platform/Developer/usr/bin/swift-plugin-server\#SwiftMacros -load-resolved-plugin /Applications/Xcode-27.0.0-Release.Candidate.app/Contents/Developer/Platforms/AppleTVOS.platform/Developer/usr/lib/swift/host/plugins/libSwiftUIMacros.dylib\#/Applications/Xcode-27.0.0-Release.Candidate.app/Contents/Developer/Platforms/AppleTVOS.platform/Developer/usr/bin/swift-plugin-server\#SwiftUIMacros -disable-implicit-swift-modules -Xcc -fno-implicit-modules -Xcc -fno-implicit-module-maps -explicit-swift-module-map-file /Users/admin/builder/spi-builder-workspace/.derivedData/Build/Intermediates.noindex/SwiftClockUI.build/Debug-appletvos/SwiftClockUI-t.build/Objects-normal/arm64/SwiftClockUI-dependencies-1.json -Xllvm -aarch64-use-tbi -enable-objc-interop -stack-check -sdk /Applications/Xcode-27.0.0-Release.Candidate.app/Contents/Developer/Platforms/AppleTVOS.platform/Developer/SDKs/AppleTVOS27.0.sdk -I /Users/admin/builder/spi-builder-workspace/.derivedData/Build/Products/Debug-appletvos -Isystem /Applications/Xcode-27.0.0-Release.Candidate.app/Contents/Developer/Platforms/AppleTVOS.platform/Developer/usr/lib -F /Users/admin/builder/spi-builder-workspace/.derivedData/Build/Products/Debug-appletvos -F /Applications/Xcode-27.0.0-Release.Candidate.app/Contents/Developer/Platforms/AppleTVOS.platform/Developer/Library/Frameworks -F /Applications/Xcode-27.0.0-Release.Candidate.app/Contents/Developer/Platforms/AppleTVOS.platform/Developer/SDKs/AppleTVOS27.0.sdk/Developer/Library/Frameworks -module-cache-path /Users/admin/builder/spi-builder-workspace/.derivedData/Build/Intermediates.noindex/SwiftExplicitPrecompiledModules -no-color-diagnostics -Xcc -fno-color-diagnostics -enable-testing -g -debug-info-format\=dwarf -dwarf-version\=4 -profile-generate -profile-coverage-mapping -swift-version 5 -Onone -D SWIFT_PACKAGE -D DEBUG -D SWIFT_MODULE_RESOURCE_BUNDLE_UNAVAILABLE -D Xcode -serialize-debugging-options -enable-experimental-feature DebugDescriptionMacro -empty-abi-descriptor -validate-clang-modules-once -clang-build-session-file /Users/admin/builder/spi-builder-workspace/.derivedData/ModuleCache.noindex/Session.modulevalidation -Xcc -working-directory -Xcc /Users/admin/builder/spi-builder-workspace/.swiftpm/xcode -enable-anonymous-context-mangled-names -file-compilation-dir /Users/admin/builder/spi-builder-workspace/.swiftpm/xcode -Xcc -D_LIBCPP_HARDENING_MODE\=_LIBCPP_HARDENING_MODE_DEBUG -Xcc -ivfsstatcache -Xcc /Users/admin/builder/spi-builder-workspace/.derivedData/SDKStatCaches.noindex/appletvos27.0-24J360-e829b21a6f8c9b70876ba0858053c044b32bfd8d43560033f8d89884cdb90028.sdkstatcache -Xcc -fmodules-prune-interval\=86400 -Xcc -fmodules-prune-after\=345600 -Xcc -I/Users/admin/builder/spi-builder-workspace/.derivedData/Build/Products/Debug-appletvos/include -Xcc -I/Users/admin/builder/spi-builder-workspace/.derivedData/Build/Intermediates.noindex/SwiftClockUI.build/Debug-appletvos/SwiftClockUI-t.build/DerivedSources-normal/arm64 -Xcc -I/Users/admin/builder/spi-builder-workspace/.derivedData/Build/Intermediates.noindex/SwiftClockUI.build/Debug-appletvos/SwiftClockUI-t.build/DerivedSources/arm64 -Xcc -I/Users/admin/builder/spi-builder-workspace/.derivedData/Build/Intermediates.noindex/SwiftClockUI.build/Debug-appletvos/SwiftClockUI-t.build/DerivedSources -Xcc -DSWIFT_PACKAGE -Xcc -DDEBUG\=1 -no-auto-bridging-header-chaining -module-name SwiftClockUI -const-gather-protocols-file /Users/admin/builder/spi-builder-workspace/.derivedData/Build/Intermediates.noindex/SwiftClockUI.build/Debug-appletvos/SwiftClockUI-t.build/Objects-normal/arm64/SwiftClockUI_const_extract_protocols.json -disable-clang-spi -clang-target arm64-apple-tvos27.0 -target-sdk-version 27.0 -target-sdk-name appletvos27.0 -in-process-plugin-server-path /Applications/Xcode-27.0.0-Release.Candidate.app/Contents/Developer/Toolchains/XcodeDefault.xctoolchain/usr/lib/swift/host/libSwiftInProcPluginServer.dylib -emit-module-doc-path /Users/admin/builder/spi-builder-workspace/.derivedData/Build/Intermediates.noindex/SwiftClockUI.build/Debug-appletvos/SwiftClockUI-t.build/Objects-normal/arm64/SwiftClockUI.swiftdoc -emit-module-source-info-path /Users/admin/builder/spi-builder-workspace/.derivedData/Build/Intermediates.noindex/SwiftClockUI.build/Debug-appletvos/SwiftClockUI-t.build/Objects-normal/arm64/SwiftClockUI.swiftsourceinfo -emit-objc-header-path /Users/admin/builder/spi-builder-workspace/.derivedData/Build/Intermediates.noindex/SwiftClockUI.build/Debug-appletvos/SwiftClockUI-t.build/Objects-normal/arm64/SwiftClockUI-Swift.h -serialize-diagnostics-path /Users/admin/builder/spi-builder-workspace/.derivedData/Build/Intermediates.noindex/SwiftClockUI.build/Debug-appletvos/SwiftClockUI-t.build/Objects-normal/arm64/SwiftClockUI-primary-emit-module.dia -emit-dependencies-path /Users/admin/builder/spi-builder-workspace/.derivedData/Build/Intermediates.noindex/SwiftClockUI.build/Debug-appletvos/SwiftClockUI-t.build/Objects-normal/arm64/SwiftClockUI-primary-emit-module.d -parse-as-library -o /Users/admin/builder/spi-builder-workspace/.derivedData/Build/Intermediates.noindex/SwiftClockUI.build/Debug-appletvos/SwiftClockUI-t.build/Objects-normal/arm64/SwiftClockUI.swiftmodule -emit-abi-descriptor-path /Users/admin/builder/spi-builder-workspace/.derivedData/Build/Intermediates.noindex/SwiftClockUI.build/Debug-appletvos/SwiftClockUI-t.build/Objects-normal/arm64/SwiftClockUI.abi.json
SwiftCompile normal arm64 (in target 'SwiftClockUI' from project 'SwiftClockUI')
cd /Users/admin/builder/spi-builder-workspace/.swiftpm/xcode
SwiftCompile normal arm64 Compiling\ DrawnArm.swift,\ SteampunkArm.swift,\ Arms.swift,\ ArtNouveauClockBorder.swift,\ ClassicClockBorder.swift /Users/admin/builder/spi-builder-workspace/Sources/SwiftClockUI/Elements/Arm/DrawnArm.swift /Users/admin/builder/spi-builder-workspace/Sources/SwiftClockUI/Elements/Arm/SteampunkArm.swift /Users/admin/builder/spi-builder-workspace/Sources/SwiftClockUI/Elements/Arms.swift /Users/admin/builder/spi-builder-workspace/Sources/SwiftClockUI/Elements/Borders/ArtNouveauClockBorder.swift /Users/admin/builder/spi-builder-workspace/Sources/SwiftClockUI/Elements/Borders/ClassicClockBorder.swift (in target 'SwiftClockUI' from project 'SwiftClockUI')
/Users/admin/builder/spi-builder-workspace/Sources/SwiftClockUI/Elements/Arm/DrawnArm.swift:26:9: warning: stored property 'controlRatios' of 'Sendable'-conforming struct 'DrawnArmShape' has non-Sendable type 'Random.ControlRatio'; this is an error in the Swift 6 language mode
24 | let type: ArmType
25 | var drawStep: CGFloat
26 | let controlRatios: Random.ControlRatio
| `- warning: stored property 'controlRatios' of 'Sendable'-conforming struct 'DrawnArmShape' has non-Sendable type 'Random.ControlRatio'; this is an error in the Swift 6 language mode
27 |
28 | var animatableData: CGFloat {
/Users/admin/builder/spi-builder-workspace/Sources/SwiftClockUI/Environment/ClockRandomEnvironment.swift:34:12: note: consider making struct 'ControlRatio' conform to the 'Sendable' protocol
32 |
33 | public extension Random {
34 | struct ControlRatio {
| `- note: consider making struct 'ControlRatio' conform to the 'Sendable' protocol
35 | let leftX: CGFloat
36 | let leftY: CGFloat
/Users/admin/builder/spi-builder-workspace/Sources/SwiftClockUI/Elements/Arm/DrawnArm.swift:128:17: error: 'Slider' is unavailable in tvOS
126 | )
127 | }
128 | Slider(value: $drawStep)
| `- error: 'Slider' is unavailable in tvOS
129 | }.padding()
130 | }
SwiftUI.Slider:3:27: note: 'Slider' has been explicitly marked unavailable here
1 | @available(iOS 13.0, macOS 10.15, watchOS 6.0, *)
2 | @available(tvOS, unavailable)
3 | nonisolated public struct Slider<Label, ValueLabel> : View, ~Sendable where Label : View, ValueLabel : View {
| `- note: 'Slider' has been explicitly marked unavailable here
4 | nonisolated public var body: some View { get }
5 | @available(macOS 10.15, iOS 13.0, watchOS 6.0, *)
SwiftCompile normal arm64 /Users/admin/builder/spi-builder-workspace/Sources/SwiftClockUI/Elements/Arm/DrawnArm.swift (in target 'SwiftClockUI' from project 'SwiftClockUI')
cd /Users/admin/builder/spi-builder-workspace/.swiftpm/xcode
builtin-SwiftPerFileCompile DrawnArm.swift
SwiftCompile normal arm64 /Users/admin/builder/spi-builder-workspace/Sources/SwiftClockUI/Elements/Arm/SteampunkArm.swift (in target 'SwiftClockUI' from project 'SwiftClockUI')
cd /Users/admin/builder/spi-builder-workspace/.swiftpm/xcode
builtin-SwiftPerFileCompile SteampunkArm.swift
SwiftCompile normal arm64 /Users/admin/builder/spi-builder-workspace/Sources/SwiftClockUI/Elements/Arms.swift (in target 'SwiftClockUI' from project 'SwiftClockUI')
cd /Users/admin/builder/spi-builder-workspace/.swiftpm/xcode
builtin-SwiftPerFileCompile Arms.swift
SwiftCompile normal arm64 /Users/admin/builder/spi-builder-workspace/Sources/SwiftClockUI/Elements/Borders/ArtNouveauClockBorder.swift (in target 'SwiftClockUI' from project 'SwiftClockUI')
cd /Users/admin/builder/spi-builder-workspace/.swiftpm/xcode
builtin-SwiftPerFileCompile ArtNouveauClockBorder.swift
SwiftCompile normal arm64 /Users/admin/builder/spi-builder-workspace/Sources/SwiftClockUI/Elements/Borders/ClassicClockBorder.swift (in target 'SwiftClockUI' from project 'SwiftClockUI')
cd /Users/admin/builder/spi-builder-workspace/.swiftpm/xcode
builtin-SwiftPerFileCompile ClassicClockBorder.swift
SwiftCompile normal arm64 Compiling\ ClockAnimationEnabled.swift,\ ClockArmColorsEnvironment.swift,\ ClockBorderColorEnvironment.swift,\ ClockConfigurationEnvironment.swift,\ ClockDateEnvironment.swift /Users/admin/builder/spi-builder-workspace/Sources/SwiftClockUI/Environment/ClockAnimationEnabled.swift /Users/admin/builder/spi-builder-workspace/Sources/SwiftClockUI/Environment/ClockArmColorsEnvironment.swift /Users/admin/builder/spi-builder-workspace/Sources/SwiftClockUI/Environment/ClockBorderColorEnvironment.swift /Users/admin/builder/spi-builder-workspace/Sources/SwiftClockUI/Environment/ClockConfigurationEnvironment.swift /Users/admin/builder/spi-builder-workspace/Sources/SwiftClockUI/Environment/ClockDateEnvironment.swift (in target 'SwiftClockUI' from project 'SwiftClockUI')
SwiftCompile normal arm64 /Users/admin/builder/spi-builder-workspace/Sources/SwiftClockUI/Environment/ClockAnimationEnabled.swift (in target 'SwiftClockUI' from project 'SwiftClockUI')
cd /Users/admin/builder/spi-builder-workspace/.swiftpm/xcode
builtin-SwiftPerFileCompile ClockAnimationEnabled.swift
SwiftCompile normal arm64 /Users/admin/builder/spi-builder-workspace/Sources/SwiftClockUI/Environment/ClockArmColorsEnvironment.swift (in target 'SwiftClockUI' from project 'SwiftClockUI')
cd /Users/admin/builder/spi-builder-workspace/.swiftpm/xcode
builtin-SwiftPerFileCompile ClockArmColorsEnvironment.swift
SwiftCompile normal arm64 /Users/admin/builder/spi-builder-workspace/Sources/SwiftClockUI/Environment/ClockBorderColorEnvironment.swift (in target 'SwiftClockUI' from project 'SwiftClockUI')
cd /Users/admin/builder/spi-builder-workspace/.swiftpm/xcode
builtin-SwiftPerFileCompile ClockBorderColorEnvironment.swift
SwiftCompile normal arm64 /Users/admin/builder/spi-builder-workspace/Sources/SwiftClockUI/Environment/ClockConfigurationEnvironment.swift (in target 'SwiftClockUI' from project 'SwiftClockUI')
cd /Users/admin/builder/spi-builder-workspace/.swiftpm/xcode
builtin-SwiftPerFileCompile ClockConfigurationEnvironment.swift
SwiftCompile normal arm64 /Users/admin/builder/spi-builder-workspace/Sources/SwiftClockUI/Environment/ClockDateEnvironment.swift (in target 'SwiftClockUI' from project 'SwiftClockUI')
cd /Users/admin/builder/spi-builder-workspace/.swiftpm/xcode
builtin-SwiftPerFileCompile ClockDateEnvironment.swift
PruneExplicitPrecompiledModules /Users/admin/builder/spi-builder-workspace/.derivedData/SDKExplicitPrecompiledModules
PruneExplicitPrecompiledModules /Users/admin/builder/spi-builder-workspace/.derivedData/Build/Intermediates.noindex/SwiftExplicitPrecompiledModules
PruneExplicitPrecompiledModules /Users/admin/builder/spi-builder-workspace/.derivedData/Build/Intermediates.noindex/ExplicitPrecompiledModules
2026-09-18 21:14:43.374 xcodebuild[953:5676] [MT] IDERunDestination: Supported platforms for the buildables in the current scheme is empty.
** BUILD FAILED **
The following build commands failed:
SwiftEmitModule normal arm64 Emitting\ module\ for\ SwiftClockUI (in target 'SwiftClockUI' from project 'SwiftClockUI')
SwiftCompile normal arm64 (in target 'SwiftClockUI' from project 'SwiftClockUI')
Building workspace SwiftClockUI with scheme SwiftClockUI
(3 failures)
BUILD FAILURE 6.4 tvOS