The Swift Package Index logo.Swift Package Index

Build Information

Failed to build IMGLYUI, reference 1.84.0-rc.1 (3f5a2f), with Swift 6.3 for Wasm on 9 Oct 2026 06:36:15 UTC.

Build Command

bash -c docker run --pull=always --rm -v "checkouts-54344843-1":/host -w "$PWD" -e JAVA_HOME="/root/.sdkman/candidates/java/current" -e SPI_BUILD="1" -e SPI_PROCESSING="1" registry.gitlab.com/saguaro1/spi-images:wasm-6.3-latest swift build --swift-sdk swift-6.3.2-RELEASE_wasm 2>&1

Build Log

========================================
RunAll
========================================
Builder version: 5.1.1
Interrupt handler set up.
========================================
Checkout
========================================
Clone URL: https://github.com/imgly/IMGLYUI-swift.git
Reference: 1.84.0-rc.1
Initialized empty Git repository in /host/spi-builder-workspace/.git/
hint: Using 'master' as the name for the initial branch. This default branch name
hint: is subject to change. To configure the initial branch name to use in all
hint: of your new repositories, which will suppress this warning, call:
hint:
hint: 	git config --global init.defaultBranch <name>
hint:
hint: Names commonly chosen instead of 'master' are 'main', 'trunk' and
hint: 'development'. The just-created branch can be renamed via this command:
hint:
hint: 	git branch -m <name>
From https://github.com/imgly/IMGLYUI-swift
 * tag               1.84.0-rc.1 -> FETCH_HEAD
HEAD is now at 3f5a2f6 IMGLYUI version 1.84.0-rc.1
Cloned https://github.com/imgly/IMGLYUI-swift.git
Revision (git rev-parse @):
3f5a2f60d4fdee72b1eb9ba82edc1ce4a3724a94
SUCCESS checkout https://github.com/imgly/IMGLYUI-swift.git at 1.84.0-rc.1
========================================
Build
========================================
Selected platform:         wasm
Swift version:             6.3
Building package at path:  $PWD
https://github.com/imgly/IMGLYUI-swift.git
Running build ...
bash -c docker run --pull=always --rm -v "checkouts-54344843-1":/host -w "$PWD" -e JAVA_HOME="/root/.sdkman/candidates/java/current" -e SPI_BUILD="1" -e SPI_PROCESSING="1" registry.gitlab.com/saguaro1/spi-images:wasm-6.3-latest swift build --swift-sdk swift-6.3.2-RELEASE_wasm 2>&1
wasm-6.3-latest: Pulling from saguaro1/spi-images
Digest: sha256:df2e9038ff906af397ec7b7e13902ccb183f8867606bc33419e44453a9abdb4b
Status: Image is up to date for registry.gitlab.com/saguaro1/spi-images:wasm-6.3-latest
Fetching https://github.com/siteline/SwiftUI-Introspect.git
Fetching https://github.com/onevcat/Kingfisher.git
Fetching https://github.com/imgly/IMGLYEngine-swift.git
[1/1492] Fetching imglyengine-swift
Fetched https://github.com/imgly/IMGLYEngine-swift.git from cache (0.44s)
[1/12928] Fetching swiftui-introspect
[2/47009] Fetching swiftui-introspect, kingfisher
Fetched https://github.com/siteline/SwiftUI-Introspect.git from cache (2.07s)
Fetched https://github.com/onevcat/Kingfisher.git from cache (2.11s)
Computing version for https://github.com/siteline/SwiftUI-Introspect.git
Computed https://github.com/siteline/SwiftUI-Introspect.git at 26.2.0 (2.27s)
Computing version for https://github.com/onevcat/Kingfisher.git
Computed https://github.com/onevcat/Kingfisher.git at 8.13.0 (0.14s)
Computing version for https://github.com/imgly/IMGLYEngine-swift.git
Computed https://github.com/imgly/IMGLYEngine-swift.git at 1.84.0-rc.1 (0.13s)
Creating working copy for https://github.com/imgly/IMGLYEngine-swift.git
Working copy of https://github.com/imgly/IMGLYEngine-swift.git resolved at 1.84.0-rc.1
Creating working copy for https://github.com/siteline/SwiftUI-Introspect.git
Working copy of https://github.com/siteline/SwiftUI-Introspect.git resolved at 26.2.0
Creating working copy for https://github.com/onevcat/Kingfisher.git
Working copy of https://github.com/onevcat/Kingfisher.git resolved at 8.13.0
Downloading binary artifact https://cdn.img.ly/packages/imgly/cesdk-swift/1.84.0-rc.1/IMGLYEngine-v1.84.0-rc.1.xcframework.zip
[10934/540131765] Downloading https://cdn.img.ly/packages/imgly/cesdk-swift/1.84.0-rc.1/IMGLYEngine-v1.84.0-rc.1.xcframework.zip
Downloaded https://cdn.img.ly/packages/imgly/cesdk-swift/1.84.0-rc.1/IMGLYEngine-v1.84.0-rc.1.xcframework.zip (40.26s)
warning: 'spi-builder-workspace': found 2 file(s) which are unhandled; explicitly declare them as resources or exclude from the target
    /host/spi-builder-workspace/Sources/IMGLYCamera/Assets.xcassets
    /host/spi-builder-workspace/Sources/IMGLYCamera/IMGLYCamera.xcstrings
warning: 'spi-builder-workspace': found 1 file(s) which are unhandled; explicitly declare them as resources or exclude from the target
    /host/spi-builder-workspace/Sources/IMGLYEditor/Assets.xcassets
warning: 'spi-builder-workspace': found 3 file(s) which are unhandled; explicitly declare them as resources or exclude from the target
    /host/spi-builder-workspace/Sources/IMGLYCoreUI/IMGLYEngine.xcstrings
    /host/spi-builder-workspace/Sources/IMGLYCoreUI/IMGLYEditor.xcstrings
    /host/spi-builder-workspace/Sources/IMGLYCoreUI/Assets.xcassets
Building for debugging...
[0/13] Copying PrivacyInfo.xcprivacy
[1/13] Write sources
[12/13] Write swift-version-24593BA9C3E375BF.txt
error: emit-module command failed with exit code 1 (use -v to see invocation)
[14/169] Emitting module SwiftUIIntrospect
/host/spi-builder-workspace/.build/checkouts/SwiftUI-Introspect/Sources/Introspect.swift:2:15: error: no such module 'SwiftUI'
  1 | #if !os(watchOS)
  2 | public import SwiftUI
    |               `- error: no such module 'SwiftUI'
  3 |
  4 | /// The scope of introspection i.e. where introspect should look to find
error: emit-module command failed with exit code 1 (use -v to see invocation)
[15/176] Emitting module Kingfisher
/host/spi-builder-workspace/.build/checkouts/Kingfisher/Sources/Cache/CacheSerializer.swift:28:8: error: no such module 'CoreGraphics'
 26 |
 27 | import Foundation
 28 | import CoreGraphics
    |        `- error: no such module 'CoreGraphics'
 29 | #if os(macOS)
 30 | import AppKit
[16/184] Compiling Kingfisher SessionDelegate.swift
/host/spi-builder-workspace/.build/checkouts/SwiftUI-Introspect/Sources/Introspect.swift:2:15: error: no such module 'SwiftUI'
  1 | #if !os(watchOS)
  2 | public import SwiftUI
    |               `- error: no such module 'SwiftUI'
  3 |
  4 | /// The scope of introspection i.e. where introspect should look to find
[17/184] Compiling Kingfisher ImageBinder.swift
/host/spi-builder-workspace/.build/checkouts/SwiftUI-Introspect/Sources/Introspect.swift:2:15: error: no such module 'SwiftUI'
  1 | #if !os(watchOS)
  2 | public import SwiftUI
    |               `- error: no such module 'SwiftUI'
  3 |
  4 | /// The scope of introspection i.e. where introspect should look to find
[18/184] Compiling Kingfisher ImageContext.swift
/host/spi-builder-workspace/.build/checkouts/SwiftUI-Introspect/Sources/Introspect.swift:2:15: error: no such module 'SwiftUI'
  1 | #if !os(watchOS)
  2 | public import SwiftUI
    |               `- error: no such module 'SwiftUI'
  3 |
  4 | /// The scope of introspection i.e. where introspect should look to find
[19/184] Compiling Kingfisher KFAnimatedImage.swift
/host/spi-builder-workspace/.build/checkouts/SwiftUI-Introspect/Sources/Introspect.swift:2:15: error: no such module 'SwiftUI'
  1 | #if !os(watchOS)
  2 | public import SwiftUI
    |               `- error: no such module 'SwiftUI'
  3 |
  4 | /// The scope of introspection i.e. where introspect should look to find
[20/184] Compiling Kingfisher Placeholder.swift
/host/spi-builder-workspace/.build/checkouts/SwiftUI-Introspect/Sources/Introspect.swift:2:15: error: no such module 'SwiftUI'
  1 | #if !os(watchOS)
  2 | public import SwiftUI
    |               `- error: no such module 'SwiftUI'
  3 |
  4 | /// The scope of introspection i.e. where introspect should look to find
[21/184] Compiling Kingfisher AuthenticationChallengeResponsable.swift
/host/spi-builder-workspace/.build/checkouts/SwiftUI-Introspect/Sources/Introspect.swift:2:15: error: no such module 'SwiftUI'
  1 | #if !os(watchOS)
  2 | public import SwiftUI
    |               `- error: no such module 'SwiftUI'
  3 |
  4 | /// The scope of introspection i.e. where introspect should look to find
[22/184] Compiling Kingfisher ImageDataProcessor.swift
/host/spi-builder-workspace/.build/checkouts/SwiftUI-Introspect/Sources/Introspect.swift:2:15: error: no such module 'SwiftUI'
  1 | #if !os(watchOS)
  2 | public import SwiftUI
    |               `- error: no such module 'SwiftUI'
  3 |
  4 | /// The scope of introspection i.e. where introspect should look to find
[23/184] Compiling Kingfisher ImageDownloader+LivePhoto.swift
/host/spi-builder-workspace/.build/checkouts/SwiftUI-Introspect/Sources/Introspect.swift:2:15: error: no such module 'SwiftUI'
  1 | #if !os(watchOS)
  2 | public import SwiftUI
    |               `- error: no such module 'SwiftUI'
  3 |
  4 | /// The scope of introspection i.e. where introspect should look to find
[24/184] Compiling Kingfisher ImageDownloader.swift
/host/spi-builder-workspace/.build/checkouts/SwiftUI-Introspect/Sources/Introspect.swift:2:15: error: no such module 'SwiftUI'
  1 | #if !os(watchOS)
  2 | public import SwiftUI
    |               `- error: no such module 'SwiftUI'
  3 |
  4 | /// The scope of introspection i.e. where introspect should look to find
[25/184] Compiling Kingfisher ImageDownloaderDelegate.swift
/host/spi-builder-workspace/.build/checkouts/SwiftUI-Introspect/Sources/Introspect.swift:2:15: error: no such module 'SwiftUI'
  1 | #if !os(watchOS)
  2 | public import SwiftUI
    |               `- error: no such module 'SwiftUI'
  3 |
  4 | /// The scope of introspection i.e. where introspect should look to find
[26/184] Compiling Kingfisher ImageModifier.swift
/host/spi-builder-workspace/.build/checkouts/SwiftUI-Introspect/Sources/Introspect.swift:2:15: error: no such module 'SwiftUI'
  1 | #if !os(watchOS)
  2 | public import SwiftUI
    |               `- error: no such module 'SwiftUI'
  3 |
  4 | /// The scope of introspection i.e. where introspect should look to find
[27/184] Compiling Kingfisher ImagePrefetcher.swift
/host/spi-builder-workspace/.build/checkouts/SwiftUI-Introspect/Sources/Introspect.swift:2:15: error: no such module 'SwiftUI'
  1 | #if !os(watchOS)
  2 | public import SwiftUI
    |               `- error: no such module 'SwiftUI'
  3 |
  4 | /// The scope of introspection i.e. where introspect should look to find
[28/184] Compiling Kingfisher NetworkMetrics.swift
/host/spi-builder-workspace/.build/checkouts/SwiftUI-Introspect/Sources/Introspect.swift:2:15: error: no such module 'SwiftUI'
  1 | #if !os(watchOS)
  2 | public import SwiftUI
    |               `- error: no such module 'SwiftUI'
  3 |
  4 | /// The scope of introspection i.e. where introspect should look to find
[29/184] Compiling Kingfisher KFImage.swift
/host/spi-builder-workspace/.build/checkouts/SwiftUI-Introspect/Sources/Introspect.swift:2:15: error: no such module 'SwiftUI'
  1 | #if !os(watchOS)
  2 | public import SwiftUI
    |               `- error: no such module 'SwiftUI'
  3 |
  4 | /// The scope of introspection i.e. where introspect should look to find
[30/184] Compiling Kingfisher KFImageOptions.swift
/host/spi-builder-workspace/.build/checkouts/SwiftUI-Introspect/Sources/Introspect.swift:2:15: error: no such module 'SwiftUI'
  1 | #if !os(watchOS)
  2 | public import SwiftUI
    |               `- error: no such module 'SwiftUI'
  3 |
  4 | /// The scope of introspection i.e. where introspect should look to find
[31/184] Compiling SwiftUIIntrospect ToggleWithSwitchStyle.swift
/host/spi-builder-workspace/.build/checkouts/SwiftUI-Introspect/Sources/Introspect.swift:2:15: error: no such module 'SwiftUI'
  1 | #if !os(watchOS)
  2 | public import SwiftUI
    |               `- error: no such module 'SwiftUI'
  3 |
  4 | /// The scope of introspection i.e. where introspect should look to find
[32/184] Compiling SwiftUIIntrospect VideoPlayer.swift
/host/spi-builder-workspace/.build/checkouts/SwiftUI-Introspect/Sources/Introspect.swift:2:15: error: no such module 'SwiftUI'
  1 | #if !os(watchOS)
  2 | public import SwiftUI
    |               `- error: no such module 'SwiftUI'
  3 |
  4 | /// The scope of introspection i.e. where introspect should look to find
[33/184] Compiling SwiftUIIntrospect View.swift
/host/spi-builder-workspace/.build/checkouts/SwiftUI-Introspect/Sources/Introspect.swift:2:15: error: no such module 'SwiftUI'
  1 | #if !os(watchOS)
  2 | public import SwiftUI
    |               `- error: no such module 'SwiftUI'
  3 |
  4 | /// The scope of introspection i.e. where introspect should look to find
[34/184] Compiling SwiftUIIntrospect ViewController.swift
/host/spi-builder-workspace/.build/checkouts/SwiftUI-Introspect/Sources/Introspect.swift:2:15: error: no such module 'SwiftUI'
  1 | #if !os(watchOS)
  2 | public import SwiftUI
    |               `- error: no such module 'SwiftUI'
  3 |
  4 | /// The scope of introspection i.e. where introspect should look to find
[35/184] Compiling SwiftUIIntrospect WebView.swift
/host/spi-builder-workspace/.build/checkouts/SwiftUI-Introspect/Sources/Introspect.swift:2:15: error: no such module 'SwiftUI'
  1 | #if !os(watchOS)
  2 | public import SwiftUI
    |               `- error: no such module 'SwiftUI'
  3 |
  4 | /// The scope of introspection i.e. where introspect should look to find
[36/184] Compiling SwiftUIIntrospect Window.swift
/host/spi-builder-workspace/.build/checkouts/SwiftUI-Introspect/Sources/Introspect.swift:2:15: error: no such module 'SwiftUI'
  1 | #if !os(watchOS)
  2 | public import SwiftUI
    |               `- error: no such module 'SwiftUI'
  3 |
  4 | /// The scope of introspection i.e. where introspect should look to find
[37/184] Compiling SwiftUIIntrospect Weak.swift
/host/spi-builder-workspace/.build/checkouts/SwiftUI-Introspect/Sources/Introspect.swift:2:15: error: no such module 'SwiftUI'
  1 | #if !os(watchOS)
  2 | public import SwiftUI
    |               `- error: no such module 'SwiftUI'
  3 |
  4 | /// The scope of introspection i.e. where introspect should look to find
[38/184] Compiling Kingfisher ImageView+Kingfisher.swift
/host/spi-builder-workspace/.build/checkouts/SwiftUI-Introspect/Sources/Introspect.swift:2:15: error: no such module 'SwiftUI'
  1 | #if !os(watchOS)
  2 | public import SwiftUI
    |               `- error: no such module 'SwiftUI'
  3 |
  4 | /// The scope of introspection i.e. where introspect should look to find
[39/184] Compiling Kingfisher NSButton+Kingfisher.swift
/host/spi-builder-workspace/.build/checkouts/SwiftUI-Introspect/Sources/Introspect.swift:2:15: error: no such module 'SwiftUI'
  1 | #if !os(watchOS)
  2 | public import SwiftUI
    |               `- error: no such module 'SwiftUI'
  3 |
  4 | /// The scope of introspection i.e. where introspect should look to find
[40/184] Compiling Kingfisher NSTextAttachment+Kingfisher.swift
/host/spi-builder-workspace/.build/checkouts/SwiftUI-Introspect/Sources/Introspect.swift:2:15: error: no such module 'SwiftUI'
  1 | #if !os(watchOS)
  2 | public import SwiftUI
    |               `- error: no such module 'SwiftUI'
  3 |
  4 | /// The scope of introspection i.e. where introspect should look to find
[41/184] Compiling Kingfisher PHLivePhotoView+Kingfisher.swift
/host/spi-builder-workspace/.build/checkouts/SwiftUI-Introspect/Sources/Introspect.swift:2:15: error: no such module 'SwiftUI'
  1 | #if !os(watchOS)
  2 | public import SwiftUI
    |               `- error: no such module 'SwiftUI'
  3 |
  4 | /// The scope of introspection i.e. where introspect should look to find
[42/184] Compiling Kingfisher UIButton+Kingfisher.swift
/host/spi-builder-workspace/.build/checkouts/SwiftUI-Introspect/Sources/Introspect.swift:2:15: error: no such module 'SwiftUI'
  1 | #if !os(watchOS)
  2 | public import SwiftUI
    |               `- error: no such module 'SwiftUI'
  3 |
  4 | /// The scope of introspection i.e. where introspect should look to find
[43/184] Compiling Kingfisher AVAssetImageDataProvider.swift
/host/spi-builder-workspace/.build/checkouts/SwiftUI-Introspect/Sources/Introspect.swift:2:15: error: no such module 'SwiftUI'
  1 | #if !os(watchOS)
  2 | public import SwiftUI
    |               `- error: no such module 'SwiftUI'
  3 |
  4 | /// The scope of introspection i.e. where introspect should look to find
[44/184] Compiling Kingfisher ImageDataProvider.swift
/host/spi-builder-workspace/.build/checkouts/SwiftUI-Introspect/Sources/Introspect.swift:2:15: error: no such module 'SwiftUI'
  1 | #if !os(watchOS)
  2 | public import SwiftUI
    |               `- error: no such module 'SwiftUI'
  3 |
  4 | /// The scope of introspection i.e. where introspect should look to find
[45/184] Compiling Kingfisher LivePhotoSource.swift
/host/spi-builder-workspace/.build/checkouts/SwiftUI-Introspect/Sources/Introspect.swift:2:15: error: no such module 'SwiftUI'
  1 | #if !os(watchOS)
  2 | public import SwiftUI
    |               `- error: no such module 'SwiftUI'
  3 |
  4 | /// The scope of introspection i.e. where introspect should look to find
[46/184] Compiling Kingfisher KFImageProtocol.swift
/host/spi-builder-workspace/.build/checkouts/SwiftUI-Introspect/Sources/Introspect.swift:2:15: error: no such module 'SwiftUI'
  1 | #if !os(watchOS)
  2 | public import SwiftUI
    |               `- error: no such module 'SwiftUI'
  3 |
  4 | /// The scope of introspection i.e. where introspect should look to find
[47/184] Compiling Kingfisher KFImageRenderer.swift
/host/spi-builder-workspace/.build/checkouts/SwiftUI-Introspect/Sources/Introspect.swift:2:15: error: no such module 'SwiftUI'
  1 | #if !os(watchOS)
  2 | public import SwiftUI
    |               `- error: no such module 'SwiftUI'
  3 |
  4 | /// The scope of introspection i.e. where introspect should look to find
[48/184] Compiling Kingfisher Box.swift
/host/spi-builder-workspace/.build/checkouts/SwiftUI-Introspect/Sources/Introspect.swift:2:15: error: no such module 'SwiftUI'
  1 | #if !os(watchOS)
  2 | public import SwiftUI
    |               `- error: no such module 'SwiftUI'
  3 |
  4 | /// The scope of introspection i.e. where introspect should look to find
[49/184] Compiling Kingfisher CallbackQueue.swift
/host/spi-builder-workspace/.build/checkouts/SwiftUI-Introspect/Sources/Introspect.swift:2:15: error: no such module 'SwiftUI'
  1 | #if !os(watchOS)
  2 | public import SwiftUI
    |               `- error: no such module 'SwiftUI'
  3 |
  4 | /// The scope of introspection i.e. where introspect should look to find
[50/184] Compiling Kingfisher CancellationToken.swift
/host/spi-builder-workspace/.build/checkouts/SwiftUI-Introspect/Sources/Introspect.swift:2:15: error: no such module 'SwiftUI'
  1 | #if !os(watchOS)
  2 | public import SwiftUI
    |               `- error: no such module 'SwiftUI'
  3 |
  4 | /// The scope of introspection i.e. where introspect should look to find
[51/184] Compiling Kingfisher Delegate.swift
/host/spi-builder-workspace/.build/checkouts/SwiftUI-Introspect/Sources/Introspect.swift:2:15: error: no such module 'SwiftUI'
  1 | #if !os(watchOS)
  2 | public import SwiftUI
    |               `- error: no such module 'SwiftUI'
  3 |
  4 | /// The scope of introspection i.e. where introspect should look to find
[52/184] Compiling Kingfisher DisplayLink.swift
/host/spi-builder-workspace/.build/checkouts/SwiftUI-Introspect/Sources/Introspect.swift:2:15: error: no such module 'SwiftUI'
  1 | #if !os(watchOS)
  2 | public import SwiftUI
    |               `- error: no such module 'SwiftUI'
  3 |
  4 | /// The scope of introspection i.e. where introspect should look to find
[53/184] Compiling Kingfisher Filter.swift
/host/spi-builder-workspace/.build/checkouts/SwiftUI-Introspect/Sources/Introspect.swift:2:15: error: no such module 'SwiftUI'
  1 | #if !os(watchOS)
  2 | public import SwiftUI
    |               `- error: no such module 'SwiftUI'
  3 |
  4 | /// The scope of introspection i.e. where introspect should look to find
[54/184] Compiling Kingfisher PHPickerResultImageDataProvider.swift
/host/spi-builder-workspace/.build/checkouts/SwiftUI-Introspect/Sources/Introspect.swift:2:15: error: no such module 'SwiftUI'
  1 | #if !os(watchOS)
  2 | public import SwiftUI
    |               `- error: no such module 'SwiftUI'
  3 |
  4 | /// The scope of introspection i.e. where introspect should look to find
[55/184] Compiling Kingfisher PhotosPickerItemImageDataProvider.swift
/host/spi-builder-workspace/.build/checkouts/SwiftUI-Introspect/Sources/Introspect.swift:2:15: error: no such module 'SwiftUI'
  1 | #if !os(watchOS)
  2 | public import SwiftUI
    |               `- error: no such module 'SwiftUI'
  3 |
  4 | /// The scope of introspection i.e. where introspect should look to find
[56/184] Compiling Kingfisher Resource.swift
/host/spi-builder-workspace/.build/checkouts/SwiftUI-Introspect/Sources/Introspect.swift:2:15: error: no such module 'SwiftUI'
  1 | #if !os(watchOS)
  2 | public import SwiftUI
    |               `- error: no such module 'SwiftUI'
  3 |
  4 | /// The scope of introspection i.e. where introspect should look to find
[57/184] Compiling Kingfisher Source.swift
/host/spi-builder-workspace/.build/checkouts/SwiftUI-Introspect/Sources/Introspect.swift:2:15: error: no such module 'SwiftUI'
  1 | #if !os(watchOS)
  2 | public import SwiftUI
    |               `- error: no such module 'SwiftUI'
  3 |
  4 | /// The scope of introspection i.e. where introspect should look to find
[58/184] Compiling Kingfisher KF.swift
/host/spi-builder-workspace/.build/checkouts/SwiftUI-Introspect/Sources/Introspect.swift:2:15: error: no such module 'SwiftUI'
  1 | #if !os(watchOS)
  2 | public import SwiftUI
    |               `- error: no such module 'SwiftUI'
  3 |
  4 | /// The scope of introspection i.e. where introspect should look to find
[59/184] Compiling Kingfisher KFOptionsSetter.swift
/host/spi-builder-workspace/.build/checkouts/SwiftUI-Introspect/Sources/Introspect.swift:2:15: error: no such module 'SwiftUI'
  1 | #if !os(watchOS)
  2 | public import SwiftUI
    |               `- error: no such module 'SwiftUI'
  3 |
  4 | /// The scope of introspection i.e. where introspect should look to find
[60/184] Compiling Kingfisher Kingfisher.swift
/host/spi-builder-workspace/.build/checkouts/SwiftUI-Introspect/Sources/Introspect.swift:2:15: error: no such module 'SwiftUI'
  1 | #if !os(watchOS)
  2 | public import SwiftUI
    |               `- error: no such module 'SwiftUI'
  3 |
  4 | /// The scope of introspection i.e. where introspect should look to find
[61/184] Compiling Kingfisher KingfisherError.swift
/host/spi-builder-workspace/.build/checkouts/SwiftUI-Introspect/Sources/Introspect.swift:2:15: error: no such module 'SwiftUI'
  1 | #if !os(watchOS)
  2 | public import SwiftUI
    |               `- error: no such module 'SwiftUI'
  3 |
  4 | /// The scope of introspection i.e. where introspect should look to find
[62/184] Compiling Kingfisher KingfisherManager+LivePhoto.swift
/host/spi-builder-workspace/.build/checkouts/SwiftUI-Introspect/Sources/Introspect.swift:2:15: error: no such module 'SwiftUI'
  1 | #if !os(watchOS)
  2 | public import SwiftUI
    |               `- error: no such module 'SwiftUI'
  3 |
  4 | /// The scope of introspection i.e. where introspect should look to find
[63/184] Compiling Kingfisher KingfisherManager.swift
/host/spi-builder-workspace/.build/checkouts/SwiftUI-Introspect/Sources/Introspect.swift:2:15: error: no such module 'SwiftUI'
  1 | #if !os(watchOS)
  2 | public import SwiftUI
    |               `- error: no such module 'SwiftUI'
  3 |
  4 | /// The scope of introspection i.e. where introspect should look to find
[64/184] Compiling Kingfisher KingfisherOptionsInfo.swift
/host/spi-builder-workspace/.build/checkouts/SwiftUI-Introspect/Sources/Introspect.swift:2:15: error: no such module 'SwiftUI'
  1 | #if !os(watchOS)
  2 | public import SwiftUI
    |               `- error: no such module 'SwiftUI'
  3 |
  4 | /// The scope of introspection i.e. where introspect should look to find
[65/184] Compiling Kingfisher NetworkMonitor.swift
/host/spi-builder-workspace/.build/checkouts/SwiftUI-Introspect/Sources/Introspect.swift:2:15: error: no such module 'SwiftUI'
  1 | #if !os(watchOS)
  2 | public import SwiftUI
    |               `- error: no such module 'SwiftUI'
  3 |
  4 | /// The scope of introspection i.e. where introspect should look to find
[66/184] Compiling Kingfisher RedirectHandler.swift
/host/spi-builder-workspace/.build/checkouts/SwiftUI-Introspect/Sources/Introspect.swift:2:15: error: no such module 'SwiftUI'
  1 | #if !os(watchOS)
  2 | public import SwiftUI
    |               `- error: no such module 'SwiftUI'
  3 |
  4 | /// The scope of introspection i.e. where introspect should look to find
[67/184] Compiling Kingfisher RequestModifier.swift
/host/spi-builder-workspace/.build/checkouts/SwiftUI-Introspect/Sources/Introspect.swift:2:15: error: no such module 'SwiftUI'
  1 | #if !os(watchOS)
  2 | public import SwiftUI
    |               `- error: no such module 'SwiftUI'
  3 |
  4 | /// The scope of introspection i.e. where introspect should look to find
[68/184] Compiling Kingfisher RetryStrategy.swift
/host/spi-builder-workspace/.build/checkouts/SwiftUI-Introspect/Sources/Introspect.swift:2:15: error: no such module 'SwiftUI'
  1 | #if !os(watchOS)
  2 | public import SwiftUI
    |               `- error: no such module 'SwiftUI'
  3 |
  4 | /// The scope of introspection i.e. where introspect should look to find
[69/184] Compiling Kingfisher SessionDataTask.swift
/host/spi-builder-workspace/.build/checkouts/SwiftUI-Introspect/Sources/Introspect.swift:2:15: error: no such module 'SwiftUI'
  1 | #if !os(watchOS)
  2 | public import SwiftUI
    |               `- error: no such module 'SwiftUI'
  3 |
  4 | /// The scope of introspection i.e. where introspect should look to find
/host/spi-builder-workspace/.build/checkouts/Kingfisher/Sources/Cache/CacheSerializer.swift:28:8: error: no such module 'CoreGraphics'
 26 |
 27 | import Foundation
 28 | import CoreGraphics
    |        `- error: no such module 'CoreGraphics'
 29 | #if os(macOS)
 30 | import AppKit
/host/spi-builder-workspace/.build/checkouts/Kingfisher/Sources/Cache/CacheSerializer.swift:28:8: error: no such module 'CoreGraphics'
 26 |
 27 | import Foundation
 28 | import CoreGraphics
    |        `- error: no such module 'CoreGraphics'
 29 | #if os(macOS)
 30 | import AppKit
/host/spi-builder-workspace/.build/checkouts/Kingfisher/Sources/Cache/CacheSerializer.swift:28:8: error: no such module 'CoreGraphics'
 26 |
 27 | import Foundation
 28 | import CoreGraphics
    |        `- error: no such module 'CoreGraphics'
 29 | #if os(macOS)
 30 | import AppKit
/host/spi-builder-workspace/.build/checkouts/Kingfisher/Sources/Cache/CacheSerializer.swift:28:8: error: no such module 'CoreGraphics'
 26 |
 27 | import Foundation
 28 | import CoreGraphics
    |        `- error: no such module 'CoreGraphics'
 29 | #if os(macOS)
 30 | import AppKit
/host/spi-builder-workspace/.build/checkouts/Kingfisher/Sources/Cache/CacheSerializer.swift:28:8: error: no such module 'CoreGraphics'
 26 |
 27 | import Foundation
 28 | import CoreGraphics
    |        `- error: no such module 'CoreGraphics'
 29 | #if os(macOS)
 30 | import AppKit
/host/spi-builder-workspace/.build/checkouts/Kingfisher/Sources/Cache/CacheSerializer.swift:28:8: error: no such module 'CoreGraphics'
 26 |
 27 | import Foundation
 28 | import CoreGraphics
    |        `- error: no such module 'CoreGraphics'
 29 | #if os(macOS)
 30 | import AppKit
/host/spi-builder-workspace/.build/checkouts/Kingfisher/Sources/Cache/CacheSerializer.swift:28:8: error: no such module 'CoreGraphics'
 26 |
 27 | import Foundation
 28 | import CoreGraphics
    |        `- error: no such module 'CoreGraphics'
 29 | #if os(macOS)
 30 | import AppKit
/host/spi-builder-workspace/.build/checkouts/Kingfisher/Sources/Cache/CacheSerializer.swift:28:8: error: no such module 'CoreGraphics'
 26 |
 27 | import Foundation
 28 | import CoreGraphics
    |        `- error: no such module 'CoreGraphics'
 29 | #if os(macOS)
 30 | import AppKit
/host/spi-builder-workspace/.build/checkouts/Kingfisher/Sources/Cache/CacheSerializer.swift:28:8: error: no such module 'CoreGraphics'
 26 |
 27 | import Foundation
 28 | import CoreGraphics
    |        `- error: no such module 'CoreGraphics'
 29 | #if os(macOS)
 30 | import AppKit
[79/184] Compiling Kingfisher CacheSerializer.swift
/host/spi-builder-workspace/.build/checkouts/SwiftUI-Introspect/Sources/Introspect.swift:2:15: error: no such module 'SwiftUI'
  1 | #if !os(watchOS)
  2 | public import SwiftUI
    |               `- error: no such module 'SwiftUI'
  3 |
  4 | /// The scope of introspection i.e. where introspect should look to find
[80/184] Compiling Kingfisher DiskStorage.swift
/host/spi-builder-workspace/.build/checkouts/SwiftUI-Introspect/Sources/Introspect.swift:2:15: error: no such module 'SwiftUI'
  1 | #if !os(watchOS)
  2 | public import SwiftUI
    |               `- error: no such module 'SwiftUI'
  3 |
  4 | /// The scope of introspection i.e. where introspect should look to find
[81/184] Compiling Kingfisher FormatIndicatedCacheSerializer.swift
/host/spi-builder-workspace/.build/checkouts/SwiftUI-Introspect/Sources/Introspect.swift:2:15: error: no such module 'SwiftUI'
  1 | #if !os(watchOS)
  2 | public import SwiftUI
    |               `- error: no such module 'SwiftUI'
  3 |
  4 | /// The scope of introspection i.e. where introspect should look to find
[82/184] Compiling Kingfisher ImageCache.swift
/host/spi-builder-workspace/.build/checkouts/SwiftUI-Introspect/Sources/Introspect.swift:2:15: error: no such module 'SwiftUI'
  1 | #if !os(watchOS)
  2 | public import SwiftUI
    |               `- error: no such module 'SwiftUI'
  3 |
  4 | /// The scope of introspection i.e. where introspect should look to find
[83/184] Compiling Kingfisher MemoryStorage.swift
/host/spi-builder-workspace/.build/checkouts/SwiftUI-Introspect/Sources/Introspect.swift:2:15: error: no such module 'SwiftUI'
  1 | #if !os(watchOS)
  2 | public import SwiftUI
    |               `- error: no such module 'SwiftUI'
  3 |
  4 | /// The scope of introspection i.e. where introspect should look to find
[84/184] Compiling Kingfisher Storage.swift
/host/spi-builder-workspace/.build/checkouts/SwiftUI-Introspect/Sources/Introspect.swift:2:15: error: no such module 'SwiftUI'
  1 | #if !os(watchOS)
  2 | public import SwiftUI
    |               `- error: no such module 'SwiftUI'
  3 |
  4 | /// The scope of introspection i.e. where introspect should look to find
[85/184] Compiling Kingfisher CPListItem+Kingfisher.swift
/host/spi-builder-workspace/.build/checkouts/SwiftUI-Introspect/Sources/Introspect.swift:2:15: error: no such module 'SwiftUI'
  1 | #if !os(watchOS)
  2 | public import SwiftUI
    |               `- error: no such module 'SwiftUI'
  3 |
  4 | /// The scope of introspection i.e. where introspect should look to find
[86/184] Compiling Kingfisher HasImageComponent+Kingfisher.swift
/host/spi-builder-workspace/.build/checkouts/SwiftUI-Introspect/Sources/Introspect.swift:2:15: error: no such module 'SwiftUI'
  1 | #if !os(watchOS)
  2 | public import SwiftUI
    |               `- error: no such module 'SwiftUI'
  3 |
  4 | /// The scope of introspection i.e. where introspect should look to find
/host/spi-builder-workspace/Sources/IMGLYCore/Debouncer.swift:1:8: error: no such module 'Combine'
 1 | import Combine
   |        `- error: no such module 'Combine'
 2 | import Foundation
 3 |
/host/spi-builder-workspace/Sources/IMGLYCore/Debouncer.swift:1:8: error: no such module 'Combine'
 1 | import Combine
   |        `- error: no such module 'Combine'
 2 | import Foundation
 3 |
/host/spi-builder-workspace/Sources/IMGLYCore/Debouncer.swift:1:8: error: no such module 'Combine'
 1 | import Combine
   |        `- error: no such module 'Combine'
 2 | import Foundation
 3 |
/host/spi-builder-workspace/Sources/IMGLYCore/Debouncer.swift:1:8: error: no such module 'Combine'
 1 | import Combine
   |        `- error: no such module 'Combine'
 2 | import Foundation
 3 |
/host/spi-builder-workspace/Sources/IMGLYCore/Debouncer.swift:1:8: error: no such module 'Combine'
 1 | import Combine
   |        `- error: no such module 'Combine'
 2 | import Foundation
 3 |
/host/spi-builder-workspace/Sources/IMGLYCore/Debouncer.swift:1:8: error: no such module 'Combine'
 1 | import Combine
   |        `- error: no such module 'Combine'
 2 | import Foundation
 3 |
/host/spi-builder-workspace/Sources/IMGLYCore/Debouncer.swift:1:8: error: no such module 'Combine'
 1 | import Combine
   |        `- error: no such module 'Combine'
 2 | import Foundation
 3 |
/host/spi-builder-workspace/Sources/IMGLYCore/Debouncer.swift:1:8: error: no such module 'Combine'
 1 | import Combine
   |        `- error: no such module 'Combine'
 2 | import Foundation
 3 |
/host/spi-builder-workspace/Sources/IMGLYCore/Debouncer.swift:1:8: error: no such module 'Combine'
 1 | import Combine
   |        `- error: no such module 'Combine'
 2 | import Foundation
 3 |
/host/spi-builder-workspace/Sources/IMGLYCore/Debouncer.swift:1:8: error: no such module 'Combine'
 1 | import Combine
   |        `- error: no such module 'Combine'
 2 | import Foundation
 3 |
BUILD FAILURE 6.3 wasm