Build Information
Failed to build XcodeIssueReporting, reference main (76165b), with Swift 6.4 for watchOS using Xcode 27.0 on 18 Sep 2026 16:13:44 UTC.
Build Command
env DEVELOPER_DIR=/Applications/Xcode-27.0.0-Release.Candidate.app xcrun xcodebuild -IDEClonedSourcePackagesDirPathOverride=$PWD/.dependencies -skipMacroValidation -skipPackagePluginValidation -derivedDataPath $PWD/.derivedData build -scheme XcodeIssueReporting-Package -destination generic/platform=watchOSBuild Log
SwiftDriverJobDiscovery normal arm64 Emitting module for SWXMLHash (in target 'SWXMLHash' from project 'SWXMLHash')
SwiftEmitModule normal arm64_32 Emitting\ module\ for\ SWXMLHash (in target 'SWXMLHash' from project 'SWXMLHash')
SwiftCompile normal arm64_32 (in target 'SWXMLHash' from project 'SWXMLHash')
cd /Users/admin/builder/spi-builder-workspace/.swiftpm/xcode
Copy /Users/admin/builder/spi-builder-workspace/.derivedData/Build/Products/Debug-watchos/XcodeIssueReporting.swiftmodule/arm64-apple-watchos.swiftmodule /Users/admin/builder/spi-builder-workspace/.derivedData/Build/Intermediates.noindex/XcodeIssueReporting.build/Debug-watchos/XcodeIssueReporting-t.build/Objects-normal/arm64/XcodeIssueReporting.swiftmodule (in target 'XcodeIssueReporting' from project 'XcodeIssueReporting')
cd /Users/admin/builder/spi-builder-workspace
builtin-copy -exclude .DS_Store -exclude CVS -exclude .svn -exclude .git -exclude .hg -resolve-src-symlinks -rename /Users/admin/builder/spi-builder-workspace/.derivedData/Build/Intermediates.noindex/XcodeIssueReporting.build/Debug-watchos/XcodeIssueReporting-t.build/Objects-normal/arm64/XcodeIssueReporting.swiftmodule /Users/admin/builder/spi-builder-workspace/.derivedData/Build/Products/Debug-watchos/XcodeIssueReporting.swiftmodule/arm64-apple-watchos.swiftmodule
SwiftDriverJobDiscovery normal arm64_32 Emitting module for XcodeIssueReporting (in target 'XcodeIssueReporting' from project 'XcodeIssueReporting')
SwiftDriver\ Compilation\ Requirements XcodeIssueReporting normal arm64_32 com.apple.xcode.tools.swift.compiler (in target 'XcodeIssueReporting' from project 'XcodeIssueReporting')
cd /Users/admin/builder/spi-builder-workspace/.swiftpm/xcode
builtin-Swift-Compilation-Requirements -- /Applications/Xcode-27.0.0-Release.Candidate.app/Contents/Developer/Toolchains/XcodeDefault.xctoolchain/usr/bin/swiftc -parse-as-library -module-name XcodeIssueReporting -Onone @/Users/admin/builder/spi-builder-workspace/.derivedData/Build/Intermediates.noindex/XcodeIssueReporting.build/Debug-watchos/XcodeIssueReporting-t.build/Objects-normal/arm64_32/XcodeIssueReporting.SwiftFileList -DSWIFT_PACKAGE -DDEBUG -DSWIFT_MODULE_RESOURCE_BUNDLE_UNAVAILABLE -DXcode -plugin-path /Applications/Xcode-27.0.0-Release.Candidate.app/Contents/Developer/Toolchains/XcodeDefault.xctoolchain/usr/lib/swift/host/plugins/testing -enable-experimental-feature DebugDescriptionMacro -sdk /Applications/Xcode-27.0.0-Release.Candidate.app/Contents/Developer/Platforms/WatchOS.platform/Developer/SDKs/WatchOS27.0.sdk -target arm64_32-apple-watchos9.0 -g -module-cache-path /Users/admin/builder/spi-builder-workspace/.derivedData/ModuleCache.noindex -Xfrontend -serialize-debugging-options -profile-coverage-mapping -profile-generate -enable-testing -index-store-path /Users/admin/builder/spi-builder-workspace/.derivedData/Index.noindex/DataStore -Xcc -D_LIBCPP_HARDENING_MODE\=_LIBCPP_HARDENING_MODE_DEBUG -swift-version 5 -I /Users/admin/builder/spi-builder-workspace/.derivedData/Build/Products/Debug-watchos -Isystem /Applications/Xcode-27.0.0-Release.Candidate.app/Contents/Developer/Platforms/WatchOS.platform/Developer/usr/lib -F /Users/admin/builder/spi-builder-workspace/.derivedData/Build/Products/Debug-watchos -F /Applications/Xcode-27.0.0-Release.Candidate.app/Contents/Developer/Platforms/WatchOS.platform/Developer/Library/Frameworks -F /Applications/Xcode-27.0.0-Release.Candidate.app/Contents/Developer/Platforms/WatchOS.platform/Developer/SDKs/WatchOS27.0.sdk/Developer/Library/Frameworks -c -j10 -enable-batch-mode -incremental -Xcc -ivfsstatcache -Xcc /Users/admin/builder/spi-builder-workspace/.derivedData/SDKStatCaches.noindex/watchos27.0-24R360-e829b21a6f8c9b70876ba0858053c04477534ef55a1706bf4c1112bbb242f0a2.sdkstatcache -output-file-map /Users/admin/builder/spi-builder-workspace/.derivedData/Build/Intermediates.noindex/XcodeIssueReporting.build/Debug-watchos/XcodeIssueReporting-t.build/Objects-normal/arm64_32/XcodeIssueReporting-OutputFileMap.json -save-temps -no-color-diagnostics -explicit-module-build -module-cache-path /Users/admin/builder/spi-builder-workspace/.derivedData/Build/Intermediates.noindex/SwiftExplicitPrecompiledModules -clang-scanner-module-cache-path /Users/admin/builder/spi-builder-workspace/.derivedData/ModuleCache.noindex -sdk-module-cache-path /Users/admin/builder/spi-builder-workspace/.derivedData/SDKExplicitPrecompiledModules -emit-dependencies -emit-module -emit-module-path /Users/admin/builder/spi-builder-workspace/.derivedData/Build/Intermediates.noindex/XcodeIssueReporting.build/Debug-watchos/XcodeIssueReporting-t.build/Objects-normal/arm64_32/XcodeIssueReporting.swiftmodule -serialize-diagnostics -dependency-scan-serialize-diagnostics-path /Users/admin/builder/spi-builder-workspace/.derivedData/Build/Intermediates.noindex/XcodeIssueReporting.build/Debug-watchos/XcodeIssueReporting-t.build/Objects-normal/arm64_32/XcodeIssueReporting-dependency-scan.dia -validate-clang-modules-once -clang-build-session-file /Users/admin/builder/spi-builder-workspace/.derivedData/ModuleCache.noindex/Session.modulevalidation -Xcc -fmodules-prune-interval\=86400 -Xcc -fmodules-prune-after\=345600 -emit-const-values -const-gather-protocols-list /Users/admin/builder/spi-builder-workspace/.derivedData/Build/Intermediates.noindex/XcodeIssueReporting.build/Debug-watchos/XcodeIssueReporting-t.build/Objects-normal/arm64_32/XcodeIssueReporting_const_extract_protocols.json -Xcc -I/Users/admin/builder/spi-builder-workspace/.derivedData/Build/Products/Debug-watchos/include -Xcc -I/Users/admin/builder/spi-builder-workspace/.derivedData/Build/Intermediates.noindex/XcodeIssueReporting.build/Debug-watchos/XcodeIssueReporting-t.build/DerivedSources-normal/arm64_32 -Xcc -I/Users/admin/builder/spi-builder-workspace/.derivedData/Build/Intermediates.noindex/XcodeIssueReporting.build/Debug-watchos/XcodeIssueReporting-t.build/DerivedSources/arm64_32 -Xcc -I/Users/admin/builder/spi-builder-workspace/.derivedData/Build/Intermediates.noindex/XcodeIssueReporting.build/Debug-watchos/XcodeIssueReporting-t.build/DerivedSources -Xcc -DSWIFT_PACKAGE -Xcc -DDEBUG\=1 -emit-objc-header -emit-objc-header-path /Users/admin/builder/spi-builder-workspace/.derivedData/Build/Intermediates.noindex/XcodeIssueReporting.build/Debug-watchos/XcodeIssueReporting-t.build/Objects-normal/arm64_32/XcodeIssueReporting-Swift.h -working-directory /Users/admin/builder/spi-builder-workspace/.swiftpm/xcode -experimental-emit-module-separately -disable-cmo
Copy /Users/admin/builder/spi-builder-workspace/.derivedData/Build/Products/Debug-watchos/XcodeIssueReporting.swiftmodule/arm64-apple-watchos.swiftdoc /Users/admin/builder/spi-builder-workspace/.derivedData/Build/Intermediates.noindex/XcodeIssueReporting.build/Debug-watchos/XcodeIssueReporting-t.build/Objects-normal/arm64/XcodeIssueReporting.swiftdoc (in target 'XcodeIssueReporting' from project 'XcodeIssueReporting')
cd /Users/admin/builder/spi-builder-workspace
builtin-copy -exclude .DS_Store -exclude CVS -exclude .svn -exclude .git -exclude .hg -resolve-src-symlinks -rename /Users/admin/builder/spi-builder-workspace/.derivedData/Build/Intermediates.noindex/XcodeIssueReporting.build/Debug-watchos/XcodeIssueReporting-t.build/Objects-normal/arm64/XcodeIssueReporting.swiftdoc /Users/admin/builder/spi-builder-workspace/.derivedData/Build/Products/Debug-watchos/XcodeIssueReporting.swiftmodule/arm64-apple-watchos.swiftdoc
SwiftMergeGeneratedHeaders /Users/admin/builder/spi-builder-workspace/.derivedData/Build/Intermediates.noindex/GeneratedModuleMaps-watchos/XcodeIssueReporting-Swift.h /Users/admin/builder/spi-builder-workspace/.derivedData/Build/Intermediates.noindex/XcodeIssueReporting.build/Debug-watchos/XcodeIssueReporting-t.build/Objects-normal/arm64/XcodeIssueReporting-Swift.h /Users/admin/builder/spi-builder-workspace/.derivedData/Build/Intermediates.noindex/XcodeIssueReporting.build/Debug-watchos/XcodeIssueReporting-t.build/Objects-normal/arm64_32/XcodeIssueReporting-Swift.h (in target 'XcodeIssueReporting' from project 'XcodeIssueReporting')
cd /Users/admin/builder/spi-builder-workspace
builtin-swiftHeaderTool -arch arm64 /Users/admin/builder/spi-builder-workspace/.derivedData/Build/Intermediates.noindex/XcodeIssueReporting.build/Debug-watchos/XcodeIssueReporting-t.build/Objects-normal/arm64/XcodeIssueReporting-Swift.h -arch arm64_32 /Users/admin/builder/spi-builder-workspace/.derivedData/Build/Intermediates.noindex/XcodeIssueReporting.build/Debug-watchos/XcodeIssueReporting-t.build/Objects-normal/arm64_32/XcodeIssueReporting-Swift.h -o /Users/admin/builder/spi-builder-workspace/.derivedData/Build/Intermediates.noindex/GeneratedModuleMaps-watchos/XcodeIssueReporting-Swift.h
Copy /Users/admin/builder/spi-builder-workspace/.derivedData/Build/Products/Debug-watchos/XcodeIssueReporting.swiftmodule/arm64_32-apple-watchos.swiftmodule /Users/admin/builder/spi-builder-workspace/.derivedData/Build/Intermediates.noindex/XcodeIssueReporting.build/Debug-watchos/XcodeIssueReporting-t.build/Objects-normal/arm64_32/XcodeIssueReporting.swiftmodule (in target 'XcodeIssueReporting' from project 'XcodeIssueReporting')
cd /Users/admin/builder/spi-builder-workspace
builtin-copy -exclude .DS_Store -exclude CVS -exclude .svn -exclude .git -exclude .hg -resolve-src-symlinks -rename /Users/admin/builder/spi-builder-workspace/.derivedData/Build/Intermediates.noindex/XcodeIssueReporting.build/Debug-watchos/XcodeIssueReporting-t.build/Objects-normal/arm64_32/XcodeIssueReporting.swiftmodule /Users/admin/builder/spi-builder-workspace/.derivedData/Build/Products/Debug-watchos/XcodeIssueReporting.swiftmodule/arm64_32-apple-watchos.swiftmodule
Copy /Users/admin/builder/spi-builder-workspace/.derivedData/Build/Products/Debug-watchos/XcodeIssueReporting.swiftmodule/arm64_32-apple-watchos.swiftdoc /Users/admin/builder/spi-builder-workspace/.derivedData/Build/Intermediates.noindex/XcodeIssueReporting.build/Debug-watchos/XcodeIssueReporting-t.build/Objects-normal/arm64_32/XcodeIssueReporting.swiftdoc (in target 'XcodeIssueReporting' from project 'XcodeIssueReporting')
cd /Users/admin/builder/spi-builder-workspace
builtin-copy -exclude .DS_Store -exclude CVS -exclude .svn -exclude .git -exclude .hg -resolve-src-symlinks -rename /Users/admin/builder/spi-builder-workspace/.derivedData/Build/Intermediates.noindex/XcodeIssueReporting.build/Debug-watchos/XcodeIssueReporting-t.build/Objects-normal/arm64_32/XcodeIssueReporting.swiftdoc /Users/admin/builder/spi-builder-workspace/.derivedData/Build/Products/Debug-watchos/XcodeIssueReporting.swiftmodule/arm64_32-apple-watchos.swiftdoc
Copy /Users/admin/builder/spi-builder-workspace/.derivedData/Build/Products/Debug-watchos/XcodeIssueReporting.swiftmodule/arm64_32-apple-watchos.abi.json /Users/admin/builder/spi-builder-workspace/.derivedData/Build/Intermediates.noindex/XcodeIssueReporting.build/Debug-watchos/XcodeIssueReporting-t.build/Objects-normal/arm64_32/XcodeIssueReporting.abi.json (in target 'XcodeIssueReporting' from project 'XcodeIssueReporting')
cd /Users/admin/builder/spi-builder-workspace
builtin-copy -exclude .DS_Store -exclude CVS -exclude .svn -exclude .git -exclude .hg -resolve-src-symlinks -rename /Users/admin/builder/spi-builder-workspace/.derivedData/Build/Intermediates.noindex/XcodeIssueReporting.build/Debug-watchos/XcodeIssueReporting-t.build/Objects-normal/arm64_32/XcodeIssueReporting.abi.json /Users/admin/builder/spi-builder-workspace/.derivedData/Build/Products/Debug-watchos/XcodeIssueReporting.swiftmodule/arm64_32-apple-watchos.abi.json
Copy /Users/admin/builder/spi-builder-workspace/.derivedData/Build/Products/Debug-watchos/XcodeIssueReporting.swiftmodule/arm64-apple-watchos.abi.json /Users/admin/builder/spi-builder-workspace/.derivedData/Build/Intermediates.noindex/XcodeIssueReporting.build/Debug-watchos/XcodeIssueReporting-t.build/Objects-normal/arm64/XcodeIssueReporting.abi.json (in target 'XcodeIssueReporting' from project 'XcodeIssueReporting')
cd /Users/admin/builder/spi-builder-workspace
builtin-copy -exclude .DS_Store -exclude CVS -exclude .svn -exclude .git -exclude .hg -resolve-src-symlinks -rename /Users/admin/builder/spi-builder-workspace/.derivedData/Build/Intermediates.noindex/XcodeIssueReporting.build/Debug-watchos/XcodeIssueReporting-t.build/Objects-normal/arm64/XcodeIssueReporting.abi.json /Users/admin/builder/spi-builder-workspace/.derivedData/Build/Products/Debug-watchos/XcodeIssueReporting.swiftmodule/arm64-apple-watchos.abi.json
Copy /Users/admin/builder/spi-builder-workspace/.derivedData/Build/Products/Debug-watchos/XcodeIssueReporting.swiftmodule/Project/arm64_32-apple-watchos.swiftsourceinfo /Users/admin/builder/spi-builder-workspace/.derivedData/Build/Intermediates.noindex/XcodeIssueReporting.build/Debug-watchos/XcodeIssueReporting-t.build/Objects-normal/arm64_32/XcodeIssueReporting.swiftsourceinfo (in target 'XcodeIssueReporting' from project 'XcodeIssueReporting')
cd /Users/admin/builder/spi-builder-workspace
builtin-copy -exclude .DS_Store -exclude CVS -exclude .svn -exclude .git -exclude .hg -resolve-src-symlinks -rename /Users/admin/builder/spi-builder-workspace/.derivedData/Build/Intermediates.noindex/XcodeIssueReporting.build/Debug-watchos/XcodeIssueReporting-t.build/Objects-normal/arm64_32/XcodeIssueReporting.swiftsourceinfo /Users/admin/builder/spi-builder-workspace/.derivedData/Build/Products/Debug-watchos/XcodeIssueReporting.swiftmodule/Project/arm64_32-apple-watchos.swiftsourceinfo
Copy /Users/admin/builder/spi-builder-workspace/.derivedData/Build/Products/Debug-watchos/XcodeIssueReporting.swiftmodule/Project/arm64-apple-watchos.swiftsourceinfo /Users/admin/builder/spi-builder-workspace/.derivedData/Build/Intermediates.noindex/XcodeIssueReporting.build/Debug-watchos/XcodeIssueReporting-t.build/Objects-normal/arm64/XcodeIssueReporting.swiftsourceinfo (in target 'XcodeIssueReporting' from project 'XcodeIssueReporting')
cd /Users/admin/builder/spi-builder-workspace
builtin-copy -exclude .DS_Store -exclude CVS -exclude .svn -exclude .git -exclude .hg -resolve-src-symlinks -rename /Users/admin/builder/spi-builder-workspace/.derivedData/Build/Intermediates.noindex/XcodeIssueReporting.build/Debug-watchos/XcodeIssueReporting-t.build/Objects-normal/arm64/XcodeIssueReporting.swiftsourceinfo /Users/admin/builder/spi-builder-workspace/.derivedData/Build/Products/Debug-watchos/XcodeIssueReporting.swiftmodule/Project/arm64-apple-watchos.swiftsourceinfo
SwiftDriver\ Compilation\ Requirements SWXMLHash normal arm64 com.apple.xcode.tools.swift.compiler (in target 'SWXMLHash' from project 'SWXMLHash')
cd /Users/admin/builder/spi-builder-workspace/.swiftpm/xcode
builtin-Swift-Compilation-Requirements -- /Applications/Xcode-27.0.0-Release.Candidate.app/Contents/Developer/Toolchains/XcodeDefault.xctoolchain/usr/bin/swiftc -parse-as-library -module-name SWXMLHash -Onone @/Users/admin/builder/spi-builder-workspace/.derivedData/Build/Intermediates.noindex/SWXMLHash.build/Debug-watchos/SWXMLHash-t.build/Objects-normal/arm64/SWXMLHash.SwiftFileList -DSWIFT_PACKAGE -DDEBUG -DSWIFT_MODULE_RESOURCE_BUNDLE_UNAVAILABLE -DXcode -plugin-path /Applications/Xcode-27.0.0-Release.Candidate.app/Contents/Developer/Toolchains/XcodeDefault.xctoolchain/usr/lib/swift/host/plugins/testing -enable-experimental-feature DebugDescriptionMacro -sdk /Applications/Xcode-27.0.0-Release.Candidate.app/Contents/Developer/Platforms/WatchOS.platform/Developer/SDKs/WatchOS27.0.sdk -target arm64-apple-watchos9.0 -g -module-cache-path /Users/admin/builder/spi-builder-workspace/.derivedData/ModuleCache.noindex -Xfrontend -serialize-debugging-options -profile-coverage-mapping -profile-generate -enable-testing -suppress-warnings -index-store-path /Users/admin/builder/spi-builder-workspace/.derivedData/Index.noindex/DataStore -Xcc -D_LIBCPP_HARDENING_MODE\=_LIBCPP_HARDENING_MODE_DEBUG -swift-version 5 -I /Users/admin/builder/spi-builder-workspace/.derivedData/Build/Products/Debug-watchos -Isystem /Applications/Xcode-27.0.0-Release.Candidate.app/Contents/Developer/Platforms/WatchOS.platform/Developer/usr/lib -F /Users/admin/builder/spi-builder-workspace/.derivedData/Build/Products/Debug-watchos -F /Applications/Xcode-27.0.0-Release.Candidate.app/Contents/Developer/Platforms/WatchOS.platform/Developer/Library/Frameworks -F /Applications/Xcode-27.0.0-Release.Candidate.app/Contents/Developer/Platforms/WatchOS.platform/Developer/SDKs/WatchOS27.0.sdk/Developer/Library/Frameworks -c -j10 -enable-batch-mode -incremental -Xcc -ivfsstatcache -Xcc /Users/admin/builder/spi-builder-workspace/.derivedData/SDKStatCaches.noindex/watchos27.0-24R360-e829b21a6f8c9b70876ba0858053c04477534ef55a1706bf4c1112bbb242f0a2.sdkstatcache -output-file-map /Users/admin/builder/spi-builder-workspace/.derivedData/Build/Intermediates.noindex/SWXMLHash.build/Debug-watchos/SWXMLHash-t.build/Objects-normal/arm64/SWXMLHash-OutputFileMap.json -save-temps -no-color-diagnostics -explicit-module-build -module-cache-path /Users/admin/builder/spi-builder-workspace/.derivedData/Build/Intermediates.noindex/SwiftExplicitPrecompiledModules -clang-scanner-module-cache-path /Users/admin/builder/spi-builder-workspace/.derivedData/ModuleCache.noindex -sdk-module-cache-path /Users/admin/builder/spi-builder-workspace/.derivedData/SDKExplicitPrecompiledModules -emit-dependencies -emit-module -emit-module-path /Users/admin/builder/spi-builder-workspace/.derivedData/Build/Intermediates.noindex/SWXMLHash.build/Debug-watchos/SWXMLHash-t.build/Objects-normal/arm64/SWXMLHash.swiftmodule -serialize-diagnostics -dependency-scan-serialize-diagnostics-path /Users/admin/builder/spi-builder-workspace/.derivedData/Build/Intermediates.noindex/SWXMLHash.build/Debug-watchos/SWXMLHash-t.build/Objects-normal/arm64/SWXMLHash-dependency-scan.dia -validate-clang-modules-once -clang-build-session-file /Users/admin/builder/spi-builder-workspace/.derivedData/ModuleCache.noindex/Session.modulevalidation -Xcc -fmodules-prune-interval\=86400 -Xcc -fmodules-prune-after\=345600 -emit-const-values -const-gather-protocols-list /Users/admin/builder/spi-builder-workspace/.derivedData/Build/Intermediates.noindex/SWXMLHash.build/Debug-watchos/SWXMLHash-t.build/Objects-normal/arm64/SWXMLHash_const_extract_protocols.json -Xcc -I/Users/admin/builder/spi-builder-workspace/.derivedData/Build/Products/Debug-watchos/include -Xcc -I/Users/admin/builder/spi-builder-workspace/.derivedData/Build/Intermediates.noindex/SWXMLHash.build/Debug-watchos/SWXMLHash-t.build/DerivedSources-normal/arm64 -Xcc -I/Users/admin/builder/spi-builder-workspace/.derivedData/Build/Intermediates.noindex/SWXMLHash.build/Debug-watchos/SWXMLHash-t.build/DerivedSources/arm64 -Xcc -I/Users/admin/builder/spi-builder-workspace/.derivedData/Build/Intermediates.noindex/SWXMLHash.build/Debug-watchos/SWXMLHash-t.build/DerivedSources -Xcc -DSWIFT_PACKAGE -Xcc -DDEBUG\=1 -emit-objc-header -emit-objc-header-path /Users/admin/builder/spi-builder-workspace/.derivedData/Build/Intermediates.noindex/SWXMLHash.build/Debug-watchos/SWXMLHash-t.build/Objects-normal/arm64/SWXMLHash-Swift.h -working-directory /Users/admin/builder/spi-builder-workspace/.swiftpm/xcode -experimental-emit-module-separately -disable-cmo
SwiftCompile normal arm64_32 Compiling\ Tag.swift,\ YamlAnchorProviding.swift /Users/admin/builder/spi-builder-workspace/.dependencies/checkouts/Yams/Sources/Yams/Tag.swift /Users/admin/builder/spi-builder-workspace/.dependencies/checkouts/Yams/Sources/Yams/YamlAnchorProviding.swift (in target 'Yams' from project 'Yams')
SwiftCompile normal arm64_32 /Users/admin/builder/spi-builder-workspace/.dependencies/checkouts/Yams/Sources/Yams/Tag.swift (in target 'Yams' from project 'Yams')
cd /Users/admin/builder/spi-builder-workspace/.swiftpm/xcode
builtin-SwiftPerFileCompile Tag.swift
SwiftCompile normal arm64_32 /Users/admin/builder/spi-builder-workspace/.dependencies/checkouts/Yams/Sources/Yams/YamlAnchorProviding.swift (in target 'Yams' from project 'Yams')
cd /Users/admin/builder/spi-builder-workspace/.swiftpm/xcode
builtin-SwiftPerFileCompile YamlAnchorProviding.swift
Copy /Users/admin/builder/spi-builder-workspace/.derivedData/Build/Products/Debug-watchos/SWXMLHash.swiftmodule/arm64-apple-watchos.swiftmodule /Users/admin/builder/spi-builder-workspace/.derivedData/Build/Intermediates.noindex/SWXMLHash.build/Debug-watchos/SWXMLHash-t.build/Objects-normal/arm64/SWXMLHash.swiftmodule (in target 'SWXMLHash' from project 'SWXMLHash')
cd /Users/admin/builder/spi-builder-workspace/.dependencies/checkouts/SWXMLHash
builtin-copy -exclude .DS_Store -exclude CVS -exclude .svn -exclude .git -exclude .hg -resolve-src-symlinks -rename /Users/admin/builder/spi-builder-workspace/.derivedData/Build/Intermediates.noindex/SWXMLHash.build/Debug-watchos/SWXMLHash-t.build/Objects-normal/arm64/SWXMLHash.swiftmodule /Users/admin/builder/spi-builder-workspace/.derivedData/Build/Products/Debug-watchos/SWXMLHash.swiftmodule/arm64-apple-watchos.swiftmodule
SwiftDriverJobDiscovery normal arm64_32 Emitting module for SWXMLHash (in target 'SWXMLHash' from project 'SWXMLHash')
SwiftDriver\ Compilation\ Requirements SWXMLHash normal arm64_32 com.apple.xcode.tools.swift.compiler (in target 'SWXMLHash' from project 'SWXMLHash')
cd /Users/admin/builder/spi-builder-workspace/.swiftpm/xcode
builtin-Swift-Compilation-Requirements -- /Applications/Xcode-27.0.0-Release.Candidate.app/Contents/Developer/Toolchains/XcodeDefault.xctoolchain/usr/bin/swiftc -parse-as-library -module-name SWXMLHash -Onone @/Users/admin/builder/spi-builder-workspace/.derivedData/Build/Intermediates.noindex/SWXMLHash.build/Debug-watchos/SWXMLHash-t.build/Objects-normal/arm64_32/SWXMLHash.SwiftFileList -DSWIFT_PACKAGE -DDEBUG -DSWIFT_MODULE_RESOURCE_BUNDLE_UNAVAILABLE -DXcode -plugin-path /Applications/Xcode-27.0.0-Release.Candidate.app/Contents/Developer/Toolchains/XcodeDefault.xctoolchain/usr/lib/swift/host/plugins/testing -enable-experimental-feature DebugDescriptionMacro -sdk /Applications/Xcode-27.0.0-Release.Candidate.app/Contents/Developer/Platforms/WatchOS.platform/Developer/SDKs/WatchOS27.0.sdk -target arm64_32-apple-watchos9.0 -g -module-cache-path /Users/admin/builder/spi-builder-workspace/.derivedData/ModuleCache.noindex -Xfrontend -serialize-debugging-options -profile-coverage-mapping -profile-generate -enable-testing -suppress-warnings -index-store-path /Users/admin/builder/spi-builder-workspace/.derivedData/Index.noindex/DataStore -Xcc -D_LIBCPP_HARDENING_MODE\=_LIBCPP_HARDENING_MODE_DEBUG -swift-version 5 -I /Users/admin/builder/spi-builder-workspace/.derivedData/Build/Products/Debug-watchos -Isystem /Applications/Xcode-27.0.0-Release.Candidate.app/Contents/Developer/Platforms/WatchOS.platform/Developer/usr/lib -F /Users/admin/builder/spi-builder-workspace/.derivedData/Build/Products/Debug-watchos -F /Applications/Xcode-27.0.0-Release.Candidate.app/Contents/Developer/Platforms/WatchOS.platform/Developer/Library/Frameworks -F /Applications/Xcode-27.0.0-Release.Candidate.app/Contents/Developer/Platforms/WatchOS.platform/Developer/SDKs/WatchOS27.0.sdk/Developer/Library/Frameworks -c -j10 -enable-batch-mode -incremental -Xcc -ivfsstatcache -Xcc /Users/admin/builder/spi-builder-workspace/.derivedData/SDKStatCaches.noindex/watchos27.0-24R360-e829b21a6f8c9b70876ba0858053c04477534ef55a1706bf4c1112bbb242f0a2.sdkstatcache -output-file-map /Users/admin/builder/spi-builder-workspace/.derivedData/Build/Intermediates.noindex/SWXMLHash.build/Debug-watchos/SWXMLHash-t.build/Objects-normal/arm64_32/SWXMLHash-OutputFileMap.json -save-temps -no-color-diagnostics -explicit-module-build -module-cache-path /Users/admin/builder/spi-builder-workspace/.derivedData/Build/Intermediates.noindex/SwiftExplicitPrecompiledModules -clang-scanner-module-cache-path /Users/admin/builder/spi-builder-workspace/.derivedData/ModuleCache.noindex -sdk-module-cache-path /Users/admin/builder/spi-builder-workspace/.derivedData/SDKExplicitPrecompiledModules -emit-dependencies -emit-module -emit-module-path /Users/admin/builder/spi-builder-workspace/.derivedData/Build/Intermediates.noindex/SWXMLHash.build/Debug-watchos/SWXMLHash-t.build/Objects-normal/arm64_32/SWXMLHash.swiftmodule -serialize-diagnostics -dependency-scan-serialize-diagnostics-path /Users/admin/builder/spi-builder-workspace/.derivedData/Build/Intermediates.noindex/SWXMLHash.build/Debug-watchos/SWXMLHash-t.build/Objects-normal/arm64_32/SWXMLHash-dependency-scan.dia -validate-clang-modules-once -clang-build-session-file /Users/admin/builder/spi-builder-workspace/.derivedData/ModuleCache.noindex/Session.modulevalidation -Xcc -fmodules-prune-interval\=86400 -Xcc -fmodules-prune-after\=345600 -emit-const-values -const-gather-protocols-list /Users/admin/builder/spi-builder-workspace/.derivedData/Build/Intermediates.noindex/SWXMLHash.build/Debug-watchos/SWXMLHash-t.build/Objects-normal/arm64_32/SWXMLHash_const_extract_protocols.json -Xcc -I/Users/admin/builder/spi-builder-workspace/.derivedData/Build/Products/Debug-watchos/include -Xcc -I/Users/admin/builder/spi-builder-workspace/.derivedData/Build/Intermediates.noindex/SWXMLHash.build/Debug-watchos/SWXMLHash-t.build/DerivedSources-normal/arm64_32 -Xcc -I/Users/admin/builder/spi-builder-workspace/.derivedData/Build/Intermediates.noindex/SWXMLHash.build/Debug-watchos/SWXMLHash-t.build/DerivedSources/arm64_32 -Xcc -I/Users/admin/builder/spi-builder-workspace/.derivedData/Build/Intermediates.noindex/SWXMLHash.build/Debug-watchos/SWXMLHash-t.build/DerivedSources -Xcc -DSWIFT_PACKAGE -Xcc -DDEBUG\=1 -emit-objc-header -emit-objc-header-path /Users/admin/builder/spi-builder-workspace/.derivedData/Build/Intermediates.noindex/SWXMLHash.build/Debug-watchos/SWXMLHash-t.build/Objects-normal/arm64_32/SWXMLHash-Swift.h -working-directory /Users/admin/builder/spi-builder-workspace/.swiftpm/xcode -experimental-emit-module-separately -disable-cmo
Copy /Users/admin/builder/spi-builder-workspace/.derivedData/Build/Products/Debug-watchos/SWXMLHash.swiftmodule/arm64-apple-watchos.swiftdoc /Users/admin/builder/spi-builder-workspace/.derivedData/Build/Intermediates.noindex/SWXMLHash.build/Debug-watchos/SWXMLHash-t.build/Objects-normal/arm64/SWXMLHash.swiftdoc (in target 'SWXMLHash' from project 'SWXMLHash')
cd /Users/admin/builder/spi-builder-workspace/.dependencies/checkouts/SWXMLHash
builtin-copy -exclude .DS_Store -exclude CVS -exclude .svn -exclude .git -exclude .hg -resolve-src-symlinks -rename /Users/admin/builder/spi-builder-workspace/.derivedData/Build/Intermediates.noindex/SWXMLHash.build/Debug-watchos/SWXMLHash-t.build/Objects-normal/arm64/SWXMLHash.swiftdoc /Users/admin/builder/spi-builder-workspace/.derivedData/Build/Products/Debug-watchos/SWXMLHash.swiftmodule/arm64-apple-watchos.swiftdoc
SwiftMergeGeneratedHeaders /Users/admin/builder/spi-builder-workspace/.derivedData/Build/Intermediates.noindex/GeneratedModuleMaps-watchos/SWXMLHash-Swift.h /Users/admin/builder/spi-builder-workspace/.derivedData/Build/Intermediates.noindex/SWXMLHash.build/Debug-watchos/SWXMLHash-t.build/Objects-normal/arm64/SWXMLHash-Swift.h /Users/admin/builder/spi-builder-workspace/.derivedData/Build/Intermediates.noindex/SWXMLHash.build/Debug-watchos/SWXMLHash-t.build/Objects-normal/arm64_32/SWXMLHash-Swift.h (in target 'SWXMLHash' from project 'SWXMLHash')
cd /Users/admin/builder/spi-builder-workspace/.dependencies/checkouts/SWXMLHash
builtin-swiftHeaderTool -arch arm64 /Users/admin/builder/spi-builder-workspace/.derivedData/Build/Intermediates.noindex/SWXMLHash.build/Debug-watchos/SWXMLHash-t.build/Objects-normal/arm64/SWXMLHash-Swift.h -arch arm64_32 /Users/admin/builder/spi-builder-workspace/.derivedData/Build/Intermediates.noindex/SWXMLHash.build/Debug-watchos/SWXMLHash-t.build/Objects-normal/arm64_32/SWXMLHash-Swift.h -o /Users/admin/builder/spi-builder-workspace/.derivedData/Build/Intermediates.noindex/GeneratedModuleMaps-watchos/SWXMLHash-Swift.h
Copy /Users/admin/builder/spi-builder-workspace/.derivedData/Build/Products/Debug-watchos/SWXMLHash.swiftmodule/arm64_32-apple-watchos.swiftmodule /Users/admin/builder/spi-builder-workspace/.derivedData/Build/Intermediates.noindex/SWXMLHash.build/Debug-watchos/SWXMLHash-t.build/Objects-normal/arm64_32/SWXMLHash.swiftmodule (in target 'SWXMLHash' from project 'SWXMLHash')
cd /Users/admin/builder/spi-builder-workspace/.dependencies/checkouts/SWXMLHash
builtin-copy -exclude .DS_Store -exclude CVS -exclude .svn -exclude .git -exclude .hg -resolve-src-symlinks -rename /Users/admin/builder/spi-builder-workspace/.derivedData/Build/Intermediates.noindex/SWXMLHash.build/Debug-watchos/SWXMLHash-t.build/Objects-normal/arm64_32/SWXMLHash.swiftmodule /Users/admin/builder/spi-builder-workspace/.derivedData/Build/Products/Debug-watchos/SWXMLHash.swiftmodule/arm64_32-apple-watchos.swiftmodule
Copy /Users/admin/builder/spi-builder-workspace/.derivedData/Build/Products/Debug-watchos/SWXMLHash.swiftmodule/arm64_32-apple-watchos.swiftdoc /Users/admin/builder/spi-builder-workspace/.derivedData/Build/Intermediates.noindex/SWXMLHash.build/Debug-watchos/SWXMLHash-t.build/Objects-normal/arm64_32/SWXMLHash.swiftdoc (in target 'SWXMLHash' from project 'SWXMLHash')
cd /Users/admin/builder/spi-builder-workspace/.dependencies/checkouts/SWXMLHash
builtin-copy -exclude .DS_Store -exclude CVS -exclude .svn -exclude .git -exclude .hg -resolve-src-symlinks -rename /Users/admin/builder/spi-builder-workspace/.derivedData/Build/Intermediates.noindex/SWXMLHash.build/Debug-watchos/SWXMLHash-t.build/Objects-normal/arm64_32/SWXMLHash.swiftdoc /Users/admin/builder/spi-builder-workspace/.derivedData/Build/Products/Debug-watchos/SWXMLHash.swiftmodule/arm64_32-apple-watchos.swiftdoc
Copy /Users/admin/builder/spi-builder-workspace/.derivedData/Build/Products/Debug-watchos/SWXMLHash.swiftmodule/arm64_32-apple-watchos.abi.json /Users/admin/builder/spi-builder-workspace/.derivedData/Build/Intermediates.noindex/SWXMLHash.build/Debug-watchos/SWXMLHash-t.build/Objects-normal/arm64_32/SWXMLHash.abi.json (in target 'SWXMLHash' from project 'SWXMLHash')
cd /Users/admin/builder/spi-builder-workspace/.dependencies/checkouts/SWXMLHash
builtin-copy -exclude .DS_Store -exclude CVS -exclude .svn -exclude .git -exclude .hg -resolve-src-symlinks -rename /Users/admin/builder/spi-builder-workspace/.derivedData/Build/Intermediates.noindex/SWXMLHash.build/Debug-watchos/SWXMLHash-t.build/Objects-normal/arm64_32/SWXMLHash.abi.json /Users/admin/builder/spi-builder-workspace/.derivedData/Build/Products/Debug-watchos/SWXMLHash.swiftmodule/arm64_32-apple-watchos.abi.json
Copy /Users/admin/builder/spi-builder-workspace/.derivedData/Build/Products/Debug-watchos/SWXMLHash.swiftmodule/arm64-apple-watchos.abi.json /Users/admin/builder/spi-builder-workspace/.derivedData/Build/Intermediates.noindex/SWXMLHash.build/Debug-watchos/SWXMLHash-t.build/Objects-normal/arm64/SWXMLHash.abi.json (in target 'SWXMLHash' from project 'SWXMLHash')
cd /Users/admin/builder/spi-builder-workspace/.dependencies/checkouts/SWXMLHash
builtin-copy -exclude .DS_Store -exclude CVS -exclude .svn -exclude .git -exclude .hg -resolve-src-symlinks -rename /Users/admin/builder/spi-builder-workspace/.derivedData/Build/Intermediates.noindex/SWXMLHash.build/Debug-watchos/SWXMLHash-t.build/Objects-normal/arm64/SWXMLHash.abi.json /Users/admin/builder/spi-builder-workspace/.derivedData/Build/Products/Debug-watchos/SWXMLHash.swiftmodule/arm64-apple-watchos.abi.json
Copy /Users/admin/builder/spi-builder-workspace/.derivedData/Build/Products/Debug-watchos/SWXMLHash.swiftmodule/Project/arm64_32-apple-watchos.swiftsourceinfo /Users/admin/builder/spi-builder-workspace/.derivedData/Build/Intermediates.noindex/SWXMLHash.build/Debug-watchos/SWXMLHash-t.build/Objects-normal/arm64_32/SWXMLHash.swiftsourceinfo (in target 'SWXMLHash' from project 'SWXMLHash')
cd /Users/admin/builder/spi-builder-workspace/.dependencies/checkouts/SWXMLHash
builtin-copy -exclude .DS_Store -exclude CVS -exclude .svn -exclude .git -exclude .hg -resolve-src-symlinks -rename /Users/admin/builder/spi-builder-workspace/.derivedData/Build/Intermediates.noindex/SWXMLHash.build/Debug-watchos/SWXMLHash-t.build/Objects-normal/arm64_32/SWXMLHash.swiftsourceinfo /Users/admin/builder/spi-builder-workspace/.derivedData/Build/Products/Debug-watchos/SWXMLHash.swiftmodule/Project/arm64_32-apple-watchos.swiftsourceinfo
Copy /Users/admin/builder/spi-builder-workspace/.derivedData/Build/Products/Debug-watchos/SWXMLHash.swiftmodule/Project/arm64-apple-watchos.swiftsourceinfo /Users/admin/builder/spi-builder-workspace/.derivedData/Build/Intermediates.noindex/SWXMLHash.build/Debug-watchos/SWXMLHash-t.build/Objects-normal/arm64/SWXMLHash.swiftsourceinfo (in target 'SWXMLHash' from project 'SWXMLHash')
cd /Users/admin/builder/spi-builder-workspace/.dependencies/checkouts/SWXMLHash
builtin-copy -exclude .DS_Store -exclude CVS -exclude .svn -exclude .git -exclude .hg -resolve-src-symlinks -rename /Users/admin/builder/spi-builder-workspace/.derivedData/Build/Intermediates.noindex/SWXMLHash.build/Debug-watchos/SWXMLHash-t.build/Objects-normal/arm64/SWXMLHash.swiftsourceinfo /Users/admin/builder/spi-builder-workspace/.derivedData/Build/Products/Debug-watchos/SWXMLHash.swiftmodule/Project/arm64-apple-watchos.swiftsourceinfo
SwiftCompile normal arm64 Compiling\ Decoder.swift,\ Emitter.swift /Users/admin/builder/spi-builder-workspace/.dependencies/checkouts/Yams/Sources/Yams/Decoder.swift /Users/admin/builder/spi-builder-workspace/.dependencies/checkouts/Yams/Sources/Yams/Emitter.swift (in target 'Yams' from project 'Yams')
SwiftCompile normal arm64 /Users/admin/builder/spi-builder-workspace/.dependencies/checkouts/Yams/Sources/Yams/Decoder.swift (in target 'Yams' from project 'Yams')
cd /Users/admin/builder/spi-builder-workspace/.swiftpm/xcode
builtin-SwiftPerFileCompile Decoder.swift
SwiftCompile normal arm64 /Users/admin/builder/spi-builder-workspace/.dependencies/checkouts/Yams/Sources/Yams/Emitter.swift (in target 'Yams' from project 'Yams')
cd /Users/admin/builder/spi-builder-workspace/.swiftpm/xcode
builtin-SwiftPerFileCompile Emitter.swift
SwiftCompile normal arm64_32 Compiling\ Resolver.swift,\ String+Yams.swift /Users/admin/builder/spi-builder-workspace/.dependencies/checkouts/Yams/Sources/Yams/Resolver.swift /Users/admin/builder/spi-builder-workspace/.dependencies/checkouts/Yams/Sources/Yams/String+Yams.swift (in target 'Yams' from project 'Yams')
SwiftCompile normal arm64_32 /Users/admin/builder/spi-builder-workspace/.dependencies/checkouts/Yams/Sources/Yams/Resolver.swift (in target 'Yams' from project 'Yams')
cd /Users/admin/builder/spi-builder-workspace/.swiftpm/xcode
builtin-SwiftPerFileCompile Resolver.swift
SwiftCompile normal arm64_32 /Users/admin/builder/spi-builder-workspace/.dependencies/checkouts/Yams/Sources/Yams/String+Yams.swift (in target 'Yams' from project 'Yams')
cd /Users/admin/builder/spi-builder-workspace/.swiftpm/xcode
builtin-SwiftPerFileCompile String+Yams.swift
SwiftDriverJobDiscovery normal arm64_32 Emitting module for Yams (in target 'Yams' from project 'Yams')
SwiftDriver\ Compilation\ Requirements Yams normal arm64_32 com.apple.xcode.tools.swift.compiler (in target 'Yams' from project 'Yams')
cd /Users/admin/builder/spi-builder-workspace/.swiftpm/xcode
builtin-Swift-Compilation-Requirements -- /Applications/Xcode-27.0.0-Release.Candidate.app/Contents/Developer/Toolchains/XcodeDefault.xctoolchain/usr/bin/swiftc -parse-as-library -module-name Yams -Onone @/Users/admin/builder/spi-builder-workspace/.derivedData/Build/Intermediates.noindex/Yams.build/Debug-watchos/Yams-t.build/Objects-normal/arm64_32/Yams.SwiftFileList -DSWIFT_PACKAGE -DDEBUG -DSWIFT_MODULE_RESOURCE_BUNDLE_UNAVAILABLE -Xcc -fmodule-map-file\=/Users/admin/builder/spi-builder-workspace/.dependencies/checkouts/Yams/Sources/CYaml/include/module.modulemap -DXcode -plugin-path /Applications/Xcode-27.0.0-Release.Candidate.app/Contents/Developer/Toolchains/XcodeDefault.xctoolchain/usr/lib/swift/host/plugins/testing -enable-experimental-feature DebugDescriptionMacro -sdk /Applications/Xcode-27.0.0-Release.Candidate.app/Contents/Developer/Platforms/WatchOS.platform/Developer/SDKs/WatchOS27.0.sdk -target arm64_32-apple-watchos9.0 -g -module-cache-path /Users/admin/builder/spi-builder-workspace/.derivedData/ModuleCache.noindex -Xfrontend -serialize-debugging-options -profile-coverage-mapping -profile-generate -enable-testing -suppress-warnings -index-store-path /Users/admin/builder/spi-builder-workspace/.derivedData/Index.noindex/DataStore -Xcc -D_LIBCPP_HARDENING_MODE\=_LIBCPP_HARDENING_MODE_DEBUG -swift-version 6 -I /Users/admin/builder/spi-builder-workspace/.derivedData/Build/Products/Debug-watchos -Isystem /Applications/Xcode-27.0.0-Release.Candidate.app/Contents/Developer/Platforms/WatchOS.platform/Developer/usr/lib -F /Users/admin/builder/spi-builder-workspace/.derivedData/Build/Products/Debug-watchos/PackageFrameworks -F /Users/admin/builder/spi-builder-workspace/.derivedData/Build/Products/Debug-watchos -F /Applications/Xcode-27.0.0-Release.Candidate.app/Contents/Developer/Platforms/WatchOS.platform/Developer/Library/Frameworks -F /Applications/Xcode-27.0.0-Release.Candidate.app/Contents/Developer/Platforms/WatchOS.platform/Developer/SDKs/WatchOS27.0.sdk/Developer/Library/Frameworks -c -j10 -enable-batch-mode -incremental -Xcc -ivfsstatcache -Xcc /Users/admin/builder/spi-builder-workspace/.derivedData/SDKStatCaches.noindex/watchos27.0-24R360-e829b21a6f8c9b70876ba0858053c04477534ef55a1706bf4c1112bbb242f0a2.sdkstatcache -output-file-map /Users/admin/builder/spi-builder-workspace/.derivedData/Build/Intermediates.noindex/Yams.build/Debug-watchos/Yams-t.build/Objects-normal/arm64_32/Yams-OutputFileMap.json -save-temps -no-color-diagnostics -explicit-module-build -module-cache-path /Users/admin/builder/spi-builder-workspace/.derivedData/Build/Intermediates.noindex/SwiftExplicitPrecompiledModules -clang-scanner-module-cache-path /Users/admin/builder/spi-builder-workspace/.derivedData/ModuleCache.noindex -sdk-module-cache-path /Users/admin/builder/spi-builder-workspace/.derivedData/SDKExplicitPrecompiledModules -emit-dependencies -emit-module -emit-module-path /Users/admin/builder/spi-builder-workspace/.derivedData/Build/Intermediates.noindex/Yams.build/Debug-watchos/Yams-t.build/Objects-normal/arm64_32/Yams.swiftmodule -serialize-diagnostics -dependency-scan-serialize-diagnostics-path /Users/admin/builder/spi-builder-workspace/.derivedData/Build/Intermediates.noindex/Yams.build/Debug-watchos/Yams-t.build/Objects-normal/arm64_32/Yams-dependency-scan.dia -user-module-version 6.2.2 -validate-clang-modules-once -clang-build-session-file /Users/admin/builder/spi-builder-workspace/.derivedData/ModuleCache.noindex/Session.modulevalidation -Xcc -fmodules-prune-interval\=86400 -Xcc -fmodules-prune-after\=345600 -package-name yams -emit-const-values -const-gather-protocols-list /Users/admin/builder/spi-builder-workspace/.derivedData/Build/Intermediates.noindex/Yams.build/Debug-watchos/Yams-t.build/Objects-normal/arm64_32/Yams_const_extract_protocols.json -Xcc -I/Users/admin/builder/spi-builder-workspace/.dependencies/checkouts/Yams/Sources/CYaml/include -Xcc -I/Users/admin/builder/spi-builder-workspace/.derivedData/Build/Products/Debug-watchos/include -Xcc -I/Users/admin/builder/spi-builder-workspace/.derivedData/Build/Intermediates.noindex/Yams.build/Debug-watchos/Yams-t.build/DerivedSources-normal/arm64_32 -Xcc -I/Users/admin/builder/spi-builder-workspace/.derivedData/Build/Intermediates.noindex/Yams.build/Debug-watchos/Yams-t.build/DerivedSources/arm64_32 -Xcc -I/Users/admin/builder/spi-builder-workspace/.derivedData/Build/Intermediates.noindex/Yams.build/Debug-watchos/Yams-t.build/DerivedSources -Xcc -DSWIFT_PACKAGE -Xcc -DDEBUG\=1 -Xcc -DYAML_DECLARE_STATIC -emit-objc-header -emit-objc-header-path /Users/admin/builder/spi-builder-workspace/.derivedData/Build/Intermediates.noindex/Yams.build/Debug-watchos/Yams-t.build/Objects-normal/arm64_32/Yams-Swift.h -working-directory /Users/admin/builder/spi-builder-workspace/.swiftpm/xcode -experimental-emit-module-separately -disable-cmo
SwiftDriverJobDiscovery normal arm64 Emitting module for Yams (in target 'Yams' from project 'Yams')
SwiftDriver\ Compilation\ Requirements Yams normal arm64 com.apple.xcode.tools.swift.compiler (in target 'Yams' from project 'Yams')
cd /Users/admin/builder/spi-builder-workspace/.swiftpm/xcode
builtin-Swift-Compilation-Requirements -- /Applications/Xcode-27.0.0-Release.Candidate.app/Contents/Developer/Toolchains/XcodeDefault.xctoolchain/usr/bin/swiftc -parse-as-library -module-name Yams -Onone @/Users/admin/builder/spi-builder-workspace/.derivedData/Build/Intermediates.noindex/Yams.build/Debug-watchos/Yams-t.build/Objects-normal/arm64/Yams.SwiftFileList -DSWIFT_PACKAGE -DDEBUG -DSWIFT_MODULE_RESOURCE_BUNDLE_UNAVAILABLE -Xcc -fmodule-map-file\=/Users/admin/builder/spi-builder-workspace/.dependencies/checkouts/Yams/Sources/CYaml/include/module.modulemap -DXcode -plugin-path /Applications/Xcode-27.0.0-Release.Candidate.app/Contents/Developer/Toolchains/XcodeDefault.xctoolchain/usr/lib/swift/host/plugins/testing -enable-experimental-feature DebugDescriptionMacro -sdk /Applications/Xcode-27.0.0-Release.Candidate.app/Contents/Developer/Platforms/WatchOS.platform/Developer/SDKs/WatchOS27.0.sdk -target arm64-apple-watchos9.0 -g -module-cache-path /Users/admin/builder/spi-builder-workspace/.derivedData/ModuleCache.noindex -Xfrontend -serialize-debugging-options -profile-coverage-mapping -profile-generate -enable-testing -suppress-warnings -index-store-path /Users/admin/builder/spi-builder-workspace/.derivedData/Index.noindex/DataStore -Xcc -D_LIBCPP_HARDENING_MODE\=_LIBCPP_HARDENING_MODE_DEBUG -swift-version 6 -I /Users/admin/builder/spi-builder-workspace/.derivedData/Build/Products/Debug-watchos -Isystem /Applications/Xcode-27.0.0-Release.Candidate.app/Contents/Developer/Platforms/WatchOS.platform/Developer/usr/lib -F /Users/admin/builder/spi-builder-workspace/.derivedData/Build/Products/Debug-watchos/PackageFrameworks -F /Users/admin/builder/spi-builder-workspace/.derivedData/Build/Products/Debug-watchos -F /Applications/Xcode-27.0.0-Release.Candidate.app/Contents/Developer/Platforms/WatchOS.platform/Developer/Library/Frameworks -F /Applications/Xcode-27.0.0-Release.Candidate.app/Contents/Developer/Platforms/WatchOS.platform/Developer/SDKs/WatchOS27.0.sdk/Developer/Library/Frameworks -c -j10 -enable-batch-mode -incremental -Xcc -ivfsstatcache -Xcc /Users/admin/builder/spi-builder-workspace/.derivedData/SDKStatCaches.noindex/watchos27.0-24R360-e829b21a6f8c9b70876ba0858053c04477534ef55a1706bf4c1112bbb242f0a2.sdkstatcache -output-file-map /Users/admin/builder/spi-builder-workspace/.derivedData/Build/Intermediates.noindex/Yams.build/Debug-watchos/Yams-t.build/Objects-normal/arm64/Yams-OutputFileMap.json -save-temps -no-color-diagnostics -explicit-module-build -module-cache-path /Users/admin/builder/spi-builder-workspace/.derivedData/Build/Intermediates.noindex/SwiftExplicitPrecompiledModules -clang-scanner-module-cache-path /Users/admin/builder/spi-builder-workspace/.derivedData/ModuleCache.noindex -sdk-module-cache-path /Users/admin/builder/spi-builder-workspace/.derivedData/SDKExplicitPrecompiledModules -emit-dependencies -emit-module -emit-module-path /Users/admin/builder/spi-builder-workspace/.derivedData/Build/Intermediates.noindex/Yams.build/Debug-watchos/Yams-t.build/Objects-normal/arm64/Yams.swiftmodule -serialize-diagnostics -dependency-scan-serialize-diagnostics-path /Users/admin/builder/spi-builder-workspace/.derivedData/Build/Intermediates.noindex/Yams.build/Debug-watchos/Yams-t.build/Objects-normal/arm64/Yams-dependency-scan.dia -user-module-version 6.2.2 -validate-clang-modules-once -clang-build-session-file /Users/admin/builder/spi-builder-workspace/.derivedData/ModuleCache.noindex/Session.modulevalidation -Xcc -fmodules-prune-interval\=86400 -Xcc -fmodules-prune-after\=345600 -package-name yams -emit-const-values -const-gather-protocols-list /Users/admin/builder/spi-builder-workspace/.derivedData/Build/Intermediates.noindex/Yams.build/Debug-watchos/Yams-t.build/Objects-normal/arm64/Yams_const_extract_protocols.json -Xcc -I/Users/admin/builder/spi-builder-workspace/.dependencies/checkouts/Yams/Sources/CYaml/include -Xcc -I/Users/admin/builder/spi-builder-workspace/.derivedData/Build/Products/Debug-watchos/include -Xcc -I/Users/admin/builder/spi-builder-workspace/.derivedData/Build/Intermediates.noindex/Yams.build/Debug-watchos/Yams-t.build/DerivedSources-normal/arm64 -Xcc -I/Users/admin/builder/spi-builder-workspace/.derivedData/Build/Intermediates.noindex/Yams.build/Debug-watchos/Yams-t.build/DerivedSources/arm64 -Xcc -I/Users/admin/builder/spi-builder-workspace/.derivedData/Build/Intermediates.noindex/Yams.build/Debug-watchos/Yams-t.build/DerivedSources -Xcc -DSWIFT_PACKAGE -Xcc -DDEBUG\=1 -Xcc -DYAML_DECLARE_STATIC -emit-objc-header -emit-objc-header-path /Users/admin/builder/spi-builder-workspace/.derivedData/Build/Intermediates.noindex/Yams.build/Debug-watchos/Yams-t.build/Objects-normal/arm64/Yams-Swift.h -working-directory /Users/admin/builder/spi-builder-workspace/.swiftpm/xcode -experimental-emit-module-separately -disable-cmo
Copy /Users/admin/builder/spi-builder-workspace/.derivedData/Build/Products/Debug-watchos/Yams.swiftmodule/arm64_32-apple-watchos.swiftmodule /Users/admin/builder/spi-builder-workspace/.derivedData/Build/Intermediates.noindex/Yams.build/Debug-watchos/Yams-t.build/Objects-normal/arm64_32/Yams.swiftmodule (in target 'Yams' from project 'Yams')
cd /Users/admin/builder/spi-builder-workspace/.dependencies/checkouts/Yams
builtin-copy -exclude .DS_Store -exclude CVS -exclude .svn -exclude .git -exclude .hg -resolve-src-symlinks -rename /Users/admin/builder/spi-builder-workspace/.derivedData/Build/Intermediates.noindex/Yams.build/Debug-watchos/Yams-t.build/Objects-normal/arm64_32/Yams.swiftmodule /Users/admin/builder/spi-builder-workspace/.derivedData/Build/Products/Debug-watchos/Yams.swiftmodule/arm64_32-apple-watchos.swiftmodule
SwiftMergeGeneratedHeaders /Users/admin/builder/spi-builder-workspace/.derivedData/Build/Intermediates.noindex/GeneratedModuleMaps-watchos/Yams-Swift.h /Users/admin/builder/spi-builder-workspace/.derivedData/Build/Intermediates.noindex/Yams.build/Debug-watchos/Yams-t.build/Objects-normal/arm64/Yams-Swift.h /Users/admin/builder/spi-builder-workspace/.derivedData/Build/Intermediates.noindex/Yams.build/Debug-watchos/Yams-t.build/Objects-normal/arm64_32/Yams-Swift.h (in target 'Yams' from project 'Yams')
cd /Users/admin/builder/spi-builder-workspace/.dependencies/checkouts/Yams
builtin-swiftHeaderTool -arch arm64 /Users/admin/builder/spi-builder-workspace/.derivedData/Build/Intermediates.noindex/Yams.build/Debug-watchos/Yams-t.build/Objects-normal/arm64/Yams-Swift.h -arch arm64_32 /Users/admin/builder/spi-builder-workspace/.derivedData/Build/Intermediates.noindex/Yams.build/Debug-watchos/Yams-t.build/Objects-normal/arm64_32/Yams-Swift.h -o /Users/admin/builder/spi-builder-workspace/.derivedData/Build/Intermediates.noindex/GeneratedModuleMaps-watchos/Yams-Swift.h
Copy /Users/admin/builder/spi-builder-workspace/.derivedData/Build/Products/Debug-watchos/Yams.swiftmodule/arm64_32-apple-watchos.swiftdoc /Users/admin/builder/spi-builder-workspace/.derivedData/Build/Intermediates.noindex/Yams.build/Debug-watchos/Yams-t.build/Objects-normal/arm64_32/Yams.swiftdoc (in target 'Yams' from project 'Yams')
cd /Users/admin/builder/spi-builder-workspace/.dependencies/checkouts/Yams
builtin-copy -exclude .DS_Store -exclude CVS -exclude .svn -exclude .git -exclude .hg -resolve-src-symlinks -rename /Users/admin/builder/spi-builder-workspace/.derivedData/Build/Intermediates.noindex/Yams.build/Debug-watchos/Yams-t.build/Objects-normal/arm64_32/Yams.swiftdoc /Users/admin/builder/spi-builder-workspace/.derivedData/Build/Products/Debug-watchos/Yams.swiftmodule/arm64_32-apple-watchos.swiftdoc
Copy /Users/admin/builder/spi-builder-workspace/.derivedData/Build/Products/Debug-watchos/Yams.swiftmodule/arm64_32-apple-watchos.abi.json /Users/admin/builder/spi-builder-workspace/.derivedData/Build/Intermediates.noindex/Yams.build/Debug-watchos/Yams-t.build/Objects-normal/arm64_32/Yams.abi.json (in target 'Yams' from project 'Yams')
cd /Users/admin/builder/spi-builder-workspace/.dependencies/checkouts/Yams
builtin-copy -exclude .DS_Store -exclude CVS -exclude .svn -exclude .git -exclude .hg -resolve-src-symlinks -rename /Users/admin/builder/spi-builder-workspace/.derivedData/Build/Intermediates.noindex/Yams.build/Debug-watchos/Yams-t.build/Objects-normal/arm64_32/Yams.abi.json /Users/admin/builder/spi-builder-workspace/.derivedData/Build/Products/Debug-watchos/Yams.swiftmodule/arm64_32-apple-watchos.abi.json
Copy /Users/admin/builder/spi-builder-workspace/.derivedData/Build/Products/Debug-watchos/Yams.swiftmodule/arm64-apple-watchos.swiftmodule /Users/admin/builder/spi-builder-workspace/.derivedData/Build/Intermediates.noindex/Yams.build/Debug-watchos/Yams-t.build/Objects-normal/arm64/Yams.swiftmodule (in target 'Yams' from project 'Yams')
cd /Users/admin/builder/spi-builder-workspace/.dependencies/checkouts/Yams
builtin-copy -exclude .DS_Store -exclude CVS -exclude .svn -exclude .git -exclude .hg -resolve-src-symlinks -rename /Users/admin/builder/spi-builder-workspace/.derivedData/Build/Intermediates.noindex/Yams.build/Debug-watchos/Yams-t.build/Objects-normal/arm64/Yams.swiftmodule /Users/admin/builder/spi-builder-workspace/.derivedData/Build/Products/Debug-watchos/Yams.swiftmodule/arm64-apple-watchos.swiftmodule
Copy /Users/admin/builder/spi-builder-workspace/.derivedData/Build/Products/Debug-watchos/Yams.swiftmodule/arm64-apple-watchos.swiftdoc /Users/admin/builder/spi-builder-workspace/.derivedData/Build/Intermediates.noindex/Yams.build/Debug-watchos/Yams-t.build/Objects-normal/arm64/Yams.swiftdoc (in target 'Yams' from project 'Yams')
cd /Users/admin/builder/spi-builder-workspace/.dependencies/checkouts/Yams
builtin-copy -exclude .DS_Store -exclude CVS -exclude .svn -exclude .git -exclude .hg -resolve-src-symlinks -rename /Users/admin/builder/spi-builder-workspace/.derivedData/Build/Intermediates.noindex/Yams.build/Debug-watchos/Yams-t.build/Objects-normal/arm64/Yams.swiftdoc /Users/admin/builder/spi-builder-workspace/.derivedData/Build/Products/Debug-watchos/Yams.swiftmodule/arm64-apple-watchos.swiftdoc
Copy /Users/admin/builder/spi-builder-workspace/.derivedData/Build/Products/Debug-watchos/Yams.swiftmodule/arm64-apple-watchos.abi.json /Users/admin/builder/spi-builder-workspace/.derivedData/Build/Intermediates.noindex/Yams.build/Debug-watchos/Yams-t.build/Objects-normal/arm64/Yams.abi.json (in target 'Yams' from project 'Yams')
cd /Users/admin/builder/spi-builder-workspace/.dependencies/checkouts/Yams
builtin-copy -exclude .DS_Store -exclude CVS -exclude .svn -exclude .git -exclude .hg -resolve-src-symlinks -rename /Users/admin/builder/spi-builder-workspace/.derivedData/Build/Intermediates.noindex/Yams.build/Debug-watchos/Yams-t.build/Objects-normal/arm64/Yams.abi.json /Users/admin/builder/spi-builder-workspace/.derivedData/Build/Products/Debug-watchos/Yams.swiftmodule/arm64-apple-watchos.abi.json
Copy /Users/admin/builder/spi-builder-workspace/.derivedData/Build/Products/Debug-watchos/Yams.swiftmodule/Project/arm64_32-apple-watchos.swiftsourceinfo /Users/admin/builder/spi-builder-workspace/.derivedData/Build/Intermediates.noindex/Yams.build/Debug-watchos/Yams-t.build/Objects-normal/arm64_32/Yams.swiftsourceinfo (in target 'Yams' from project 'Yams')
cd /Users/admin/builder/spi-builder-workspace/.dependencies/checkouts/Yams
builtin-copy -exclude .DS_Store -exclude CVS -exclude .svn -exclude .git -exclude .hg -resolve-src-symlinks -rename /Users/admin/builder/spi-builder-workspace/.derivedData/Build/Intermediates.noindex/Yams.build/Debug-watchos/Yams-t.build/Objects-normal/arm64_32/Yams.swiftsourceinfo /Users/admin/builder/spi-builder-workspace/.derivedData/Build/Products/Debug-watchos/Yams.swiftmodule/Project/arm64_32-apple-watchos.swiftsourceinfo
Copy /Users/admin/builder/spi-builder-workspace/.derivedData/Build/Products/Debug-watchos/Yams.swiftmodule/Project/arm64-apple-watchos.swiftsourceinfo /Users/admin/builder/spi-builder-workspace/.derivedData/Build/Intermediates.noindex/Yams.build/Debug-watchos/Yams-t.build/Objects-normal/arm64/Yams.swiftsourceinfo (in target 'Yams' from project 'Yams')
cd /Users/admin/builder/spi-builder-workspace/.dependencies/checkouts/Yams
builtin-copy -exclude .DS_Store -exclude CVS -exclude .svn -exclude .git -exclude .hg -resolve-src-symlinks -rename /Users/admin/builder/spi-builder-workspace/.derivedData/Build/Intermediates.noindex/Yams.build/Debug-watchos/Yams-t.build/Objects-normal/arm64/Yams.swiftsourceinfo /Users/admin/builder/spi-builder-workspace/.derivedData/Build/Products/Debug-watchos/Yams.swiftmodule/Project/arm64-apple-watchos.swiftsourceinfo
SwiftCompile normal arm64_32 Compiling\ Decoder.swift,\ Emitter.swift /Users/admin/builder/spi-builder-workspace/.dependencies/checkouts/Yams/Sources/Yams/Decoder.swift /Users/admin/builder/spi-builder-workspace/.dependencies/checkouts/Yams/Sources/Yams/Emitter.swift (in target 'Yams' from project 'Yams')
SwiftCompile normal arm64_32 /Users/admin/builder/spi-builder-workspace/.dependencies/checkouts/Yams/Sources/Yams/Decoder.swift (in target 'Yams' from project 'Yams')
cd /Users/admin/builder/spi-builder-workspace/.swiftpm/xcode
builtin-SwiftPerFileCompile Decoder.swift
SwiftCompile normal arm64_32 /Users/admin/builder/spi-builder-workspace/.dependencies/checkouts/Yams/Sources/Yams/Emitter.swift (in target 'Yams' from project 'Yams')
cd /Users/admin/builder/spi-builder-workspace/.swiftpm/xcode
builtin-SwiftPerFileCompile Emitter.swift
SwiftCompile normal arm64 Compiling\ Tag.swift,\ YamlAnchorProviding.swift /Users/admin/builder/spi-builder-workspace/.dependencies/checkouts/Yams/Sources/Yams/Tag.swift /Users/admin/builder/spi-builder-workspace/.dependencies/checkouts/Yams/Sources/Yams/YamlAnchorProviding.swift (in target 'Yams' from project 'Yams')
SwiftCompile normal arm64 /Users/admin/builder/spi-builder-workspace/.dependencies/checkouts/Yams/Sources/Yams/Tag.swift (in target 'Yams' from project 'Yams')
cd /Users/admin/builder/spi-builder-workspace/.swiftpm/xcode
builtin-SwiftPerFileCompile Tag.swift
SwiftCompile normal arm64 /Users/admin/builder/spi-builder-workspace/.dependencies/checkouts/Yams/Sources/Yams/YamlAnchorProviding.swift (in target 'Yams' from project 'Yams')
cd /Users/admin/builder/spi-builder-workspace/.swiftpm/xcode
builtin-SwiftPerFileCompile YamlAnchorProviding.swift
SwiftDriverJobDiscovery normal arm64_32 Compiling Tag.swift, YamlAnchorProviding.swift (in target 'Yams' from project 'Yams')
SwiftCompile normal arm64_32 Compiling\ YamlError.swift,\ YamlTagProviding.swift /Users/admin/builder/spi-builder-workspace/.dependencies/checkouts/Yams/Sources/Yams/YamlError.swift /Users/admin/builder/spi-builder-workspace/.dependencies/checkouts/Yams/Sources/Yams/YamlTagProviding.swift (in target 'Yams' from project 'Yams')
SwiftCompile normal arm64_32 /Users/admin/builder/spi-builder-workspace/.dependencies/checkouts/Yams/Sources/Yams/YamlError.swift (in target 'Yams' from project 'Yams')
cd /Users/admin/builder/spi-builder-workspace/.swiftpm/xcode
builtin-SwiftPerFileCompile YamlError.swift
SwiftCompile normal arm64_32 /Users/admin/builder/spi-builder-workspace/.dependencies/checkouts/Yams/Sources/Yams/YamlTagProviding.swift (in target 'Yams' from project 'Yams')
cd /Users/admin/builder/spi-builder-workspace/.swiftpm/xcode
builtin-SwiftPerFileCompile YamlTagProviding.swift
SwiftDriverJobDiscovery normal arm64 Compiling Tag.swift, YamlAnchorProviding.swift (in target 'Yams' from project 'Yams')
SwiftCompile normal arm64 Compiling\ Resolver.swift,\ String+Yams.swift /Users/admin/builder/spi-builder-workspace/.dependencies/checkouts/Yams/Sources/Yams/Resolver.swift /Users/admin/builder/spi-builder-workspace/.dependencies/checkouts/Yams/Sources/Yams/String+Yams.swift (in target 'Yams' from project 'Yams')
SwiftCompile normal arm64 /Users/admin/builder/spi-builder-workspace/.dependencies/checkouts/Yams/Sources/Yams/Resolver.swift (in target 'Yams' from project 'Yams')
cd /Users/admin/builder/spi-builder-workspace/.swiftpm/xcode
builtin-SwiftPerFileCompile Resolver.swift
SwiftCompile normal arm64 /Users/admin/builder/spi-builder-workspace/.dependencies/checkouts/Yams/Sources/Yams/String+Yams.swift (in target 'Yams' from project 'Yams')
cd /Users/admin/builder/spi-builder-workspace/.swiftpm/xcode
builtin-SwiftPerFileCompile String+Yams.swift
SwiftDriverJobDiscovery normal arm64 Compiling IssueLocation.swift (in target 'XcodeIssueReporting' from project 'XcodeIssueReporting')
SwiftCompile normal arm64 Compiling\ RedundancyAliasingStrategy.swift,\ Representer.swift /Users/admin/builder/spi-builder-workspace/.dependencies/checkouts/Yams/Sources/Yams/RedundancyAliasingStrategy.swift /Users/admin/builder/spi-builder-workspace/.dependencies/checkouts/Yams/Sources/Yams/Representer.swift (in target 'Yams' from project 'Yams')
SwiftCompile normal arm64 /Users/admin/builder/spi-builder-workspace/.dependencies/checkouts/Yams/Sources/Yams/RedundancyAliasingStrategy.swift (in target 'Yams' from project 'Yams')
cd /Users/admin/builder/spi-builder-workspace/.swiftpm/xcode
builtin-SwiftPerFileCompile RedundancyAliasingStrategy.swift
SwiftCompile normal arm64 /Users/admin/builder/spi-builder-workspace/.dependencies/checkouts/Yams/Sources/Yams/Representer.swift (in target 'Yams' from project 'Yams')
cd /Users/admin/builder/spi-builder-workspace/.swiftpm/xcode
builtin-SwiftPerFileCompile Representer.swift
SwiftDriverJobDiscovery normal arm64 Compiling XMLAttributeDeserializable.swift, XMLElementDeserializable.swift, XMLIndexer+XMLDeserialization.swift (in target 'SWXMLHash' from project 'SWXMLHash')
SwiftCompile normal arm64_32 Compiling\ Node.Scalar.swift,\ Node.Sequence.swift /Users/admin/builder/spi-builder-workspace/.dependencies/checkouts/Yams/Sources/Yams/Node.Scalar.swift /Users/admin/builder/spi-builder-workspace/.dependencies/checkouts/Yams/Sources/Yams/Node.Sequence.swift (in target 'Yams' from project 'Yams')
SwiftCompile normal arm64_32 /Users/admin/builder/spi-builder-workspace/.dependencies/checkouts/Yams/Sources/Yams/Node.Scalar.swift (in target 'Yams' from project 'Yams')
cd /Users/admin/builder/spi-builder-workspace/.swiftpm/xcode
builtin-SwiftPerFileCompile Node.Scalar.swift
SwiftCompile normal arm64_32 /Users/admin/builder/spi-builder-workspace/.dependencies/checkouts/Yams/Sources/Yams/Node.Sequence.swift (in target 'Yams' from project 'Yams')
cd /Users/admin/builder/spi-builder-workspace/.swiftpm/xcode
builtin-SwiftPerFileCompile Node.Sequence.swift
SwiftCompile normal arm64_32 Compiling\ Node.swift,\ Parser.swift /Users/admin/builder/spi-builder-workspace/.dependencies/checkouts/Yams/Sources/Yams/Node.swift /Users/admin/builder/spi-builder-workspace/.dependencies/checkouts/Yams/Sources/Yams/Parser.swift (in target 'Yams' from project 'Yams')
SwiftCompile normal arm64_32 /Users/admin/builder/spi-builder-workspace/.dependencies/checkouts/Yams/Sources/Yams/Node.swift (in target 'Yams' from project 'Yams')
cd /Users/admin/builder/spi-builder-workspace/.swiftpm/xcode
builtin-SwiftPerFileCompile Node.swift
SwiftCompile normal arm64_32 /Users/admin/builder/spi-builder-workspace/.dependencies/checkouts/Yams/Sources/Yams/Parser.swift (in target 'Yams' from project 'Yams')
cd /Users/admin/builder/spi-builder-workspace/.swiftpm/xcode
builtin-SwiftPerFileCompile Parser.swift
SwiftCompile normal arm64_32 Compiling\ Encoder.swift,\ Mark.swift /Users/admin/builder/spi-builder-workspace/.dependencies/checkouts/Yams/Sources/Yams/Encoder.swift /Users/admin/builder/spi-builder-workspace/.dependencies/checkouts/Yams/Sources/Yams/Mark.swift (in target 'Yams' from project 'Yams')
SwiftCompile normal arm64_32 /Users/admin/builder/spi-builder-workspace/.dependencies/checkouts/Yams/Sources/Yams/Encoder.swift (in target 'Yams' from project 'Yams')
cd /Users/admin/builder/spi-builder-workspace/.swiftpm/xcode
builtin-SwiftPerFileCompile Encoder.swift
SwiftCompile normal arm64_32 /Users/admin/builder/spi-builder-workspace/.dependencies/checkouts/Yams/Sources/Yams/Mark.swift (in target 'Yams' from project 'Yams')
cd /Users/admin/builder/spi-builder-workspace/.swiftpm/xcode
builtin-SwiftPerFileCompile Mark.swift
SwiftCompile normal arm64_32 Compiling\ Node.Alias.swift,\ Node.Mapping.swift /Users/admin/builder/spi-builder-workspace/.dependencies/checkouts/Yams/Sources/Yams/Node.Alias.swift /Users/admin/builder/spi-builder-workspace/.dependencies/checkouts/Yams/Sources/Yams/Node.Mapping.swift (in target 'Yams' from project 'Yams')
SwiftCompile normal arm64_32 /Users/admin/builder/spi-builder-workspace/.dependencies/checkouts/Yams/Sources/Yams/Node.Alias.swift (in target 'Yams' from project 'Yams')
cd /Users/admin/builder/spi-builder-workspace/.swiftpm/xcode
builtin-SwiftPerFileCompile Node.Alias.swift
SwiftCompile normal arm64_32 /Users/admin/builder/spi-builder-workspace/.dependencies/checkouts/Yams/Sources/Yams/Node.Mapping.swift (in target 'Yams' from project 'Yams')
cd /Users/admin/builder/spi-builder-workspace/.swiftpm/xcode
builtin-SwiftPerFileCompile Node.Mapping.swift
SwiftDriverJobDiscovery normal arm64 Compiling Double+XMLDeserialization.swift, Float+XMLDeserialization.swift, Int+XMLDeserialization.swift (in target 'SWXMLHash' from project 'SWXMLHash')
SwiftDriverJobDiscovery normal arm64 Compiling Issue.swift (in target 'XcodeIssueReporting' from project 'XcodeIssueReporting')
SwiftDriverJobDiscovery normal arm64 Compiling IssueType.swift (in target 'XcodeIssueReporting' from project 'XcodeIssueReporting')
SwiftDriverJobDiscovery normal arm64 Compiling Reporting.swift (in target 'XcodeIssueReporting' from project 'XcodeIssueReporting')
SwiftDriverJobDiscovery normal arm64_32 Compiling Resolver.swift, String+Yams.swift (in target 'Yams' from project 'Yams')
SwiftCompile normal arm64 Compiling\ Encoder.swift,\ Mark.swift /Users/admin/builder/spi-builder-workspace/.dependencies/checkouts/Yams/Sources/Yams/Encoder.swift /Users/admin/builder/spi-builder-workspace/.dependencies/checkouts/Yams/Sources/Yams/Mark.swift (in target 'Yams' from project 'Yams')
SwiftCompile normal arm64 /Users/admin/builder/spi-builder-workspace/.dependencies/checkouts/Yams/Sources/Yams/Encoder.swift (in target 'Yams' from project 'Yams')
cd /Users/admin/builder/spi-builder-workspace/.swiftpm/xcode
builtin-SwiftPerFileCompile Encoder.swift
SwiftCompile normal arm64 /Users/admin/builder/spi-builder-workspace/.dependencies/checkouts/Yams/Sources/Yams/Mark.swift (in target 'Yams' from project 'Yams')
cd /Users/admin/builder/spi-builder-workspace/.swiftpm/xcode
builtin-SwiftPerFileCompile Mark.swift
SwiftDriverJobDiscovery normal arm64 Compiling Decoder.swift, Emitter.swift (in target 'Yams' from project 'Yams')
SwiftCompile normal arm64 Compiling\ Node.Alias.swift,\ Node.Mapping.swift /Users/admin/builder/spi-builder-workspace/.dependencies/checkouts/Yams/Sources/Yams/Node.Alias.swift /Users/admin/builder/spi-builder-workspace/.dependencies/checkouts/Yams/Sources/Yams/Node.Mapping.swift (in target 'Yams' from project 'Yams')
SwiftCompile normal arm64 /Users/admin/builder/spi-builder-workspace/.dependencies/checkouts/Yams/Sources/Yams/Node.Alias.swift (in target 'Yams' from project 'Yams')
cd /Users/admin/builder/spi-builder-workspace/.swiftpm/xcode
builtin-SwiftPerFileCompile Node.Alias.swift
SwiftCompile normal arm64 /Users/admin/builder/spi-builder-workspace/.dependencies/checkouts/Yams/Sources/Yams/Node.Mapping.swift (in target 'Yams' from project 'Yams')
cd /Users/admin/builder/spi-builder-workspace/.swiftpm/xcode
builtin-SwiftPerFileCompile Node.Mapping.swift
SwiftDriverJobDiscovery normal arm64_32 Compiling Decoder.swift, Emitter.swift (in target 'Yams' from project 'Yams')
SwiftCompile normal arm64 Compiling\ Node.swift,\ Parser.swift /Users/admin/builder/spi-builder-workspace/.dependencies/checkouts/Yams/Sources/Yams/Node.swift /Users/admin/builder/spi-builder-workspace/.dependencies/checkouts/Yams/Sources/Yams/Parser.swift (in target 'Yams' from project 'Yams')
SwiftCompile normal arm64 /Users/admin/builder/spi-builder-workspace/.dependencies/checkouts/Yams/Sources/Yams/Node.swift (in target 'Yams' from project 'Yams')
cd /Users/admin/builder/spi-builder-workspace/.swiftpm/xcode
builtin-SwiftPerFileCompile Node.swift
SwiftCompile normal arm64 /Users/admin/builder/spi-builder-workspace/.dependencies/checkouts/Yams/Sources/Yams/Parser.swift (in target 'Yams' from project 'Yams')
cd /Users/admin/builder/spi-builder-workspace/.swiftpm/xcode
builtin-SwiftPerFileCompile Parser.swift
SwiftCompile normal arm64_32 Compiling\ RedundancyAliasingStrategy.swift,\ Representer.swift /Users/admin/builder/spi-builder-workspace/.dependencies/checkouts/Yams/Sources/Yams/RedundancyAliasingStrategy.swift /Users/admin/builder/spi-builder-workspace/.dependencies/checkouts/Yams/Sources/Yams/Representer.swift (in target 'Yams' from project 'Yams')
SwiftCompile normal arm64_32 /Users/admin/builder/spi-builder-workspace/.dependencies/checkouts/Yams/Sources/Yams/RedundancyAliasingStrategy.swift (in target 'Yams' from project 'Yams')
cd /Users/admin/builder/spi-builder-workspace/.swiftpm/xcode
builtin-SwiftPerFileCompile RedundancyAliasingStrategy.swift
SwiftCompile normal arm64_32 /Users/admin/builder/spi-builder-workspace/.dependencies/checkouts/Yams/Sources/Yams/Representer.swift (in target 'Yams' from project 'Yams')
cd /Users/admin/builder/spi-builder-workspace/.swiftpm/xcode
builtin-SwiftPerFileCompile Representer.swift
SwiftDriverJobDiscovery normal arm64_32 Compiling Node.Scalar.swift, Node.Sequence.swift (in target 'Yams' from project 'Yams')
SwiftCompile normal arm64 Compiling\ Node.Scalar.swift,\ Node.Sequence.swift /Users/admin/builder/spi-builder-workspace/.dependencies/checkouts/Yams/Sources/Yams/Node.Scalar.swift /Users/admin/builder/spi-builder-workspace/.dependencies/checkouts/Yams/Sources/Yams/Node.Sequence.swift (in target 'Yams' from project 'Yams')
SwiftCompile normal arm64 /Users/admin/builder/spi-builder-workspace/.dependencies/checkouts/Yams/Sources/Yams/Node.Scalar.swift (in target 'Yams' from project 'Yams')
cd /Users/admin/builder/spi-builder-workspace/.swiftpm/xcode
builtin-SwiftPerFileCompile Node.Scalar.swift
SwiftCompile normal arm64 /Users/admin/builder/spi-builder-workspace/.dependencies/checkouts/Yams/Sources/Yams/Node.Sequence.swift (in target 'Yams' from project 'Yams')
cd /Users/admin/builder/spi-builder-workspace/.swiftpm/xcode
builtin-SwiftPerFileCompile Node.Sequence.swift
SwiftDriverJobDiscovery normal arm64 Compiling Resolver.swift, String+Yams.swift (in target 'Yams' from project 'Yams')
SwiftCompile normal arm64 Compiling\ AliasDereferencingStrategy.swift,\ Anchor.swift,\ Constructor.swift /Users/admin/builder/spi-builder-workspace/.dependencies/checkouts/Yams/Sources/Yams/AliasDereferencingStrategy.swift /Users/admin/builder/spi-builder-workspace/.dependencies/checkouts/Yams/Sources/Yams/Anchor.swift /Users/admin/builder/spi-builder-workspace/.dependencies/checkouts/Yams/Sources/Yams/Constructor.swift (in target 'Yams' from project 'Yams')
SwiftCompile normal arm64 /Users/admin/builder/spi-builder-workspace/.dependencies/checkouts/Yams/Sources/Yams/AliasDereferencingStrategy.swift (in target 'Yams' from project 'Yams')
cd /Users/admin/builder/spi-builder-workspace/.swiftpm/xcode
builtin-SwiftPerFileCompile AliasDereferencingStrategy.swift
SwiftCompile normal arm64 /Users/admin/builder/spi-builder-workspace/.dependencies/checkouts/Yams/Sources/Yams/Anchor.swift (in target 'Yams' from project 'Yams')
cd /Users/admin/builder/spi-builder-workspace/.swiftpm/xcode
builtin-SwiftPerFileCompile Anchor.swift
SwiftCompile normal arm64 /Users/admin/builder/spi-builder-workspace/.dependencies/checkouts/Yams/Sources/Yams/Constructor.swift (in target 'Yams' from project 'Yams')
cd /Users/admin/builder/spi-builder-workspace/.swiftpm/xcode
builtin-SwiftPerFileCompile Constructor.swift
SwiftDriverJobDiscovery normal arm64_32 Compiling YamlError.swift, YamlTagProviding.swift (in target 'Yams' from project 'Yams')
SwiftCompile normal arm64 Compiling\ YamlError.swift,\ YamlTagProviding.swift /Users/admin/builder/spi-builder-workspace/.dependencies/checkouts/Yams/Sources/Yams/YamlError.swift /Users/admin/builder/spi-builder-workspace/.dependencies/checkouts/Yams/Sources/Yams/YamlTagProviding.swift (in target 'Yams' from project 'Yams')
SwiftCompile normal arm64 /Users/admin/builder/spi-builder-workspace/.dependencies/checkouts/Yams/Sources/Yams/YamlError.swift (in target 'Yams' from project 'Yams')
cd /Users/admin/builder/spi-builder-workspace/.swiftpm/xcode
builtin-SwiftPerFileCompile YamlError.swift
SwiftCompile normal arm64 /Users/admin/builder/spi-builder-workspace/.dependencies/checkouts/Yams/Sources/Yams/YamlTagProviding.swift (in target 'Yams' from project 'Yams')
cd /Users/admin/builder/spi-builder-workspace/.swiftpm/xcode
builtin-SwiftPerFileCompile YamlTagProviding.swift
SwiftDriverJobDiscovery normal arm64_32 Compiling Node.Alias.swift, Node.Mapping.swift (in target 'Yams' from project 'Yams')
SwiftCompile normal arm64_32 Compiling\ AliasDereferencingStrategy.swift,\ Anchor.swift,\ Constructor.swift /Users/admin/builder/spi-builder-workspace/.dependencies/checkouts/Yams/Sources/Yams/AliasDereferencingStrategy.swift /Users/admin/builder/spi-builder-workspace/.dependencies/checkouts/Yams/Sources/Yams/Anchor.swift /Users/admin/builder/spi-builder-workspace/.dependencies/checkouts/Yams/Sources/Yams/Constructor.swift (in target 'Yams' from project 'Yams')
SwiftCompile normal arm64_32 /Users/admin/builder/spi-builder-workspace/.dependencies/checkouts/Yams/Sources/Yams/AliasDereferencingStrategy.swift (in target 'Yams' from project 'Yams')
cd /Users/admin/builder/spi-builder-workspace/.swiftpm/xcode
builtin-SwiftPerFileCompile AliasDereferencingStrategy.swift
SwiftCompile normal arm64_32 /Users/admin/builder/spi-builder-workspace/.dependencies/checkouts/Yams/Sources/Yams/Anchor.swift (in target 'Yams' from project 'Yams')
cd /Users/admin/builder/spi-builder-workspace/.swiftpm/xcode
builtin-SwiftPerFileCompile Anchor.swift
SwiftCompile normal arm64_32 /Users/admin/builder/spi-builder-workspace/.dependencies/checkouts/Yams/Sources/Yams/Constructor.swift (in target 'Yams' from project 'Yams')
cd /Users/admin/builder/spi-builder-workspace/.swiftpm/xcode
builtin-SwiftPerFileCompile Constructor.swift
SwiftDriverJobDiscovery normal arm64 Compiling Node.Alias.swift, Node.Mapping.swift (in target 'Yams' from project 'Yams')
SwiftCompile normal arm64_32 Compiling\ IssueType.swift /Users/admin/builder/spi-builder-workspace/Sources/XcodeIssueReporting/IssueType.swift (in target 'XcodeIssueReporting' from project 'XcodeIssueReporting')
SwiftCompile normal arm64_32 /Users/admin/builder/spi-builder-workspace/Sources/XcodeIssueReporting/IssueType.swift (in target 'XcodeIssueReporting' from project 'XcodeIssueReporting')
cd /Users/admin/builder/spi-builder-workspace/.swiftpm/xcode
builtin-SwiftPerFileCompile IssueType.swift
SwiftDriverJobDiscovery normal arm64_32 Compiling Encoder.swift, Mark.swift (in target 'Yams' from project 'Yams')
SwiftDriver\ Compilation XcodeIssueReporting normal arm64 com.apple.xcode.tools.swift.compiler (in target 'XcodeIssueReporting' from project 'XcodeIssueReporting')
cd /Users/admin/builder/spi-builder-workspace/.swiftpm/xcode
builtin-Swift-Compilation -- /Applications/Xcode-27.0.0-Release.Candidate.app/Contents/Developer/Toolchains/XcodeDefault.xctoolchain/usr/bin/swiftc -parse-as-library -module-name XcodeIssueReporting -Onone @/Users/admin/builder/spi-builder-workspace/.derivedData/Build/Intermediates.noindex/XcodeIssueReporting.build/Debug-watchos/XcodeIssueReporting-t.build/Objects-normal/arm64/XcodeIssueReporting.SwiftFileList -DSWIFT_PACKAGE -DDEBUG -DSWIFT_MODULE_RESOURCE_BUNDLE_UNAVAILABLE -DXcode -plugin-path /Applications/Xcode-27.0.0-Release.Candidate.app/Contents/Developer/Toolchains/XcodeDefault.xctoolchain/usr/lib/swift/host/plugins/testing -enable-experimental-feature DebugDescriptionMacro -sdk /Applications/Xcode-27.0.0-Release.Candidate.app/Contents/Developer/Platforms/WatchOS.platform/Developer/SDKs/WatchOS27.0.sdk -target arm64-apple-watchos9.0 -g -module-cache-path /Users/admin/builder/spi-builder-workspace/.derivedData/ModuleCache.noindex -Xfrontend -serialize-debugging-options -profile-coverage-mapping -profile-generate -enable-testing -index-store-path /Users/admin/builder/spi-builder-workspace/.derivedData/Index.noindex/DataStore -Xcc -D_LIBCPP_HARDENING_MODE\=_LIBCPP_HARDENING_MODE_DEBUG -swift-version 5 -I /Users/admin/builder/spi-builder-workspace/.derivedData/Build/Products/Debug-watchos -Isystem /Applications/Xcode-27.0.0-Release.Candidate.app/Contents/Developer/Platforms/WatchOS.platform/Developer/usr/lib -F /Users/admin/builder/spi-builder-workspace/.derivedData/Build/Products/Debug-watchos -F /Applications/Xcode-27.0.0-Release.Candidate.app/Contents/Developer/Platforms/WatchOS.platform/Developer/Library/Frameworks -F /Applications/Xcode-27.0.0-Release.Candidate.app/Contents/Developer/Platforms/WatchOS.platform/Developer/SDKs/WatchOS27.0.sdk/Developer/Library/Frameworks -c -j10 -enable-batch-mode -incremental -Xcc -ivfsstatcache -Xcc /Users/admin/builder/spi-builder-workspace/.derivedData/SDKStatCaches.noindex/watchos27.0-24R360-e829b21a6f8c9b70876ba0858053c04477534ef55a1706bf4c1112bbb242f0a2.sdkstatcache -output-file-map /Users/admin/builder/spi-builder-workspace/.derivedData/Build/Intermediates.noindex/XcodeIssueReporting.build/Debug-watchos/XcodeIssueReporting-t.build/Objects-normal/arm64/XcodeIssueReporting-OutputFileMap.json -save-temps -no-color-diagnostics -explicit-module-build -module-cache-path /Users/admin/builder/spi-builder-workspace/.derivedData/Build/Intermediates.noindex/SwiftExplicitPrecompiledModules -clang-scanner-module-cache-path /Users/admin/builder/spi-builder-workspace/.derivedData/ModuleCache.noindex -sdk-module-cache-path /Users/admin/builder/spi-builder-workspace/.derivedData/SDKExplicitPrecompiledModules -emit-dependencies -emit-module -emit-module-path /Users/admin/builder/spi-builder-workspace/.derivedData/Build/Intermediates.noindex/XcodeIssueReporting.build/Debug-watchos/XcodeIssueReporting-t.build/Objects-normal/arm64/XcodeIssueReporting.swiftmodule -serialize-diagnostics -dependency-scan-serialize-diagnostics-path /Users/admin/builder/spi-builder-workspace/.derivedData/Build/Intermediates.noindex/XcodeIssueReporting.build/Debug-watchos/XcodeIssueReporting-t.build/Objects-normal/arm64/XcodeIssueReporting-dependency-scan.dia -validate-clang-modules-once -clang-build-session-file /Users/admin/builder/spi-builder-workspace/.derivedData/ModuleCache.noindex/Session.modulevalidation -Xcc -fmodules-prune-interval\=86400 -Xcc -fmodules-prune-after\=345600 -emit-const-values -const-gather-protocols-list /Users/admin/builder/spi-builder-workspace/.derivedData/Build/Intermediates.noindex/XcodeIssueReporting.build/Debug-watchos/XcodeIssueReporting-t.build/Objects-normal/arm64/XcodeIssueReporting_const_extract_protocols.json -Xcc -I/Users/admin/builder/spi-builder-workspace/.derivedData/Build/Products/Debug-watchos/include -Xcc -I/Users/admin/builder/spi-builder-workspace/.derivedData/Build/Intermediates.noindex/XcodeIssueReporting.build/Debug-watchos/XcodeIssueReporting-t.build/DerivedSources-normal/arm64 -Xcc -I/Users/admin/builder/spi-builder-workspace/.derivedData/Build/Intermediates.noindex/XcodeIssueReporting.build/Debug-watchos/XcodeIssueReporting-t.build/DerivedSources/arm64 -Xcc -I/Users/admin/builder/spi-builder-workspace/.derivedData/Build/Intermediates.noindex/XcodeIssueReporting.build/Debug-watchos/XcodeIssueReporting-t.build/DerivedSources -Xcc -DSWIFT_PACKAGE -Xcc -DDEBUG\=1 -emit-objc-header -emit-objc-header-path /Users/admin/builder/spi-builder-workspace/.derivedData/Build/Intermediates.noindex/XcodeIssueReporting.build/Debug-watchos/XcodeIssueReporting-t.build/Objects-normal/arm64/XcodeIssueReporting-Swift.h -working-directory /Users/admin/builder/spi-builder-workspace/.swiftpm/xcode -experimental-emit-module-separately -disable-cmo
SwiftDriverJobDiscovery normal arm64 Compiling RedundancyAliasingStrategy.swift, Representer.swift (in target 'Yams' from project 'Yams')
SwiftCompile normal arm64_32 Compiling\ Issue.swift /Users/admin/builder/spi-builder-workspace/Sources/XcodeIssueReporting/Issue.swift (in target 'XcodeIssueReporting' from project 'XcodeIssueReporting')
SwiftCompile normal arm64_32 /Users/admin/builder/spi-builder-workspace/Sources/XcodeIssueReporting/Issue.swift (in target 'XcodeIssueReporting' from project 'XcodeIssueReporting')
cd /Users/admin/builder/spi-builder-workspace/.swiftpm/xcode
builtin-SwiftPerFileCompile Issue.swift
SwiftDriverJobDiscovery normal arm64 Compiling Encoder.swift, Mark.swift (in target 'Yams' from project 'Yams')
SwiftCompile normal arm64_32 Compiling\ IssueLocation.swift /Users/admin/builder/spi-builder-workspace/Sources/XcodeIssueReporting/IssueLocation.swift (in target 'XcodeIssueReporting' from project 'XcodeIssueReporting')
SwiftCompile normal arm64_32 /Users/admin/builder/spi-builder-workspace/Sources/XcodeIssueReporting/IssueLocation.swift (in target 'XcodeIssueReporting' from project 'XcodeIssueReporting')
cd /Users/admin/builder/spi-builder-workspace/.swiftpm/xcode
builtin-SwiftPerFileCompile IssueLocation.swift
SwiftDriverJobDiscovery normal arm64 Compiling Node.Scalar.swift, Node.Sequence.swift (in target 'Yams' from project 'Yams')
SwiftCompile normal arm64_32 Compiling\ Reporting.swift /Users/admin/builder/spi-builder-workspace/Sources/XcodeIssueReporting/Reporting.swift (in target 'XcodeIssueReporting' from project 'XcodeIssueReporting')
SwiftCompile normal arm64_32 /Users/admin/builder/spi-builder-workspace/Sources/XcodeIssueReporting/Reporting.swift (in target 'XcodeIssueReporting' from project 'XcodeIssueReporting')
cd /Users/admin/builder/spi-builder-workspace/.swiftpm/xcode
builtin-SwiftPerFileCompile Reporting.swift
SwiftDriverJobDiscovery normal arm64_32 Compiling IssueLocation.swift (in target 'XcodeIssueReporting' from project 'XcodeIssueReporting')
SwiftCompile normal arm64_32 Compiling\ XMLDeserializationError.swift,\ FullXMLParser.swift,\ IndexOp.swift /Users/admin/builder/spi-builder-workspace/.dependencies/checkouts/SWXMLHash/Source/Errors/XMLDeserializationError.swift /Users/admin/builder/spi-builder-workspace/.dependencies/checkouts/SWXMLHash/Source/FullXMLParser.swift /Users/admin/builder/spi-builder-workspace/.dependencies/checkouts/SWXMLHash/Source/IndexOp.swift (in target 'SWXMLHash' from project 'SWXMLHash')
SwiftCompile normal arm64_32 /Users/admin/builder/spi-builder-workspace/.dependencies/checkouts/SWXMLHash/Source/Errors/XMLDeserializationError.swift (in target 'SWXMLHash' from project 'SWXMLHash')
cd /Users/admin/builder/spi-builder-workspace/.swiftpm/xcode
builtin-SwiftPerFileCompile XMLDeserializationError.swift
SwiftCompile normal arm64_32 /Users/admin/builder/spi-builder-workspace/.dependencies/checkouts/SWXMLHash/Source/FullXMLParser.swift (in target 'SWXMLHash' from project 'SWXMLHash')
cd /Users/admin/builder/spi-builder-workspace/.swiftpm/xcode
builtin-SwiftPerFileCompile FullXMLParser.swift
SwiftCompile normal arm64_32 /Users/admin/builder/spi-builder-workspace/.dependencies/checkouts/SWXMLHash/Source/IndexOp.swift (in target 'SWXMLHash' from project 'SWXMLHash')
cd /Users/admin/builder/spi-builder-workspace/.swiftpm/xcode
builtin-SwiftPerFileCompile IndexOp.swift
SwiftCompile normal arm64_32 Compiling\ Double+XMLDeserialization.swift,\ Float+XMLDeserialization.swift,\ Int+XMLDeserialization.swift /Users/admin/builder/spi-builder-workspace/.dependencies/checkouts/SWXMLHash/Source/DeserializationTypes/Double+XMLDeserialization.swift /Users/admin/builder/spi-builder-workspace/.dependencies/checkouts/SWXMLHash/Source/DeserializationTypes/Float+XMLDeserialization.swift /Users/admin/builder/spi-builder-workspace/.dependencies/checkouts/SWXMLHash/Source/DeserializationTypes/Int+XMLDeserialization.swift (in target 'SWXMLHash' from project 'SWXMLHash')
SwiftCompile normal arm64_32 /Users/admin/builder/spi-builder-workspace/.dependencies/checkouts/SWXMLHash/Source/DeserializationTypes/Double+XMLDeserialization.swift (in target 'SWXMLHash' from project 'SWXMLHash')
cd /Users/admin/builder/spi-builder-workspace/.swiftpm/xcode
builtin-SwiftPerFileCompile Double+XMLDeserialization.swift
SwiftCompile normal arm64_32 /Users/admin/builder/spi-builder-workspace/.dependencies/checkouts/SWXMLHash/Source/DeserializationTypes/Float+XMLDeserialization.swift (in target 'SWXMLHash' from project 'SWXMLHash')
cd /Users/admin/builder/spi-builder-workspace/.swiftpm/xcode
builtin-SwiftPerFileCompile Float+XMLDeserialization.swift
SwiftCompile normal arm64_32 /Users/admin/builder/spi-builder-workspace/.dependencies/checkouts/SWXMLHash/Source/DeserializationTypes/Int+XMLDeserialization.swift (in target 'SWXMLHash' from project 'SWXMLHash')
cd /Users/admin/builder/spi-builder-workspace/.swiftpm/xcode
builtin-SwiftPerFileCompile Int+XMLDeserialization.swift
SwiftDriverJobDiscovery normal arm64 Compiling YamlError.swift, YamlTagProviding.swift (in target 'Yams' from project 'Yams')
SwiftCompile normal arm64 Compiling\ XMLHash.swift,\ XMLHashOptions.swift /Users/admin/builder/spi-builder-workspace/.dependencies/checkouts/SWXMLHash/Source/XMLHash.swift /Users/admin/builder/spi-builder-workspace/.dependencies/checkouts/SWXMLHash/Source/XMLHashOptions.swift (in target 'SWXMLHash' from project 'SWXMLHash')
SwiftCompile normal arm64 /Users/admin/builder/spi-builder-workspace/.dependencies/checkouts/SWXMLHash/Source/XMLHash.swift (in target 'SWXMLHash' from project 'SWXMLHash')
cd /Users/admin/builder/spi-builder-workspace/.swiftpm/xcode
builtin-SwiftPerFileCompile XMLHash.swift
SwiftCompile normal arm64 /Users/admin/builder/spi-builder-workspace/.dependencies/checkouts/SWXMLHash/Source/XMLHashOptions.swift (in target 'SWXMLHash' from project 'SWXMLHash')
cd /Users/admin/builder/spi-builder-workspace/.swiftpm/xcode
builtin-SwiftPerFileCompile XMLHashOptions.swift
SwiftDriverJobDiscovery normal arm64_32 Compiling Node.swift, Parser.swift (in target 'Yams' from project 'Yams')
SwiftCompile normal arm64_32 Compiling\ TextElement.swift,\ XMLAttribute.swift /Users/admin/builder/spi-builder-workspace/.dependencies/checkouts/SWXMLHash/Source/TextElement.swift /Users/admin/builder/spi-builder-workspace/.dependencies/checkouts/SWXMLHash/Source/XMLAttribute.swift (in target 'SWXMLHash' from project 'SWXMLHash')
SwiftCompile normal arm64_32 /Users/admin/builder/spi-builder-workspace/.dependencies/checkouts/SWXMLHash/Source/TextElement.swift (in target 'SWXMLHash' from project 'SWXMLHash')
cd /Users/admin/builder/spi-builder-workspace/.swiftpm/xcode
builtin-SwiftPerFileCompile TextElement.swift
SwiftCompile normal arm64_32 /Users/admin/builder/spi-builder-workspace/.dependencies/checkouts/SWXMLHash/Source/XMLAttribute.swift (in target 'SWXMLHash' from project 'SWXMLHash')
cd /Users/admin/builder/spi-builder-workspace/.swiftpm/xcode
builtin-SwiftPerFileCompile XMLAttribute.swift
SwiftDriverJobDiscovery normal arm64_32 Compiling IssueType.swift (in target 'XcodeIssueReporting' from project 'XcodeIssueReporting')
SwiftCompile normal arm64_32 Compiling\ LazyXMLParser.swift,\ Stack.swift,\ String+Extensions.swift /Users/admin/builder/spi-builder-workspace/.dependencies/checkouts/SWXMLHash/Source/LazyXMLParser.swift /Users/admin/builder/spi-builder-workspace/.dependencies/checkouts/SWXMLHash/Source/Stack.swift /Users/admin/builder/spi-builder-workspace/.dependencies/checkouts/SWXMLHash/Source/String+Extensions.swift (in target 'SWXMLHash' from project 'SWXMLHash')
SwiftCompile normal arm64_32 /Users/admin/builder/spi-builder-workspace/.dependencies/checkouts/SWXMLHash/Source/LazyXMLParser.swift (in target 'SWXMLHash' from project 'SWXMLHash')
cd /Users/admin/builder/spi-builder-workspace/.swiftpm/xcode
builtin-SwiftPerFileCompile LazyXMLParser.swift
SwiftCompile normal arm64_32 /Users/admin/builder/spi-builder-workspace/.dependencies/checkouts/SWXMLHash/Source/Stack.swift (in target 'SWXMLHash' from project 'SWXMLHash')
cd /Users/admin/builder/spi-builder-workspace/.swiftpm/xcode
builtin-SwiftPerFileCompile Stack.swift
SwiftCompile normal arm64_32 /Users/admin/builder/spi-builder-workspace/.dependencies/checkouts/SWXMLHash/Source/String+Extensions.swift (in target 'SWXMLHash' from project 'SWXMLHash')
cd /Users/admin/builder/spi-builder-workspace/.swiftpm/xcode
builtin-SwiftPerFileCompile String+Extensions.swift
SwiftDriverJobDiscovery normal arm64_32 Compiling Issue.swift (in target 'XcodeIssueReporting' from project 'XcodeIssueReporting')
SwiftDriverJobDiscovery normal arm64_32 Compiling TextElement.swift, XMLAttribute.swift (in target 'SWXMLHash' from project 'SWXMLHash')
SwiftCompile normal arm64 Compiling\ String+XMLDeserialization.swift,\ IndexingError.swift,\ ParsingError.swift /Users/admin/builder/spi-builder-workspace/.dependencies/checkouts/SWXMLHash/Source/DeserializationTypes/String+XMLDeserialization.swift /Users/admin/builder/spi-builder-workspace/.dependencies/checkouts/SWXMLHash/Source/Errors/IndexingError.swift /Users/admin/builder/spi-builder-workspace/.dependencies/checkouts/SWXMLHash/Source/Errors/ParsingError.swift (in target 'SWXMLHash' from project 'SWXMLHash')
SwiftCompile normal arm64 /Users/admin/builder/spi-builder-workspace/.dependencies/checkouts/SWXMLHash/Source/DeserializationTypes/String+XMLDeserialization.swift (in target 'SWXMLHash' from project 'SWXMLHash')
cd /Users/admin/builder/spi-builder-workspace/.swiftpm/xcode
builtin-SwiftPerFileCompile String+XMLDeserialization.swift
SwiftCompile normal arm64 /Users/admin/builder/spi-builder-workspace/.dependencies/checkouts/SWXMLHash/Source/Errors/IndexingError.swift (in target 'SWXMLHash' from project 'SWXMLHash')
cd /Users/admin/builder/spi-builder-workspace/.swiftpm/xcode
builtin-SwiftPerFileCompile IndexingError.swift
SwiftCompile normal arm64 /Users/admin/builder/spi-builder-workspace/.dependencies/checkouts/SWXMLHash/Source/Errors/ParsingError.swift (in target 'SWXMLHash' from project 'SWXMLHash')
cd /Users/admin/builder/spi-builder-workspace/.swiftpm/xcode
builtin-SwiftPerFileCompile ParsingError.swift
SwiftCompile normal arm64 Compiling\ XMLIndexer.swift,\ shim.swift /Users/admin/builder/spi-builder-workspace/.dependencies/checkouts/SWXMLHash/Source/XMLIndexer.swift /Users/admin/builder/spi-builder-workspace/.dependencies/checkouts/SWXMLHash/Source/shim.swift (in target 'SWXMLHash' from project 'SWXMLHash')
SwiftCompile normal arm64 /Users/admin/builder/spi-builder-workspace/.dependencies/checkouts/SWXMLHash/Source/XMLIndexer.swift (in target 'SWXMLHash' from project 'SWXMLHash')
cd /Users/admin/builder/spi-builder-workspace/.swiftpm/xcode
builtin-SwiftPerFileCompile XMLIndexer.swift
SwiftCompile normal arm64 /Users/admin/builder/spi-builder-workspace/.dependencies/checkouts/SWXMLHash/Source/shim.swift (in target 'SWXMLHash' from project 'SWXMLHash')
cd /Users/admin/builder/spi-builder-workspace/.swiftpm/xcode
builtin-SwiftPerFileCompile shim.swift
SwiftDriverJobDiscovery normal arm64_32 Compiling Reporting.swift (in target 'XcodeIssueReporting' from project 'XcodeIssueReporting')
SwiftDriver\ Compilation XcodeIssueReporting normal arm64_32 com.apple.xcode.tools.swift.compiler (in target 'XcodeIssueReporting' from project 'XcodeIssueReporting')
cd /Users/admin/builder/spi-builder-workspace/.swiftpm/xcode
builtin-Swift-Compilation -- /Applications/Xcode-27.0.0-Release.Candidate.app/Contents/Developer/Toolchains/XcodeDefault.xctoolchain/usr/bin/swiftc -parse-as-library -module-name XcodeIssueReporting -Onone @/Users/admin/builder/spi-builder-workspace/.derivedData/Build/Intermediates.noindex/XcodeIssueReporting.build/Debug-watchos/XcodeIssueReporting-t.build/Objects-normal/arm64_32/XcodeIssueReporting.SwiftFileList -DSWIFT_PACKAGE -DDEBUG -DSWIFT_MODULE_RESOURCE_BUNDLE_UNAVAILABLE -DXcode -plugin-path /Applications/Xcode-27.0.0-Release.Candidate.app/Contents/Developer/Toolchains/XcodeDefault.xctoolchain/usr/lib/swift/host/plugins/testing -enable-experimental-feature DebugDescriptionMacro -sdk /Applications/Xcode-27.0.0-Release.Candidate.app/Contents/Developer/Platforms/WatchOS.platform/Developer/SDKs/WatchOS27.0.sdk -target arm64_32-apple-watchos9.0 -g -module-cache-path /Users/admin/builder/spi-builder-workspace/.derivedData/ModuleCache.noindex -Xfrontend -serialize-debugging-options -profile-coverage-mapping -profile-generate -enable-testing -index-store-path /Users/admin/builder/spi-builder-workspace/.derivedData/Index.noindex/DataStore -Xcc -D_LIBCPP_HARDENING_MODE\=_LIBCPP_HARDENING_MODE_DEBUG -swift-version 5 -I /Users/admin/builder/spi-builder-workspace/.derivedData/Build/Products/Debug-watchos -Isystem /Applications/Xcode-27.0.0-Release.Candidate.app/Contents/Developer/Platforms/WatchOS.platform/Developer/usr/lib -F /Users/admin/builder/spi-builder-workspace/.derivedData/Build/Products/Debug-watchos -F /Applications/Xcode-27.0.0-Release.Candidate.app/Contents/Developer/Platforms/WatchOS.platform/Developer/Library/Frameworks -F /Applications/Xcode-27.0.0-Release.Candidate.app/Contents/Developer/Platforms/WatchOS.platform/Developer/SDKs/WatchOS27.0.sdk/Developer/Library/Frameworks -c -j10 -enable-batch-mode -incremental -Xcc -ivfsstatcache -Xcc /Users/admin/builder/spi-builder-workspace/.derivedData/SDKStatCaches.noindex/watchos27.0-24R360-e829b21a6f8c9b70876ba0858053c04477534ef55a1706bf4c1112bbb242f0a2.sdkstatcache -output-file-map /Users/admin/builder/spi-builder-workspace/.derivedData/Build/Intermediates.noindex/XcodeIssueReporting.build/Debug-watchos/XcodeIssueReporting-t.build/Objects-normal/arm64_32/XcodeIssueReporting-OutputFileMap.json -save-temps -no-color-diagnostics -explicit-module-build -module-cache-path /Users/admin/builder/spi-builder-workspace/.derivedData/Build/Intermediates.noindex/SwiftExplicitPrecompiledModules -clang-scanner-module-cache-path /Users/admin/builder/spi-builder-workspace/.derivedData/ModuleCache.noindex -sdk-module-cache-path /Users/admin/builder/spi-builder-workspace/.derivedData/SDKExplicitPrecompiledModules -emit-dependencies -emit-module -emit-module-path /Users/admin/builder/spi-builder-workspace/.derivedData/Build/Intermediates.noindex/XcodeIssueReporting.build/Debug-watchos/XcodeIssueReporting-t.build/Objects-normal/arm64_32/XcodeIssueReporting.swiftmodule -serialize-diagnostics -dependency-scan-serialize-diagnostics-path /Users/admin/builder/spi-builder-workspace/.derivedData/Build/Intermediates.noindex/XcodeIssueReporting.build/Debug-watchos/XcodeIssueReporting-t.build/Objects-normal/arm64_32/XcodeIssueReporting-dependency-scan.dia -validate-clang-modules-once -clang-build-session-file /Users/admin/builder/spi-builder-workspace/.derivedData/ModuleCache.noindex/Session.modulevalidation -Xcc -fmodules-prune-interval\=86400 -Xcc -fmodules-prune-after\=345600 -emit-const-values -const-gather-protocols-list /Users/admin/builder/spi-builder-workspace/.derivedData/Build/Intermediates.noindex/XcodeIssueReporting.build/Debug-watchos/XcodeIssueReporting-t.build/Objects-normal/arm64_32/XcodeIssueReporting_const_extract_protocols.json -Xcc -I/Users/admin/builder/spi-builder-workspace/.derivedData/Build/Products/Debug-watchos/include -Xcc -I/Users/admin/builder/spi-builder-workspace/.derivedData/Build/Intermediates.noindex/XcodeIssueReporting.build/Debug-watchos/XcodeIssueReporting-t.build/DerivedSources-normal/arm64_32 -Xcc -I/Users/admin/builder/spi-builder-workspace/.derivedData/Build/Intermediates.noindex/XcodeIssueReporting.build/Debug-watchos/XcodeIssueReporting-t.build/DerivedSources/arm64_32 -Xcc -I/Users/admin/builder/spi-builder-workspace/.derivedData/Build/Intermediates.noindex/XcodeIssueReporting.build/Debug-watchos/XcodeIssueReporting-t.build/DerivedSources -Xcc -DSWIFT_PACKAGE -Xcc -DDEBUG\=1 -emit-objc-header -emit-objc-header-path /Users/admin/builder/spi-builder-workspace/.derivedData/Build/Intermediates.noindex/XcodeIssueReporting.build/Debug-watchos/XcodeIssueReporting-t.build/Objects-normal/arm64_32/XcodeIssueReporting-Swift.h -working-directory /Users/admin/builder/spi-builder-workspace/.swiftpm/xcode -experimental-emit-module-separately -disable-cmo
SwiftDriverJobDiscovery normal arm64_32 Compiling RedundancyAliasingStrategy.swift, Representer.swift (in target 'Yams' from project 'Yams')
SwiftCompile normal arm64 Compiling\ LazyXMLParser.swift,\ Stack.swift,\ String+Extensions.swift /Users/admin/builder/spi-builder-workspace/.dependencies/checkouts/SWXMLHash/Source/LazyXMLParser.swift /Users/admin/builder/spi-builder-workspace/.dependencies/checkouts/SWXMLHash/Source/Stack.swift /Users/admin/builder/spi-builder-workspace/.dependencies/checkouts/SWXMLHash/Source/String+Extensions.swift (in target 'SWXMLHash' from project 'SWXMLHash')
SwiftCompile normal arm64 /Users/admin/builder/spi-builder-workspace/.dependencies/checkouts/SWXMLHash/Source/LazyXMLParser.swift (in target 'SWXMLHash' from project 'SWXMLHash')
cd /Users/admin/builder/spi-builder-workspace/.swiftpm/xcode
builtin-SwiftPerFileCompile LazyXMLParser.swift
SwiftCompile normal arm64 /Users/admin/builder/spi-builder-workspace/.dependencies/checkouts/SWXMLHash/Source/Stack.swift (in target 'SWXMLHash' from project 'SWXMLHash')
cd /Users/admin/builder/spi-builder-workspace/.swiftpm/xcode
builtin-SwiftPerFileCompile Stack.swift
SwiftCompile normal arm64 /Users/admin/builder/spi-builder-workspace/.dependencies/checkouts/SWXMLHash/Source/String+Extensions.swift (in target 'SWXMLHash' from project 'SWXMLHash')
cd /Users/admin/builder/spi-builder-workspace/.swiftpm/xcode
builtin-SwiftPerFileCompile String+Extensions.swift
SwiftDriverJobDiscovery normal arm64 Compiling Node.swift, Parser.swift (in target 'Yams' from project 'Yams')
SwiftCompile normal arm64_32 Compiling\ XMLIndexer.swift,\ shim.swift /Users/admin/builder/spi-builder-workspace/.dependencies/checkouts/SWXMLHash/Source/XMLIndexer.swift /Users/admin/builder/spi-builder-workspace/.dependencies/checkouts/SWXMLHash/Source/shim.swift (in target 'SWXMLHash' from project 'SWXMLHash')
SwiftCompile normal arm64_32 /Users/admin/builder/spi-builder-workspace/.dependencies/checkouts/SWXMLHash/Source/XMLIndexer.swift (in target 'SWXMLHash' from project 'SWXMLHash')
cd /Users/admin/builder/spi-builder-workspace/.swiftpm/xcode
builtin-SwiftPerFileCompile XMLIndexer.swift
SwiftCompile normal arm64_32 /Users/admin/builder/spi-builder-workspace/.dependencies/checkouts/SWXMLHash/Source/shim.swift (in target 'SWXMLHash' from project 'SWXMLHash')
cd /Users/admin/builder/spi-builder-workspace/.swiftpm/xcode
builtin-SwiftPerFileCompile shim.swift
SwiftCompile normal arm64 Compiling\ TextElement.swift,\ XMLAttribute.swift /Users/admin/builder/spi-builder-workspace/.dependencies/checkouts/SWXMLHash/Source/TextElement.swift /Users/admin/builder/spi-builder-workspace/.dependencies/checkouts/SWXMLHash/Source/XMLAttribute.swift (in target 'SWXMLHash' from project 'SWXMLHash')
SwiftCompile normal arm64 /Users/admin/builder/spi-builder-workspace/.dependencies/checkouts/SWXMLHash/Source/TextElement.swift (in target 'SWXMLHash' from project 'SWXMLHash')
cd /Users/admin/builder/spi-builder-workspace/.swiftpm/xcode
builtin-SwiftPerFileCompile TextElement.swift
SwiftCompile normal arm64 /Users/admin/builder/spi-builder-workspace/.dependencies/checkouts/SWXMLHash/Source/XMLAttribute.swift (in target 'SWXMLHash' from project 'SWXMLHash')
cd /Users/admin/builder/spi-builder-workspace/.swiftpm/xcode
builtin-SwiftPerFileCompile XMLAttribute.swift
SwiftDriverJobDiscovery normal arm64_32 Compiling Double+XMLDeserialization.swift, Float+XMLDeserialization.swift, Int+XMLDeserialization.swift (in target 'SWXMLHash' from project 'SWXMLHash')
SwiftCompile normal arm64_32 Compiling\ XMLAttributeDeserializable.swift,\ XMLElementDeserializable.swift,\ XMLIndexer+XMLDeserialization.swift /Users/admin/builder/spi-builder-workspace/.dependencies/checkouts/SWXMLHash/Source/Deserialization/XMLAttributeDeserializable.swift /Users/admin/builder/spi-builder-workspace/.dependencies/checkouts/SWXMLHash/Source/Deserialization/XMLElementDeserializable.swift /Users/admin/builder/spi-builder-workspace/.dependencies/checkouts/SWXMLHash/Source/Deserialization/XMLIndexer+XMLDeserialization.swift (in target 'SWXMLHash' from project 'SWXMLHash')
SwiftCompile normal arm64_32 /Users/admin/builder/spi-builder-workspace/.dependencies/checkouts/SWXMLHash/Source/Deserialization/XMLAttributeDeserializable.swift (in target 'SWXMLHash' from project 'SWXMLHash')
cd /Users/admin/builder/spi-builder-workspace/.swiftpm/xcode
builtin-SwiftPerFileCompile XMLAttributeDeserializable.swift
SwiftCompile normal arm64_32 /Users/admin/builder/spi-builder-workspace/.dependencies/checkouts/SWXMLHash/Source/Deserialization/XMLElementDeserializable.swift (in target 'SWXMLHash' from project 'SWXMLHash')
cd /Users/admin/builder/spi-builder-workspace/.swiftpm/xcode
builtin-SwiftPerFileCompile XMLElementDeserializable.swift
SwiftCompile normal arm64_32 /Users/admin/builder/spi-builder-workspace/.dependencies/checkouts/SWXMLHash/Source/Deserialization/XMLIndexer+XMLDeserialization.swift (in target 'SWXMLHash' from project 'SWXMLHash')
cd /Users/admin/builder/spi-builder-workspace/.swiftpm/xcode
builtin-SwiftPerFileCompile XMLIndexer+XMLDeserialization.swift
SwiftDriverJobDiscovery normal arm64 Compiling XMLHash.swift, XMLHashOptions.swift (in target 'SWXMLHash' from project 'SWXMLHash')
SwiftDriverJobDiscovery normal arm64 Compiling AliasDereferencingStrategy.swift, Anchor.swift, Constructor.swift (in target 'Yams' from project 'Yams')
SwiftCompile normal arm64_32 Compiling\ XMLHash.swift,\ XMLHashOptions.swift /Users/admin/builder/spi-builder-workspace/.dependencies/checkouts/SWXMLHash/Source/XMLHash.swift /Users/admin/builder/spi-builder-workspace/.dependencies/checkouts/SWXMLHash/Source/XMLHashOptions.swift (in target 'SWXMLHash' from project 'SWXMLHash')
SwiftCompile normal arm64_32 /Users/admin/builder/spi-builder-workspace/.dependencies/checkouts/SWXMLHash/Source/XMLHash.swift (in target 'SWXMLHash' from project 'SWXMLHash')
cd /Users/admin/builder/spi-builder-workspace/.swiftpm/xcode
builtin-SwiftPerFileCompile XMLHash.swift
SwiftCompile normal arm64_32 /Users/admin/builder/spi-builder-workspace/.dependencies/checkouts/SWXMLHash/Source/XMLHashOptions.swift (in target 'SWXMLHash' from project 'SWXMLHash')
cd /Users/admin/builder/spi-builder-workspace/.swiftpm/xcode
builtin-SwiftPerFileCompile XMLHashOptions.swift
SwiftCompile normal arm64_32 Compiling\ XMLObjectDeserialization.swift,\ XMLValueDeserialization.swift,\ Bool+XMLDeserialization.swift /Users/admin/builder/spi-builder-workspace/.dependencies/checkouts/SWXMLHash/Source/Deserialization/XMLObjectDeserialization.swift /Users/admin/builder/spi-builder-workspace/.dependencies/checkouts/SWXMLHash/Source/Deserialization/XMLValueDeserialization.swift /Users/admin/builder/spi-builder-workspace/.dependencies/checkouts/SWXMLHash/Source/DeserializationTypes/Bool+XMLDeserialization.swift (in target 'SWXMLHash' from project 'SWXMLHash')
SwiftCompile normal arm64_32 /Users/admin/builder/spi-builder-workspace/.dependencies/checkouts/SWXMLHash/Source/Deserialization/XMLObjectDeserialization.swift (in target 'SWXMLHash' from project 'SWXMLHash')
cd /Users/admin/builder/spi-builder-workspace/.swiftpm/xcode
builtin-SwiftPerFileCompile XMLObjectDeserialization.swift
SwiftCompile normal arm64_32 /Users/admin/builder/spi-builder-workspace/.dependencies/checkouts/SWXMLHash/Source/Deserialization/XMLValueDeserialization.swift (in target 'SWXMLHash' from project 'SWXMLHash')
cd /Users/admin/builder/spi-builder-workspace/.swiftpm/xcode
builtin-SwiftPerFileCompile XMLValueDeserialization.swift
SwiftCompile normal arm64_32 /Users/admin/builder/spi-builder-workspace/.dependencies/checkouts/SWXMLHash/Source/DeserializationTypes/Bool+XMLDeserialization.swift (in target 'SWXMLHash' from project 'SWXMLHash')
cd /Users/admin/builder/spi-builder-workspace/.swiftpm/xcode
builtin-SwiftPerFileCompile Bool+XMLDeserialization.swift
SwiftDriverJobDiscovery normal arm64 Compiling TextElement.swift, XMLAttribute.swift (in target 'SWXMLHash' from project 'SWXMLHash')
SwiftDriver\ Compilation Yams normal arm64 com.apple.xcode.tools.swift.compiler (in target 'Yams' from project 'Yams')
cd /Users/admin/builder/spi-builder-workspace/.swiftpm/xcode
builtin-Swift-Compilation -- /Applications/Xcode-27.0.0-Release.Candidate.app/Contents/Developer/Toolchains/XcodeDefault.xctoolchain/usr/bin/swiftc -parse-as-library -module-name Yams -Onone @/Users/admin/builder/spi-builder-workspace/.derivedData/Build/Intermediates.noindex/Yams.build/Debug-watchos/Yams-t.build/Objects-normal/arm64/Yams.SwiftFileList -DSWIFT_PACKAGE -DDEBUG -DSWIFT_MODULE_RESOURCE_BUNDLE_UNAVAILABLE -Xcc -fmodule-map-file\=/Users/admin/builder/spi-builder-workspace/.dependencies/checkouts/Yams/Sources/CYaml/include/module.modulemap -DXcode -plugin-path /Applications/Xcode-27.0.0-Release.Candidate.app/Contents/Developer/Toolchains/XcodeDefault.xctoolchain/usr/lib/swift/host/plugins/testing -enable-experimental-feature DebugDescriptionMacro -sdk /Applications/Xcode-27.0.0-Release.Candidate.app/Contents/Developer/Platforms/WatchOS.platform/Developer/SDKs/WatchOS27.0.sdk -target arm64-apple-watchos9.0 -g -module-cache-path /Users/admin/builder/spi-builder-workspace/.derivedData/ModuleCache.noindex -Xfrontend -serialize-debugging-options -profile-coverage-mapping -profile-generate -enable-testing -suppress-warnings -index-store-path /Users/admin/builder/spi-builder-workspace/.derivedData/Index.noindex/DataStore -Xcc -D_LIBCPP_HARDENING_MODE\=_LIBCPP_HARDENING_MODE_DEBUG -swift-version 6 -I /Users/admin/builder/spi-builder-workspace/.derivedData/Build/Products/Debug-watchos -Isystem /Applications/Xcode-27.0.0-Release.Candidate.app/Contents/Developer/Platforms/WatchOS.platform/Developer/usr/lib -F /Users/admin/builder/spi-builder-workspace/.derivedData/Build/Products/Debug-watchos/PackageFrameworks -F /Users/admin/builder/spi-builder-workspace/.derivedData/Build/Products/Debug-watchos -F /Applications/Xcode-27.0.0-Release.Candidate.app/Contents/Developer/Platforms/WatchOS.platform/Developer/Library/Frameworks -F /Applications/Xcode-27.0.0-Release.Candidate.app/Contents/Developer/Platforms/WatchOS.platform/Developer/SDKs/WatchOS27.0.sdk/Developer/Library/Frameworks -c -j10 -enable-batch-mode -incremental -Xcc -ivfsstatcache -Xcc /Users/admin/builder/spi-builder-workspace/.derivedData/SDKStatCaches.noindex/watchos27.0-24R360-e829b21a6f8c9b70876ba0858053c04477534ef55a1706bf4c1112bbb242f0a2.sdkstatcache -output-file-map /Users/admin/builder/spi-builder-workspace/.derivedData/Build/Intermediates.noindex/Yams.build/Debug-watchos/Yams-t.build/Objects-normal/arm64/Yams-OutputFileMap.json -save-temps -no-color-diagnostics -explicit-module-build -module-cache-path /Users/admin/builder/spi-builder-workspace/.derivedData/Build/Intermediates.noindex/SwiftExplicitPrecompiledModules -clang-scanner-module-cache-path /Users/admin/builder/spi-builder-workspace/.derivedData/ModuleCache.noindex -sdk-module-cache-path /Users/admin/builder/spi-builder-workspace/.derivedData/SDKExplicitPrecompiledModules -emit-dependencies -emit-module -emit-module-path /Users/admin/builder/spi-builder-workspace/.derivedData/Build/Intermediates.noindex/Yams.build/Debug-watchos/Yams-t.build/Objects-normal/arm64/Yams.swiftmodule -serialize-diagnostics -dependency-scan-serialize-diagnostics-path /Users/admin/builder/spi-builder-workspace/.derivedData/Build/Intermediates.noindex/Yams.build/Debug-watchos/Yams-t.build/Objects-normal/arm64/Yams-dependency-scan.dia -user-module-version 6.2.2 -validate-clang-modules-once -clang-build-session-file /Users/admin/builder/spi-builder-workspace/.derivedData/ModuleCache.noindex/Session.modulevalidation -Xcc -fmodules-prune-interval\=86400 -Xcc -fmodules-prune-after\=345600 -package-name yams -emit-const-values -const-gather-protocols-list /Users/admin/builder/spi-builder-workspace/.derivedData/Build/Intermediates.noindex/Yams.build/Debug-watchos/Yams-t.build/Objects-normal/arm64/Yams_const_extract_protocols.json -Xcc -I/Users/admin/builder/spi-builder-workspace/.dependencies/checkouts/Yams/Sources/CYaml/include -Xcc -I/Users/admin/builder/spi-builder-workspace/.derivedData/Build/Products/Debug-watchos/include -Xcc -I/Users/admin/builder/spi-builder-workspace/.derivedData/Build/Intermediates.noindex/Yams.build/Debug-watchos/Yams-t.build/DerivedSources-normal/arm64 -Xcc -I/Users/admin/builder/spi-builder-workspace/.derivedData/Build/Intermediates.noindex/Yams.build/Debug-watchos/Yams-t.build/DerivedSources/arm64 -Xcc -I/Users/admin/builder/spi-builder-workspace/.derivedData/Build/Intermediates.noindex/Yams.build/Debug-watchos/Yams-t.build/DerivedSources -Xcc -DSWIFT_PACKAGE -Xcc -DDEBUG\=1 -Xcc -DYAML_DECLARE_STATIC -emit-objc-header -emit-objc-header-path /Users/admin/builder/spi-builder-workspace/.derivedData/Build/Intermediates.noindex/Yams.build/Debug-watchos/Yams-t.build/Objects-normal/arm64/Yams-Swift.h -working-directory /Users/admin/builder/spi-builder-workspace/.swiftpm/xcode -experimental-emit-module-separately -disable-cmo
SwiftDriverJobDiscovery normal arm64_32 Compiling LazyXMLParser.swift, Stack.swift, String+Extensions.swift (in target 'SWXMLHash' from project 'SWXMLHash')
SwiftCompile normal arm64 Compiling\ XMLObjectDeserialization.swift,\ XMLValueDeserialization.swift,\ Bool+XMLDeserialization.swift /Users/admin/builder/spi-builder-workspace/.dependencies/checkouts/SWXMLHash/Source/Deserialization/XMLObjectDeserialization.swift /Users/admin/builder/spi-builder-workspace/.dependencies/checkouts/SWXMLHash/Source/Deserialization/XMLValueDeserialization.swift /Users/admin/builder/spi-builder-workspace/.dependencies/checkouts/SWXMLHash/Source/DeserializationTypes/Bool+XMLDeserialization.swift (in target 'SWXMLHash' from project 'SWXMLHash')
SwiftCompile normal arm64 /Users/admin/builder/spi-builder-workspace/.dependencies/checkouts/SWXMLHash/Source/Deserialization/XMLObjectDeserialization.swift (in target 'SWXMLHash' from project 'SWXMLHash')
cd /Users/admin/builder/spi-builder-workspace/.swiftpm/xcode
builtin-SwiftPerFileCompile XMLObjectDeserialization.swift
SwiftCompile normal arm64 /Users/admin/builder/spi-builder-workspace/.dependencies/checkouts/SWXMLHash/Source/Deserialization/XMLValueDeserialization.swift (in target 'SWXMLHash' from project 'SWXMLHash')
cd /Users/admin/builder/spi-builder-workspace/.swiftpm/xcode
builtin-SwiftPerFileCompile XMLValueDeserialization.swift
SwiftCompile normal arm64 /Users/admin/builder/spi-builder-workspace/.dependencies/checkouts/SWXMLHash/Source/DeserializationTypes/Bool+XMLDeserialization.swift (in target 'SWXMLHash' from project 'SWXMLHash')
cd /Users/admin/builder/spi-builder-workspace/.swiftpm/xcode
builtin-SwiftPerFileCompile Bool+XMLDeserialization.swift
SwiftCompile normal arm64 Compiling\ XMLContent.swift,\ XMLElement.swift /Users/admin/builder/spi-builder-workspace/.dependencies/checkouts/SWXMLHash/Source/XMLContent.swift /Users/admin/builder/spi-builder-workspace/.dependencies/checkouts/SWXMLHash/Source/XMLElement.swift (in target 'SWXMLHash' from project 'SWXMLHash')
SwiftCompile normal arm64 /Users/admin/builder/spi-builder-workspace/.dependencies/checkouts/SWXMLHash/Source/XMLContent.swift (in target 'SWXMLHash' from project 'SWXMLHash')
cd /Users/admin/builder/spi-builder-workspace/.swiftpm/xcode
builtin-SwiftPerFileCompile XMLContent.swift
SwiftCompile normal arm64 /Users/admin/builder/spi-builder-workspace/.dependencies/checkouts/SWXMLHash/Source/XMLElement.swift (in target 'SWXMLHash' from project 'SWXMLHash')
cd /Users/admin/builder/spi-builder-workspace/.swiftpm/xcode
builtin-SwiftPerFileCompile XMLElement.swift
SwiftDriverJobDiscovery normal arm64 Compiling String+XMLDeserialization.swift, IndexingError.swift, ParsingError.swift (in target 'SWXMLHash' from project 'SWXMLHash')
SwiftCompile normal arm64 Compiling\ XMLDeserializationError.swift,\ FullXMLParser.swift,\ IndexOp.swift /Users/admin/builder/spi-builder-workspace/.dependencies/checkouts/SWXMLHash/Source/Errors/XMLDeserializationError.swift /Users/admin/builder/spi-builder-workspace/.dependencies/checkouts/SWXMLHash/Source/FullXMLParser.swift /Users/admin/builder/spi-builder-workspace/.dependencies/checkouts/SWXMLHash/Source/IndexOp.swift (in target 'SWXMLHash' from project 'SWXMLHash')
SwiftCompile normal arm64 /Users/admin/builder/spi-builder-workspace/.dependencies/checkouts/SWXMLHash/Source/Errors/XMLDeserializationError.swift (in target 'SWXMLHash' from project 'SWXMLHash')
cd /Users/admin/builder/spi-builder-workspace/.swiftpm/xcode
builtin-SwiftPerFileCompile XMLDeserializationError.swift
SwiftCompile normal arm64 /Users/admin/builder/spi-builder-workspace/.dependencies/checkouts/SWXMLHash/Source/FullXMLParser.swift (in target 'SWXMLHash' from project 'SWXMLHash')
cd /Users/admin/builder/spi-builder-workspace/.swiftpm/xcode
builtin-SwiftPerFileCompile FullXMLParser.swift
SwiftCompile normal arm64 /Users/admin/builder/spi-builder-workspace/.dependencies/checkouts/SWXMLHash/Source/IndexOp.swift (in target 'SWXMLHash' from project 'SWXMLHash')
cd /Users/admin/builder/spi-builder-workspace/.swiftpm/xcode
builtin-SwiftPerFileCompile IndexOp.swift
SwiftDriverJobDiscovery normal arm64_32 Compiling XMLDeserializationError.swift, FullXMLParser.swift, IndexOp.swift (in target 'SWXMLHash' from project 'SWXMLHash')
SwiftCompile normal arm64_32 Compiling\ String+XMLDeserialization.swift,\ IndexingError.swift,\ ParsingError.swift /Users/admin/builder/spi-builder-workspace/.dependencies/checkouts/SWXMLHash/Source/DeserializationTypes/String+XMLDeserialization.swift /Users/admin/builder/spi-builder-workspace/.dependencies/checkouts/SWXMLHash/Source/Errors/IndexingError.swift /Users/admin/builder/spi-builder-workspace/.dependencies/checkouts/SWXMLHash/Source/Errors/ParsingError.swift (in target 'SWXMLHash' from project 'SWXMLHash')
SwiftCompile normal arm64_32 /Users/admin/builder/spi-builder-workspace/.dependencies/checkouts/SWXMLHash/Source/DeserializationTypes/String+XMLDeserialization.swift (in target 'SWXMLHash' from project 'SWXMLHash')
cd /Users/admin/builder/spi-builder-workspace/.swiftpm/xcode
builtin-SwiftPerFileCompile String+XMLDeserialization.swift
SwiftCompile normal arm64_32 /Users/admin/builder/spi-builder-workspace/.dependencies/checkouts/SWXMLHash/Source/Errors/IndexingError.swift (in target 'SWXMLHash' from project 'SWXMLHash')
cd /Users/admin/builder/spi-builder-workspace/.swiftpm/xcode
builtin-SwiftPerFileCompile IndexingError.swift
SwiftCompile normal arm64_32 /Users/admin/builder/spi-builder-workspace/.dependencies/checkouts/SWXMLHash/Source/Errors/ParsingError.swift (in target 'SWXMLHash' from project 'SWXMLHash')
cd /Users/admin/builder/spi-builder-workspace/.swiftpm/xcode
builtin-SwiftPerFileCompile ParsingError.swift
SwiftDriverJobDiscovery normal arm64_32 Compiling AliasDereferencingStrategy.swift, Anchor.swift, Constructor.swift (in target 'Yams' from project 'Yams')
SwiftDriver\ Compilation Yams normal arm64_32 com.apple.xcode.tools.swift.compiler (in target 'Yams' from project 'Yams')
cd /Users/admin/builder/spi-builder-workspace/.swiftpm/xcode
builtin-Swift-Compilation -- /Applications/Xcode-27.0.0-Release.Candidate.app/Contents/Developer/Toolchains/XcodeDefault.xctoolchain/usr/bin/swiftc -parse-as-library -module-name Yams -Onone @/Users/admin/builder/spi-builder-workspace/.derivedData/Build/Intermediates.noindex/Yams.build/Debug-watchos/Yams-t.build/Objects-normal/arm64_32/Yams.SwiftFileList -DSWIFT_PACKAGE -DDEBUG -DSWIFT_MODULE_RESOURCE_BUNDLE_UNAVAILABLE -Xcc -fmodule-map-file\=/Users/admin/builder/spi-builder-workspace/.dependencies/checkouts/Yams/Sources/CYaml/include/module.modulemap -DXcode -plugin-path /Applications/Xcode-27.0.0-Release.Candidate.app/Contents/Developer/Toolchains/XcodeDefault.xctoolchain/usr/lib/swift/host/plugins/testing -enable-experimental-feature DebugDescriptionMacro -sdk /Applications/Xcode-27.0.0-Release.Candidate.app/Contents/Developer/Platforms/WatchOS.platform/Developer/SDKs/WatchOS27.0.sdk -target arm64_32-apple-watchos9.0 -g -module-cache-path /Users/admin/builder/spi-builder-workspace/.derivedData/ModuleCache.noindex -Xfrontend -serialize-debugging-options -profile-coverage-mapping -profile-generate -enable-testing -suppress-warnings -index-store-path /Users/admin/builder/spi-builder-workspace/.derivedData/Index.noindex/DataStore -Xcc -D_LIBCPP_HARDENING_MODE\=_LIBCPP_HARDENING_MODE_DEBUG -swift-version 6 -I /Users/admin/builder/spi-builder-workspace/.derivedData/Build/Products/Debug-watchos -Isystem /Applications/Xcode-27.0.0-Release.Candidate.app/Contents/Developer/Platforms/WatchOS.platform/Developer/usr/lib -F /Users/admin/builder/spi-builder-workspace/.derivedData/Build/Products/Debug-watchos/PackageFrameworks -F /Users/admin/builder/spi-builder-workspace/.derivedData/Build/Products/Debug-watchos -F /Applications/Xcode-27.0.0-Release.Candidate.app/Contents/Developer/Platforms/WatchOS.platform/Developer/Library/Frameworks -F /Applications/Xcode-27.0.0-Release.Candidate.app/Contents/Developer/Platforms/WatchOS.platform/Developer/SDKs/WatchOS27.0.sdk/Developer/Library/Frameworks -c -j10 -enable-batch-mode -incremental -Xcc -ivfsstatcache -Xcc /Users/admin/builder/spi-builder-workspace/.derivedData/SDKStatCaches.noindex/watchos27.0-24R360-e829b21a6f8c9b70876ba0858053c04477534ef55a1706bf4c1112bbb242f0a2.sdkstatcache -output-file-map /Users/admin/builder/spi-builder-workspace/.derivedData/Build/Intermediates.noindex/Yams.build/Debug-watchos/Yams-t.build/Objects-normal/arm64_32/Yams-OutputFileMap.json -save-temps -no-color-diagnostics -explicit-module-build -module-cache-path /Users/admin/builder/spi-builder-workspace/.derivedData/Build/Intermediates.noindex/SwiftExplicitPrecompiledModules -clang-scanner-module-cache-path /Users/admin/builder/spi-builder-workspace/.derivedData/ModuleCache.noindex -sdk-module-cache-path /Users/admin/builder/spi-builder-workspace/.derivedData/SDKExplicitPrecompiledModules -emit-dependencies -emit-module -emit-module-path /Users/admin/builder/spi-builder-workspace/.derivedData/Build/Intermediates.noindex/Yams.build/Debug-watchos/Yams-t.build/Objects-normal/arm64_32/Yams.swiftmodule -serialize-diagnostics -dependency-scan-serialize-diagnostics-path /Users/admin/builder/spi-builder-workspace/.derivedData/Build/Intermediates.noindex/Yams.build/Debug-watchos/Yams-t.build/Objects-normal/arm64_32/Yams-dependency-scan.dia -user-module-version 6.2.2 -validate-clang-modules-once -clang-build-session-file /Users/admin/builder/spi-builder-workspace/.derivedData/ModuleCache.noindex/Session.modulevalidation -Xcc -fmodules-prune-interval\=86400 -Xcc -fmodules-prune-after\=345600 -package-name yams -emit-const-values -const-gather-protocols-list /Users/admin/builder/spi-builder-workspace/.derivedData/Build/Intermediates.noindex/Yams.build/Debug-watchos/Yams-t.build/Objects-normal/arm64_32/Yams_const_extract_protocols.json -Xcc -I/Users/admin/builder/spi-builder-workspace/.dependencies/checkouts/Yams/Sources/CYaml/include -Xcc -I/Users/admin/builder/spi-builder-workspace/.derivedData/Build/Products/Debug-watchos/include -Xcc -I/Users/admin/builder/spi-builder-workspace/.derivedData/Build/Intermediates.noindex/Yams.build/Debug-watchos/Yams-t.build/DerivedSources-normal/arm64_32 -Xcc -I/Users/admin/builder/spi-builder-workspace/.derivedData/Build/Intermediates.noindex/Yams.build/Debug-watchos/Yams-t.build/DerivedSources/arm64_32 -Xcc -I/Users/admin/builder/spi-builder-workspace/.derivedData/Build/Intermediates.noindex/Yams.build/Debug-watchos/Yams-t.build/DerivedSources -Xcc -DSWIFT_PACKAGE -Xcc -DDEBUG\=1 -Xcc -DYAML_DECLARE_STATIC -emit-objc-header -emit-objc-header-path /Users/admin/builder/spi-builder-workspace/.derivedData/Build/Intermediates.noindex/Yams.build/Debug-watchos/Yams-t.build/Objects-normal/arm64_32/Yams-Swift.h -working-directory /Users/admin/builder/spi-builder-workspace/.swiftpm/xcode -experimental-emit-module-separately -disable-cmo
SwiftDriverJobDiscovery normal arm64 Compiling LazyXMLParser.swift, Stack.swift, String+Extensions.swift (in target 'SWXMLHash' from project 'SWXMLHash')
SwiftCompile normal arm64_32 Compiling\ XMLContent.swift,\ XMLElement.swift /Users/admin/builder/spi-builder-workspace/.dependencies/checkouts/SWXMLHash/Source/XMLContent.swift /Users/admin/builder/spi-builder-workspace/.dependencies/checkouts/SWXMLHash/Source/XMLElement.swift (in target 'SWXMLHash' from project 'SWXMLHash')
SwiftCompile normal arm64_32 /Users/admin/builder/spi-builder-workspace/.dependencies/checkouts/SWXMLHash/Source/XMLContent.swift (in target 'SWXMLHash' from project 'SWXMLHash')
cd /Users/admin/builder/spi-builder-workspace/.swiftpm/xcode
builtin-SwiftPerFileCompile XMLContent.swift
SwiftCompile normal arm64_32 /Users/admin/builder/spi-builder-workspace/.dependencies/checkouts/SWXMLHash/Source/XMLElement.swift (in target 'SWXMLHash' from project 'SWXMLHash')
cd /Users/admin/builder/spi-builder-workspace/.swiftpm/xcode
builtin-SwiftPerFileCompile XMLElement.swift
SwiftDriverJobDiscovery normal arm64 Compiling XMLIndexer.swift, shim.swift (in target 'SWXMLHash' from project 'SWXMLHash')
SwiftDriverJobDiscovery normal arm64_32 Compiling XMLObjectDeserialization.swift, XMLValueDeserialization.swift, Bool+XMLDeserialization.swift (in target 'SWXMLHash' from project 'SWXMLHash')
SwiftDriverJobDiscovery normal arm64_32 Compiling XMLAttributeDeserializable.swift, XMLElementDeserializable.swift, XMLIndexer+XMLDeserialization.swift (in target 'SWXMLHash' from project 'SWXMLHash')
Ld /Users/admin/builder/spi-builder-workspace/.derivedData/Build/Intermediates.noindex/Yams.build/Debug-watchos/Yams-t.build/Objects-normal/arm64/Binary/Yams.o normal arm64 (in target 'Yams' from project 'Yams')
cd /Users/admin/builder/spi-builder-workspace/.dependencies/checkouts/Yams
/Applications/Xcode-27.0.0-Release.Candidate.app/Contents/Developer/Toolchains/XcodeDefault.xctoolchain/usr/bin/clang -Xlinker -reproducible -target arm64-apple-watchos9.0 -r -isysroot /Applications/Xcode-27.0.0-Release.Candidate.app/Contents/Developer/Platforms/WatchOS.platform/Developer/SDKs/WatchOS27.0.sdk -O0 -w -Xlinker -no_warn_duplicate_libraries -F/Users/admin/builder/spi-builder-workspace/.derivedData/Build/Intermediates.noindex/EagerLinkingTBDs/Debug-watchos -F/Users/admin/builder/spi-builder-workspace/.derivedData/Build/Products/Debug-watchos/PackageFrameworks -F/Users/admin/builder/spi-builder-workspace/.derivedData/Build/Products/Debug-watchos -iframework /Applications/Xcode-27.0.0-Release.Candidate.app/Contents/Developer/Platforms/WatchOS.platform/Developer/Library/Frameworks -iframework /Applications/Xcode-27.0.0-Release.Candidate.app/Contents/Developer/Platforms/WatchOS.platform/Developer/SDKs/WatchOS27.0.sdk/Developer/Library/Frameworks -filelist /Users/admin/builder/spi-builder-workspace/.derivedData/Build/Intermediates.noindex/Yams.build/Debug-watchos/Yams-t.build/Objects-normal/arm64/Yams.LinkFileList -nostdlib -Xlinker -object_path_lto -Xlinker /Users/admin/builder/spi-builder-workspace/.derivedData/Build/Intermediates.noindex/Yams.build/Debug-watchos/Yams-t.build/Objects-normal/arm64/Yams_lto.o -Xlinker -no_deduplicate -Xlinker -debug_variant -Xlinker -dependency_info -Xlinker /Users/admin/builder/spi-builder-workspace/.derivedData/Build/Intermediates.noindex/Yams.build/Debug-watchos/Yams-t.build/Objects-normal/arm64/Yams_dependency_info.dat -fobjc-link-runtime -L/Applications/Xcode-27.0.0-Release.Candidate.app/Contents/Developer/Toolchains/XcodeDefault.xctoolchain/usr/lib/swift/watchos -L/usr/lib/swift -Xlinker -add_ast_path -Xlinker /Users/admin/builder/spi-builder-workspace/.derivedData/Build/Intermediates.noindex/Yams.build/Debug-watchos/Yams-t.build/Objects-normal/arm64/Yams.swiftmodule -o /Users/admin/builder/spi-builder-workspace/.derivedData/Build/Intermediates.noindex/Yams.build/Debug-watchos/Yams-t.build/Objects-normal/arm64/Binary/Yams.o
Ld /Users/admin/builder/spi-builder-workspace/.derivedData/Build/Intermediates.noindex/XcodeIssueReporting.build/Debug-watchos/XcodeIssueReporting-t.build/Objects-normal/arm64_32/Binary/XcodeIssueReporting.o normal arm64_32 (in target 'XcodeIssueReporting' from project 'XcodeIssueReporting')
cd /Users/admin/builder/spi-builder-workspace
/Applications/Xcode-27.0.0-Release.Candidate.app/Contents/Developer/Toolchains/XcodeDefault.xctoolchain/usr/bin/clang -Xlinker -reproducible -target arm64_32-apple-watchos9.0 -r -isysroot /Applications/Xcode-27.0.0-Release.Candidate.app/Contents/Developer/Platforms/WatchOS.platform/Developer/SDKs/WatchOS27.0.sdk -O0 -Xlinker -no_warn_duplicate_libraries -F/Users/admin/builder/spi-builder-workspace/.derivedData/Build/Intermediates.noindex/EagerLinkingTBDs/Debug-watchos -F/Users/admin/builder/spi-builder-workspace/.derivedData/Build/Products/Debug-watchos -iframework /Applications/Xcode-27.0.0-Release.Candidate.app/Contents/Developer/Platforms/WatchOS.platform/Developer/Library/Frameworks -iframework /Applications/Xcode-27.0.0-Release.Candidate.app/Contents/Developer/Platforms/WatchOS.platform/Developer/SDKs/WatchOS27.0.sdk/Developer/Library/Frameworks -filelist /Users/admin/builder/spi-builder-workspace/.derivedData/Build/Intermediates.noindex/XcodeIssueReporting.build/Debug-watchos/XcodeIssueReporting-t.build/Objects-normal/arm64_32/XcodeIssueReporting.LinkFileList -nostdlib -Xlinker -object_path_lto -Xlinker /Users/admin/builder/spi-builder-workspace/.derivedData/Build/Intermediates.noindex/XcodeIssueReporting.build/Debug-watchos/XcodeIssueReporting-t.build/Objects-normal/arm64_32/XcodeIssueReporting_lto.o -Xlinker -no_deduplicate -Xlinker -debug_variant -Xlinker -dependency_info -Xlinker /Users/admin/builder/spi-builder-workspace/.derivedData/Build/Intermediates.noindex/XcodeIssueReporting.build/Debug-watchos/XcodeIssueReporting-t.build/Objects-normal/arm64_32/XcodeIssueReporting_dependency_info.dat -fobjc-link-runtime -L/Applications/Xcode-27.0.0-Release.Candidate.app/Contents/Developer/Toolchains/XcodeDefault.xctoolchain/usr/lib/swift/watchos -L/usr/lib/swift -Xlinker -add_ast_path -Xlinker /Users/admin/builder/spi-builder-workspace/.derivedData/Build/Intermediates.noindex/XcodeIssueReporting.build/Debug-watchos/XcodeIssueReporting-t.build/Objects-normal/arm64_32/XcodeIssueReporting.swiftmodule -o /Users/admin/builder/spi-builder-workspace/.derivedData/Build/Intermediates.noindex/XcodeIssueReporting.build/Debug-watchos/XcodeIssueReporting-t.build/Objects-normal/arm64_32/Binary/XcodeIssueReporting.o
Ld /Users/admin/builder/spi-builder-workspace/.derivedData/Build/Intermediates.noindex/XcodeIssueReporting.build/Debug-watchos/XcodeIssueReporting-t.build/Objects-normal/arm64/Binary/XcodeIssueReporting.o normal arm64 (in target 'XcodeIssueReporting' from project 'XcodeIssueReporting')
cd /Users/admin/builder/spi-builder-workspace
/Applications/Xcode-27.0.0-Release.Candidate.app/Contents/Developer/Toolchains/XcodeDefault.xctoolchain/usr/bin/clang -Xlinker -reproducible -target arm64-apple-watchos9.0 -r -isysroot /Applications/Xcode-27.0.0-Release.Candidate.app/Contents/Developer/Platforms/WatchOS.platform/Developer/SDKs/WatchOS27.0.sdk -O0 -Xlinker -no_warn_duplicate_libraries -F/Users/admin/builder/spi-builder-workspace/.derivedData/Build/Intermediates.noindex/EagerLinkingTBDs/Debug-watchos -F/Users/admin/builder/spi-builder-workspace/.derivedData/Build/Products/Debug-watchos -iframework /Applications/Xcode-27.0.0-Release.Candidate.app/Contents/Developer/Platforms/WatchOS.platform/Developer/Library/Frameworks -iframework /Applications/Xcode-27.0.0-Release.Candidate.app/Contents/Developer/Platforms/WatchOS.platform/Developer/SDKs/WatchOS27.0.sdk/Developer/Library/Frameworks -filelist /Users/admin/builder/spi-builder-workspace/.derivedData/Build/Intermediates.noindex/XcodeIssueReporting.build/Debug-watchos/XcodeIssueReporting-t.build/Objects-normal/arm64/XcodeIssueReporting.LinkFileList -nostdlib -Xlinker -object_path_lto -Xlinker /Users/admin/builder/spi-builder-workspace/.derivedData/Build/Intermediates.noindex/XcodeIssueReporting.build/Debug-watchos/XcodeIssueReporting-t.build/Objects-normal/arm64/XcodeIssueReporting_lto.o -Xlinker -no_deduplicate -Xlinker -debug_variant -Xlinker -dependency_info -Xlinker /Users/admin/builder/spi-builder-workspace/.derivedData/Build/Intermediates.noindex/XcodeIssueReporting.build/Debug-watchos/XcodeIssueReporting-t.build/Objects-normal/arm64/XcodeIssueReporting_dependency_info.dat -fobjc-link-runtime -L/Applications/Xcode-27.0.0-Release.Candidate.app/Contents/Developer/Toolchains/XcodeDefault.xctoolchain/usr/lib/swift/watchos -L/usr/lib/swift -Xlinker -add_ast_path -Xlinker /Users/admin/builder/spi-builder-workspace/.derivedData/Build/Intermediates.noindex/XcodeIssueReporting.build/Debug-watchos/XcodeIssueReporting-t.build/Objects-normal/arm64/XcodeIssueReporting.swiftmodule -o /Users/admin/builder/spi-builder-workspace/.derivedData/Build/Intermediates.noindex/XcodeIssueReporting.build/Debug-watchos/XcodeIssueReporting-t.build/Objects-normal/arm64/Binary/XcodeIssueReporting.o
Ld /Users/admin/builder/spi-builder-workspace/.derivedData/Build/Intermediates.noindex/Yams.build/Debug-watchos/Yams-t.build/Objects-normal/arm64_32/Binary/Yams.o normal arm64_32 (in target 'Yams' from project 'Yams')
cd /Users/admin/builder/spi-builder-workspace/.dependencies/checkouts/Yams
/Applications/Xcode-27.0.0-Release.Candidate.app/Contents/Developer/Toolchains/XcodeDefault.xctoolchain/usr/bin/clang -Xlinker -reproducible -target arm64_32-apple-watchos9.0 -r -isysroot /Applications/Xcode-27.0.0-Release.Candidate.app/Contents/Developer/Platforms/WatchOS.platform/Developer/SDKs/WatchOS27.0.sdk -O0 -w -Xlinker -no_warn_duplicate_libraries -F/Users/admin/builder/spi-builder-workspace/.derivedData/Build/Intermediates.noindex/EagerLinkingTBDs/Debug-watchos -F/Users/admin/builder/spi-builder-workspace/.derivedData/Build/Products/Debug-watchos/PackageFrameworks -F/Users/admin/builder/spi-builder-workspace/.derivedData/Build/Products/Debug-watchos -iframework /Applications/Xcode-27.0.0-Release.Candidate.app/Contents/Developer/Platforms/WatchOS.platform/Developer/Library/Frameworks -iframework /Applications/Xcode-27.0.0-Release.Candidate.app/Contents/Developer/Platforms/WatchOS.platform/Developer/SDKs/WatchOS27.0.sdk/Developer/Library/Frameworks -filelist /Users/admin/builder/spi-builder-workspace/.derivedData/Build/Intermediates.noindex/Yams.build/Debug-watchos/Yams-t.build/Objects-normal/arm64_32/Yams.LinkFileList -nostdlib -Xlinker -object_path_lto -Xlinker /Users/admin/builder/spi-builder-workspace/.derivedData/Build/Intermediates.noindex/Yams.build/Debug-watchos/Yams-t.build/Objects-normal/arm64_32/Yams_lto.o -Xlinker -no_deduplicate -Xlinker -debug_variant -Xlinker -dependency_info -Xlinker /Users/admin/builder/spi-builder-workspace/.derivedData/Build/Intermediates.noindex/Yams.build/Debug-watchos/Yams-t.build/Objects-normal/arm64_32/Yams_dependency_info.dat -fobjc-link-runtime -L/Applications/Xcode-27.0.0-Release.Candidate.app/Contents/Developer/Toolchains/XcodeDefault.xctoolchain/usr/lib/swift/watchos -L/usr/lib/swift -Xlinker -add_ast_path -Xlinker /Users/admin/builder/spi-builder-workspace/.derivedData/Build/Intermediates.noindex/Yams.build/Debug-watchos/Yams-t.build/Objects-normal/arm64_32/Yams.swiftmodule -o /Users/admin/builder/spi-builder-workspace/.derivedData/Build/Intermediates.noindex/Yams.build/Debug-watchos/Yams-t.build/Objects-normal/arm64_32/Binary/Yams.o
SwiftDriverJobDiscovery normal arm64_32 Compiling XMLHash.swift, XMLHashOptions.swift (in target 'SWXMLHash' from project 'SWXMLHash')
SwiftDriverJobDiscovery normal arm64_32 Compiling XMLIndexer.swift, shim.swift (in target 'SWXMLHash' from project 'SWXMLHash')
SwiftDriver SourceKittenFramework normal arm64_32 com.apple.xcode.tools.swift.compiler (in target 'SourceKittenFramework' from project 'SourceKitten')
cd /Users/admin/builder/spi-builder-workspace/.swiftpm/xcode
builtin-SwiftDriver -- /Applications/Xcode-27.0.0-Release.Candidate.app/Contents/Developer/Toolchains/XcodeDefault.xctoolchain/usr/bin/swiftc -parse-as-library -module-name SourceKittenFramework -Onone @/Users/admin/builder/spi-builder-workspace/.derivedData/Build/Intermediates.noindex/SourceKitten.build/Debug-watchos/SourceKittenFramework-t.build/Objects-normal/arm64_32/SourceKittenFramework.SwiftFileList -DSWIFT_PACKAGE -DDEBUG -DSWIFT_MODULE_RESOURCE_BUNDLE_UNAVAILABLE -Xcc -fmodule-map-file\=/Users/admin/builder/spi-builder-workspace/.dependencies/checkouts/Yams/Sources/CYaml/include/module.modulemap -Xcc -fmodule-map-file\=/Users/admin/builder/spi-builder-workspace/.derivedData/Build/Intermediates.noindex/GeneratedModuleMaps-watchos/SourceKit.modulemap -Xcc -fmodule-map-file\=/Users/admin/builder/spi-builder-workspace/.derivedData/Build/Intermediates.noindex/GeneratedModuleMaps-watchos/Clang_C.modulemap -DXcode -plugin-path /Applications/Xcode-27.0.0-Release.Candidate.app/Contents/Developer/Toolchains/XcodeDefault.xctoolchain/usr/lib/swift/host/plugins/testing -enable-experimental-feature DebugDescriptionMacro -sdk /Applications/Xcode-27.0.0-Release.Candidate.app/Contents/Developer/Platforms/WatchOS.platform/Developer/SDKs/WatchOS27.0.sdk -target arm64_32-apple-watchos9.0 -g -module-cache-path /Users/admin/builder/spi-builder-workspace/.derivedData/ModuleCache.noindex -Xfrontend -serialize-debugging-options -profile-coverage-mapping -profile-generate -enable-testing -suppress-warnings -index-store-path /Users/admin/builder/spi-builder-workspace/.derivedData/Index.noindex/DataStore -Xcc -D_LIBCPP_HARDENING_MODE\=_LIBCPP_HARDENING_MODE_DEBUG -swift-version 5 -I /Users/admin/builder/spi-builder-workspace/.derivedData/Build/Products/Debug-watchos -Isystem /Applications/Xcode-27.0.0-Release.Candidate.app/Contents/Developer/Platforms/WatchOS.platform/Developer/usr/lib -F /Users/admin/builder/spi-builder-workspace/.derivedData/Build/Products/Debug-watchos/PackageFrameworks -F /Users/admin/builder/spi-builder-workspace/.derivedData/Build/Products/Debug-watchos -F /Applications/Xcode-27.0.0-Release.Candidate.app/Contents/Developer/Platforms/WatchOS.platform/Developer/Library/Frameworks -F /Applications/Xcode-27.0.0-Release.Candidate.app/Contents/Developer/Platforms/WatchOS.platform/Developer/SDKs/WatchOS27.0.sdk/Developer/Library/Frameworks -c -j10 -enable-batch-mode -incremental -Xcc -ivfsstatcache -Xcc /Users/admin/builder/spi-builder-workspace/.derivedData/SDKStatCaches.noindex/watchos27.0-24R360-e829b21a6f8c9b70876ba0858053c04477534ef55a1706bf4c1112bbb242f0a2.sdkstatcache -output-file-map /Users/admin/builder/spi-builder-workspace/.derivedData/Build/Intermediates.noindex/SourceKitten.build/Debug-watchos/SourceKittenFramework-t.build/Objects-normal/arm64_32/SourceKittenFramework-OutputFileMap.json -save-temps -no-color-diagnostics -explicit-module-build -module-cache-path /Users/admin/builder/spi-builder-workspace/.derivedData/Build/Intermediates.noindex/SwiftExplicitPrecompiledModules -clang-scanner-module-cache-path /Users/admin/builder/spi-builder-workspace/.derivedData/ModuleCache.noindex -sdk-module-cache-path /Users/admin/builder/spi-builder-workspace/.derivedData/SDKExplicitPrecompiledModules -emit-dependencies -emit-module -emit-module-path /Users/admin/builder/spi-builder-workspace/.derivedData/Build/Intermediates.noindex/SourceKitten.build/Debug-watchos/SourceKittenFramework-t.build/Objects-normal/arm64_32/SourceKittenFramework.swiftmodule -serialize-diagnostics -dependency-scan-serialize-diagnostics-path /Users/admin/builder/spi-builder-workspace/.derivedData/Build/Intermediates.noindex/SourceKitten.build/Debug-watchos/SourceKittenFramework-t.build/Objects-normal/arm64_32/SourceKittenFramework-dependency-scan.dia -validate-clang-modules-once -clang-build-session-file /Users/admin/builder/spi-builder-workspace/.derivedData/ModuleCache.noindex/Session.modulevalidation -Xcc -fmodules-prune-interval\=86400 -Xcc -fmodules-prune-after\=345600 -emit-const-values -const-gather-protocols-list /Users/admin/builder/spi-builder-workspace/.derivedData/Build/Intermediates.noindex/SourceKitten.build/Debug-watchos/SourceKittenFramework-t.build/Objects-normal/arm64_32/SourceKittenFramework_const_extract_protocols.json -Xcc -I/Users/admin/builder/spi-builder-workspace/.dependencies/checkouts/Yams/Sources/CYaml/include -Xcc -I/Users/admin/builder/spi-builder-workspace/.dependencies/checkouts/SourceKitten/Source/SourceKit/include -Xcc -I/Users/admin/builder/spi-builder-workspace/.dependencies/checkouts/SourceKitten/Source/Clang_C/include -Xcc -I/Users/admin/builder/spi-builder-workspace/.derivedData/Build/Products/Debug-watchos/include -Xcc -I/Users/admin/builder/spi-builder-workspace/.derivedData/Build/Intermediates.noindex/SourceKitten.build/Debug-watchos/SourceKittenFramework-t.build/DerivedSources-normal/arm64_32 -Xcc -I/Users/admin/builder/spi-builder-workspace/.derivedData/Build/Intermediates.noindex/SourceKitten.build/Debug-watchos/SourceKittenFramework-t.build/DerivedSources/arm64_32 -Xcc -I/Users/admin/builder/spi-builder-workspace/.derivedData/Build/Intermediates.noindex/SourceKitten.build/Debug-watchos/SourceKittenFramework-t.build/DerivedSources -Xcc -DSWIFT_PACKAGE -Xcc -DDEBUG\=1 -emit-objc-header -emit-objc-header-path /Users/admin/builder/spi-builder-workspace/.derivedData/Build/Intermediates.noindex/SourceKitten.build/Debug-watchos/SourceKittenFramework-t.build/Objects-normal/arm64_32/SourceKittenFramework-Swift.h -working-directory /Users/admin/builder/spi-builder-workspace/.swiftpm/xcode -experimental-emit-module-separately -disable-cmo
/Users/admin/builder/spi-builder-workspace/.dependencies/checkouts/SourceKitten/Source/SourceKittenFramework/SourceKitObject.swift:18:8: error: Unsupported platform (in target 'SourceKittenFramework' from project 'SourceKitten')
/Users/admin/builder/spi-builder-workspace/.dependencies/checkouts/SourceKitten/Source/SourceKittenFramework/SwiftDocs.swift:18:8: error: Unsupported platform (in target 'SourceKittenFramework' from project 'SourceKitten')
SwiftDriver SourceKittenFramework normal arm64 com.apple.xcode.tools.swift.compiler (in target 'SourceKittenFramework' from project 'SourceKitten')
cd /Users/admin/builder/spi-builder-workspace/.swiftpm/xcode
builtin-SwiftDriver -- /Applications/Xcode-27.0.0-Release.Candidate.app/Contents/Developer/Toolchains/XcodeDefault.xctoolchain/usr/bin/swiftc -parse-as-library -module-name SourceKittenFramework -Onone @/Users/admin/builder/spi-builder-workspace/.derivedData/Build/Intermediates.noindex/SourceKitten.build/Debug-watchos/SourceKittenFramework-t.build/Objects-normal/arm64/SourceKittenFramework.SwiftFileList -DSWIFT_PACKAGE -DDEBUG -DSWIFT_MODULE_RESOURCE_BUNDLE_UNAVAILABLE -Xcc -fmodule-map-file\=/Users/admin/builder/spi-builder-workspace/.dependencies/checkouts/Yams/Sources/CYaml/include/module.modulemap -Xcc -fmodule-map-file\=/Users/admin/builder/spi-builder-workspace/.derivedData/Build/Intermediates.noindex/GeneratedModuleMaps-watchos/SourceKit.modulemap -Xcc -fmodule-map-file\=/Users/admin/builder/spi-builder-workspace/.derivedData/Build/Intermediates.noindex/GeneratedModuleMaps-watchos/Clang_C.modulemap -DXcode -plugin-path /Applications/Xcode-27.0.0-Release.Candidate.app/Contents/Developer/Toolchains/XcodeDefault.xctoolchain/usr/lib/swift/host/plugins/testing -enable-experimental-feature DebugDescriptionMacro -sdk /Applications/Xcode-27.0.0-Release.Candidate.app/Contents/Developer/Platforms/WatchOS.platform/Developer/SDKs/WatchOS27.0.sdk -target arm64-apple-watchos9.0 -g -module-cache-path /Users/admin/builder/spi-builder-workspace/.derivedData/ModuleCache.noindex -Xfrontend -serialize-debugging-options -profile-coverage-mapping -profile-generate -enable-testing -suppress-warnings -index-store-path /Users/admin/builder/spi-builder-workspace/.derivedData/Index.noindex/DataStore -Xcc -D_LIBCPP_HARDENING_MODE\=_LIBCPP_HARDENING_MODE_DEBUG -swift-version 5 -I /Users/admin/builder/spi-builder-workspace/.derivedData/Build/Products/Debug-watchos -Isystem /Applications/Xcode-27.0.0-Release.Candidate.app/Contents/Developer/Platforms/WatchOS.platform/Developer/usr/lib -F /Users/admin/builder/spi-builder-workspace/.derivedData/Build/Products/Debug-watchos/PackageFrameworks -F /Users/admin/builder/spi-builder-workspace/.derivedData/Build/Products/Debug-watchos -F /Applications/Xcode-27.0.0-Release.Candidate.app/Contents/Developer/Platforms/WatchOS.platform/Developer/Library/Frameworks -F /Applications/Xcode-27.0.0-Release.Candidate.app/Contents/Developer/Platforms/WatchOS.platform/Developer/SDKs/WatchOS27.0.sdk/Developer/Library/Frameworks -c -j10 -enable-batch-mode -incremental -Xcc -ivfsstatcache -Xcc /Users/admin/builder/spi-builder-workspace/.derivedData/SDKStatCaches.noindex/watchos27.0-24R360-e829b21a6f8c9b70876ba0858053c04477534ef55a1706bf4c1112bbb242f0a2.sdkstatcache -output-file-map /Users/admin/builder/spi-builder-workspace/.derivedData/Build/Intermediates.noindex/SourceKitten.build/Debug-watchos/SourceKittenFramework-t.build/Objects-normal/arm64/SourceKittenFramework-OutputFileMap.json -save-temps -no-color-diagnostics -explicit-module-build -module-cache-path /Users/admin/builder/spi-builder-workspace/.derivedData/Build/Intermediates.noindex/SwiftExplicitPrecompiledModules -clang-scanner-module-cache-path /Users/admin/builder/spi-builder-workspace/.derivedData/ModuleCache.noindex -sdk-module-cache-path /Users/admin/builder/spi-builder-workspace/.derivedData/SDKExplicitPrecompiledModules -emit-dependencies -emit-module -emit-module-path /Users/admin/builder/spi-builder-workspace/.derivedData/Build/Intermediates.noindex/SourceKitten.build/Debug-watchos/SourceKittenFramework-t.build/Objects-normal/arm64/SourceKittenFramework.swiftmodule -serialize-diagnostics -dependency-scan-serialize-diagnostics-path /Users/admin/builder/spi-builder-workspace/.derivedData/Build/Intermediates.noindex/SourceKitten.build/Debug-watchos/SourceKittenFramework-t.build/Objects-normal/arm64/SourceKittenFramework-dependency-scan.dia -validate-clang-modules-once -clang-build-session-file /Users/admin/builder/spi-builder-workspace/.derivedData/ModuleCache.noindex/Session.modulevalidation -Xcc -fmodules-prune-interval\=86400 -Xcc -fmodules-prune-after\=345600 -emit-const-values -const-gather-protocols-list /Users/admin/builder/spi-builder-workspace/.derivedData/Build/Intermediates.noindex/SourceKitten.build/Debug-watchos/SourceKittenFramework-t.build/Objects-normal/arm64/SourceKittenFramework_const_extract_protocols.json -Xcc -I/Users/admin/builder/spi-builder-workspace/.dependencies/checkouts/Yams/Sources/CYaml/include -Xcc -I/Users/admin/builder/spi-builder-workspace/.dependencies/checkouts/SourceKitten/Source/SourceKit/include -Xcc -I/Users/admin/builder/spi-builder-workspace/.dependencies/checkouts/SourceKitten/Source/Clang_C/include -Xcc -I/Users/admin/builder/spi-builder-workspace/.derivedData/Build/Products/Debug-watchos/include -Xcc -I/Users/admin/builder/spi-builder-workspace/.derivedData/Build/Intermediates.noindex/SourceKitten.build/Debug-watchos/SourceKittenFramework-t.build/DerivedSources-normal/arm64 -Xcc -I/Users/admin/builder/spi-builder-workspace/.derivedData/Build/Intermediates.noindex/SourceKitten.build/Debug-watchos/SourceKittenFramework-t.build/DerivedSources/arm64 -Xcc -I/Users/admin/builder/spi-builder-workspace/.derivedData/Build/Intermediates.noindex/SourceKitten.build/Debug-watchos/SourceKittenFramework-t.build/DerivedSources -Xcc -DSWIFT_PACKAGE -Xcc -DDEBUG\=1 -emit-objc-header -emit-objc-header-path /Users/admin/builder/spi-builder-workspace/.derivedData/Build/Intermediates.noindex/SourceKitten.build/Debug-watchos/SourceKittenFramework-t.build/Objects-normal/arm64/SourceKittenFramework-Swift.h -working-directory /Users/admin/builder/spi-builder-workspace/.swiftpm/xcode -experimental-emit-module-separately -disable-cmo
/Users/admin/builder/spi-builder-workspace/.dependencies/checkouts/SourceKitten/Source/SourceKittenFramework/SourceKitObject.swift:18:8: error: Unsupported platform (in target 'SourceKittenFramework' from project 'SourceKitten')
/Users/admin/builder/spi-builder-workspace/.dependencies/checkouts/SourceKitten/Source/SourceKittenFramework/SwiftDocs.swift:18:8: error: Unsupported platform (in target 'SourceKittenFramework' from project 'SourceKitten')
SwiftDriverJobDiscovery normal arm64 Compiling XMLObjectDeserialization.swift, XMLValueDeserialization.swift, Bool+XMLDeserialization.swift (in target 'SWXMLHash' from project 'SWXMLHash')
CreateUniversalBinary /Users/admin/builder/spi-builder-workspace/.derivedData/Build/Products/Debug-watchos/XcodeIssueReporting.o normal arm64\ arm64_32 (in target 'XcodeIssueReporting' from project 'XcodeIssueReporting')
cd /Users/admin/builder/spi-builder-workspace
/Applications/Xcode-27.0.0-Release.Candidate.app/Contents/Developer/Toolchains/XcodeDefault.xctoolchain/usr/bin/lipo -create /Users/admin/builder/spi-builder-workspace/.derivedData/Build/Intermediates.noindex/XcodeIssueReporting.build/Debug-watchos/XcodeIssueReporting-t.build/Objects-normal/arm64/Binary/XcodeIssueReporting.o /Users/admin/builder/spi-builder-workspace/.derivedData/Build/Intermediates.noindex/XcodeIssueReporting.build/Debug-watchos/XcodeIssueReporting-t.build/Objects-normal/arm64_32/Binary/XcodeIssueReporting.o -output /Users/admin/builder/spi-builder-workspace/.derivedData/Build/Products/Debug-watchos/XcodeIssueReporting.o
CreateUniversalBinary /Users/admin/builder/spi-builder-workspace/.derivedData/Build/Products/Debug-watchos/Yams.o normal arm64\ arm64_32 (in target 'Yams' from project 'Yams')
cd /Users/admin/builder/spi-builder-workspace/.dependencies/checkouts/Yams
/Applications/Xcode-27.0.0-Release.Candidate.app/Contents/Developer/Toolchains/XcodeDefault.xctoolchain/usr/bin/lipo -create /Users/admin/builder/spi-builder-workspace/.derivedData/Build/Intermediates.noindex/Yams.build/Debug-watchos/Yams-t.build/Objects-normal/arm64/Binary/Yams.o /Users/admin/builder/spi-builder-workspace/.derivedData/Build/Intermediates.noindex/Yams.build/Debug-watchos/Yams-t.build/Objects-normal/arm64_32/Binary/Yams.o -output /Users/admin/builder/spi-builder-workspace/.derivedData/Build/Products/Debug-watchos/Yams.o
ExtractAppIntentsMetadata (in target 'XcodeIssueReporting' from project 'XcodeIssueReporting')
cd /Users/admin/builder/spi-builder-workspace
/Applications/Xcode-27.0.0-Release.Candidate.app/Contents/Developer/Toolchains/XcodeDefault.xctoolchain/usr/bin/appintentsmetadataprocessor --toolchain-dir /var/run/com.apple.security.cryptexd/mnt/com.apple.MobileAsset.MetalToolchain-v27.1.266.1.EnIrhC/Metal.xctoolchain --module-name XcodeIssueReporting --sdk-root /Applications/Xcode-27.0.0-Release.Candidate.app/Contents/Developer/Platforms/WatchOS.platform/Developer/SDKs/WatchOS27.0.sdk --xcode-version 27A266a --platform-family watchOS --deployment-target 9.0 --bundle-identifier spi-builder-workspace.XcodeIssueReporting --output /Users/admin/builder/spi-builder-workspace/.derivedData/Build/Products/Debug-watchos/XcodeIssueReporting.appintents --target-triple arm64-apple-watchos9.0 --target-triple arm64_32-apple-watchos9.0 --binary-file /Users/admin/builder/spi-builder-workspace/.derivedData/Build/Products/Debug-watchos/XcodeIssueReporting.o --dependency-file /Users/admin/builder/spi-builder-workspace/.derivedData/Build/Intermediates.noindex/XcodeIssueReporting.build/Debug-watchos/XcodeIssueReporting-t.build/Objects-normal/arm64/XcodeIssueReporting_dependency_info.dat --dependency-file /Users/admin/builder/spi-builder-workspace/.derivedData/Build/Intermediates.noindex/XcodeIssueReporting.build/Debug-watchos/XcodeIssueReporting-t.build/Objects-normal/arm64_32/XcodeIssueReporting_dependency_info.dat --stringsdata-file /Users/admin/builder/spi-builder-workspace/.derivedData/Build/Intermediates.noindex/XcodeIssueReporting.build/Debug-watchos/XcodeIssueReporting-t.build/Objects-normal/arm64/ExtractedAppShortcutsMetadata.stringsdata --stringsdata-file /Users/admin/builder/spi-builder-workspace/.derivedData/Build/Intermediates.noindex/XcodeIssueReporting.build/Debug-watchos/XcodeIssueReporting-t.build/Objects-normal/arm64_32/ExtractedAppShortcutsMetadata.stringsdata --source-file-list /Users/admin/builder/spi-builder-workspace/.derivedData/Build/Intermediates.noindex/XcodeIssueReporting.build/Debug-watchos/XcodeIssueReporting-t.build/Objects-normal/arm64/XcodeIssueReporting.SwiftFileList --source-file-list /Users/admin/builder/spi-builder-workspace/.derivedData/Build/Intermediates.noindex/XcodeIssueReporting.build/Debug-watchos/XcodeIssueReporting-t.build/Objects-normal/arm64_32/XcodeIssueReporting.SwiftFileList --metadata-file-list /Users/admin/builder/spi-builder-workspace/.derivedData/Build/Intermediates.noindex/XcodeIssueReporting.build/Debug-watchos/XcodeIssueReporting-t.build/XcodeIssueReporting.DependencyMetadataFileList --static-metadata-file-list /Users/admin/builder/spi-builder-workspace/.derivedData/Build/Intermediates.noindex/XcodeIssueReporting.build/Debug-watchos/XcodeIssueReporting-t.build/XcodeIssueReporting.DependencyStaticMetadataFileList --swift-const-vals-list /Users/admin/builder/spi-builder-workspace/.derivedData/Build/Intermediates.noindex/XcodeIssueReporting.build/Debug-watchos/XcodeIssueReporting-t.build/Objects-normal/arm64/XcodeIssueReporting.SwiftConstValuesFileList --swift-const-vals-list /Users/admin/builder/spi-builder-workspace/.derivedData/Build/Intermediates.noindex/XcodeIssueReporting.build/Debug-watchos/XcodeIssueReporting-t.build/Objects-normal/arm64_32/XcodeIssueReporting.SwiftConstValuesFileList --force --compile-time-extraction --deployment-aware-processing --no-app-shortcuts-localization
2026-09-18 12:13:36.720 appintentsmetadataprocessor[1107:6235] Starting appintentsmetadataprocessor export
2026-09-18 12:13:36.816 appintentsmetadataprocessor[1107:6235] Extracted no relevant App Intents symbols, skipping writing output
ExtractAppIntentsMetadata (in target 'Yams' from project 'Yams')
cd /Users/admin/builder/spi-builder-workspace/.dependencies/checkouts/Yams
/Applications/Xcode-27.0.0-Release.Candidate.app/Contents/Developer/Toolchains/XcodeDefault.xctoolchain/usr/bin/appintentsmetadataprocessor --toolchain-dir /var/run/com.apple.security.cryptexd/mnt/com.apple.MobileAsset.MetalToolchain-v27.1.266.1.EnIrhC/Metal.xctoolchain --module-name Yams --sdk-root /Applications/Xcode-27.0.0-Release.Candidate.app/Contents/Developer/Platforms/WatchOS.platform/Developer/SDKs/WatchOS27.0.sdk --xcode-version 27A266a --platform-family watchOS --deployment-target 9.0 --bundle-identifier yams.Yams --output /Users/admin/builder/spi-builder-workspace/.derivedData/Build/Products/Debug-watchos/Yams.appintents --target-triple arm64-apple-watchos9.0 --target-triple arm64_32-apple-watchos9.0 --binary-file /Users/admin/builder/spi-builder-workspace/.derivedData/Build/Products/Debug-watchos/Yams.o --dependency-file /Users/admin/builder/spi-builder-workspace/.derivedData/Build/Intermediates.noindex/Yams.build/Debug-watchos/Yams-t.build/Objects-normal/arm64/Yams_dependency_info.dat --dependency-file /Users/admin/builder/spi-builder-workspace/.derivedData/Build/Intermediates.noindex/Yams.build/Debug-watchos/Yams-t.build/Objects-normal/arm64_32/Yams_dependency_info.dat --stringsdata-file /Users/admin/builder/spi-builder-workspace/.derivedData/Build/Intermediates.noindex/Yams.build/Debug-watchos/Yams-t.build/Objects-normal/arm64/ExtractedAppShortcutsMetadata.stringsdata --stringsdata-file /Users/admin/builder/spi-builder-workspace/.derivedData/Build/Intermediates.noindex/Yams.build/Debug-watchos/Yams-t.build/Objects-normal/arm64_32/ExtractedAppShortcutsMetadata.stringsdata --source-file-list /Users/admin/builder/spi-builder-workspace/.derivedData/Build/Intermediates.noindex/Yams.build/Debug-watchos/Yams-t.build/Objects-normal/arm64/Yams.SwiftFileList --source-file-list /Users/admin/builder/spi-builder-workspace/.derivedData/Build/Intermediates.noindex/Yams.build/Debug-watchos/Yams-t.build/Objects-normal/arm64_32/Yams.SwiftFileList --metadata-file-list /Users/admin/builder/spi-builder-workspace/.derivedData/Build/Intermediates.noindex/Yams.build/Debug-watchos/Yams-t.build/Yams.DependencyMetadataFileList --static-metadata-file-list /Users/admin/builder/spi-builder-workspace/.derivedData/Build/Intermediates.noindex/Yams.build/Debug-watchos/Yams-t.build/Yams.DependencyStaticMetadataFileList --swift-const-vals-list /Users/admin/builder/spi-builder-workspace/.derivedData/Build/Intermediates.noindex/Yams.build/Debug-watchos/Yams-t.build/Objects-normal/arm64/Yams.SwiftConstValuesFileList --swift-const-vals-list /Users/admin/builder/spi-builder-workspace/.derivedData/Build/Intermediates.noindex/Yams.build/Debug-watchos/Yams-t.build/Objects-normal/arm64_32/Yams.SwiftConstValuesFileList --force --compile-time-extraction --deployment-aware-processing --no-app-shortcuts-localization
2026-09-18 12:13:36.712 appintentsmetadataprocessor[1108:6238] Starting appintentsmetadataprocessor export
2026-09-18 12:13:36.816 appintentsmetadataprocessor[1108:6238] Extracted no relevant App Intents symbols, skipping writing output
SwiftDriverJobDiscovery normal arm64 Compiling XMLContent.swift, XMLElement.swift (in target 'SWXMLHash' from project 'SWXMLHash')
SwiftDriverJobDiscovery normal arm64_32 Compiling String+XMLDeserialization.swift, IndexingError.swift, ParsingError.swift (in target 'SWXMLHash' from project 'SWXMLHash')
SwiftDriverJobDiscovery normal arm64 Compiling XMLDeserializationError.swift, FullXMLParser.swift, IndexOp.swift (in target 'SWXMLHash' from project 'SWXMLHash')
SwiftDriver\ Compilation SWXMLHash normal arm64 com.apple.xcode.tools.swift.compiler (in target 'SWXMLHash' from project 'SWXMLHash')
cd /Users/admin/builder/spi-builder-workspace/.swiftpm/xcode
builtin-Swift-Compilation -- /Applications/Xcode-27.0.0-Release.Candidate.app/Contents/Developer/Toolchains/XcodeDefault.xctoolchain/usr/bin/swiftc -parse-as-library -module-name SWXMLHash -Onone @/Users/admin/builder/spi-builder-workspace/.derivedData/Build/Intermediates.noindex/SWXMLHash.build/Debug-watchos/SWXMLHash-t.build/Objects-normal/arm64/SWXMLHash.SwiftFileList -DSWIFT_PACKAGE -DDEBUG -DSWIFT_MODULE_RESOURCE_BUNDLE_UNAVAILABLE -DXcode -plugin-path /Applications/Xcode-27.0.0-Release.Candidate.app/Contents/Developer/Toolchains/XcodeDefault.xctoolchain/usr/lib/swift/host/plugins/testing -enable-experimental-feature DebugDescriptionMacro -sdk /Applications/Xcode-27.0.0-Release.Candidate.app/Contents/Developer/Platforms/WatchOS.platform/Developer/SDKs/WatchOS27.0.sdk -target arm64-apple-watchos9.0 -g -module-cache-path /Users/admin/builder/spi-builder-workspace/.derivedData/ModuleCache.noindex -Xfrontend -serialize-debugging-options -profile-coverage-mapping -profile-generate -enable-testing -suppress-warnings -index-store-path /Users/admin/builder/spi-builder-workspace/.derivedData/Index.noindex/DataStore -Xcc -D_LIBCPP_HARDENING_MODE\=_LIBCPP_HARDENING_MODE_DEBUG -swift-version 5 -I /Users/admin/builder/spi-builder-workspace/.derivedData/Build/Products/Debug-watchos -Isystem /Applications/Xcode-27.0.0-Release.Candidate.app/Contents/Developer/Platforms/WatchOS.platform/Developer/usr/lib -F /Users/admin/builder/spi-builder-workspace/.derivedData/Build/Products/Debug-watchos -F /Applications/Xcode-27.0.0-Release.Candidate.app/Contents/Developer/Platforms/WatchOS.platform/Developer/Library/Frameworks -F /Applications/Xcode-27.0.0-Release.Candidate.app/Contents/Developer/Platforms/WatchOS.platform/Developer/SDKs/WatchOS27.0.sdk/Developer/Library/Frameworks -c -j10 -enable-batch-mode -incremental -Xcc -ivfsstatcache -Xcc /Users/admin/builder/spi-builder-workspace/.derivedData/SDKStatCaches.noindex/watchos27.0-24R360-e829b21a6f8c9b70876ba0858053c04477534ef55a1706bf4c1112bbb242f0a2.sdkstatcache -output-file-map /Users/admin/builder/spi-builder-workspace/.derivedData/Build/Intermediates.noindex/SWXMLHash.build/Debug-watchos/SWXMLHash-t.build/Objects-normal/arm64/SWXMLHash-OutputFileMap.json -save-temps -no-color-diagnostics -explicit-module-build -module-cache-path /Users/admin/builder/spi-builder-workspace/.derivedData/Build/Intermediates.noindex/SwiftExplicitPrecompiledModules -clang-scanner-module-cache-path /Users/admin/builder/spi-builder-workspace/.derivedData/ModuleCache.noindex -sdk-module-cache-path /Users/admin/builder/spi-builder-workspace/.derivedData/SDKExplicitPrecompiledModules -emit-dependencies -emit-module -emit-module-path /Users/admin/builder/spi-builder-workspace/.derivedData/Build/Intermediates.noindex/SWXMLHash.build/Debug-watchos/SWXMLHash-t.build/Objects-normal/arm64/SWXMLHash.swiftmodule -serialize-diagnostics -dependency-scan-serialize-diagnostics-path /Users/admin/builder/spi-builder-workspace/.derivedData/Build/Intermediates.noindex/SWXMLHash.build/Debug-watchos/SWXMLHash-t.build/Objects-normal/arm64/SWXMLHash-dependency-scan.dia -validate-clang-modules-once -clang-build-session-file /Users/admin/builder/spi-builder-workspace/.derivedData/ModuleCache.noindex/Session.modulevalidation -Xcc -fmodules-prune-interval\=86400 -Xcc -fmodules-prune-after\=345600 -emit-const-values -const-gather-protocols-list /Users/admin/builder/spi-builder-workspace/.derivedData/Build/Intermediates.noindex/SWXMLHash.build/Debug-watchos/SWXMLHash-t.build/Objects-normal/arm64/SWXMLHash_const_extract_protocols.json -Xcc -I/Users/admin/builder/spi-builder-workspace/.derivedData/Build/Products/Debug-watchos/include -Xcc -I/Users/admin/builder/spi-builder-workspace/.derivedData/Build/Intermediates.noindex/SWXMLHash.build/Debug-watchos/SWXMLHash-t.build/DerivedSources-normal/arm64 -Xcc -I/Users/admin/builder/spi-builder-workspace/.derivedData/Build/Intermediates.noindex/SWXMLHash.build/Debug-watchos/SWXMLHash-t.build/DerivedSources/arm64 -Xcc -I/Users/admin/builder/spi-builder-workspace/.derivedData/Build/Intermediates.noindex/SWXMLHash.build/Debug-watchos/SWXMLHash-t.build/DerivedSources -Xcc -DSWIFT_PACKAGE -Xcc -DDEBUG\=1 -emit-objc-header -emit-objc-header-path /Users/admin/builder/spi-builder-workspace/.derivedData/Build/Intermediates.noindex/SWXMLHash.build/Debug-watchos/SWXMLHash-t.build/Objects-normal/arm64/SWXMLHash-Swift.h -working-directory /Users/admin/builder/spi-builder-workspace/.swiftpm/xcode -experimental-emit-module-separately -disable-cmo
Ld /Users/admin/builder/spi-builder-workspace/.derivedData/Build/Intermediates.noindex/SWXMLHash.build/Debug-watchos/SWXMLHash-t.build/Objects-normal/arm64/Binary/SWXMLHash.o normal arm64 (in target 'SWXMLHash' from project 'SWXMLHash')
cd /Users/admin/builder/spi-builder-workspace/.dependencies/checkouts/SWXMLHash
/Applications/Xcode-27.0.0-Release.Candidate.app/Contents/Developer/Toolchains/XcodeDefault.xctoolchain/usr/bin/clang -Xlinker -reproducible -target arm64-apple-watchos9.0 -r -isysroot /Applications/Xcode-27.0.0-Release.Candidate.app/Contents/Developer/Platforms/WatchOS.platform/Developer/SDKs/WatchOS27.0.sdk -O0 -w -Xlinker -no_warn_duplicate_libraries -F/Users/admin/builder/spi-builder-workspace/.derivedData/Build/Intermediates.noindex/EagerLinkingTBDs/Debug-watchos -F/Users/admin/builder/spi-builder-workspace/.derivedData/Build/Products/Debug-watchos -iframework /Applications/Xcode-27.0.0-Release.Candidate.app/Contents/Developer/Platforms/WatchOS.platform/Developer/Library/Frameworks -iframework /Applications/Xcode-27.0.0-Release.Candidate.app/Contents/Developer/Platforms/WatchOS.platform/Developer/SDKs/WatchOS27.0.sdk/Developer/Library/Frameworks -filelist /Users/admin/builder/spi-builder-workspace/.derivedData/Build/Intermediates.noindex/SWXMLHash.build/Debug-watchos/SWXMLHash-t.build/Objects-normal/arm64/SWXMLHash.LinkFileList -nostdlib -Xlinker -object_path_lto -Xlinker /Users/admin/builder/spi-builder-workspace/.derivedData/Build/Intermediates.noindex/SWXMLHash.build/Debug-watchos/SWXMLHash-t.build/Objects-normal/arm64/SWXMLHash_lto.o -Xlinker -no_deduplicate -Xlinker -debug_variant -Xlinker -dependency_info -Xlinker /Users/admin/builder/spi-builder-workspace/.derivedData/Build/Intermediates.noindex/SWXMLHash.build/Debug-watchos/SWXMLHash-t.build/Objects-normal/arm64/SWXMLHash_dependency_info.dat -fobjc-link-runtime -L/Applications/Xcode-27.0.0-Release.Candidate.app/Contents/Developer/Toolchains/XcodeDefault.xctoolchain/usr/lib/swift/watchos -L/usr/lib/swift -Xlinker -add_ast_path -Xlinker /Users/admin/builder/spi-builder-workspace/.derivedData/Build/Intermediates.noindex/SWXMLHash.build/Debug-watchos/SWXMLHash-t.build/Objects-normal/arm64/SWXMLHash.swiftmodule -o /Users/admin/builder/spi-builder-workspace/.derivedData/Build/Intermediates.noindex/SWXMLHash.build/Debug-watchos/SWXMLHash-t.build/Objects-normal/arm64/Binary/SWXMLHash.o
SwiftDriverJobDiscovery normal arm64_32 Compiling XMLContent.swift, XMLElement.swift (in target 'SWXMLHash' from project 'SWXMLHash')
SwiftDriver\ Compilation SWXMLHash normal arm64_32 com.apple.xcode.tools.swift.compiler (in target 'SWXMLHash' from project 'SWXMLHash')
cd /Users/admin/builder/spi-builder-workspace/.swiftpm/xcode
builtin-Swift-Compilation -- /Applications/Xcode-27.0.0-Release.Candidate.app/Contents/Developer/Toolchains/XcodeDefault.xctoolchain/usr/bin/swiftc -parse-as-library -module-name SWXMLHash -Onone @/Users/admin/builder/spi-builder-workspace/.derivedData/Build/Intermediates.noindex/SWXMLHash.build/Debug-watchos/SWXMLHash-t.build/Objects-normal/arm64_32/SWXMLHash.SwiftFileList -DSWIFT_PACKAGE -DDEBUG -DSWIFT_MODULE_RESOURCE_BUNDLE_UNAVAILABLE -DXcode -plugin-path /Applications/Xcode-27.0.0-Release.Candidate.app/Contents/Developer/Toolchains/XcodeDefault.xctoolchain/usr/lib/swift/host/plugins/testing -enable-experimental-feature DebugDescriptionMacro -sdk /Applications/Xcode-27.0.0-Release.Candidate.app/Contents/Developer/Platforms/WatchOS.platform/Developer/SDKs/WatchOS27.0.sdk -target arm64_32-apple-watchos9.0 -g -module-cache-path /Users/admin/builder/spi-builder-workspace/.derivedData/ModuleCache.noindex -Xfrontend -serialize-debugging-options -profile-coverage-mapping -profile-generate -enable-testing -suppress-warnings -index-store-path /Users/admin/builder/spi-builder-workspace/.derivedData/Index.noindex/DataStore -Xcc -D_LIBCPP_HARDENING_MODE\=_LIBCPP_HARDENING_MODE_DEBUG -swift-version 5 -I /Users/admin/builder/spi-builder-workspace/.derivedData/Build/Products/Debug-watchos -Isystem /Applications/Xcode-27.0.0-Release.Candidate.app/Contents/Developer/Platforms/WatchOS.platform/Developer/usr/lib -F /Users/admin/builder/spi-builder-workspace/.derivedData/Build/Products/Debug-watchos -F /Applications/Xcode-27.0.0-Release.Candidate.app/Contents/Developer/Platforms/WatchOS.platform/Developer/Library/Frameworks -F /Applications/Xcode-27.0.0-Release.Candidate.app/Contents/Developer/Platforms/WatchOS.platform/Developer/SDKs/WatchOS27.0.sdk/Developer/Library/Frameworks -c -j10 -enable-batch-mode -incremental -Xcc -ivfsstatcache -Xcc /Users/admin/builder/spi-builder-workspace/.derivedData/SDKStatCaches.noindex/watchos27.0-24R360-e829b21a6f8c9b70876ba0858053c04477534ef55a1706bf4c1112bbb242f0a2.sdkstatcache -output-file-map /Users/admin/builder/spi-builder-workspace/.derivedData/Build/Intermediates.noindex/SWXMLHash.build/Debug-watchos/SWXMLHash-t.build/Objects-normal/arm64_32/SWXMLHash-OutputFileMap.json -save-temps -no-color-diagnostics -explicit-module-build -module-cache-path /Users/admin/builder/spi-builder-workspace/.derivedData/Build/Intermediates.noindex/SwiftExplicitPrecompiledModules -clang-scanner-module-cache-path /Users/admin/builder/spi-builder-workspace/.derivedData/ModuleCache.noindex -sdk-module-cache-path /Users/admin/builder/spi-builder-workspace/.derivedData/SDKExplicitPrecompiledModules -emit-dependencies -emit-module -emit-module-path /Users/admin/builder/spi-builder-workspace/.derivedData/Build/Intermediates.noindex/SWXMLHash.build/Debug-watchos/SWXMLHash-t.build/Objects-normal/arm64_32/SWXMLHash.swiftmodule -serialize-diagnostics -dependency-scan-serialize-diagnostics-path /Users/admin/builder/spi-builder-workspace/.derivedData/Build/Intermediates.noindex/SWXMLHash.build/Debug-watchos/SWXMLHash-t.build/Objects-normal/arm64_32/SWXMLHash-dependency-scan.dia -validate-clang-modules-once -clang-build-session-file /Users/admin/builder/spi-builder-workspace/.derivedData/ModuleCache.noindex/Session.modulevalidation -Xcc -fmodules-prune-interval\=86400 -Xcc -fmodules-prune-after\=345600 -emit-const-values -const-gather-protocols-list /Users/admin/builder/spi-builder-workspace/.derivedData/Build/Intermediates.noindex/SWXMLHash.build/Debug-watchos/SWXMLHash-t.build/Objects-normal/arm64_32/SWXMLHash_const_extract_protocols.json -Xcc -I/Users/admin/builder/spi-builder-workspace/.derivedData/Build/Products/Debug-watchos/include -Xcc -I/Users/admin/builder/spi-builder-workspace/.derivedData/Build/Intermediates.noindex/SWXMLHash.build/Debug-watchos/SWXMLHash-t.build/DerivedSources-normal/arm64_32 -Xcc -I/Users/admin/builder/spi-builder-workspace/.derivedData/Build/Intermediates.noindex/SWXMLHash.build/Debug-watchos/SWXMLHash-t.build/DerivedSources/arm64_32 -Xcc -I/Users/admin/builder/spi-builder-workspace/.derivedData/Build/Intermediates.noindex/SWXMLHash.build/Debug-watchos/SWXMLHash-t.build/DerivedSources -Xcc -DSWIFT_PACKAGE -Xcc -DDEBUG\=1 -emit-objc-header -emit-objc-header-path /Users/admin/builder/spi-builder-workspace/.derivedData/Build/Intermediates.noindex/SWXMLHash.build/Debug-watchos/SWXMLHash-t.build/Objects-normal/arm64_32/SWXMLHash-Swift.h -working-directory /Users/admin/builder/spi-builder-workspace/.swiftpm/xcode -experimental-emit-module-separately -disable-cmo
Ld /Users/admin/builder/spi-builder-workspace/.derivedData/Build/Intermediates.noindex/SWXMLHash.build/Debug-watchos/SWXMLHash-t.build/Objects-normal/arm64_32/Binary/SWXMLHash.o normal arm64_32 (in target 'SWXMLHash' from project 'SWXMLHash')
cd /Users/admin/builder/spi-builder-workspace/.dependencies/checkouts/SWXMLHash
/Applications/Xcode-27.0.0-Release.Candidate.app/Contents/Developer/Toolchains/XcodeDefault.xctoolchain/usr/bin/clang -Xlinker -reproducible -target arm64_32-apple-watchos9.0 -r -isysroot /Applications/Xcode-27.0.0-Release.Candidate.app/Contents/Developer/Platforms/WatchOS.platform/Developer/SDKs/WatchOS27.0.sdk -O0 -w -Xlinker -no_warn_duplicate_libraries -F/Users/admin/builder/spi-builder-workspace/.derivedData/Build/Intermediates.noindex/EagerLinkingTBDs/Debug-watchos -F/Users/admin/builder/spi-builder-workspace/.derivedData/Build/Products/Debug-watchos -iframework /Applications/Xcode-27.0.0-Release.Candidate.app/Contents/Developer/Platforms/WatchOS.platform/Developer/Library/Frameworks -iframework /Applications/Xcode-27.0.0-Release.Candidate.app/Contents/Developer/Platforms/WatchOS.platform/Developer/SDKs/WatchOS27.0.sdk/Developer/Library/Frameworks -filelist /Users/admin/builder/spi-builder-workspace/.derivedData/Build/Intermediates.noindex/SWXMLHash.build/Debug-watchos/SWXMLHash-t.build/Objects-normal/arm64_32/SWXMLHash.LinkFileList -nostdlib -Xlinker -object_path_lto -Xlinker /Users/admin/builder/spi-builder-workspace/.derivedData/Build/Intermediates.noindex/SWXMLHash.build/Debug-watchos/SWXMLHash-t.build/Objects-normal/arm64_32/SWXMLHash_lto.o -Xlinker -no_deduplicate -Xlinker -debug_variant -Xlinker -dependency_info -Xlinker /Users/admin/builder/spi-builder-workspace/.derivedData/Build/Intermediates.noindex/SWXMLHash.build/Debug-watchos/SWXMLHash-t.build/Objects-normal/arm64_32/SWXMLHash_dependency_info.dat -fobjc-link-runtime -L/Applications/Xcode-27.0.0-Release.Candidate.app/Contents/Developer/Toolchains/XcodeDefault.xctoolchain/usr/lib/swift/watchos -L/usr/lib/swift -Xlinker -add_ast_path -Xlinker /Users/admin/builder/spi-builder-workspace/.derivedData/Build/Intermediates.noindex/SWXMLHash.build/Debug-watchos/SWXMLHash-t.build/Objects-normal/arm64_32/SWXMLHash.swiftmodule -o /Users/admin/builder/spi-builder-workspace/.derivedData/Build/Intermediates.noindex/SWXMLHash.build/Debug-watchos/SWXMLHash-t.build/Objects-normal/arm64_32/Binary/SWXMLHash.o
CreateUniversalBinary /Users/admin/builder/spi-builder-workspace/.derivedData/Build/Products/Debug-watchos/SWXMLHash.o normal arm64\ arm64_32 (in target 'SWXMLHash' from project 'SWXMLHash')
cd /Users/admin/builder/spi-builder-workspace/.dependencies/checkouts/SWXMLHash
/Applications/Xcode-27.0.0-Release.Candidate.app/Contents/Developer/Toolchains/XcodeDefault.xctoolchain/usr/bin/lipo -create /Users/admin/builder/spi-builder-workspace/.derivedData/Build/Intermediates.noindex/SWXMLHash.build/Debug-watchos/SWXMLHash-t.build/Objects-normal/arm64/Binary/SWXMLHash.o /Users/admin/builder/spi-builder-workspace/.derivedData/Build/Intermediates.noindex/SWXMLHash.build/Debug-watchos/SWXMLHash-t.build/Objects-normal/arm64_32/Binary/SWXMLHash.o -output /Users/admin/builder/spi-builder-workspace/.derivedData/Build/Products/Debug-watchos/SWXMLHash.o
ExtractAppIntentsMetadata (in target 'SWXMLHash' from project 'SWXMLHash')
cd /Users/admin/builder/spi-builder-workspace/.dependencies/checkouts/SWXMLHash
/Applications/Xcode-27.0.0-Release.Candidate.app/Contents/Developer/Toolchains/XcodeDefault.xctoolchain/usr/bin/appintentsmetadataprocessor --toolchain-dir /var/run/com.apple.security.cryptexd/mnt/com.apple.MobileAsset.MetalToolchain-v27.1.266.1.EnIrhC/Metal.xctoolchain --module-name SWXMLHash --sdk-root /Applications/Xcode-27.0.0-Release.Candidate.app/Contents/Developer/Platforms/WatchOS.platform/Developer/SDKs/WatchOS27.0.sdk --xcode-version 27A266a --platform-family watchOS --deployment-target 9.0 --bundle-identifier swxmlhash.SWXMLHash --output /Users/admin/builder/spi-builder-workspace/.derivedData/Build/Products/Debug-watchos/SWXMLHash.appintents --target-triple arm64-apple-watchos9.0 --target-triple arm64_32-apple-watchos9.0 --binary-file /Users/admin/builder/spi-builder-workspace/.derivedData/Build/Products/Debug-watchos/SWXMLHash.o --dependency-file /Users/admin/builder/spi-builder-workspace/.derivedData/Build/Intermediates.noindex/SWXMLHash.build/Debug-watchos/SWXMLHash-t.build/Objects-normal/arm64/SWXMLHash_dependency_info.dat --dependency-file /Users/admin/builder/spi-builder-workspace/.derivedData/Build/Intermediates.noindex/SWXMLHash.build/Debug-watchos/SWXMLHash-t.build/Objects-normal/arm64_32/SWXMLHash_dependency_info.dat --stringsdata-file /Users/admin/builder/spi-builder-workspace/.derivedData/Build/Intermediates.noindex/SWXMLHash.build/Debug-watchos/SWXMLHash-t.build/Objects-normal/arm64/ExtractedAppShortcutsMetadata.stringsdata --stringsdata-file /Users/admin/builder/spi-builder-workspace/.derivedData/Build/Intermediates.noindex/SWXMLHash.build/Debug-watchos/SWXMLHash-t.build/Objects-normal/arm64_32/ExtractedAppShortcutsMetadata.stringsdata --source-file-list /Users/admin/builder/spi-builder-workspace/.derivedData/Build/Intermediates.noindex/SWXMLHash.build/Debug-watchos/SWXMLHash-t.build/Objects-normal/arm64/SWXMLHash.SwiftFileList --source-file-list /Users/admin/builder/spi-builder-workspace/.derivedData/Build/Intermediates.noindex/SWXMLHash.build/Debug-watchos/SWXMLHash-t.build/Objects-normal/arm64_32/SWXMLHash.SwiftFileList --metadata-file-list /Users/admin/builder/spi-builder-workspace/.derivedData/Build/Intermediates.noindex/SWXMLHash.build/Debug-watchos/SWXMLHash-t.build/SWXMLHash.DependencyMetadataFileList --static-metadata-file-list /Users/admin/builder/spi-builder-workspace/.derivedData/Build/Intermediates.noindex/SWXMLHash.build/Debug-watchos/SWXMLHash-t.build/SWXMLHash.DependencyStaticMetadataFileList --swift-const-vals-list /Users/admin/builder/spi-builder-workspace/.derivedData/Build/Intermediates.noindex/SWXMLHash.build/Debug-watchos/SWXMLHash-t.build/Objects-normal/arm64/SWXMLHash.SwiftConstValuesFileList --swift-const-vals-list /Users/admin/builder/spi-builder-workspace/.derivedData/Build/Intermediates.noindex/SWXMLHash.build/Debug-watchos/SWXMLHash-t.build/Objects-normal/arm64_32/SWXMLHash.SwiftConstValuesFileList --force --compile-time-extraction --deployment-aware-processing --no-app-shortcuts-localization
2026-09-18 12:13:36.869 appintentsmetadataprocessor[1114:6354] Starting appintentsmetadataprocessor export
PruneExplicitPrecompiledModules /Users/admin/builder/spi-builder-workspace/.derivedData/SDKExplicitPrecompiledModules
PruneExplicitPrecompiledModules /Users/admin/builder/spi-builder-workspace/.derivedData/Build/Intermediates.noindex/SwiftExplicitPrecompiledModules
PruneExplicitPrecompiledModules /Users/admin/builder/spi-builder-workspace/.derivedData/Build/Intermediates.noindex/ExplicitPrecompiledModules
2026-09-18 12:13:28.312 xcodebuild[819:5003] [MT] IDERunDestination: Supported platforms for the buildables in the current scheme is empty.
** BUILD FAILED **
The following build commands failed:
SwiftDriver SourceKittenFramework normal arm64_32 com.apple.xcode.tools.swift.compiler (in target 'SourceKittenFramework' from project 'SourceKitten')
SwiftDriver SourceKittenFramework normal arm64 com.apple.xcode.tools.swift.compiler (in target 'SourceKittenFramework' from project 'SourceKitten')
Building workspace XcodeIssueReporting with scheme XcodeIssueReporting-Package
(3 failures)
Command line invocation:
/Applications/Xcode-27.0.0-Release.Candidate.app/Contents/Developer/usr/bin/xcodebuild -IDEClonedSourcePackagesDirPathOverride=/Users/admin/builder/spi-builder-workspace/.dependencies -resolvePackageDependencies
Resolve Package Graph
Resolved source packages:
Yams: https://github.com/jpsim/Yams.git @ 6.2.2
swift-argument-parser: https://github.com/apple/swift-argument-parser.git @ 1.8.2
XcodeIssueReporting: /Users/admin/builder/spi-builder-workspace
SourceKitten: https://github.com/jpsim/SourceKitten.git @ 0.38.0
SWXMLHash: https://github.com/drmohundro/SWXMLHash.git @ 7.0.2
resolved source packages: Yams, swift-argument-parser, XcodeIssueReporting, SourceKitten, SWXMLHash
2026-09-18 12:13:38.998 xcodebuild[1115:6375] [MT] IDERunDestination: Supported platforms for the buildables in the current scheme is empty.
{
"dependencies" : [
{
"identity" : "sourcekitten",
"requirement" : {
"range" : [
{
"lower_bound" : "0.32.0",
"upper_bound" : "1.0.0"
}
]
},
"type" : "sourceControl",
"url" : "https://github.com/jpsim/SourceKitten.git"
}
],
"manifest_display_name" : "XcodeIssueReporting",
"name" : "XcodeIssueReporting",
"path" : "/Users/admin/builder/spi-builder-workspace",
"platforms" : [
{
"name" : "macos",
"version" : "10.11"
}
],
"products" : [
{
"name" : "XcodeIssueReporting",
"targets" : [
"XcodeIssueReporting"
],
"type" : {
"library" : [
"automatic"
]
}
},
{
"name" : "XcodeIssueReportingForSourceKitten",
"targets" : [
"XcodeIssueReportingForSourceKitten"
],
"type" : {
"library" : [
"automatic"
]
}
}
],
"targets" : [
{
"c99name" : "XcodeIssueReportingTests",
"module_type" : "SwiftTarget",
"name" : "XcodeIssueReportingTests",
"path" : "Tests/XcodeIssueReportingTests",
"sources" : [
"XcodeIssueReportingTests.swift"
],
"target_dependencies" : [
"XcodeIssueReporting"
],
"type" : "test"
},
{
"c99name" : "XcodeIssueReportingForSourceKitten",
"module_type" : "SwiftTarget",
"name" : "XcodeIssueReportingForSourceKitten",
"path" : "Sources/XcodeIssueReportingForSourceKitten",
"product_dependencies" : [
"SourceKittenFramework"
],
"product_memberships" : [
"XcodeIssueReportingForSourceKitten"
],
"sources" : [
"Issue+SourceKitten.swift"
],
"target_dependencies" : [
"XcodeIssueReporting"
],
"type" : "library"
},
{
"c99name" : "XcodeIssueReporting",
"module_type" : "SwiftTarget",
"name" : "XcodeIssueReporting",
"path" : "Sources/XcodeIssueReporting",
"product_memberships" : [
"XcodeIssueReporting",
"XcodeIssueReportingForSourceKitten"
],
"sources" : [
"Issue.swift",
"IssueLocation.swift",
"IssueType.swift",
"Reporting.swift"
],
"type" : "library"
}
],
"tools_version" : "5.3"
}
{
"workspace" : {
"name" : "XcodeIssueReporting",
"schemes" : [
"XcodeIssueReporting",
"XcodeIssueReporting-Package",
"XcodeIssueReportingForSourceKitten"
]
}
}
2026-09-18 12:13:41.276 xcodebuild[1131:6495] [MT] IDERunDestination: Supported platforms for the buildables in the current scheme is empty.
Running build ...
env DEVELOPER_DIR=/Applications/Xcode-27.0.0-Release.Candidate.app xcrun xcodebuild -IDEClonedSourcePackagesDirPathOverride=$PWD/.dependencies -skipMacroValidation -skipPackagePluginValidation -derivedDataPath $PWD/.derivedData build -scheme XcodeIssueReporting-Package -destination generic/platform=watchOS
Command line invocation:
/Applications/Xcode-27.0.0-Release.Candidate.app/Contents/Developer/usr/bin/xcodebuild -IDEClonedSourcePackagesDirPathOverride=/Users/admin/builder/spi-builder-workspace/.dependencies -skipMacroValidation -skipPackagePluginValidation -derivedDataPath /Users/admin/builder/spi-builder-workspace/.derivedData build -scheme XcodeIssueReporting-Package -destination generic/platform=watchOS
Resolve Package Graph
Resolved source packages:
XcodeIssueReporting: /Users/admin/builder/spi-builder-workspace
swift-argument-parser: https://github.com/apple/swift-argument-parser.git @ 1.8.2
SWXMLHash: https://github.com/drmohundro/SWXMLHash.git @ 7.0.2
SourceKitten: https://github.com/jpsim/SourceKitten.git @ 0.38.0
Yams: https://github.com/jpsim/Yams.git @ 6.2.2
ComputePackagePrebuildTargetDependencyGraph
Prepare packages
CreateBuildRequest
SendProjectDescription
CreateBuildOperation
ComputeTargetDependencyGraph
note: Building targets in dependency order
note: Target dependency graph (13 targets)
Target 'XcodeIssueReportingForSourceKitten-product' in project 'XcodeIssueReporting'
➜ Explicit dependency on target 'XcodeIssueReportingForSourceKitten' in project 'XcodeIssueReporting'
➜ Explicit dependency on target 'XcodeIssueReporting' in project 'XcodeIssueReporting'
➜ Explicit dependency on target 'SourceKittenFramework-product' in project 'SourceKitten'
Target 'XcodeIssueReportingForSourceKitten' in project 'XcodeIssueReporting'
➜ Explicit dependency on target 'XcodeIssueReporting' in project 'XcodeIssueReporting'
➜ Explicit dependency on target 'SourceKittenFramework-product' in project 'SourceKitten'
Target 'SourceKittenFramework-product' in project 'SourceKitten'
➜ Explicit dependency on target 'SourceKittenFramework' in project 'SourceKitten'
➜ Explicit dependency on target 'Clang_C' in project 'SourceKitten'
➜ Explicit dependency on target 'SourceKit' in project 'SourceKitten'
➜ Explicit dependency on target 'SWXMLHash-product' in project 'SWXMLHash'
➜ Explicit dependency on target 'Yams-product' in project 'Yams'
Target 'SourceKittenFramework' in project 'SourceKitten'
➜ Explicit dependency on target 'Clang_C' in project 'SourceKitten'
➜ Explicit dependency on target 'SourceKit' in project 'SourceKitten'
➜ Explicit dependency on target 'SWXMLHash-product' in project 'SWXMLHash'
➜ Explicit dependency on target 'Yams-product' in project 'Yams'
Target 'Yams-product' in project 'Yams'
➜ Explicit dependency on target 'Yams' in project 'Yams'
➜ Explicit dependency on target 'CYaml' in project 'Yams'
Target 'Yams' in project 'Yams'
➜ Explicit dependency on target 'CYaml' in project 'Yams'
Target 'CYaml' in project 'Yams' (no dependencies)
Target 'SWXMLHash-product' in project 'SWXMLHash'
➜ Explicit dependency on target 'SWXMLHash' in project 'SWXMLHash'
Target 'SWXMLHash' in project 'SWXMLHash' (no dependencies)
Target 'SourceKit' in project 'SourceKitten' (no dependencies)
Target 'Clang_C' in project 'SourceKitten' (no dependencies)
Target 'XcodeIssueReporting-product' in project 'XcodeIssueReporting'
➜ Explicit dependency on target 'XcodeIssueReporting' in project 'XcodeIssueReporting'
Target 'XcodeIssueReporting' in project 'XcodeIssueReporting' (no dependencies)
GatherProvisioningInputs
CreateBuildDescription
ClangStatCache /Applications/Xcode-27.0.0-Release.Candidate.app/Contents/Developer/Toolchains/XcodeDefault.xctoolchain/usr/bin/clang-stat-cache /Applications/Xcode-27.0.0-Release.Candidate.app/Contents/Developer/Platforms/WatchOS.platform/Developer/SDKs/WatchOS27.0.sdk /Users/admin/builder/spi-builder-workspace/.derivedData/SDKStatCaches.noindex/watchos27.0-24R360-e829b21a6f8c9b70876ba0858053c04477534ef55a1706bf4c1112bbb242f0a2.sdkstatcache
cd /Users/admin/builder/spi-builder-workspace/.swiftpm/xcode
/Applications/Xcode-27.0.0-Release.Candidate.app/Contents/Developer/Toolchains/XcodeDefault.xctoolchain/usr/bin/clang-stat-cache /Applications/Xcode-27.0.0-Release.Candidate.app/Contents/Developer/Platforms/WatchOS.platform/Developer/SDKs/WatchOS27.0.sdk -o /Users/admin/builder/spi-builder-workspace/.derivedData/SDKStatCaches.noindex/watchos27.0-24R360-e829b21a6f8c9b70876ba0858053c04477534ef55a1706bf4c1112bbb242f0a2.sdkstatcache
ExtractAppIntentsMetadata (in target 'SWXMLHash' from project 'SWXMLHash')
cd /Users/admin/builder/spi-builder-workspace/.dependencies/checkouts/SWXMLHash
/Applications/Xcode-27.0.0-Release.Candidate.app/Contents/Developer/Toolchains/XcodeDefault.xctoolchain/usr/bin/appintentsmetadataprocessor --toolchain-dir /var/run/com.apple.security.cryptexd/mnt/com.apple.MobileAsset.MetalToolchain-v27.1.266.1.EnIrhC/Metal.xctoolchain --module-name SWXMLHash --sdk-root /Applications/Xcode-27.0.0-Release.Candidate.app/Contents/Developer/Platforms/WatchOS.platform/Developer/SDKs/WatchOS27.0.sdk --xcode-version 27A266a --platform-family watchOS --deployment-target 9.0 --bundle-identifier swxmlhash.SWXMLHash --output /Users/admin/builder/spi-builder-workspace/.derivedData/Build/Products/Debug-watchos/SWXMLHash.appintents --target-triple arm64-apple-watchos9.0 --target-triple arm64_32-apple-watchos9.0 --binary-file /Users/admin/builder/spi-builder-workspace/.derivedData/Build/Products/Debug-watchos/SWXMLHash.o --dependency-file /Users/admin/builder/spi-builder-workspace/.derivedData/Build/Intermediates.noindex/SWXMLHash.build/Debug-watchos/SWXMLHash-t.build/Objects-normal/arm64/SWXMLHash_dependency_info.dat --dependency-file /Users/admin/builder/spi-builder-workspace/.derivedData/Build/Intermediates.noindex/SWXMLHash.build/Debug-watchos/SWXMLHash-t.build/Objects-normal/arm64_32/SWXMLHash_dependency_info.dat --stringsdata-file /Users/admin/builder/spi-builder-workspace/.derivedData/Build/Intermediates.noindex/SWXMLHash.build/Debug-watchos/SWXMLHash-t.build/Objects-normal/arm64/ExtractedAppShortcutsMetadata.stringsdata --stringsdata-file /Users/admin/builder/spi-builder-workspace/.derivedData/Build/Intermediates.noindex/SWXMLHash.build/Debug-watchos/SWXMLHash-t.build/Objects-normal/arm64_32/ExtractedAppShortcutsMetadata.stringsdata --source-file-list /Users/admin/builder/spi-builder-workspace/.derivedData/Build/Intermediates.noindex/SWXMLHash.build/Debug-watchos/SWXMLHash-t.build/Objects-normal/arm64/SWXMLHash.SwiftFileList --source-file-list /Users/admin/builder/spi-builder-workspace/.derivedData/Build/Intermediates.noindex/SWXMLHash.build/Debug-watchos/SWXMLHash-t.build/Objects-normal/arm64_32/SWXMLHash.SwiftFileList --metadata-file-list /Users/admin/builder/spi-builder-workspace/.derivedData/Build/Intermediates.noindex/SWXMLHash.build/Debug-watchos/SWXMLHash-t.build/SWXMLHash.DependencyMetadataFileList --static-metadata-file-list /Users/admin/builder/spi-builder-workspace/.derivedData/Build/Intermediates.noindex/SWXMLHash.build/Debug-watchos/SWXMLHash-t.build/SWXMLHash.DependencyStaticMetadataFileList --swift-const-vals-list /Users/admin/builder/spi-builder-workspace/.derivedData/Build/Intermediates.noindex/SWXMLHash.build/Debug-watchos/SWXMLHash-t.build/Objects-normal/arm64/SWXMLHash.SwiftConstValuesFileList --swift-const-vals-list /Users/admin/builder/spi-builder-workspace/.derivedData/Build/Intermediates.noindex/SWXMLHash.build/Debug-watchos/SWXMLHash-t.build/Objects-normal/arm64_32/SWXMLHash.SwiftConstValuesFileList --force --compile-time-extraction --deployment-aware-processing --no-app-shortcuts-localization
2026-09-18 12:13:44.363 appintentsmetadataprocessor[1151:6658] Starting appintentsmetadataprocessor export
2026-09-18 12:13:44.423 appintentsmetadataprocessor[1151:6658] Extracted no relevant App Intents symbols, skipping writing output
SwiftDriver SourceKittenFramework normal arm64 com.apple.xcode.tools.swift.compiler (in target 'SourceKittenFramework' from project 'SourceKitten')
cd /Users/admin/builder/spi-builder-workspace/.swiftpm/xcode
builtin-SwiftDriver -- /Applications/Xcode-27.0.0-Release.Candidate.app/Contents/Developer/Toolchains/XcodeDefault.xctoolchain/usr/bin/swiftc -parse-as-library -module-name SourceKittenFramework -Onone @/Users/admin/builder/spi-builder-workspace/.derivedData/Build/Intermediates.noindex/SourceKitten.build/Debug-watchos/SourceKittenFramework-t.build/Objects-normal/arm64/SourceKittenFramework.SwiftFileList -DSWIFT_PACKAGE -DDEBUG -DSWIFT_MODULE_RESOURCE_BUNDLE_UNAVAILABLE -Xcc -fmodule-map-file\=/Users/admin/builder/spi-builder-workspace/.dependencies/checkouts/Yams/Sources/CYaml/include/module.modulemap -Xcc -fmodule-map-file\=/Users/admin/builder/spi-builder-workspace/.derivedData/Build/Intermediates.noindex/GeneratedModuleMaps-watchos/SourceKit.modulemap -Xcc -fmodule-map-file\=/Users/admin/builder/spi-builder-workspace/.derivedData/Build/Intermediates.noindex/GeneratedModuleMaps-watchos/Clang_C.modulemap -DXcode -plugin-path /Applications/Xcode-27.0.0-Release.Candidate.app/Contents/Developer/Toolchains/XcodeDefault.xctoolchain/usr/lib/swift/host/plugins/testing -enable-experimental-feature DebugDescriptionMacro -sdk /Applications/Xcode-27.0.0-Release.Candidate.app/Contents/Developer/Platforms/WatchOS.platform/Developer/SDKs/WatchOS27.0.sdk -target arm64-apple-watchos9.0 -g -module-cache-path /Users/admin/builder/spi-builder-workspace/.derivedData/ModuleCache.noindex -Xfrontend -serialize-debugging-options -profile-coverage-mapping -profile-generate -enable-testing -suppress-warnings -index-store-path /Users/admin/builder/spi-builder-workspace/.derivedData/Index.noindex/DataStore -Xcc -D_LIBCPP_HARDENING_MODE\=_LIBCPP_HARDENING_MODE_DEBUG -swift-version 5 -I /Users/admin/builder/spi-builder-workspace/.derivedData/Build/Products/Debug-watchos -Isystem /Applications/Xcode-27.0.0-Release.Candidate.app/Contents/Developer/Platforms/WatchOS.platform/Developer/usr/lib -F /Users/admin/builder/spi-builder-workspace/.derivedData/Build/Products/Debug-watchos/PackageFrameworks -F /Users/admin/builder/spi-builder-workspace/.derivedData/Build/Products/Debug-watchos -F /Applications/Xcode-27.0.0-Release.Candidate.app/Contents/Developer/Platforms/WatchOS.platform/Developer/Library/Frameworks -F /Applications/Xcode-27.0.0-Release.Candidate.app/Contents/Developer/Platforms/WatchOS.platform/Developer/SDKs/WatchOS27.0.sdk/Developer/Library/Frameworks -c -j10 -enable-batch-mode -incremental -Xcc -ivfsstatcache -Xcc /Users/admin/builder/spi-builder-workspace/.derivedData/SDKStatCaches.noindex/watchos27.0-24R360-e829b21a6f8c9b70876ba0858053c04477534ef55a1706bf4c1112bbb242f0a2.sdkstatcache -output-file-map /Users/admin/builder/spi-builder-workspace/.derivedData/Build/Intermediates.noindex/SourceKitten.build/Debug-watchos/SourceKittenFramework-t.build/Objects-normal/arm64/SourceKittenFramework-OutputFileMap.json -save-temps -no-color-diagnostics -explicit-module-build -module-cache-path /Users/admin/builder/spi-builder-workspace/.derivedData/Build/Intermediates.noindex/SwiftExplicitPrecompiledModules -clang-scanner-module-cache-path /Users/admin/builder/spi-builder-workspace/.derivedData/ModuleCache.noindex -sdk-module-cache-path /Users/admin/builder/spi-builder-workspace/.derivedData/SDKExplicitPrecompiledModules -emit-dependencies -emit-module -emit-module-path /Users/admin/builder/spi-builder-workspace/.derivedData/Build/Intermediates.noindex/SourceKitten.build/Debug-watchos/SourceKittenFramework-t.build/Objects-normal/arm64/SourceKittenFramework.swiftmodule -serialize-diagnostics -dependency-scan-serialize-diagnostics-path /Users/admin/builder/spi-builder-workspace/.derivedData/Build/Intermediates.noindex/SourceKitten.build/Debug-watchos/SourceKittenFramework-t.build/Objects-normal/arm64/SourceKittenFramework-dependency-scan.dia -validate-clang-modules-once -clang-build-session-file /Users/admin/builder/spi-builder-workspace/.derivedData/ModuleCache.noindex/Session.modulevalidation -Xcc -fmodules-prune-interval\=86400 -Xcc -fmodules-prune-after\=345600 -emit-const-values -const-gather-protocols-list /Users/admin/builder/spi-builder-workspace/.derivedData/Build/Intermediates.noindex/SourceKitten.build/Debug-watchos/SourceKittenFramework-t.build/Objects-normal/arm64/SourceKittenFramework_const_extract_protocols.json -Xcc -I/Users/admin/builder/spi-builder-workspace/.dependencies/checkouts/Yams/Sources/CYaml/include -Xcc -I/Users/admin/builder/spi-builder-workspace/.dependencies/checkouts/SourceKitten/Source/SourceKit/include -Xcc -I/Users/admin/builder/spi-builder-workspace/.dependencies/checkouts/SourceKitten/Source/Clang_C/include -Xcc -I/Users/admin/builder/spi-builder-workspace/.derivedData/Build/Products/Debug-watchos/include -Xcc -I/Users/admin/builder/spi-builder-workspace/.derivedData/Build/Intermediates.noindex/SourceKitten.build/Debug-watchos/SourceKittenFramework-t.build/DerivedSources-normal/arm64 -Xcc -I/Users/admin/builder/spi-builder-workspace/.derivedData/Build/Intermediates.noindex/SourceKitten.build/Debug-watchos/SourceKittenFramework-t.build/DerivedSources/arm64 -Xcc -I/Users/admin/builder/spi-builder-workspace/.derivedData/Build/Intermediates.noindex/SourceKitten.build/Debug-watchos/SourceKittenFramework-t.build/DerivedSources -Xcc -DSWIFT_PACKAGE -Xcc -DDEBUG\=1 -emit-objc-header -emit-objc-header-path /Users/admin/builder/spi-builder-workspace/.derivedData/Build/Intermediates.noindex/SourceKitten.build/Debug-watchos/SourceKittenFramework-t.build/Objects-normal/arm64/SourceKittenFramework-Swift.h -working-directory /Users/admin/builder/spi-builder-workspace/.swiftpm/xcode -experimental-emit-module-separately -disable-cmo
/Users/admin/builder/spi-builder-workspace/.dependencies/checkouts/SourceKitten/Source/SourceKittenFramework/SourceKitObject.swift:18:8: error: Unsupported platform (in target 'SourceKittenFramework' from project 'SourceKitten')
/Users/admin/builder/spi-builder-workspace/.dependencies/checkouts/SourceKitten/Source/SourceKittenFramework/SwiftDocs.swift:18:8: error: Unsupported platform (in target 'SourceKittenFramework' from project 'SourceKitten')
SwiftDriver SourceKittenFramework normal arm64_32 com.apple.xcode.tools.swift.compiler (in target 'SourceKittenFramework' from project 'SourceKitten')
cd /Users/admin/builder/spi-builder-workspace/.swiftpm/xcode
builtin-SwiftDriver -- /Applications/Xcode-27.0.0-Release.Candidate.app/Contents/Developer/Toolchains/XcodeDefault.xctoolchain/usr/bin/swiftc -parse-as-library -module-name SourceKittenFramework -Onone @/Users/admin/builder/spi-builder-workspace/.derivedData/Build/Intermediates.noindex/SourceKitten.build/Debug-watchos/SourceKittenFramework-t.build/Objects-normal/arm64_32/SourceKittenFramework.SwiftFileList -DSWIFT_PACKAGE -DDEBUG -DSWIFT_MODULE_RESOURCE_BUNDLE_UNAVAILABLE -Xcc -fmodule-map-file\=/Users/admin/builder/spi-builder-workspace/.dependencies/checkouts/Yams/Sources/CYaml/include/module.modulemap -Xcc -fmodule-map-file\=/Users/admin/builder/spi-builder-workspace/.derivedData/Build/Intermediates.noindex/GeneratedModuleMaps-watchos/SourceKit.modulemap -Xcc -fmodule-map-file\=/Users/admin/builder/spi-builder-workspace/.derivedData/Build/Intermediates.noindex/GeneratedModuleMaps-watchos/Clang_C.modulemap -DXcode -plugin-path /Applications/Xcode-27.0.0-Release.Candidate.app/Contents/Developer/Toolchains/XcodeDefault.xctoolchain/usr/lib/swift/host/plugins/testing -enable-experimental-feature DebugDescriptionMacro -sdk /Applications/Xcode-27.0.0-Release.Candidate.app/Contents/Developer/Platforms/WatchOS.platform/Developer/SDKs/WatchOS27.0.sdk -target arm64_32-apple-watchos9.0 -g -module-cache-path /Users/admin/builder/spi-builder-workspace/.derivedData/ModuleCache.noindex -Xfrontend -serialize-debugging-options -profile-coverage-mapping -profile-generate -enable-testing -suppress-warnings -index-store-path /Users/admin/builder/spi-builder-workspace/.derivedData/Index.noindex/DataStore -Xcc -D_LIBCPP_HARDENING_MODE\=_LIBCPP_HARDENING_MODE_DEBUG -swift-version 5 -I /Users/admin/builder/spi-builder-workspace/.derivedData/Build/Products/Debug-watchos -Isystem /Applications/Xcode-27.0.0-Release.Candidate.app/Contents/Developer/Platforms/WatchOS.platform/Developer/usr/lib -F /Users/admin/builder/spi-builder-workspace/.derivedData/Build/Products/Debug-watchos/PackageFrameworks -F /Users/admin/builder/spi-builder-workspace/.derivedData/Build/Products/Debug-watchos -F /Applications/Xcode-27.0.0-Release.Candidate.app/Contents/Developer/Platforms/WatchOS.platform/Developer/Library/Frameworks -F /Applications/Xcode-27.0.0-Release.Candidate.app/Contents/Developer/Platforms/WatchOS.platform/Developer/SDKs/WatchOS27.0.sdk/Developer/Library/Frameworks -c -j10 -enable-batch-mode -incremental -Xcc -ivfsstatcache -Xcc /Users/admin/builder/spi-builder-workspace/.derivedData/SDKStatCaches.noindex/watchos27.0-24R360-e829b21a6f8c9b70876ba0858053c04477534ef55a1706bf4c1112bbb242f0a2.sdkstatcache -output-file-map /Users/admin/builder/spi-builder-workspace/.derivedData/Build/Intermediates.noindex/SourceKitten.build/Debug-watchos/SourceKittenFramework-t.build/Objects-normal/arm64_32/SourceKittenFramework-OutputFileMap.json -save-temps -no-color-diagnostics -explicit-module-build -module-cache-path /Users/admin/builder/spi-builder-workspace/.derivedData/Build/Intermediates.noindex/SwiftExplicitPrecompiledModules -clang-scanner-module-cache-path /Users/admin/builder/spi-builder-workspace/.derivedData/ModuleCache.noindex -sdk-module-cache-path /Users/admin/builder/spi-builder-workspace/.derivedData/SDKExplicitPrecompiledModules -emit-dependencies -emit-module -emit-module-path /Users/admin/builder/spi-builder-workspace/.derivedData/Build/Intermediates.noindex/SourceKitten.build/Debug-watchos/SourceKittenFramework-t.build/Objects-normal/arm64_32/SourceKittenFramework.swiftmodule -serialize-diagnostics -dependency-scan-serialize-diagnostics-path /Users/admin/builder/spi-builder-workspace/.derivedData/Build/Intermediates.noindex/SourceKitten.build/Debug-watchos/SourceKittenFramework-t.build/Objects-normal/arm64_32/SourceKittenFramework-dependency-scan.dia -validate-clang-modules-once -clang-build-session-file /Users/admin/builder/spi-builder-workspace/.derivedData/ModuleCache.noindex/Session.modulevalidation -Xcc -fmodules-prune-interval\=86400 -Xcc -fmodules-prune-after\=345600 -emit-const-values -const-gather-protocols-list /Users/admin/builder/spi-builder-workspace/.derivedData/Build/Intermediates.noindex/SourceKitten.build/Debug-watchos/SourceKittenFramework-t.build/Objects-normal/arm64_32/SourceKittenFramework_const_extract_protocols.json -Xcc -I/Users/admin/builder/spi-builder-workspace/.dependencies/checkouts/Yams/Sources/CYaml/include -Xcc -I/Users/admin/builder/spi-builder-workspace/.dependencies/checkouts/SourceKitten/Source/SourceKit/include -Xcc -I/Users/admin/builder/spi-builder-workspace/.dependencies/checkouts/SourceKitten/Source/Clang_C/include -Xcc -I/Users/admin/builder/spi-builder-workspace/.derivedData/Build/Products/Debug-watchos/include -Xcc -I/Users/admin/builder/spi-builder-workspace/.derivedData/Build/Intermediates.noindex/SourceKitten.build/Debug-watchos/SourceKittenFramework-t.build/DerivedSources-normal/arm64_32 -Xcc -I/Users/admin/builder/spi-builder-workspace/.derivedData/Build/Intermediates.noindex/SourceKitten.build/Debug-watchos/SourceKittenFramework-t.build/DerivedSources/arm64_32 -Xcc -I/Users/admin/builder/spi-builder-workspace/.derivedData/Build/Intermediates.noindex/SourceKitten.build/Debug-watchos/SourceKittenFramework-t.build/DerivedSources -Xcc -DSWIFT_PACKAGE -Xcc -DDEBUG\=1 -emit-objc-header -emit-objc-header-path /Users/admin/builder/spi-builder-workspace/.derivedData/Build/Intermediates.noindex/SourceKitten.build/Debug-watchos/SourceKittenFramework-t.build/Objects-normal/arm64_32/SourceKittenFramework-Swift.h -working-directory /Users/admin/builder/spi-builder-workspace/.swiftpm/xcode -experimental-emit-module-separately -disable-cmo
/Users/admin/builder/spi-builder-workspace/.dependencies/checkouts/SourceKitten/Source/SourceKittenFramework/SourceKitObject.swift:18:8: error: Unsupported platform (in target 'SourceKittenFramework' from project 'SourceKitten')
/Users/admin/builder/spi-builder-workspace/.dependencies/checkouts/SourceKitten/Source/SourceKittenFramework/SwiftDocs.swift:18:8: error: Unsupported platform (in target 'SourceKittenFramework' from project 'SourceKitten')
PruneExplicitPrecompiledModules /Users/admin/builder/spi-builder-workspace/.derivedData/Build/Intermediates.noindex/SwiftExplicitPrecompiledModules
PruneExplicitPrecompiledModules /Users/admin/builder/spi-builder-workspace/.derivedData/SDKExplicitPrecompiledModules
PruneExplicitPrecompiledModules /Users/admin/builder/spi-builder-workspace/.derivedData/Build/Intermediates.noindex/ExplicitPrecompiledModules
2026-09-18 12:13:43.310 xcodebuild[1140:6566] [MT] IDERunDestination: Supported platforms for the buildables in the current scheme is empty.
** BUILD FAILED **
The following build commands failed:
SwiftDriver SourceKittenFramework normal arm64 com.apple.xcode.tools.swift.compiler (in target 'SourceKittenFramework' from project 'SourceKitten')
SwiftDriver SourceKittenFramework normal arm64_32 com.apple.xcode.tools.swift.compiler (in target 'SourceKittenFramework' from project 'SourceKitten')
Building workspace XcodeIssueReporting with scheme XcodeIssueReporting-Package
(3 failures)
BUILD FAILURE 6.4 watchOS