The Swift Package Index logo.Swift Package Index

Build Information

Failed to build SwiftyJoinMastodonAPI, reference v1.0.0 (9928d1), with Swift 6.4 for Wasm on 22 Sep 2026 01:12:06 UTC.

Build Command

bash -c docker run --pull=always --rm -v "checkouts-54344845-0":/host -w "$PWD" -e JAVA_HOME="/root/.sdkman/candidates/java/current" -e SPI_BUILD="1" -e SPI_PROCESSING="1" registry.gitlab.com/saguaro1/spi-images:wasm-6.4-latest swift build --swift-sdk swift-6.4.x-DEVELOPMENT-SNAPSHOT-2026-09-04-a_wasm 2>&1

Build Log

========================================
RunAll
========================================
Builder version: 5.1.0
Interrupt handler set up.
========================================
Checkout
========================================
Clone URL: https://github.com/daprice/SwiftyJoinMastodonAPI.git
Reference: v1.0.0
Initialized empty Git repository in /host/spi-builder-workspace/.git/
hint: Using 'master' as the name for the initial branch. This default branch name
hint: is subject to change. To configure the initial branch name to use in all
hint: of your new repositories, which will suppress this warning, call:
hint:
hint: 	git config --global init.defaultBranch <name>
hint:
hint: Names commonly chosen instead of 'master' are 'main', 'trunk' and
hint: 'development'. The just-created branch can be renamed via this command:
hint:
hint: 	git branch -m <name>
From https://github.com/daprice/SwiftyJoinMastodonAPI
 * tag               v1.0.0     -> FETCH_HEAD
HEAD is now at 9928d18 Create LICENSE
Cloned https://github.com/daprice/SwiftyJoinMastodonAPI.git
Revision (git rev-parse @):
9928d18ec4223478bb57ff5bdbb50b52e3288ac8
SPI manifest file found: $PWD/.spi.yml
SUCCESS checkout https://github.com/daprice/SwiftyJoinMastodonAPI.git at v1.0.0
========================================
Build
========================================
Selected platform:         wasm
Swift version:             6.4
Building package at path:  $PWD
https://github.com/daprice/SwiftyJoinMastodonAPI.git
Running build ...
bash -c docker run --pull=always --rm -v "checkouts-54344845-0":/host -w "$PWD" -e JAVA_HOME="/root/.sdkman/candidates/java/current" -e SPI_BUILD="1" -e SPI_PROCESSING="1" registry.gitlab.com/saguaro1/spi-images:wasm-6.4-latest swift build --swift-sdk swift-6.4.x-DEVELOPMENT-SNAPSHOT-2026-09-04-a_wasm 2>&1
wasm-6.4-latest: Pulling from saguaro1/spi-images
Digest: sha256:4328fdb43c680d205c1d6761b1e3267aa38277eefdda9ddfb17b6a0f1a77857a
Status: Image is up to date for registry.gitlab.com/saguaro1/spi-images:wasm-6.4-latest
Building for debugging...
[Planning deferred tasks]
error: SwiftCompile normal wasm32 failed with a nonzero exit code. Command line:     cd /host

[27 / 35] SwiftyJoinMastodonAPI
/host/spi-builder-workspace/Sources/SwiftyJoinMastodonAPI/API/JoinMastodonAPI+Request.swift:23:48: error: cannot find type 'URLRequest' in scope
21 | 		var queryItems: [URLQueryItem] { get }
22 | 		/// Set any properties on a URLRequest that are specific to this request.
23 | 		func configureURLRequest(_ urlRequest: inout URLRequest)
   |                                                `- error: cannot find type 'URLRequest' in scope
24 | 		/// The type to decode the response as.
25 | 		associatedtype Response: Decodable
/host/spi-builder-workspace/Sources/SwiftyJoinMastodonAPI/API/JoinMastodonAPI.swift:19:25: error: 'URLSession' is unavailable: This type has moved to the FoundationNetworking module. Import that module to use it.
17 | 	public let baseURL: URL
18 | 	/// The URLSession instance to make requests when using ``perform(_:)``
19 | 	public let urlSession: URLSession
   |                         `- error: 'URLSession' is unavailable: This type has moved to the FoundationNetworking module. Import that module to use it.
20 |
21 | 	public init(baseURL: URL = URL(string: "https://api.joinmastodon.org")!, urlSession: URLSession = .shared) {
Foundation.URLSession:2:18: note: 'URLSession' has been explicitly marked unavailable here
1 | @available(*, unavailable, message: "This type has moved to the FoundationNetworking module. Import that module to use it.")
2 | public typealias URLSession = AnyObject
  |                  `- note: 'URLSession' has been explicitly marked unavailable here
/host/spi-builder-workspace/Sources/SwiftyJoinMastodonAPI/API/JoinMastodonAPI.swift:21:87: error: 'URLSession' is unavailable: This type has moved to the FoundationNetworking module. Import that module to use it.
19 | 	public let urlSession: URLSession
20 |
21 | 	public init(baseURL: URL = URL(string: "https://api.joinmastodon.org")!, urlSession: URLSession = .shared) {
   |                                                                                       `- error: 'URLSession' is unavailable: This type has moved to the FoundationNetworking module. Import that module to use it.
22 | 		self.baseURL = baseURL
23 | 		self.urlSession = urlSession
Foundation.URLSession:2:18: note: 'URLSession' has been explicitly marked unavailable here
1 | @available(*, unavailable, message: "This type has moved to the FoundationNetworking module. Import that module to use it.")
2 | public typealias URLSession = AnyObject
  |                  `- note: 'URLSession' has been explicitly marked unavailable here
/host/spi-builder-workspace/Sources/SwiftyJoinMastodonAPI/API/JoinMastodonAPI.swift:21:101: error: type 'URLSession' (aka 'AnyObject') has no member 'shared'
19 | 	public let urlSession: URLSession
20 |
21 | 	public init(baseURL: URL = URL(string: "https://api.joinmastodon.org")!, urlSession: URLSession = .shared) {
   |                                                                                                     `- error: type 'URLSession' (aka 'AnyObject') has no member 'shared'
22 | 		self.baseURL = baseURL
23 | 		self.urlSession = urlSession
/host/spi-builder-workspace/Sources/SwiftyJoinMastodonAPI/API/JoinMastodonAPI.swift:21:101: error: value of type '_' expected to be instance of class or class-constrained type
19 | 	public let urlSession: URLSession
20 |
21 | 	public init(baseURL: URL = URL(string: "https://api.joinmastodon.org")!, urlSession: URLSession = .shared) {
   |                                                                                                     `- error: value of type '_' expected to be instance of class or class-constrained type
22 | 		self.baseURL = baseURL
23 | 		self.urlSession = urlSession
/host/spi-builder-workspace/Sources/SwiftyJoinMastodonAPI/API/JoinMastodonAPI.swift:65:54: error: cannot find type 'URLRequest' in scope
63 | 	///
64 | 	/// You can use this if you want to modify the `URLRequest` in some way or use it on your own instead of calling ``perform(_:)``. Otherwise, it's simpler to call ``perform(_:)`` which takes care of handling the request for you.
65 | 	public func urlRequest(for request: any Request) -> URLRequest {
   |                                                      `- error: cannot find type 'URLRequest' in scope
66 | 		var urlRequest = URLRequest(url: url(for: request))
67 | 		urlRequest.setValue("application/json", forHTTPHeaderField: "Accept")
/host/spi-builder-workspace/Sources/SwiftyJoinMastodonAPI/API/JoinMastodonAPI.swift:19:13: error: stored property 'urlSession' of 'Sendable'-conforming class 'JoinMastodonAPI' has non-Sendable type 'AnyObject'
17 | 	public let baseURL: URL
18 | 	/// The URLSession instance to make requests when using ``perform(_:)``
19 | 	public let urlSession: URLSession
   |             `- error: stored property 'urlSession' of 'Sendable'-conforming class 'JoinMastodonAPI' has non-Sendable type 'AnyObject'
20 |
21 | 	public init(baseURL: URL = URL(string: "https://api.joinmastodon.org")!, urlSession: URLSession = .shared) {
/host/spi-builder-workspace/Sources/SwiftyJoinMastodonAPI/Requests/GetCategoriesRequest.swift:33:54: error: cannot find type 'URLRequest' in scope
31 | 	}
32 |
33 | 	public func configureURLRequest(_ urlRequest: inout URLRequest) {
   |                                                      `- error: cannot find type 'URLRequest' in scope
34 | 		urlRequest.httpMethod = "GET"
35 | 	}
/host/spi-builder-workspace/Sources/SwiftyJoinMastodonAPI/Requests/GetLanguagesRequest.swift:33:54: error: cannot find type 'URLRequest' in scope
31 | 	}
32 |
33 | 	public func configureURLRequest(_ urlRequest: inout URLRequest) {
   |                                                      `- error: cannot find type 'URLRequest' in scope
34 | 		urlRequest.httpMethod = "GET"
35 | 	}
/host/spi-builder-workspace/Sources/SwiftyJoinMastodonAPI/Requests/GetServersRequest.swift:33:54: error: cannot find type 'URLRequest' in scope
31 | 	}
32 |
33 | 	public func configureURLRequest(_ urlRequest: inout URLRequest) {
   |                                                      `- error: cannot find type 'URLRequest' in scope
34 | 		urlRequest.httpMethod = "GET"
35 | 	}
/host/spi-builder-workspace/Sources/SwiftyJoinMastodonAPI/Requests/GetStatisticsRequest.swift:28:54: error: cannot find type 'URLRequest' in scope
26 | 	public var queryItems: [URLQueryItem] { [] }
27 |
28 | 	public func configureURLRequest(_ urlRequest: inout URLRequest) {
   |                                                      `- error: cannot find type 'URLRequest' in scope
29 | 		urlRequest.httpMethod = "GET"
30 | 	}
Failed frontend command:
/usr/bin/swift-frontend -frontend -emit-module -experimental-skip-non-inlinable-function-bodies-without-types /host/spi-builder-workspace/Sources/SwiftyJoinMastodonAPI/API\ Entities/Category.swift /host/spi-builder-workspace/Sources/SwiftyJoinMastodonAPI/API\ Entities/DailyStatistics.swift /host/spi-builder-workspace/Sources/SwiftyJoinMastodonAPI/API\ Entities/Language.swift /host/spi-builder-workspace/Sources/SwiftyJoinMastodonAPI/API\ Entities/Server.swift /host/spi-builder-workspace/Sources/SwiftyJoinMastodonAPI/API/JoinMastodonAPI+Request.swift /host/spi-builder-workspace/Sources/SwiftyJoinMastodonAPI/API/JoinMastodonAPI.swift /host/spi-builder-workspace/Sources/SwiftyJoinMastodonAPI/Requests/FilterParameters.swift /host/spi-builder-workspace/Sources/SwiftyJoinMastodonAPI/Requests/GetCategoriesRequest.swift /host/spi-builder-workspace/Sources/SwiftyJoinMastodonAPI/Requests/GetLanguagesRequest.swift /host/spi-builder-workspace/Sources/SwiftyJoinMastodonAPI/Requests/GetServersRequest.swift /host/spi-builder-workspace/Sources/SwiftyJoinMastodonAPI/Requests/GetStatisticsRequest.swift -target wasm32-unknown-wasip1 -disable-objc-interop -sdk /root/.swiftpm/swift-sdks/swift-6.4.x-DEVELOPMENT-SNAPSHOT-2026-09-04-a_wasm.artifactbundle/swift-6.4.x-DEVELOPMENT-SNAPSHOT-2026-09-04-a_wasm/wasm32-unknown-wasip1/WASI.sdk -sysroot /root/.swiftpm/swift-sdks/swift-6.4.x-DEVELOPMENT-SNAPSHOT-2026-09-04-a_wasm.artifactbundle/swift-6.4.x-DEVELOPMENT-SNAPSHOT-2026-09-04-a_wasm/wasm32-unknown-wasip1/WASI.sdk -I /host/spi-builder-workspace/.build/out/Products/Debug-webassembly-wasm32 -module-cache-path /host/spi-builder-workspace/.build/out/ModuleCache.noindex -color-diagnostics -Xcc -fcolor-diagnostics -enable-testing -g -debug-info-format\=dwarf -dwarf-version\=4 -swift-version 6 -Onone -D SWIFT_PACKAGE -D DEBUG -D SWIFT_MODULE_RESOURCE_BUNDLE_UNAVAILABLE -D Xcode -serialize-debugging-options -enable-experimental-feature DebugDescriptionMacro -empty-abi-descriptor -external-plugin-path /usr/lib/swift/host/plugins/testing\#/usr/bin/swift-plugin-server -validate-clang-modules-once -clang-build-session-file /host/spi-builder-workspace/.build/out/ModuleCache.noindex/Session.modulevalidation -Xcc -working-directory -Xcc /host -resource-dir /root/.swiftpm/swift-sdks/swift-6.4.x-DEVELOPMENT-SNAPSHOT-2026-09-04-a_wasm.artifactbundle/swift-6.4.x-DEVELOPMENT-SNAPSHOT-2026-09-04-a_wasm/wasm32-unknown-wasip1/swift.xctoolchain/usr/lib/swift_static -use-static-resource-dir -enable-anonymous-context-mangled-names -file-compilation-dir /host -Xcc -resource-dir -Xcc /root/.swiftpm/swift-sdks/swift-6.4.x-DEVELOPMENT-SNAPSHOT-2026-09-04-a_wasm.artifactbundle/swift-6.4.x-DEVELOPMENT-SNAPSHOT-2026-09-04-a_wasm/wasm32-unknown-wasip1/swift.xctoolchain/usr/lib/swift_static/clang -Xcc -D_LIBCPP_HARDENING_MODE\=_LIBCPP_HARDENING_MODE_DEBUG -Xcc -fmodules-prune-interval\=86400 -Xcc -fmodules-prune-after\=345600 -Xcc -I/host/spi-builder-workspace/.build/out/Products/Debug-webassembly-wasm32/include -Xcc -I/host/spi-builder-workspace/.build/out/Intermediates.noindex/SwiftyJoinMastodonAPI.build/Debug-webassembly-wasm32/SwiftyJoinMastodonAPI-t.build/DerivedSources-normal/wasm32 -Xcc -I/host/spi-builder-workspace/.build/out/Intermediates.noindex/SwiftyJoinMastodonAPI.build/Debug-webassembly-wasm32/SwiftyJoinMastodonAPI-t.build/DerivedSources/wasm32 -Xcc -I/host/spi-builder-workspace/.build/out/Intermediates.noindex/SwiftyJoinMastodonAPI.build/Debug-webassembly-wasm32/SwiftyJoinMastodonAPI-t.build/DerivedSources -Xcc -DSWIFT_PACKAGE -Xcc -DDEBUG\=1 -no-auto-bridging-header-chaining -module-name SwiftyJoinMastodonAPI -package-name spi_builder_workspace -const-gather-protocols-file /host/spi-builder-workspace/.build/out/Intermediates.noindex/SwiftyJoinMastodonAPI.build/Debug-webassembly-wasm32/SwiftyJoinMastodonAPI-t.build/Objects-normal/wasm32/SwiftyJoinMastodonAPI_const_extract_protocols.json -in-process-plugin-server-path /usr/lib/swift/host/libSwiftInProcPluginServer.so -plugin-path /usr/lib/swift/host/plugins -plugin-path /usr/local/lib/swift/host/plugins -emit-module-doc-path /host/spi-builder-workspace/.build/out/Intermediates.noindex/SwiftyJoinMastodonAPI.build/Debug-webassembly-wasm32/SwiftyJoinMastodonAPI-t.build/Objects-normal/wasm32/Modules/SwiftyJoinMastodonAPI.swiftdoc -emit-module-source-info-path /host/spi-builder-workspace/.build/out/Intermediates.noindex/SwiftyJoinMastodonAPI.build/Debug-webassembly-wasm32/SwiftyJoinMastodonAPI-t.build/Objects-normal/wasm32/Modules/SwiftyJoinMastodonAPI.swiftsourceinfo -emit-objc-header-path /host/spi-builder-workspace/.build/out/Intermediates.noindex/SwiftyJoinMastodonAPI.build/Debug-webassembly-wasm32/SwiftyJoinMastodonAPI-t.build/Objects-normal/wasm32/SwiftyJoinMastodonAPI-Swift.h -serialize-diagnostics-path /host/spi-builder-workspace/.build/out/Intermediates.noindex/SwiftyJoinMastodonAPI.build/Debug-webassembly-wasm32/SwiftyJoinMastodonAPI-t.build/Objects-normal/wasm32/SwiftyJoinMastodonAPI-primary-emit-module.dia -emit-dependencies-path /host/spi-builder-workspace/.build/out/Intermediates.noindex/SwiftyJoinMastodonAPI.build/Debug-webassembly-wasm32/SwiftyJoinMastodonAPI-t.build/Objects-normal/wasm32/SwiftyJoinMastodonAPI-primary-emit-module.d -parse-as-library -o /host/spi-builder-workspace/.build/out/Intermediates.noindex/SwiftyJoinMastodonAPI.build/Debug-webassembly-wasm32/SwiftyJoinMastodonAPI-t.build/Objects-normal/wasm32/Modules/SwiftyJoinMastodonAPI.swiftmodule
error: Build failed
BUILD FAILURE 6.4 wasm