Build Information
Failed to build FadeInText, reference v1.1.1 (fd154a), with Swift 6.1 for watchOS using Xcode 16.3 on 6 Jul 2026 04:38:56 UTC.
Build Command
env DEVELOPER_DIR=/Applications/Xcode-16.3.0.app xcrun xcodebuild -IDEClonedSourcePackagesDirPathOverride=$PWD/.dependencies -skipMacroValidation -skipPackagePluginValidation -derivedDataPath $PWD/.derivedData build -scheme FadeInText -destination generic/platform=watchOSBuild Log
========================================
RunAll
========================================
Builder version: undefined version: run 'make version' to update
Interrupt handler set up.
========================================
Checkout
========================================
Clone URL: https://github.com/junyan72/swiftui-fadein-text.git
Reference: v1.1.1
Initialized empty Git repository in /Users/admin/builder/spi-builder-workspace/.git/
From https://github.com/junyan72/swiftui-fadein-text
* tag v1.1.1 -> FETCH_HEAD
HEAD is now at fd154ac Fix tokenizer bug
Cloned https://github.com/junyan72/swiftui-fadein-text.git
Revision (git rev-parse @):
fd154aca89194c9e59acdc2b456c630ce7c245e8
SUCCESS checkout https://github.com/junyan72/swiftui-fadein-text.git at v1.1.1
========================================
Build
========================================
Selected platform: watchOS
Swift version: 6.1
Building package at path: $PWD
https://github.com/junyan72/swiftui-fadein-text.git
https://github.com/junyan72/swiftui-fadein-text.git
{
"dependencies" : [
],
"manifest_display_name" : "FadeInText",
"name" : "FadeInText",
"path" : "/Users/admin/builder/spi-builder-workspace",
"platforms" : [
{
"name" : "ios",
"version" : "15.0"
}
],
"products" : [
{
"name" : "FadeInText",
"targets" : [
"FadeInText"
],
"type" : {
"library" : [
"automatic"
]
}
}
],
"targets" : [
{
"c99name" : "FadeInTextTests",
"module_type" : "SwiftTarget",
"name" : "FadeInTextTests",
"path" : "Tests/FadeInTextTests",
"sources" : [
"DefaultTokenizerTests.swift",
"LinearInterpolatorTests.swift"
],
"target_dependencies" : [
"FadeInText"
],
"type" : "test"
},
{
"c99name" : "FadeInText",
"module_type" : "SwiftTarget",
"name" : "FadeInText",
"path" : "Sources/FadeInText",
"product_memberships" : [
"FadeInText"
],
"sources" : [
"FadeInText.swift",
"FadeInTextController.swift",
"Interpolator/EaseOutInterpolator.swift",
"Interpolator/Interpolator.swift",
"Interpolator/LinearInterpolator.swift",
"Tokenizer/DefaultTokenizer.swift",
"Tokenizer/Tokenizer.swift"
],
"type" : "library"
}
],
"tools_version" : "5.10"
}
Command line invocation:
/Applications/Xcode-16.3.0.app/Contents/Developer/usr/bin/xcodebuild -IDEClonedSourcePackagesDirPathOverride=/Users/admin/builder/spi-builder-workspace/.dependencies -resolvePackageDependencies
Resolve Package Graph
Resolve Package Graph
Resolved source packages:
FadeInText: /Users/admin/builder/spi-builder-workspace
resolved source packages: FadeInText
{
"dependencies" : [
],
"manifest_display_name" : "FadeInText",
"name" : "FadeInText",
"path" : "/Users/admin/builder/spi-builder-workspace",
"platforms" : [
{
"name" : "ios",
"version" : "15.0"
}
],
"products" : [
{
"name" : "FadeInText",
"targets" : [
"FadeInText"
],
"type" : {
"library" : [
"automatic"
]
}
}
],
"targets" : [
{
"c99name" : "FadeInTextTests",
"module_type" : "SwiftTarget",
"name" : "FadeInTextTests",
"path" : "Tests/FadeInTextTests",
"sources" : [
"DefaultTokenizerTests.swift",
"LinearInterpolatorTests.swift"
],
"target_dependencies" : [
"FadeInText"
],
"type" : "test"
},
{
"c99name" : "FadeInText",
"module_type" : "SwiftTarget",
"name" : "FadeInText",
"path" : "Sources/FadeInText",
"product_memberships" : [
"FadeInText"
],
"sources" : [
"FadeInText.swift",
"FadeInTextController.swift",
"Interpolator/EaseOutInterpolator.swift",
"Interpolator/Interpolator.swift",
"Interpolator/LinearInterpolator.swift",
"Tokenizer/DefaultTokenizer.swift",
"Tokenizer/Tokenizer.swift"
],
"type" : "library"
}
],
"tools_version" : "5.10"
}
{
"workspace" : {
"name" : "spi-builder-workspace",
"schemes" : [
"FadeInText"
]
}
}
Running build ...
env DEVELOPER_DIR=/Applications/Xcode-16.3.0.app xcrun xcodebuild -IDEClonedSourcePackagesDirPathOverride=$PWD/.dependencies -skipMacroValidation -skipPackagePluginValidation -derivedDataPath $PWD/.derivedData build -scheme FadeInText -destination generic/platform=watchOS OTHER_SWIFT_FLAGS=-stats-output-dir .stats -strict-concurrency=complete -enable-upcoming-feature StrictConcurrency -enable-upcoming-feature DisableOutwardActorInference -enable-upcoming-feature GlobalActorIsolatedTypesUsability -enable-upcoming-feature InferSendableFromCaptures
Command line invocation:
/Applications/Xcode-16.3.0.app/Contents/Developer/usr/bin/xcodebuild -IDEClonedSourcePackagesDirPathOverride=/Users/admin/builder/spi-builder-workspace/.dependencies -skipMacroValidation -skipPackagePluginValidation -derivedDataPath /Users/admin/builder/spi-builder-workspace/.derivedData build -scheme FadeInText -destination generic/platform=watchOS "OTHER_SWIFT_FLAGS=-stats-output-dir .stats -strict-concurrency=complete -enable-upcoming-feature StrictConcurrency -enable-upcoming-feature DisableOutwardActorInference -enable-upcoming-feature GlobalActorIsolatedTypesUsability -enable-upcoming-feature InferSendableFromCaptures"
Build settings from command line:
OTHER_SWIFT_FLAGS = -stats-output-dir .stats -strict-concurrency=complete -enable-upcoming-feature StrictConcurrency -enable-upcoming-feature DisableOutwardActorInference -enable-upcoming-feature GlobalActorIsolatedTypesUsability -enable-upcoming-feature InferSendableFromCaptures
Resolve Package Graph
Resolved source packages:
FadeInText: /Users/admin/builder/spi-builder-workspace
ComputePackagePrebuildTargetDependencyGraph
Prepare packages
CreateBuildRequest
SendProjectDescription
CreateBuildOperation
ComputeTargetDependencyGraph
note: Building targets in dependency order
note: Target dependency graph (2 targets)
Target 'FadeInText' in project 'FadeInText'
➜ Explicit dependency on target 'FadeInText' in project 'FadeInText'
Target 'FadeInText' in project 'FadeInText' (no dependencies)
GatherProvisioningInputs
CreateBuildDescription
ExecuteExternalTool /Applications/Xcode-16.3.0.app/Contents/Developer/Toolchains/XcodeDefault.xctoolchain/usr/bin/clang -v -E -dM -isysroot /Applications/Xcode-16.3.0.app/Contents/Developer/Platforms/WatchOS.platform/Developer/SDKs/WatchOS11.4.sdk -x c -c /dev/null
ExecuteExternalTool /Applications/Xcode-16.3.0.app/Contents/Developer/Toolchains/XcodeDefault.xctoolchain/usr/bin/swiftc --version
ExecuteExternalTool /Applications/Xcode-16.3.0.app/Contents/Developer/Toolchains/XcodeDefault.xctoolchain/usr/bin/ld -version_details
Build description signature: d69a6413a0e74ee2d690d075af467538
Build description path: /Users/admin/builder/spi-builder-workspace/.derivedData/Build/Intermediates.noindex/XCBuildData/d69a6413a0e74ee2d690d075af467538.xcbuilddata
CreateBuildDirectory /Users/admin/builder/spi-builder-workspace/.derivedData/Build/Products
cd /Users/admin/builder/spi-builder-workspace/.swiftpm/xcode
builtin-create-build-directory /Users/admin/builder/spi-builder-workspace/.derivedData/Build/Products
CreateBuildDirectory /Users/admin/builder/spi-builder-workspace/.derivedData/Build/Intermediates.noindex
cd /Users/admin/builder/spi-builder-workspace/.swiftpm/xcode
builtin-create-build-directory /Users/admin/builder/spi-builder-workspace/.derivedData/Build/Intermediates.noindex
ClangStatCache /Applications/Xcode-16.3.0.app/Contents/Developer/Toolchains/XcodeDefault.xctoolchain/usr/bin/clang-stat-cache /Applications/Xcode-16.3.0.app/Contents/Developer/Platforms/WatchOS.platform/Developer/SDKs/WatchOS11.4.sdk /Users/admin/builder/spi-builder-workspace/.derivedData/SDKStatCaches.noindex/watchos11.4-22T246-43efb940ff07ba2497b70ec94253f576.sdkstatcache
cd /Users/admin/builder/spi-builder-workspace/.swiftpm/xcode
/Applications/Xcode-16.3.0.app/Contents/Developer/Toolchains/XcodeDefault.xctoolchain/usr/bin/clang-stat-cache /Applications/Xcode-16.3.0.app/Contents/Developer/Platforms/WatchOS.platform/Developer/SDKs/WatchOS11.4.sdk -o /Users/admin/builder/spi-builder-workspace/.derivedData/SDKStatCaches.noindex/watchos11.4-22T246-43efb940ff07ba2497b70ec94253f576.sdkstatcache
CreateBuildDirectory /Users/admin/builder/spi-builder-workspace/.derivedData/Build/Intermediates.noindex/EagerLinkingTBDs/Debug-watchos
cd /Users/admin/builder/spi-builder-workspace/.swiftpm/xcode
builtin-create-build-directory /Users/admin/builder/spi-builder-workspace/.derivedData/Build/Intermediates.noindex/EagerLinkingTBDs/Debug-watchos
CreateBuildDirectory /Users/admin/builder/spi-builder-workspace/.derivedData/Build/Products/Debug-watchos
cd /Users/admin/builder/spi-builder-workspace/.swiftpm/xcode
builtin-create-build-directory /Users/admin/builder/spi-builder-workspace/.derivedData/Build/Products/Debug-watchos
CreateBuildDirectory /Users/admin/builder/spi-builder-workspace/.derivedData/Build/Products/Debug-watchos/PackageFrameworks
cd /Users/admin/builder/spi-builder-workspace/.swiftpm/xcode
builtin-create-build-directory /Users/admin/builder/spi-builder-workspace/.derivedData/Build/Products/Debug-watchos/PackageFrameworks
WriteAuxiliaryFile /Users/admin/builder/spi-builder-workspace/.derivedData/Build/Intermediates.noindex/FadeInText.build/Debug-watchos/FadeInText.build/Objects-normal/arm64_32/FadeInText.LinkFileList (in target 'FadeInText' from project 'FadeInText')
cd /Users/admin/builder/spi-builder-workspace
write-file /Users/admin/builder/spi-builder-workspace/.derivedData/Build/Intermediates.noindex/FadeInText.build/Debug-watchos/FadeInText.build/Objects-normal/arm64_32/FadeInText.LinkFileList
WriteAuxiliaryFile /Users/admin/builder/spi-builder-workspace/.derivedData/Build/Intermediates.noindex/FadeInText.build/Debug-watchos/FadeInText.build/Objects-normal/arm64_32/FadeInText.SwiftFileList (in target 'FadeInText' from project 'FadeInText')
cd /Users/admin/builder/spi-builder-workspace
write-file /Users/admin/builder/spi-builder-workspace/.derivedData/Build/Intermediates.noindex/FadeInText.build/Debug-watchos/FadeInText.build/Objects-normal/arm64_32/FadeInText.SwiftFileList
WriteAuxiliaryFile /Users/admin/builder/spi-builder-workspace/.derivedData/Build/Intermediates.noindex/FadeInText.build/Debug-watchos/FadeInText.build/Objects-normal/arm64_32/FadeInText_const_extract_protocols.json (in target 'FadeInText' from project 'FadeInText')
cd /Users/admin/builder/spi-builder-workspace
write-file /Users/admin/builder/spi-builder-workspace/.derivedData/Build/Intermediates.noindex/FadeInText.build/Debug-watchos/FadeInText.build/Objects-normal/arm64_32/FadeInText_const_extract_protocols.json
WriteAuxiliaryFile /Users/admin/builder/spi-builder-workspace/.derivedData/Build/Intermediates.noindex/FadeInText.build/Debug-watchos/FadeInText.build/Objects-normal/armv7k/FadeInText.LinkFileList (in target 'FadeInText' from project 'FadeInText')
cd /Users/admin/builder/spi-builder-workspace
write-file /Users/admin/builder/spi-builder-workspace/.derivedData/Build/Intermediates.noindex/FadeInText.build/Debug-watchos/FadeInText.build/Objects-normal/armv7k/FadeInText.LinkFileList
WriteAuxiliaryFile /Users/admin/builder/spi-builder-workspace/.derivedData/Build/Intermediates.noindex/FadeInText.build/Debug-watchos/FadeInText.build/Objects-normal/armv7k/FadeInText_const_extract_protocols.json (in target 'FadeInText' from project 'FadeInText')
cd /Users/admin/builder/spi-builder-workspace
write-file /Users/admin/builder/spi-builder-workspace/.derivedData/Build/Intermediates.noindex/FadeInText.build/Debug-watchos/FadeInText.build/Objects-normal/armv7k/FadeInText_const_extract_protocols.json
WriteAuxiliaryFile /Users/admin/builder/spi-builder-workspace/.derivedData/Build/Intermediates.noindex/FadeInText.build/Debug-watchos/FadeInText.build/Objects-normal/armv7k/FadeInText.SwiftFileList (in target 'FadeInText' from project 'FadeInText')
cd /Users/admin/builder/spi-builder-workspace
write-file /Users/admin/builder/spi-builder-workspace/.derivedData/Build/Intermediates.noindex/FadeInText.build/Debug-watchos/FadeInText.build/Objects-normal/armv7k/FadeInText.SwiftFileList
WriteAuxiliaryFile /Users/admin/builder/spi-builder-workspace/.derivedData/Build/Intermediates.noindex/FadeInText.build/Debug-watchos/FadeInText.build/Objects-normal/arm64_32/FadeInText.SwiftConstValuesFileList (in target 'FadeInText' from project 'FadeInText')
cd /Users/admin/builder/spi-builder-workspace
write-file /Users/admin/builder/spi-builder-workspace/.derivedData/Build/Intermediates.noindex/FadeInText.build/Debug-watchos/FadeInText.build/Objects-normal/arm64_32/FadeInText.SwiftConstValuesFileList
WriteAuxiliaryFile /Users/admin/builder/spi-builder-workspace/.derivedData/Build/Intermediates.noindex/FadeInText.build/Debug-watchos/FadeInText.build/Objects-normal/armv7k/FadeInText.SwiftConstValuesFileList (in target 'FadeInText' from project 'FadeInText')
cd /Users/admin/builder/spi-builder-workspace
write-file /Users/admin/builder/spi-builder-workspace/.derivedData/Build/Intermediates.noindex/FadeInText.build/Debug-watchos/FadeInText.build/Objects-normal/armv7k/FadeInText.SwiftConstValuesFileList
WriteAuxiliaryFile /Users/admin/builder/spi-builder-workspace/.derivedData/Build/Intermediates.noindex/FadeInText.build/Debug-watchos/FadeInText.build/Objects-normal/armv7k/FadeInText-OutputFileMap.json (in target 'FadeInText' from project 'FadeInText')
cd /Users/admin/builder/spi-builder-workspace
write-file /Users/admin/builder/spi-builder-workspace/.derivedData/Build/Intermediates.noindex/FadeInText.build/Debug-watchos/FadeInText.build/Objects-normal/armv7k/FadeInText-OutputFileMap.json
WriteAuxiliaryFile /Users/admin/builder/spi-builder-workspace/.derivedData/Build/Intermediates.noindex/FadeInText.build/Debug-watchos/FadeInText.build/Objects-normal/arm64_32/FadeInText-OutputFileMap.json (in target 'FadeInText' from project 'FadeInText')
cd /Users/admin/builder/spi-builder-workspace
write-file /Users/admin/builder/spi-builder-workspace/.derivedData/Build/Intermediates.noindex/FadeInText.build/Debug-watchos/FadeInText.build/Objects-normal/arm64_32/FadeInText-OutputFileMap.json
WriteAuxiliaryFile /Users/admin/builder/spi-builder-workspace/.derivedData/Build/Intermediates.noindex/FadeInText.build/Debug-watchos/FadeInText.build/Objects-normal/arm64/FadeInText_const_extract_protocols.json (in target 'FadeInText' from project 'FadeInText')
cd /Users/admin/builder/spi-builder-workspace
write-file /Users/admin/builder/spi-builder-workspace/.derivedData/Build/Intermediates.noindex/FadeInText.build/Debug-watchos/FadeInText.build/Objects-normal/arm64/FadeInText_const_extract_protocols.json
WriteAuxiliaryFile /Users/admin/builder/spi-builder-workspace/.derivedData/Build/Intermediates.noindex/FadeInText.build/Debug-watchos/FadeInText.build/Objects-normal/arm64/FadeInText.SwiftFileList (in target 'FadeInText' from project 'FadeInText')
cd /Users/admin/builder/spi-builder-workspace
write-file /Users/admin/builder/spi-builder-workspace/.derivedData/Build/Intermediates.noindex/FadeInText.build/Debug-watchos/FadeInText.build/Objects-normal/arm64/FadeInText.SwiftFileList
WriteAuxiliaryFile /Users/admin/builder/spi-builder-workspace/.derivedData/Build/Intermediates.noindex/FadeInText.build/Debug-watchos/FadeInText.build/Objects-normal/arm64/FadeInText.SwiftConstValuesFileList (in target 'FadeInText' from project 'FadeInText')
cd /Users/admin/builder/spi-builder-workspace
write-file /Users/admin/builder/spi-builder-workspace/.derivedData/Build/Intermediates.noindex/FadeInText.build/Debug-watchos/FadeInText.build/Objects-normal/arm64/FadeInText.SwiftConstValuesFileList
WriteAuxiliaryFile /Users/admin/builder/spi-builder-workspace/.derivedData/Build/Intermediates.noindex/FadeInText.build/Debug-watchos/FadeInText.build/Objects-normal/arm64/FadeInText.LinkFileList (in target 'FadeInText' from project 'FadeInText')
cd /Users/admin/builder/spi-builder-workspace
write-file /Users/admin/builder/spi-builder-workspace/.derivedData/Build/Intermediates.noindex/FadeInText.build/Debug-watchos/FadeInText.build/Objects-normal/arm64/FadeInText.LinkFileList
WriteAuxiliaryFile /Users/admin/builder/spi-builder-workspace/.derivedData/Build/Intermediates.noindex/FadeInText.build/Debug-watchos/FadeInText.build/Objects-normal/arm64/FadeInText-OutputFileMap.json (in target 'FadeInText' from project 'FadeInText')
cd /Users/admin/builder/spi-builder-workspace
write-file /Users/admin/builder/spi-builder-workspace/.derivedData/Build/Intermediates.noindex/FadeInText.build/Debug-watchos/FadeInText.build/Objects-normal/arm64/FadeInText-OutputFileMap.json
WriteAuxiliaryFile /Users/admin/builder/spi-builder-workspace/.derivedData/Build/Intermediates.noindex/FadeInText.build/Debug-watchos/FadeInText.build/FadeInText.modulemap (in target 'FadeInText' from project 'FadeInText')
cd /Users/admin/builder/spi-builder-workspace
write-file /Users/admin/builder/spi-builder-workspace/.derivedData/Build/Intermediates.noindex/FadeInText.build/Debug-watchos/FadeInText.build/FadeInText.modulemap
WriteAuxiliaryFile /Users/admin/builder/spi-builder-workspace/.derivedData/Build/Intermediates.noindex/FadeInText.build/Debug-watchos/FadeInText.build/FadeInText.DependencyStaticMetadataFileList (in target 'FadeInText' from project 'FadeInText')
cd /Users/admin/builder/spi-builder-workspace
write-file /Users/admin/builder/spi-builder-workspace/.derivedData/Build/Intermediates.noindex/FadeInText.build/Debug-watchos/FadeInText.build/FadeInText.DependencyStaticMetadataFileList
WriteAuxiliaryFile /Users/admin/builder/spi-builder-workspace/.derivedData/Build/Intermediates.noindex/FadeInText.build/Debug-watchos/FadeInText.build/FadeInText.DependencyMetadataFileList (in target 'FadeInText' from project 'FadeInText')
cd /Users/admin/builder/spi-builder-workspace
write-file /Users/admin/builder/spi-builder-workspace/.derivedData/Build/Intermediates.noindex/FadeInText.build/Debug-watchos/FadeInText.build/FadeInText.DependencyMetadataFileList
Copy /Users/admin/builder/spi-builder-workspace/.derivedData/Build/Intermediates.noindex/GeneratedModuleMaps-watchos/FadeInText.modulemap /Users/admin/builder/spi-builder-workspace/.derivedData/Build/Intermediates.noindex/FadeInText.build/Debug-watchos/FadeInText.build/FadeInText.modulemap (in target 'FadeInText' from project 'FadeInText')
cd /Users/admin/builder/spi-builder-workspace
builtin-copy -exclude .DS_Store -exclude CVS -exclude .svn -exclude .git -exclude .hg -resolve-src-symlinks /Users/admin/builder/spi-builder-workspace/.derivedData/Build/Intermediates.noindex/FadeInText.build/Debug-watchos/FadeInText.build/FadeInText.modulemap /Users/admin/builder/spi-builder-workspace/.derivedData/Build/Intermediates.noindex/GeneratedModuleMaps-watchos
SwiftDriver FadeInText normal arm64_32 com.apple.xcode.tools.swift.compiler (in target 'FadeInText' from project 'FadeInText')
cd /Users/admin/builder/spi-builder-workspace/.swiftpm/xcode
builtin-SwiftDriver -- /Applications/Xcode-16.3.0.app/Contents/Developer/Toolchains/XcodeDefault.xctoolchain/usr/bin/swiftc -module-name FadeInText -Onone -enforce-exclusivity\=checked @/Users/admin/builder/spi-builder-workspace/.derivedData/Build/Intermediates.noindex/FadeInText.build/Debug-watchos/FadeInText.build/Objects-normal/arm64_32/FadeInText.SwiftFileList -DSWIFT_PACKAGE -DDEBUG -stats-output-dir .stats -strict-concurrency\=complete -enable-upcoming-feature StrictConcurrency -enable-upcoming-feature DisableOutwardActorInference -enable-upcoming-feature GlobalActorIsolatedTypesUsability -enable-upcoming-feature InferSendableFromCaptures -plugin-path /Applications/Xcode-16.3.0.app/Contents/Developer/Toolchains/XcodeDefault.xctoolchain/usr/lib/swift/host/plugins/testing -enable-experimental-feature DebugDescriptionMacro -sdk /Applications/Xcode-16.3.0.app/Contents/Developer/Platforms/WatchOS.platform/Developer/SDKs/WatchOS11.4.sdk -target arm64_32-apple-watchos8.0 -g -module-cache-path /Users/admin/builder/spi-builder-workspace/.derivedData/ModuleCache.noindex -Xfrontend -serialize-debugging-options -profile-coverage-mapping -profile-generate -enable-testing -index-store-path /Users/admin/builder/spi-builder-workspace/.derivedData/Index.noindex/DataStore -swift-version 5 -I /Users/admin/builder/spi-builder-workspace/.derivedData/Build/Products/Debug-watchos -I /Applications/Xcode-16.3.0.app/Contents/Developer/Platforms/WatchOS.platform/Developer/usr/lib -F /Users/admin/builder/spi-builder-workspace/.derivedData/Build/Products/Debug-watchos -F /Applications/Xcode-16.3.0.app/Contents/Developer/Platforms/WatchOS.platform/Developer/Library/Frameworks -F /Applications/Xcode-16.3.0.app/Contents/Developer/Platforms/WatchOS.platform/Developer/SDKs/WatchOS11.4.sdk/Developer/Library/Frameworks -c -j10 -enable-batch-mode -incremental -Xcc -ivfsstatcache -Xcc /Users/admin/builder/spi-builder-workspace/.derivedData/SDKStatCaches.noindex/watchos11.4-22T246-43efb940ff07ba2497b70ec94253f576.sdkstatcache -output-file-map /Users/admin/builder/spi-builder-workspace/.derivedData/Build/Intermediates.noindex/FadeInText.build/Debug-watchos/FadeInText.build/Objects-normal/arm64_32/FadeInText-OutputFileMap.json -use-frontend-parseable-output -save-temps -no-color-diagnostics -serialize-diagnostics -emit-dependencies -emit-module -emit-module-path /Users/admin/builder/spi-builder-workspace/.derivedData/Build/Intermediates.noindex/FadeInText.build/Debug-watchos/FadeInText.build/Objects-normal/arm64_32/FadeInText.swiftmodule -validate-clang-modules-once -clang-build-session-file /Users/admin/builder/spi-builder-workspace/.derivedData/ModuleCache.noindex/Session.modulevalidation -package-name spi_builder_workspace -Xcc -I/Users/admin/builder/spi-builder-workspace/.derivedData/Build/Intermediates.noindex/FadeInText.build/Debug-watchos/FadeInText.build/swift-overrides.hmap -emit-const-values -Xfrontend -const-gather-protocols-file -Xfrontend /Users/admin/builder/spi-builder-workspace/.derivedData/Build/Intermediates.noindex/FadeInText.build/Debug-watchos/FadeInText.build/Objects-normal/arm64_32/FadeInText_const_extract_protocols.json -Xcc -I/Users/admin/builder/spi-builder-workspace/.derivedData/Build/Products/Debug-watchos/include -Xcc -I/Users/admin/builder/spi-builder-workspace/.derivedData/Build/Intermediates.noindex/FadeInText.build/Debug-watchos/FadeInText.build/DerivedSources-normal/arm64_32 -Xcc -I/Users/admin/builder/spi-builder-workspace/.derivedData/Build/Intermediates.noindex/FadeInText.build/Debug-watchos/FadeInText.build/DerivedSources/arm64_32 -Xcc -I/Users/admin/builder/spi-builder-workspace/.derivedData/Build/Intermediates.noindex/FadeInText.build/Debug-watchos/FadeInText.build/DerivedSources -Xcc -DSWIFT_PACKAGE -Xcc -DDEBUG\=1 -emit-objc-header -emit-objc-header-path /Users/admin/builder/spi-builder-workspace/.derivedData/Build/Intermediates.noindex/FadeInText.build/Debug-watchos/FadeInText.build/Objects-normal/arm64_32/FadeInText-Swift.h -working-directory /Users/admin/builder/spi-builder-workspace/.swiftpm/xcode -experimental-emit-module-separately -disable-cmo
SwiftDriver FadeInText normal arm64 com.apple.xcode.tools.swift.compiler (in target 'FadeInText' from project 'FadeInText')
cd /Users/admin/builder/spi-builder-workspace/.swiftpm/xcode
builtin-SwiftDriver -- /Applications/Xcode-16.3.0.app/Contents/Developer/Toolchains/XcodeDefault.xctoolchain/usr/bin/swiftc -module-name FadeInText -Onone -enforce-exclusivity\=checked @/Users/admin/builder/spi-builder-workspace/.derivedData/Build/Intermediates.noindex/FadeInText.build/Debug-watchos/FadeInText.build/Objects-normal/arm64/FadeInText.SwiftFileList -DSWIFT_PACKAGE -DDEBUG -stats-output-dir .stats -strict-concurrency\=complete -enable-upcoming-feature StrictConcurrency -enable-upcoming-feature DisableOutwardActorInference -enable-upcoming-feature GlobalActorIsolatedTypesUsability -enable-upcoming-feature InferSendableFromCaptures -plugin-path /Applications/Xcode-16.3.0.app/Contents/Developer/Toolchains/XcodeDefault.xctoolchain/usr/lib/swift/host/plugins/testing -enable-experimental-feature DebugDescriptionMacro -sdk /Applications/Xcode-16.3.0.app/Contents/Developer/Platforms/WatchOS.platform/Developer/SDKs/WatchOS11.4.sdk -target arm64-apple-watchos8.0 -g -module-cache-path /Users/admin/builder/spi-builder-workspace/.derivedData/ModuleCache.noindex -Xfrontend -serialize-debugging-options -profile-coverage-mapping -profile-generate -enable-testing -index-store-path /Users/admin/builder/spi-builder-workspace/.derivedData/Index.noindex/DataStore -swift-version 5 -I /Users/admin/builder/spi-builder-workspace/.derivedData/Build/Products/Debug-watchos -I /Applications/Xcode-16.3.0.app/Contents/Developer/Platforms/WatchOS.platform/Developer/usr/lib -F /Users/admin/builder/spi-builder-workspace/.derivedData/Build/Products/Debug-watchos -F /Applications/Xcode-16.3.0.app/Contents/Developer/Platforms/WatchOS.platform/Developer/Library/Frameworks -F /Applications/Xcode-16.3.0.app/Contents/Developer/Platforms/WatchOS.platform/Developer/SDKs/WatchOS11.4.sdk/Developer/Library/Frameworks -c -j10 -enable-batch-mode -incremental -Xcc -ivfsstatcache -Xcc /Users/admin/builder/spi-builder-workspace/.derivedData/SDKStatCaches.noindex/watchos11.4-22T246-43efb940ff07ba2497b70ec94253f576.sdkstatcache -output-file-map /Users/admin/builder/spi-builder-workspace/.derivedData/Build/Intermediates.noindex/FadeInText.build/Debug-watchos/FadeInText.build/Objects-normal/arm64/FadeInText-OutputFileMap.json -use-frontend-parseable-output -save-temps -no-color-diagnostics -serialize-diagnostics -emit-dependencies -emit-module -emit-module-path /Users/admin/builder/spi-builder-workspace/.derivedData/Build/Intermediates.noindex/FadeInText.build/Debug-watchos/FadeInText.build/Objects-normal/arm64/FadeInText.swiftmodule -validate-clang-modules-once -clang-build-session-file /Users/admin/builder/spi-builder-workspace/.derivedData/ModuleCache.noindex/Session.modulevalidation -package-name spi_builder_workspace -Xcc -I/Users/admin/builder/spi-builder-workspace/.derivedData/Build/Intermediates.noindex/FadeInText.build/Debug-watchos/FadeInText.build/swift-overrides.hmap -emit-const-values -Xfrontend -const-gather-protocols-file -Xfrontend /Users/admin/builder/spi-builder-workspace/.derivedData/Build/Intermediates.noindex/FadeInText.build/Debug-watchos/FadeInText.build/Objects-normal/arm64/FadeInText_const_extract_protocols.json -Xcc -I/Users/admin/builder/spi-builder-workspace/.derivedData/Build/Products/Debug-watchos/include -Xcc -I/Users/admin/builder/spi-builder-workspace/.derivedData/Build/Intermediates.noindex/FadeInText.build/Debug-watchos/FadeInText.build/DerivedSources-normal/arm64 -Xcc -I/Users/admin/builder/spi-builder-workspace/.derivedData/Build/Intermediates.noindex/FadeInText.build/Debug-watchos/FadeInText.build/DerivedSources/arm64 -Xcc -I/Users/admin/builder/spi-builder-workspace/.derivedData/Build/Intermediates.noindex/FadeInText.build/Debug-watchos/FadeInText.build/DerivedSources -Xcc -DSWIFT_PACKAGE -Xcc -DDEBUG\=1 -emit-objc-header -emit-objc-header-path /Users/admin/builder/spi-builder-workspace/.derivedData/Build/Intermediates.noindex/FadeInText.build/Debug-watchos/FadeInText.build/Objects-normal/arm64/FadeInText-Swift.h -working-directory /Users/admin/builder/spi-builder-workspace/.swiftpm/xcode -experimental-emit-module-separately -disable-cmo
SwiftDriver FadeInText normal armv7k com.apple.xcode.tools.swift.compiler (in target 'FadeInText' from project 'FadeInText')
cd /Users/admin/builder/spi-builder-workspace/.swiftpm/xcode
builtin-SwiftDriver -- /Applications/Xcode-16.3.0.app/Contents/Developer/Toolchains/XcodeDefault.xctoolchain/usr/bin/swiftc -module-name FadeInText -Onone -enforce-exclusivity\=checked @/Users/admin/builder/spi-builder-workspace/.derivedData/Build/Intermediates.noindex/FadeInText.build/Debug-watchos/FadeInText.build/Objects-normal/armv7k/FadeInText.SwiftFileList -DSWIFT_PACKAGE -DDEBUG -stats-output-dir .stats -strict-concurrency\=complete -enable-upcoming-feature StrictConcurrency -enable-upcoming-feature DisableOutwardActorInference -enable-upcoming-feature GlobalActorIsolatedTypesUsability -enable-upcoming-feature InferSendableFromCaptures -plugin-path /Applications/Xcode-16.3.0.app/Contents/Developer/Toolchains/XcodeDefault.xctoolchain/usr/lib/swift/host/plugins/testing -enable-experimental-feature DebugDescriptionMacro -sdk /Applications/Xcode-16.3.0.app/Contents/Developer/Platforms/WatchOS.platform/Developer/SDKs/WatchOS11.4.sdk -target armv7k-apple-watchos8.0 -g -module-cache-path /Users/admin/builder/spi-builder-workspace/.derivedData/ModuleCache.noindex -Xfrontend -serialize-debugging-options -profile-coverage-mapping -profile-generate -enable-testing -index-store-path /Users/admin/builder/spi-builder-workspace/.derivedData/Index.noindex/DataStore -swift-version 5 -I /Users/admin/builder/spi-builder-workspace/.derivedData/Build/Products/Debug-watchos -I /Applications/Xcode-16.3.0.app/Contents/Developer/Platforms/WatchOS.platform/Developer/usr/lib -F /Users/admin/builder/spi-builder-workspace/.derivedData/Build/Products/Debug-watchos -F /Applications/Xcode-16.3.0.app/Contents/Developer/Platforms/WatchOS.platform/Developer/Library/Frameworks -F /Applications/Xcode-16.3.0.app/Contents/Developer/Platforms/WatchOS.platform/Developer/SDKs/WatchOS11.4.sdk/Developer/Library/Frameworks -c -j10 -enable-batch-mode -incremental -Xcc -ivfsstatcache -Xcc /Users/admin/builder/spi-builder-workspace/.derivedData/SDKStatCaches.noindex/watchos11.4-22T246-43efb940ff07ba2497b70ec94253f576.sdkstatcache -output-file-map /Users/admin/builder/spi-builder-workspace/.derivedData/Build/Intermediates.noindex/FadeInText.build/Debug-watchos/FadeInText.build/Objects-normal/armv7k/FadeInText-OutputFileMap.json -use-frontend-parseable-output -save-temps -no-color-diagnostics -serialize-diagnostics -emit-dependencies -emit-module -emit-module-path /Users/admin/builder/spi-builder-workspace/.derivedData/Build/Intermediates.noindex/FadeInText.build/Debug-watchos/FadeInText.build/Objects-normal/armv7k/FadeInText.swiftmodule -validate-clang-modules-once -clang-build-session-file /Users/admin/builder/spi-builder-workspace/.derivedData/ModuleCache.noindex/Session.modulevalidation -package-name spi_builder_workspace -Xcc -I/Users/admin/builder/spi-builder-workspace/.derivedData/Build/Intermediates.noindex/FadeInText.build/Debug-watchos/FadeInText.build/swift-overrides.hmap -emit-const-values -Xfrontend -const-gather-protocols-file -Xfrontend /Users/admin/builder/spi-builder-workspace/.derivedData/Build/Intermediates.noindex/FadeInText.build/Debug-watchos/FadeInText.build/Objects-normal/armv7k/FadeInText_const_extract_protocols.json -Xcc -I/Users/admin/builder/spi-builder-workspace/.derivedData/Build/Products/Debug-watchos/include -Xcc -I/Users/admin/builder/spi-builder-workspace/.derivedData/Build/Intermediates.noindex/FadeInText.build/Debug-watchos/FadeInText.build/DerivedSources-normal/armv7k -Xcc -I/Users/admin/builder/spi-builder-workspace/.derivedData/Build/Intermediates.noindex/FadeInText.build/Debug-watchos/FadeInText.build/DerivedSources/armv7k -Xcc -I/Users/admin/builder/spi-builder-workspace/.derivedData/Build/Intermediates.noindex/FadeInText.build/Debug-watchos/FadeInText.build/DerivedSources -Xcc -DSWIFT_PACKAGE -Xcc -DDEBUG\=1 -emit-objc-header -emit-objc-header-path /Users/admin/builder/spi-builder-workspace/.derivedData/Build/Intermediates.noindex/FadeInText.build/Debug-watchos/FadeInText.build/Objects-normal/armv7k/FadeInText-Swift.h -working-directory /Users/admin/builder/spi-builder-workspace/.swiftpm/xcode -experimental-emit-module-separately -disable-cmo
SwiftCompile normal arm64 Compiling\ FadeInText.swift /Users/admin/builder/spi-builder-workspace/Sources/FadeInText/FadeInText.swift (in target 'FadeInText' from project 'FadeInText')
SwiftCompile normal arm64 /Users/admin/builder/spi-builder-workspace/Sources/FadeInText/FadeInText.swift (in target 'FadeInText' from project 'FadeInText')
cd /Users/admin/builder/spi-builder-workspace/.swiftpm/xcode
SwiftCompile normal arm64 Compiling\ Interpolator.swift /Users/admin/builder/spi-builder-workspace/Sources/FadeInText/Interpolator/Interpolator.swift (in target 'FadeInText' from project 'FadeInText')
SwiftCompile normal arm64 /Users/admin/builder/spi-builder-workspace/Sources/FadeInText/Interpolator/Interpolator.swift (in target 'FadeInText' from project 'FadeInText')
cd /Users/admin/builder/spi-builder-workspace/.swiftpm/xcode
SwiftCompile normal arm64 Compiling\ Tokenizer.swift /Users/admin/builder/spi-builder-workspace/Sources/FadeInText/Tokenizer/Tokenizer.swift (in target 'FadeInText' from project 'FadeInText')
SwiftCompile normal arm64 /Users/admin/builder/spi-builder-workspace/Sources/FadeInText/Tokenizer/Tokenizer.swift (in target 'FadeInText' from project 'FadeInText')
cd /Users/admin/builder/spi-builder-workspace/.swiftpm/xcode
SwiftCompile normal arm64 Compiling\ EaseOutInterpolator.swift /Users/admin/builder/spi-builder-workspace/Sources/FadeInText/Interpolator/EaseOutInterpolator.swift (in target 'FadeInText' from project 'FadeInText')
SwiftCompile normal arm64 /Users/admin/builder/spi-builder-workspace/Sources/FadeInText/Interpolator/EaseOutInterpolator.swift (in target 'FadeInText' from project 'FadeInText')
cd /Users/admin/builder/spi-builder-workspace/.swiftpm/xcode
SwiftCompile normal arm64 Compiling\ FadeInTextController.swift /Users/admin/builder/spi-builder-workspace/Sources/FadeInText/FadeInTextController.swift (in target 'FadeInText' from project 'FadeInText')
SwiftCompile normal arm64 /Users/admin/builder/spi-builder-workspace/Sources/FadeInText/FadeInTextController.swift (in target 'FadeInText' from project 'FadeInText')
cd /Users/admin/builder/spi-builder-workspace/.swiftpm/xcode
SwiftCompile normal arm64 Compiling\ LinearInterpolator.swift /Users/admin/builder/spi-builder-workspace/Sources/FadeInText/Interpolator/LinearInterpolator.swift (in target 'FadeInText' from project 'FadeInText')
SwiftCompile normal arm64 /Users/admin/builder/spi-builder-workspace/Sources/FadeInText/Interpolator/LinearInterpolator.swift (in target 'FadeInText' from project 'FadeInText')
cd /Users/admin/builder/spi-builder-workspace/.swiftpm/xcode
SwiftCompile normal arm64 Compiling\ DefaultTokenizer.swift /Users/admin/builder/spi-builder-workspace/Sources/FadeInText/Tokenizer/DefaultTokenizer.swift (in target 'FadeInText' from project 'FadeInText')
SwiftCompile normal arm64 /Users/admin/builder/spi-builder-workspace/Sources/FadeInText/Tokenizer/DefaultTokenizer.swift (in target 'FadeInText' from project 'FadeInText')
cd /Users/admin/builder/spi-builder-workspace/.swiftpm/xcode
SwiftEmitModule normal arm64 Emitting\ module\ for\ FadeInText (in target 'FadeInText' from project 'FadeInText')
Failed frontend command:
/Applications/Xcode-16.3.0.app/Contents/Developer/Toolchains/XcodeDefault.xctoolchain/usr/bin/swift-frontend -frontend -emit-module -experimental-skip-non-inlinable-function-bodies-without-types /Users/admin/builder/spi-builder-workspace/Sources/FadeInText/FadeInText.swift /Users/admin/builder/spi-builder-workspace/Sources/FadeInText/FadeInTextController.swift /Users/admin/builder/spi-builder-workspace/Sources/FadeInText/Interpolator/EaseOutInterpolator.swift /Users/admin/builder/spi-builder-workspace/Sources/FadeInText/Interpolator/Interpolator.swift /Users/admin/builder/spi-builder-workspace/Sources/FadeInText/Interpolator/LinearInterpolator.swift /Users/admin/builder/spi-builder-workspace/Sources/FadeInText/Tokenizer/DefaultTokenizer.swift /Users/admin/builder/spi-builder-workspace/Sources/FadeInText/Tokenizer/Tokenizer.swift -target arm64-apple-watchos8.0 -Xllvm -aarch64-use-tbi -enable-objc-interop -stack-check -sdk /Applications/Xcode-16.3.0.app/Contents/Developer/Platforms/WatchOS.platform/Developer/SDKs/WatchOS11.4.sdk -I /Users/admin/builder/spi-builder-workspace/.derivedData/Build/Products/Debug-watchos -I /Applications/Xcode-16.3.0.app/Contents/Developer/Platforms/WatchOS.platform/Developer/usr/lib -F /Users/admin/builder/spi-builder-workspace/.derivedData/Build/Products/Debug-watchos -F /Applications/Xcode-16.3.0.app/Contents/Developer/Platforms/WatchOS.platform/Developer/Library/Frameworks -F /Applications/Xcode-16.3.0.app/Contents/Developer/Platforms/WatchOS.platform/Developer/SDKs/WatchOS11.4.sdk/Developer/Library/Frameworks -no-color-diagnostics -enable-testing -g -debug-info-format\=dwarf -dwarf-version\=4 -module-cache-path /Users/admin/builder/spi-builder-workspace/.derivedData/ModuleCache.noindex -profile-generate -profile-coverage-mapping -swift-version 5 -enforce-exclusivity\=checked -stats-output-dir /Users/admin/builder/spi-builder-workspace/.swiftpm/xcode/.stats -Onone -D SWIFT_PACKAGE -D DEBUG -serialize-debugging-options -const-gather-protocols-file /Users/admin/builder/spi-builder-workspace/.derivedData/Build/Intermediates.noindex/FadeInText.build/Debug-watchos/FadeInText.build/Objects-normal/arm64/FadeInText_const_extract_protocols.json -enable-upcoming-feature StrictConcurrency -enable-upcoming-feature DisableOutwardActorInference -enable-upcoming-feature GlobalActorIsolatedTypesUsability -enable-upcoming-feature InferSendableFromCaptures -enable-experimental-feature DebugDescriptionMacro -strict-concurrency\=complete -empty-abi-descriptor -plugin-path /Applications/Xcode-16.3.0.app/Contents/Developer/Toolchains/XcodeDefault.xctoolchain/usr/lib/swift/host/plugins/testing -validate-clang-modules-once -clang-build-session-file /Users/admin/builder/spi-builder-workspace/.derivedData/ModuleCache.noindex/Session.modulevalidation -Xcc -working-directory -Xcc /Users/admin/builder/spi-builder-workspace/.swiftpm/xcode -resource-dir /Applications/Xcode-16.3.0.app/Contents/Developer/Toolchains/XcodeDefault.xctoolchain/usr/lib/swift -enable-anonymous-context-mangled-names -file-compilation-dir /Users/admin/builder/spi-builder-workspace/.swiftpm/xcode -Xcc -ivfsstatcache -Xcc /Users/admin/builder/spi-builder-workspace/.derivedData/SDKStatCaches.noindex/watchos11.4-22T246-43efb940ff07ba2497b70ec94253f576.sdkstatcache -Xcc -I/Users/admin/builder/spi-builder-workspace/.derivedData/Build/Intermediates.noindex/FadeInText.build/Debug-watchos/FadeInText.build/swift-overrides.hmap -Xcc -I/Users/admin/builder/spi-builder-workspace/.derivedData/Build/Products/Debug-watchos/include -Xcc -I/Users/admin/builder/spi-builder-workspace/.derivedData/Build/Intermediates.noindex/FadeInText.build/Debug-watchos/FadeInText.build/DerivedSources-normal/arm64 -Xcc -I/Users/admin/builder/spi-builder-workspace/.derivedData/Build/Intermediates.noindex/FadeInText.build/Debug-watchos/FadeInText.build/DerivedSources/arm64 -Xcc -I/Users/admin/builder/spi-builder-workspace/.derivedData/Build/Intermediates.noindex/FadeInText.build/Debug-watchos/FadeInText.build/DerivedSources -Xcc -DSWIFT_PACKAGE -Xcc -DDEBUG\=1 -module-name FadeInText -package-name spi_builder_workspace -frontend-parseable-output -disable-clang-spi -target-sdk-version 11.4 -target-sdk-name watchos11.4 -external-plugin-path /Applications/Xcode-16.3.0.app/Contents/Developer/Platforms/WatchOS.platform/Developer/usr/lib/swift/host/plugins\#/Applications/Xcode-16.3.0.app/Contents/Developer/Platforms/WatchOS.platform/Developer/usr/bin/swift-plugin-server -external-plugin-path /Applications/Xcode-16.3.0.app/Contents/Developer/Platforms/WatchOS.platform/Developer/usr/local/lib/swift/host/plugins\#/Applications/Xcode-16.3.0.app/Contents/Developer/Platforms/WatchOS.platform/Developer/usr/bin/swift-plugin-server -in-process-plugin-server-path /Applications/Xcode-16.3.0.app/Contents/Developer/Toolchains/XcodeDefault.xctoolchain/usr/lib/swift/host/libSwiftInProcPluginServer.dylib -plugin-path /Applications/Xcode-16.3.0.app/Contents/Developer/Toolchains/XcodeDefault.xctoolchain/usr/lib/swift/host/plugins -plugin-path /Applications/Xcode-16.3.0.app/Contents/Developer/Toolchains/XcodeDefault.xctoolchain/usr/local/lib/swift/host/plugins -emit-module-doc-path /Users/admin/builder/spi-builder-workspace/.derivedData/Build/Intermediates.noindex/FadeInText.build/Debug-watchos/FadeInText.build/Objects-normal/arm64/FadeInText.swiftdoc -emit-module-source-info-path /Users/admin/builder/spi-builder-workspace/.derivedData/Build/Intermediates.noindex/FadeInText.build/Debug-watchos/FadeInText.build/Objects-normal/arm64/FadeInText.swiftsourceinfo -emit-objc-header-path /Users/admin/builder/spi-builder-workspace/.derivedData/Build/Intermediates.noindex/FadeInText.build/Debug-watchos/FadeInText.build/Objects-normal/arm64/FadeInText-Swift.h -serialize-diagnostics-path /Users/admin/builder/spi-builder-workspace/.derivedData/Build/Intermediates.noindex/FadeInText.build/Debug-watchos/FadeInText.build/Objects-normal/arm64/FadeInText-master-emit-module.dia -emit-dependencies-path /Users/admin/builder/spi-builder-workspace/.derivedData/Build/Intermediates.noindex/FadeInText.build/Debug-watchos/FadeInText.build/Objects-normal/arm64/FadeInText-master-emit-module.d -o /Users/admin/builder/spi-builder-workspace/.derivedData/Build/Intermediates.noindex/FadeInText.build/Debug-watchos/FadeInText.build/Objects-normal/arm64/FadeInText.swiftmodule -emit-abi-descriptor-path /Users/admin/builder/spi-builder-workspace/.derivedData/Build/Intermediates.noindex/FadeInText.build/Debug-watchos/FadeInText.build/Objects-normal/arm64/FadeInText.abi.json
EmitSwiftModule normal arm64 (in target 'FadeInText' from project 'FadeInText')
cd /Users/admin/builder/spi-builder-workspace/.swiftpm/xcode
/Users/admin/builder/spi-builder-workspace/Sources/FadeInText/FadeInTextController.swift:16:28: error: 'CADisplayLink' is unavailable in watchOS
private var displayLink: CADisplayLink?
^~~~~~~~~~~~~
/Applications/Xcode-16.3.0.app/Contents/Developer/Platforms/WatchOS.platform/Developer/SDKs/WatchOS11.4.sdk/System/Library/Frameworks/QuartzCore.framework/Headers/CADisplayLink.h:21:12: note: 'CADisplayLink' has been explicitly marked unavailable here
@interface CADisplayLink : NSObject
^
/Users/admin/builder/spi-builder-workspace/Sources/FadeInText/FadeInTextController.swift:41:33: error: 'CADisplayLink' is unavailable in watchOS
private func onFrameUpdate(_: CADisplayLink) {
^~~~~~~~~~~~~
/Applications/Xcode-16.3.0.app/Contents/Developer/Platforms/WatchOS.platform/Developer/SDKs/WatchOS11.4.sdk/System/Library/Frameworks/QuartzCore.framework/Headers/CADisplayLink.h:21:12: note: 'CADisplayLink' has been explicitly marked unavailable here
@interface CADisplayLink : NSObject
^
/Users/admin/builder/spi-builder-workspace/Sources/FadeInText/Interpolator/EaseOutInterpolator.swift:44:14: warning: static property 'defaultValue' is not concurrency-safe because non-'Sendable' type 'EaseOutInterpolatorConfig' may have shared mutable state; this is an error in the Swift 6 language mode
static let defaultValue = EaseOutInterpolatorConfig(fadeInDuration: 0.3, appearanceDuration: 1.0)
^
/Users/admin/builder/spi-builder-workspace/Sources/FadeInText/Interpolator/EaseOutInterpolator.swift:38:15: note: consider making struct 'EaseOutInterpolatorConfig' conform to the 'Sendable' protocol
public struct EaseOutInterpolatorConfig {
^
: Sendable
/Users/admin/builder/spi-builder-workspace/Sources/FadeInText/Interpolator/EaseOutInterpolator.swift:44:14: note: add '@MainActor' to make static property 'defaultValue' part of global actor 'MainActor'
static let defaultValue = EaseOutInterpolatorConfig(fadeInDuration: 0.3, appearanceDuration: 1.0)
^
@MainActor
/Users/admin/builder/spi-builder-workspace/Sources/FadeInText/Interpolator/EaseOutInterpolator.swift:44:14: note: disable concurrency-safety checks if accesses are protected by an external synchronization mechanism
static let defaultValue = EaseOutInterpolatorConfig(fadeInDuration: 0.3, appearanceDuration: 1.0)
^
nonisolated(unsafe)
/Users/admin/builder/spi-builder-workspace/Sources/FadeInText/Interpolator/LinearInterpolator.swift:38:14: warning: static property 'defaultValue' is not concurrency-safe because non-'Sendable' type 'LinearInterpolatorConfig' may have shared mutable state; this is an error in the Swift 6 language mode
static let defaultValue = LinearInterpolatorConfig(fadeInDuration: 0.3, appearanceDuration: 1.0)
^
/Users/admin/builder/spi-builder-workspace/Sources/FadeInText/Interpolator/LinearInterpolator.swift:32:15: note: consider making struct 'LinearInterpolatorConfig' conform to the 'Sendable' protocol
public struct LinearInterpolatorConfig {
^
: Sendable
/Users/admin/builder/spi-builder-workspace/Sources/FadeInText/Interpolator/LinearInterpolator.swift:38:14: note: add '@MainActor' to make static property 'defaultValue' part of global actor 'MainActor'
static let defaultValue = LinearInterpolatorConfig(fadeInDuration: 0.3, appearanceDuration: 1.0)
^
@MainActor
/Users/admin/builder/spi-builder-workspace/Sources/FadeInText/Interpolator/LinearInterpolator.swift:38:14: note: disable concurrency-safety checks if accesses are protected by an external synchronization mechanism
static let defaultValue = LinearInterpolatorConfig(fadeInDuration: 0.3, appearanceDuration: 1.0)
^
nonisolated(unsafe)
SwiftEmitModule normal arm64_32 Emitting\ module\ for\ FadeInText (in target 'FadeInText' from project 'FadeInText')
Failed frontend command:
/Applications/Xcode-16.3.0.app/Contents/Developer/Toolchains/XcodeDefault.xctoolchain/usr/bin/swift-frontend -frontend -emit-module -experimental-skip-non-inlinable-function-bodies-without-types /Users/admin/builder/spi-builder-workspace/Sources/FadeInText/FadeInText.swift /Users/admin/builder/spi-builder-workspace/Sources/FadeInText/FadeInTextController.swift /Users/admin/builder/spi-builder-workspace/Sources/FadeInText/Interpolator/EaseOutInterpolator.swift /Users/admin/builder/spi-builder-workspace/Sources/FadeInText/Interpolator/Interpolator.swift /Users/admin/builder/spi-builder-workspace/Sources/FadeInText/Interpolator/LinearInterpolator.swift /Users/admin/builder/spi-builder-workspace/Sources/FadeInText/Tokenizer/DefaultTokenizer.swift /Users/admin/builder/spi-builder-workspace/Sources/FadeInText/Tokenizer/Tokenizer.swift -target arm64_32-apple-watchos8.0 -enable-objc-interop -sdk /Applications/Xcode-16.3.0.app/Contents/Developer/Platforms/WatchOS.platform/Developer/SDKs/WatchOS11.4.sdk -I /Users/admin/builder/spi-builder-workspace/.derivedData/Build/Products/Debug-watchos -I /Applications/Xcode-16.3.0.app/Contents/Developer/Platforms/WatchOS.platform/Developer/usr/lib -F /Users/admin/builder/spi-builder-workspace/.derivedData/Build/Products/Debug-watchos -F /Applications/Xcode-16.3.0.app/Contents/Developer/Platforms/WatchOS.platform/Developer/Library/Frameworks -F /Applications/Xcode-16.3.0.app/Contents/Developer/Platforms/WatchOS.platform/Developer/SDKs/WatchOS11.4.sdk/Developer/Library/Frameworks -no-color-diagnostics -enable-testing -g -debug-info-format\=dwarf -dwarf-version\=4 -module-cache-path /Users/admin/builder/spi-builder-workspace/.derivedData/ModuleCache.noindex -profile-generate -profile-coverage-mapping -swift-version 5 -enforce-exclusivity\=checked -stats-output-dir /Users/admin/builder/spi-builder-workspace/.swiftpm/xcode/.stats -Onone -D SWIFT_PACKAGE -D DEBUG -serialize-debugging-options -const-gather-protocols-file /Users/admin/builder/spi-builder-workspace/.derivedData/Build/Intermediates.noindex/FadeInText.build/Debug-watchos/FadeInText.build/Objects-normal/arm64_32/FadeInText_const_extract_protocols.json -enable-upcoming-feature StrictConcurrency -enable-upcoming-feature DisableOutwardActorInference -enable-upcoming-feature GlobalActorIsolatedTypesUsability -enable-upcoming-feature InferSendableFromCaptures -enable-experimental-feature DebugDescriptionMacro -strict-concurrency\=complete -empty-abi-descriptor -plugin-path /Applications/Xcode-16.3.0.app/Contents/Developer/Toolchains/XcodeDefault.xctoolchain/usr/lib/swift/host/plugins/testing -validate-clang-modules-once -clang-build-session-file /Users/admin/builder/spi-builder-workspace/.derivedData/ModuleCache.noindex/Session.modulevalidation -Xcc -working-directory -Xcc /Users/admin/builder/spi-builder-workspace/.swiftpm/xcode -resource-dir /Applications/Xcode-16.3.0.app/Contents/Developer/Toolchains/XcodeDefault.xctoolchain/usr/lib/swift -enable-anonymous-context-mangled-names -file-compilation-dir /Users/admin/builder/spi-builder-workspace/.swiftpm/xcode -Xcc -ivfsstatcache -Xcc /Users/admin/builder/spi-builder-workspace/.derivedData/SDKStatCaches.noindex/watchos11.4-22T246-43efb940ff07ba2497b70ec94253f576.sdkstatcache -Xcc -I/Users/admin/builder/spi-builder-workspace/.derivedData/Build/Intermediates.noindex/FadeInText.build/Debug-watchos/FadeInText.build/swift-overrides.hmap -Xcc -I/Users/admin/builder/spi-builder-workspace/.derivedData/Build/Products/Debug-watchos/include -Xcc -I/Users/admin/builder/spi-builder-workspace/.derivedData/Build/Intermediates.noindex/FadeInText.build/Debug-watchos/FadeInText.build/DerivedSources-normal/arm64_32 -Xcc -I/Users/admin/builder/spi-builder-workspace/.derivedData/Build/Intermediates.noindex/FadeInText.build/Debug-watchos/FadeInText.build/DerivedSources/arm64_32 -Xcc -I/Users/admin/builder/spi-builder-workspace/.derivedData/Build/Intermediates.noindex/FadeInText.build/Debug-watchos/FadeInText.build/DerivedSources -Xcc -DSWIFT_PACKAGE -Xcc -DDEBUG\=1 -module-name FadeInText -package-name spi_builder_workspace -frontend-parseable-output -disable-clang-spi -target-sdk-version 11.4 -target-sdk-name watchos11.4 -external-plugin-path /Applications/Xcode-16.3.0.app/Contents/Developer/Platforms/WatchOS.platform/Developer/usr/lib/swift/host/plugins\#/Applications/Xcode-16.3.0.app/Contents/Developer/Platforms/WatchOS.platform/Developer/usr/bin/swift-plugin-server -external-plugin-path /Applications/Xcode-16.3.0.app/Contents/Developer/Platforms/WatchOS.platform/Developer/usr/local/lib/swift/host/plugins\#/Applications/Xcode-16.3.0.app/Contents/Developer/Platforms/WatchOS.platform/Developer/usr/bin/swift-plugin-server -in-process-plugin-server-path /Applications/Xcode-16.3.0.app/Contents/Developer/Toolchains/XcodeDefault.xctoolchain/usr/lib/swift/host/libSwiftInProcPluginServer.dylib -plugin-path /Applications/Xcode-16.3.0.app/Contents/Developer/Toolchains/XcodeDefault.xctoolchain/usr/lib/swift/host/plugins -plugin-path /Applications/Xcode-16.3.0.app/Contents/Developer/Toolchains/XcodeDefault.xctoolchain/usr/local/lib/swift/host/plugins -emit-module-doc-path /Users/admin/builder/spi-builder-workspace/.derivedData/Build/Intermediates.noindex/FadeInText.build/Debug-watchos/FadeInText.build/Objects-normal/arm64_32/FadeInText.swiftdoc -emit-module-source-info-path /Users/admin/builder/spi-builder-workspace/.derivedData/Build/Intermediates.noindex/FadeInText.build/Debug-watchos/FadeInText.build/Objects-normal/arm64_32/FadeInText.swiftsourceinfo -emit-objc-header-path /Users/admin/builder/spi-builder-workspace/.derivedData/Build/Intermediates.noindex/FadeInText.build/Debug-watchos/FadeInText.build/Objects-normal/arm64_32/FadeInText-Swift.h -serialize-diagnostics-path /Users/admin/builder/spi-builder-workspace/.derivedData/Build/Intermediates.noindex/FadeInText.build/Debug-watchos/FadeInText.build/Objects-normal/arm64_32/FadeInText-master-emit-module.dia -emit-dependencies-path /Users/admin/builder/spi-builder-workspace/.derivedData/Build/Intermediates.noindex/FadeInText.build/Debug-watchos/FadeInText.build/Objects-normal/arm64_32/FadeInText-master-emit-module.d -o /Users/admin/builder/spi-builder-workspace/.derivedData/Build/Intermediates.noindex/FadeInText.build/Debug-watchos/FadeInText.build/Objects-normal/arm64_32/FadeInText.swiftmodule -emit-abi-descriptor-path /Users/admin/builder/spi-builder-workspace/.derivedData/Build/Intermediates.noindex/FadeInText.build/Debug-watchos/FadeInText.build/Objects-normal/arm64_32/FadeInText.abi.json
EmitSwiftModule normal arm64_32 (in target 'FadeInText' from project 'FadeInText')
cd /Users/admin/builder/spi-builder-workspace/.swiftpm/xcode
/Users/admin/builder/spi-builder-workspace/Sources/FadeInText/FadeInTextController.swift:16:28: error: 'CADisplayLink' is unavailable in watchOS
private var displayLink: CADisplayLink?
^~~~~~~~~~~~~
/Applications/Xcode-16.3.0.app/Contents/Developer/Platforms/WatchOS.platform/Developer/SDKs/WatchOS11.4.sdk/System/Library/Frameworks/QuartzCore.framework/Headers/CADisplayLink.h:21:12: note: 'CADisplayLink' has been explicitly marked unavailable here
@interface CADisplayLink : NSObject
^
/Users/admin/builder/spi-builder-workspace/Sources/FadeInText/FadeInTextController.swift:41:33: error: 'CADisplayLink' is unavailable in watchOS
private func onFrameUpdate(_: CADisplayLink) {
^~~~~~~~~~~~~
/Applications/Xcode-16.3.0.app/Contents/Developer/Platforms/WatchOS.platform/Developer/SDKs/WatchOS11.4.sdk/System/Library/Frameworks/QuartzCore.framework/Headers/CADisplayLink.h:21:12: note: 'CADisplayLink' has been explicitly marked unavailable here
@interface CADisplayLink : NSObject
^
/Users/admin/builder/spi-builder-workspace/Sources/FadeInText/Interpolator/EaseOutInterpolator.swift:44:14: warning: static property 'defaultValue' is not concurrency-safe because non-'Sendable' type 'EaseOutInterpolatorConfig' may have shared mutable state; this is an error in the Swift 6 language mode
static let defaultValue = EaseOutInterpolatorConfig(fadeInDuration: 0.3, appearanceDuration: 1.0)
^
/Users/admin/builder/spi-builder-workspace/Sources/FadeInText/Interpolator/EaseOutInterpolator.swift:38:15: note: consider making struct 'EaseOutInterpolatorConfig' conform to the 'Sendable' protocol
public struct EaseOutInterpolatorConfig {
^
: Sendable
/Users/admin/builder/spi-builder-workspace/Sources/FadeInText/Interpolator/EaseOutInterpolator.swift:44:14: note: add '@MainActor' to make static property 'defaultValue' part of global actor 'MainActor'
static let defaultValue = EaseOutInterpolatorConfig(fadeInDuration: 0.3, appearanceDuration: 1.0)
^
@MainActor
/Users/admin/builder/spi-builder-workspace/Sources/FadeInText/Interpolator/EaseOutInterpolator.swift:44:14: note: disable concurrency-safety checks if accesses are protected by an external synchronization mechanism
static let defaultValue = EaseOutInterpolatorConfig(fadeInDuration: 0.3, appearanceDuration: 1.0)
^
nonisolated(unsafe)
/Users/admin/builder/spi-builder-workspace/Sources/FadeInText/Interpolator/LinearInterpolator.swift:38:14: warning: static property 'defaultValue' is not concurrency-safe because non-'Sendable' type 'LinearInterpolatorConfig' may have shared mutable state; this is an error in the Swift 6 language mode
static let defaultValue = LinearInterpolatorConfig(fadeInDuration: 0.3, appearanceDuration: 1.0)
^
/Users/admin/builder/spi-builder-workspace/Sources/FadeInText/Interpolator/LinearInterpolator.swift:32:15: note: consider making struct 'LinearInterpolatorConfig' conform to the 'Sendable' protocol
public struct LinearInterpolatorConfig {
^
: Sendable
/Users/admin/builder/spi-builder-workspace/Sources/FadeInText/Interpolator/LinearInterpolator.swift:38:14: note: add '@MainActor' to make static property 'defaultValue' part of global actor 'MainActor'
static let defaultValue = LinearInterpolatorConfig(fadeInDuration: 0.3, appearanceDuration: 1.0)
^
@MainActor
/Users/admin/builder/spi-builder-workspace/Sources/FadeInText/Interpolator/LinearInterpolator.swift:38:14: note: disable concurrency-safety checks if accesses are protected by an external synchronization mechanism
static let defaultValue = LinearInterpolatorConfig(fadeInDuration: 0.3, appearanceDuration: 1.0)
^
nonisolated(unsafe)
SwiftCompile normal arm64_32 Compiling\ FadeInTextController.swift /Users/admin/builder/spi-builder-workspace/Sources/FadeInText/FadeInTextController.swift (in target 'FadeInText' from project 'FadeInText')
SwiftCompile normal arm64_32 /Users/admin/builder/spi-builder-workspace/Sources/FadeInText/FadeInTextController.swift (in target 'FadeInText' from project 'FadeInText')
cd /Users/admin/builder/spi-builder-workspace/.swiftpm/xcode
SwiftEmitModule normal armv7k Emitting\ module\ for\ FadeInText (in target 'FadeInText' from project 'FadeInText')
Command SwiftEmitModule failed with a nonzero exit code
** BUILD FAILED **
The following build commands failed:
SwiftEmitModule normal arm64 Emitting\ module\ for\ FadeInText (in target 'FadeInText' from project 'FadeInText')
EmitSwiftModule normal arm64 (in target 'FadeInText' from project 'FadeInText')
SwiftEmitModule normal arm64_32 Emitting\ module\ for\ FadeInText (in target 'FadeInText' from project 'FadeInText')
EmitSwiftModule normal arm64_32 (in target 'FadeInText' from project 'FadeInText')
SwiftEmitModule normal armv7k Emitting\ module\ for\ FadeInText (in target 'FadeInText' from project 'FadeInText')
Building workspace spi-builder-workspace with scheme FadeInText
(6 failures)
Command line invocation:
/Applications/Xcode-16.3.0.app/Contents/Developer/usr/bin/xcodebuild -IDEClonedSourcePackagesDirPathOverride=/Users/admin/builder/spi-builder-workspace/.dependencies -resolvePackageDependencies
Resolve Package Graph
Resolved source packages:
FadeInText: /Users/admin/builder/spi-builder-workspace
resolved source packages: FadeInText
{
"dependencies" : [
],
"manifest_display_name" : "FadeInText",
"name" : "FadeInText",
"path" : "/Users/admin/builder/spi-builder-workspace",
"platforms" : [
{
"name" : "ios",
"version" : "15.0"
}
],
"products" : [
{
"name" : "FadeInText",
"targets" : [
"FadeInText"
],
"type" : {
"library" : [
"automatic"
]
}
}
],
"targets" : [
{
"c99name" : "FadeInTextTests",
"module_type" : "SwiftTarget",
"name" : "FadeInTextTests",
"path" : "Tests/FadeInTextTests",
"sources" : [
"DefaultTokenizerTests.swift",
"LinearInterpolatorTests.swift"
],
"target_dependencies" : [
"FadeInText"
],
"type" : "test"
},
{
"c99name" : "FadeInText",
"module_type" : "SwiftTarget",
"name" : "FadeInText",
"path" : "Sources/FadeInText",
"product_memberships" : [
"FadeInText"
],
"sources" : [
"FadeInText.swift",
"FadeInTextController.swift",
"Interpolator/EaseOutInterpolator.swift",
"Interpolator/Interpolator.swift",
"Interpolator/LinearInterpolator.swift",
"Tokenizer/DefaultTokenizer.swift",
"Tokenizer/Tokenizer.swift"
],
"type" : "library"
}
],
"tools_version" : "5.10"
}
{
"workspace" : {
"name" : "spi-builder-workspace",
"schemes" : [
"FadeInText"
]
}
}
Running build ...
env DEVELOPER_DIR=/Applications/Xcode-16.3.0.app xcrun xcodebuild -IDEClonedSourcePackagesDirPathOverride=$PWD/.dependencies -skipMacroValidation -skipPackagePluginValidation -derivedDataPath $PWD/.derivedData build -scheme FadeInText -destination generic/platform=watchOS
Command line invocation:
/Applications/Xcode-16.3.0.app/Contents/Developer/usr/bin/xcodebuild -IDEClonedSourcePackagesDirPathOverride=/Users/admin/builder/spi-builder-workspace/.dependencies -skipMacroValidation -skipPackagePluginValidation -derivedDataPath /Users/admin/builder/spi-builder-workspace/.derivedData build -scheme FadeInText -destination generic/platform=watchOS
Resolve Package Graph
Resolved source packages:
FadeInText: /Users/admin/builder/spi-builder-workspace
ComputePackagePrebuildTargetDependencyGraph
Prepare packages
CreateBuildRequest
SendProjectDescription
CreateBuildOperation
ComputeTargetDependencyGraph
note: Building targets in dependency order
note: Target dependency graph (2 targets)
Target 'FadeInText' in project 'FadeInText'
➜ Explicit dependency on target 'FadeInText' in project 'FadeInText'
Target 'FadeInText' in project 'FadeInText' (no dependencies)
GatherProvisioningInputs
CreateBuildDescription
ExecuteExternalTool /Applications/Xcode-16.3.0.app/Contents/Developer/Toolchains/XcodeDefault.xctoolchain/usr/bin/clang -v -E -dM -isysroot /Applications/Xcode-16.3.0.app/Contents/Developer/Platforms/WatchOS.platform/Developer/SDKs/WatchOS11.4.sdk -x c -c /dev/null
ExecuteExternalTool /Applications/Xcode-16.3.0.app/Contents/Developer/Toolchains/XcodeDefault.xctoolchain/usr/bin/swiftc --version
ExecuteExternalTool /Applications/Xcode-16.3.0.app/Contents/Developer/Toolchains/XcodeDefault.xctoolchain/usr/bin/ld -version_details
Build description signature: e06d48d46e9369b10a7cb4845784db78
Build description path: /Users/admin/builder/spi-builder-workspace/.derivedData/Build/Intermediates.noindex/XCBuildData/e06d48d46e9369b10a7cb4845784db78.xcbuilddata
ClangStatCache /Applications/Xcode-16.3.0.app/Contents/Developer/Toolchains/XcodeDefault.xctoolchain/usr/bin/clang-stat-cache /Applications/Xcode-16.3.0.app/Contents/Developer/Platforms/WatchOS.platform/Developer/SDKs/WatchOS11.4.sdk /Users/admin/builder/spi-builder-workspace/.derivedData/SDKStatCaches.noindex/watchos11.4-22T246-43efb940ff07ba2497b70ec94253f576.sdkstatcache
cd /Users/admin/builder/spi-builder-workspace/.swiftpm/xcode
/Applications/Xcode-16.3.0.app/Contents/Developer/Toolchains/XcodeDefault.xctoolchain/usr/bin/clang-stat-cache /Applications/Xcode-16.3.0.app/Contents/Developer/Platforms/WatchOS.platform/Developer/SDKs/WatchOS11.4.sdk -o /Users/admin/builder/spi-builder-workspace/.derivedData/SDKStatCaches.noindex/watchos11.4-22T246-43efb940ff07ba2497b70ec94253f576.sdkstatcache
SwiftDriver FadeInText normal arm64_32 com.apple.xcode.tools.swift.compiler (in target 'FadeInText' from project 'FadeInText')
cd /Users/admin/builder/spi-builder-workspace/.swiftpm/xcode
builtin-SwiftDriver -- /Applications/Xcode-16.3.0.app/Contents/Developer/Toolchains/XcodeDefault.xctoolchain/usr/bin/swiftc -module-name FadeInText -Onone -enforce-exclusivity\=checked @/Users/admin/builder/spi-builder-workspace/.derivedData/Build/Intermediates.noindex/FadeInText.build/Debug-watchos/FadeInText.build/Objects-normal/arm64_32/FadeInText.SwiftFileList -DSWIFT_PACKAGE -DDEBUG -DXcode -plugin-path /Applications/Xcode-16.3.0.app/Contents/Developer/Toolchains/XcodeDefault.xctoolchain/usr/lib/swift/host/plugins/testing -enable-experimental-feature DebugDescriptionMacro -sdk /Applications/Xcode-16.3.0.app/Contents/Developer/Platforms/WatchOS.platform/Developer/SDKs/WatchOS11.4.sdk -target arm64_32-apple-watchos8.0 -g -module-cache-path /Users/admin/builder/spi-builder-workspace/.derivedData/ModuleCache.noindex -Xfrontend -serialize-debugging-options -profile-coverage-mapping -profile-generate -enable-testing -index-store-path /Users/admin/builder/spi-builder-workspace/.derivedData/Index.noindex/DataStore -swift-version 5 -I /Users/admin/builder/spi-builder-workspace/.derivedData/Build/Products/Debug-watchos -I /Applications/Xcode-16.3.0.app/Contents/Developer/Platforms/WatchOS.platform/Developer/usr/lib -F /Users/admin/builder/spi-builder-workspace/.derivedData/Build/Products/Debug-watchos -F /Applications/Xcode-16.3.0.app/Contents/Developer/Platforms/WatchOS.platform/Developer/Library/Frameworks -F /Applications/Xcode-16.3.0.app/Contents/Developer/Platforms/WatchOS.platform/Developer/SDKs/WatchOS11.4.sdk/Developer/Library/Frameworks -c -j10 -enable-batch-mode -incremental -Xcc -ivfsstatcache -Xcc /Users/admin/builder/spi-builder-workspace/.derivedData/SDKStatCaches.noindex/watchos11.4-22T246-43efb940ff07ba2497b70ec94253f576.sdkstatcache -output-file-map /Users/admin/builder/spi-builder-workspace/.derivedData/Build/Intermediates.noindex/FadeInText.build/Debug-watchos/FadeInText.build/Objects-normal/arm64_32/FadeInText-OutputFileMap.json -use-frontend-parseable-output -save-temps -no-color-diagnostics -serialize-diagnostics -emit-dependencies -emit-module -emit-module-path /Users/admin/builder/spi-builder-workspace/.derivedData/Build/Intermediates.noindex/FadeInText.build/Debug-watchos/FadeInText.build/Objects-normal/arm64_32/FadeInText.swiftmodule -validate-clang-modules-once -clang-build-session-file /Users/admin/builder/spi-builder-workspace/.derivedData/ModuleCache.noindex/Session.modulevalidation -package-name spi_builder_workspace -Xcc -I/Users/admin/builder/spi-builder-workspace/.derivedData/Build/Intermediates.noindex/FadeInText.build/Debug-watchos/FadeInText.build/swift-overrides.hmap -emit-const-values -Xfrontend -const-gather-protocols-file -Xfrontend /Users/admin/builder/spi-builder-workspace/.derivedData/Build/Intermediates.noindex/FadeInText.build/Debug-watchos/FadeInText.build/Objects-normal/arm64_32/FadeInText_const_extract_protocols.json -Xcc -I/Users/admin/builder/spi-builder-workspace/.derivedData/Build/Products/Debug-watchos/include -Xcc -I/Users/admin/builder/spi-builder-workspace/.derivedData/Build/Intermediates.noindex/FadeInText.build/Debug-watchos/FadeInText.build/DerivedSources-normal/arm64_32 -Xcc -I/Users/admin/builder/spi-builder-workspace/.derivedData/Build/Intermediates.noindex/FadeInText.build/Debug-watchos/FadeInText.build/DerivedSources/arm64_32 -Xcc -I/Users/admin/builder/spi-builder-workspace/.derivedData/Build/Intermediates.noindex/FadeInText.build/Debug-watchos/FadeInText.build/DerivedSources -Xcc -DSWIFT_PACKAGE -Xcc -DDEBUG\=1 -emit-objc-header -emit-objc-header-path /Users/admin/builder/spi-builder-workspace/.derivedData/Build/Intermediates.noindex/FadeInText.build/Debug-watchos/FadeInText.build/Objects-normal/arm64_32/FadeInText-Swift.h -working-directory /Users/admin/builder/spi-builder-workspace/.swiftpm/xcode -experimental-emit-module-separately -disable-cmo
SwiftDriver FadeInText normal arm64 com.apple.xcode.tools.swift.compiler (in target 'FadeInText' from project 'FadeInText')
cd /Users/admin/builder/spi-builder-workspace/.swiftpm/xcode
builtin-SwiftDriver -- /Applications/Xcode-16.3.0.app/Contents/Developer/Toolchains/XcodeDefault.xctoolchain/usr/bin/swiftc -module-name FadeInText -Onone -enforce-exclusivity\=checked @/Users/admin/builder/spi-builder-workspace/.derivedData/Build/Intermediates.noindex/FadeInText.build/Debug-watchos/FadeInText.build/Objects-normal/arm64/FadeInText.SwiftFileList -DSWIFT_PACKAGE -DDEBUG -DXcode -plugin-path /Applications/Xcode-16.3.0.app/Contents/Developer/Toolchains/XcodeDefault.xctoolchain/usr/lib/swift/host/plugins/testing -enable-experimental-feature DebugDescriptionMacro -sdk /Applications/Xcode-16.3.0.app/Contents/Developer/Platforms/WatchOS.platform/Developer/SDKs/WatchOS11.4.sdk -target arm64-apple-watchos8.0 -g -module-cache-path /Users/admin/builder/spi-builder-workspace/.derivedData/ModuleCache.noindex -Xfrontend -serialize-debugging-options -profile-coverage-mapping -profile-generate -enable-testing -index-store-path /Users/admin/builder/spi-builder-workspace/.derivedData/Index.noindex/DataStore -swift-version 5 -I /Users/admin/builder/spi-builder-workspace/.derivedData/Build/Products/Debug-watchos -I /Applications/Xcode-16.3.0.app/Contents/Developer/Platforms/WatchOS.platform/Developer/usr/lib -F /Users/admin/builder/spi-builder-workspace/.derivedData/Build/Products/Debug-watchos -F /Applications/Xcode-16.3.0.app/Contents/Developer/Platforms/WatchOS.platform/Developer/Library/Frameworks -F /Applications/Xcode-16.3.0.app/Contents/Developer/Platforms/WatchOS.platform/Developer/SDKs/WatchOS11.4.sdk/Developer/Library/Frameworks -c -j10 -enable-batch-mode -incremental -Xcc -ivfsstatcache -Xcc /Users/admin/builder/spi-builder-workspace/.derivedData/SDKStatCaches.noindex/watchos11.4-22T246-43efb940ff07ba2497b70ec94253f576.sdkstatcache -output-file-map /Users/admin/builder/spi-builder-workspace/.derivedData/Build/Intermediates.noindex/FadeInText.build/Debug-watchos/FadeInText.build/Objects-normal/arm64/FadeInText-OutputFileMap.json -use-frontend-parseable-output -save-temps -no-color-diagnostics -serialize-diagnostics -emit-dependencies -emit-module -emit-module-path /Users/admin/builder/spi-builder-workspace/.derivedData/Build/Intermediates.noindex/FadeInText.build/Debug-watchos/FadeInText.build/Objects-normal/arm64/FadeInText.swiftmodule -validate-clang-modules-once -clang-build-session-file /Users/admin/builder/spi-builder-workspace/.derivedData/ModuleCache.noindex/Session.modulevalidation -package-name spi_builder_workspace -Xcc -I/Users/admin/builder/spi-builder-workspace/.derivedData/Build/Intermediates.noindex/FadeInText.build/Debug-watchos/FadeInText.build/swift-overrides.hmap -emit-const-values -Xfrontend -const-gather-protocols-file -Xfrontend /Users/admin/builder/spi-builder-workspace/.derivedData/Build/Intermediates.noindex/FadeInText.build/Debug-watchos/FadeInText.build/Objects-normal/arm64/FadeInText_const_extract_protocols.json -Xcc -I/Users/admin/builder/spi-builder-workspace/.derivedData/Build/Products/Debug-watchos/include -Xcc -I/Users/admin/builder/spi-builder-workspace/.derivedData/Build/Intermediates.noindex/FadeInText.build/Debug-watchos/FadeInText.build/DerivedSources-normal/arm64 -Xcc -I/Users/admin/builder/spi-builder-workspace/.derivedData/Build/Intermediates.noindex/FadeInText.build/Debug-watchos/FadeInText.build/DerivedSources/arm64 -Xcc -I/Users/admin/builder/spi-builder-workspace/.derivedData/Build/Intermediates.noindex/FadeInText.build/Debug-watchos/FadeInText.build/DerivedSources -Xcc -DSWIFT_PACKAGE -Xcc -DDEBUG\=1 -emit-objc-header -emit-objc-header-path /Users/admin/builder/spi-builder-workspace/.derivedData/Build/Intermediates.noindex/FadeInText.build/Debug-watchos/FadeInText.build/Objects-normal/arm64/FadeInText-Swift.h -working-directory /Users/admin/builder/spi-builder-workspace/.swiftpm/xcode -experimental-emit-module-separately -disable-cmo
SwiftDriver FadeInText normal armv7k com.apple.xcode.tools.swift.compiler (in target 'FadeInText' from project 'FadeInText')
cd /Users/admin/builder/spi-builder-workspace/.swiftpm/xcode
builtin-SwiftDriver -- /Applications/Xcode-16.3.0.app/Contents/Developer/Toolchains/XcodeDefault.xctoolchain/usr/bin/swiftc -module-name FadeInText -Onone -enforce-exclusivity\=checked @/Users/admin/builder/spi-builder-workspace/.derivedData/Build/Intermediates.noindex/FadeInText.build/Debug-watchos/FadeInText.build/Objects-normal/armv7k/FadeInText.SwiftFileList -DSWIFT_PACKAGE -DDEBUG -DXcode -plugin-path /Applications/Xcode-16.3.0.app/Contents/Developer/Toolchains/XcodeDefault.xctoolchain/usr/lib/swift/host/plugins/testing -enable-experimental-feature DebugDescriptionMacro -sdk /Applications/Xcode-16.3.0.app/Contents/Developer/Platforms/WatchOS.platform/Developer/SDKs/WatchOS11.4.sdk -target armv7k-apple-watchos8.0 -g -module-cache-path /Users/admin/builder/spi-builder-workspace/.derivedData/ModuleCache.noindex -Xfrontend -serialize-debugging-options -profile-coverage-mapping -profile-generate -enable-testing -index-store-path /Users/admin/builder/spi-builder-workspace/.derivedData/Index.noindex/DataStore -swift-version 5 -I /Users/admin/builder/spi-builder-workspace/.derivedData/Build/Products/Debug-watchos -I /Applications/Xcode-16.3.0.app/Contents/Developer/Platforms/WatchOS.platform/Developer/usr/lib -F /Users/admin/builder/spi-builder-workspace/.derivedData/Build/Products/Debug-watchos -F /Applications/Xcode-16.3.0.app/Contents/Developer/Platforms/WatchOS.platform/Developer/Library/Frameworks -F /Applications/Xcode-16.3.0.app/Contents/Developer/Platforms/WatchOS.platform/Developer/SDKs/WatchOS11.4.sdk/Developer/Library/Frameworks -c -j10 -enable-batch-mode -incremental -Xcc -ivfsstatcache -Xcc /Users/admin/builder/spi-builder-workspace/.derivedData/SDKStatCaches.noindex/watchos11.4-22T246-43efb940ff07ba2497b70ec94253f576.sdkstatcache -output-file-map /Users/admin/builder/spi-builder-workspace/.derivedData/Build/Intermediates.noindex/FadeInText.build/Debug-watchos/FadeInText.build/Objects-normal/armv7k/FadeInText-OutputFileMap.json -use-frontend-parseable-output -save-temps -no-color-diagnostics -serialize-diagnostics -emit-dependencies -emit-module -emit-module-path /Users/admin/builder/spi-builder-workspace/.derivedData/Build/Intermediates.noindex/FadeInText.build/Debug-watchos/FadeInText.build/Objects-normal/armv7k/FadeInText.swiftmodule -validate-clang-modules-once -clang-build-session-file /Users/admin/builder/spi-builder-workspace/.derivedData/ModuleCache.noindex/Session.modulevalidation -package-name spi_builder_workspace -Xcc -I/Users/admin/builder/spi-builder-workspace/.derivedData/Build/Intermediates.noindex/FadeInText.build/Debug-watchos/FadeInText.build/swift-overrides.hmap -emit-const-values -Xfrontend -const-gather-protocols-file -Xfrontend /Users/admin/builder/spi-builder-workspace/.derivedData/Build/Intermediates.noindex/FadeInText.build/Debug-watchos/FadeInText.build/Objects-normal/armv7k/FadeInText_const_extract_protocols.json -Xcc -I/Users/admin/builder/spi-builder-workspace/.derivedData/Build/Products/Debug-watchos/include -Xcc -I/Users/admin/builder/spi-builder-workspace/.derivedData/Build/Intermediates.noindex/FadeInText.build/Debug-watchos/FadeInText.build/DerivedSources-normal/armv7k -Xcc -I/Users/admin/builder/spi-builder-workspace/.derivedData/Build/Intermediates.noindex/FadeInText.build/Debug-watchos/FadeInText.build/DerivedSources/armv7k -Xcc -I/Users/admin/builder/spi-builder-workspace/.derivedData/Build/Intermediates.noindex/FadeInText.build/Debug-watchos/FadeInText.build/DerivedSources -Xcc -DSWIFT_PACKAGE -Xcc -DDEBUG\=1 -emit-objc-header -emit-objc-header-path /Users/admin/builder/spi-builder-workspace/.derivedData/Build/Intermediates.noindex/FadeInText.build/Debug-watchos/FadeInText.build/Objects-normal/armv7k/FadeInText-Swift.h -working-directory /Users/admin/builder/spi-builder-workspace/.swiftpm/xcode -experimental-emit-module-separately -disable-cmo
SwiftEmitModule normal arm64_32 Emitting\ module\ for\ FadeInText (in target 'FadeInText' from project 'FadeInText')
EmitSwiftModule normal arm64_32 (in target 'FadeInText' from project 'FadeInText')
cd /Users/admin/builder/spi-builder-workspace/.swiftpm/xcode
/Users/admin/builder/spi-builder-workspace/Sources/FadeInText/FadeInTextController.swift:16:28: error: 'CADisplayLink' is unavailable in watchOS
private var displayLink: CADisplayLink?
^~~~~~~~~~~~~
/Applications/Xcode-16.3.0.app/Contents/Developer/Platforms/WatchOS.platform/Developer/SDKs/WatchOS11.4.sdk/System/Library/Frameworks/QuartzCore.framework/Headers/CADisplayLink.h:21:12: note: 'CADisplayLink' has been explicitly marked unavailable here
@interface CADisplayLink : NSObject
^
/Users/admin/builder/spi-builder-workspace/Sources/FadeInText/FadeInTextController.swift:41:33: error: 'CADisplayLink' is unavailable in watchOS
private func onFrameUpdate(_: CADisplayLink) {
^~~~~~~~~~~~~
/Applications/Xcode-16.3.0.app/Contents/Developer/Platforms/WatchOS.platform/Developer/SDKs/WatchOS11.4.sdk/System/Library/Frameworks/QuartzCore.framework/Headers/CADisplayLink.h:21:12: note: 'CADisplayLink' has been explicitly marked unavailable here
@interface CADisplayLink : NSObject
^
Failed frontend command:
/Applications/Xcode-16.3.0.app/Contents/Developer/Toolchains/XcodeDefault.xctoolchain/usr/bin/swift-frontend -frontend -emit-module -experimental-skip-non-inlinable-function-bodies-without-types /Users/admin/builder/spi-builder-workspace/Sources/FadeInText/FadeInText.swift /Users/admin/builder/spi-builder-workspace/Sources/FadeInText/FadeInTextController.swift /Users/admin/builder/spi-builder-workspace/Sources/FadeInText/Interpolator/EaseOutInterpolator.swift /Users/admin/builder/spi-builder-workspace/Sources/FadeInText/Interpolator/Interpolator.swift /Users/admin/builder/spi-builder-workspace/Sources/FadeInText/Interpolator/LinearInterpolator.swift /Users/admin/builder/spi-builder-workspace/Sources/FadeInText/Tokenizer/DefaultTokenizer.swift /Users/admin/builder/spi-builder-workspace/Sources/FadeInText/Tokenizer/Tokenizer.swift -target arm64_32-apple-watchos8.0 -enable-objc-interop -sdk /Applications/Xcode-16.3.0.app/Contents/Developer/Platforms/WatchOS.platform/Developer/SDKs/WatchOS11.4.sdk -I /Users/admin/builder/spi-builder-workspace/.derivedData/Build/Products/Debug-watchos -I /Applications/Xcode-16.3.0.app/Contents/Developer/Platforms/WatchOS.platform/Developer/usr/lib -F /Users/admin/builder/spi-builder-workspace/.derivedData/Build/Products/Debug-watchos -F /Applications/Xcode-16.3.0.app/Contents/Developer/Platforms/WatchOS.platform/Developer/Library/Frameworks -F /Applications/Xcode-16.3.0.app/Contents/Developer/Platforms/WatchOS.platform/Developer/SDKs/WatchOS11.4.sdk/Developer/Library/Frameworks -no-color-diagnostics -enable-testing -g -debug-info-format\=dwarf -dwarf-version\=4 -module-cache-path /Users/admin/builder/spi-builder-workspace/.derivedData/ModuleCache.noindex -profile-generate -profile-coverage-mapping -swift-version 5 -enforce-exclusivity\=checked -Onone -D SWIFT_PACKAGE -D DEBUG -D Xcode -serialize-debugging-options -const-gather-protocols-file /Users/admin/builder/spi-builder-workspace/.derivedData/Build/Intermediates.noindex/FadeInText.build/Debug-watchos/FadeInText.build/Objects-normal/arm64_32/FadeInText_const_extract_protocols.json -enable-experimental-feature DebugDescriptionMacro -empty-abi-descriptor -plugin-path /Applications/Xcode-16.3.0.app/Contents/Developer/Toolchains/XcodeDefault.xctoolchain/usr/lib/swift/host/plugins/testing -validate-clang-modules-once -clang-build-session-file /Users/admin/builder/spi-builder-workspace/.derivedData/ModuleCache.noindex/Session.modulevalidation -Xcc -working-directory -Xcc /Users/admin/builder/spi-builder-workspace/.swiftpm/xcode -resource-dir /Applications/Xcode-16.3.0.app/Contents/Developer/Toolchains/XcodeDefault.xctoolchain/usr/lib/swift -enable-anonymous-context-mangled-names -file-compilation-dir /Users/admin/builder/spi-builder-workspace/.swiftpm/xcode -Xcc -ivfsstatcache -Xcc /Users/admin/builder/spi-builder-workspace/.derivedData/SDKStatCaches.noindex/watchos11.4-22T246-43efb940ff07ba2497b70ec94253f576.sdkstatcache -Xcc -I/Users/admin/builder/spi-builder-workspace/.derivedData/Build/Intermediates.noindex/FadeInText.build/Debug-watchos/FadeInText.build/swift-overrides.hmap -Xcc -I/Users/admin/builder/spi-builder-workspace/.derivedData/Build/Products/Debug-watchos/include -Xcc -I/Users/admin/builder/spi-builder-workspace/.derivedData/Build/Intermediates.noindex/FadeInText.build/Debug-watchos/FadeInText.build/DerivedSources-normal/arm64_32 -Xcc -I/Users/admin/builder/spi-builder-workspace/.derivedData/Build/Intermediates.noindex/FadeInText.build/Debug-watchos/FadeInText.build/DerivedSources/arm64_32 -Xcc -I/Users/admin/builder/spi-builder-workspace/.derivedData/Build/Intermediates.noindex/FadeInText.build/Debug-watchos/FadeInText.build/DerivedSources -Xcc -DSWIFT_PACKAGE -Xcc -DDEBUG\=1 -module-name FadeInText -package-name spi_builder_workspace -frontend-parseable-output -disable-clang-spi -target-sdk-version 11.4 -target-sdk-name watchos11.4 -external-plugin-path /Applications/Xcode-16.3.0.app/Contents/Developer/Platforms/WatchOS.platform/Developer/usr/lib/swift/host/plugins\#/Applications/Xcode-16.3.0.app/Contents/Developer/Platforms/WatchOS.platform/Developer/usr/bin/swift-plugin-server -external-plugin-path /Applications/Xcode-16.3.0.app/Contents/Developer/Platforms/WatchOS.platform/Developer/usr/local/lib/swift/host/plugins\#/Applications/Xcode-16.3.0.app/Contents/Developer/Platforms/WatchOS.platform/Developer/usr/bin/swift-plugin-server -in-process-plugin-server-path /Applications/Xcode-16.3.0.app/Contents/Developer/Toolchains/XcodeDefault.xctoolchain/usr/lib/swift/host/libSwiftInProcPluginServer.dylib -plugin-path /Applications/Xcode-16.3.0.app/Contents/Developer/Toolchains/XcodeDefault.xctoolchain/usr/lib/swift/host/plugins -plugin-path /Applications/Xcode-16.3.0.app/Contents/Developer/Toolchains/XcodeDefault.xctoolchain/usr/local/lib/swift/host/plugins -emit-module-doc-path /Users/admin/builder/spi-builder-workspace/.derivedData/Build/Intermediates.noindex/FadeInText.build/Debug-watchos/FadeInText.build/Objects-normal/arm64_32/FadeInText.swiftdoc -emit-module-source-info-path /Users/admin/builder/spi-builder-workspace/.derivedData/Build/Intermediates.noindex/FadeInText.build/Debug-watchos/FadeInText.build/Objects-normal/arm64_32/FadeInText.swiftsourceinfo -emit-objc-header-path /Users/admin/builder/spi-builder-workspace/.derivedData/Build/Intermediates.noindex/FadeInText.build/Debug-watchos/FadeInText.build/Objects-normal/arm64_32/FadeInText-Swift.h -serialize-diagnostics-path /Users/admin/builder/spi-builder-workspace/.derivedData/Build/Intermediates.noindex/FadeInText.build/Debug-watchos/FadeInText.build/Objects-normal/arm64_32/FadeInText-master-emit-module.dia -emit-dependencies-path /Users/admin/builder/spi-builder-workspace/.derivedData/Build/Intermediates.noindex/FadeInText.build/Debug-watchos/FadeInText.build/Objects-normal/arm64_32/FadeInText-master-emit-module.d -o /Users/admin/builder/spi-builder-workspace/.derivedData/Build/Intermediates.noindex/FadeInText.build/Debug-watchos/FadeInText.build/Objects-normal/arm64_32/FadeInText.swiftmodule -emit-abi-descriptor-path /Users/admin/builder/spi-builder-workspace/.derivedData/Build/Intermediates.noindex/FadeInText.build/Debug-watchos/FadeInText.build/Objects-normal/arm64_32/FadeInText.abi.json
SwiftCompile normal arm64_32 Compiling\ Interpolator.swift /Users/admin/builder/spi-builder-workspace/Sources/FadeInText/Interpolator/Interpolator.swift (in target 'FadeInText' from project 'FadeInText')
SwiftCompile normal arm64_32 /Users/admin/builder/spi-builder-workspace/Sources/FadeInText/Interpolator/Interpolator.swift (in target 'FadeInText' from project 'FadeInText')
cd /Users/admin/builder/spi-builder-workspace/.swiftpm/xcode
SwiftCompile normal arm64_32 Compiling\ Tokenizer.swift /Users/admin/builder/spi-builder-workspace/Sources/FadeInText/Tokenizer/Tokenizer.swift (in target 'FadeInText' from project 'FadeInText')
SwiftCompile normal arm64_32 /Users/admin/builder/spi-builder-workspace/Sources/FadeInText/Tokenizer/Tokenizer.swift (in target 'FadeInText' from project 'FadeInText')
cd /Users/admin/builder/spi-builder-workspace/.swiftpm/xcode
SwiftCompile normal arm64_32 Compiling\ FadeInText.swift /Users/admin/builder/spi-builder-workspace/Sources/FadeInText/FadeInText.swift (in target 'FadeInText' from project 'FadeInText')
SwiftCompile normal arm64_32 /Users/admin/builder/spi-builder-workspace/Sources/FadeInText/FadeInText.swift (in target 'FadeInText' from project 'FadeInText')
cd /Users/admin/builder/spi-builder-workspace/.swiftpm/xcode
SwiftEmitModule normal armv7k Emitting\ module\ for\ FadeInText (in target 'FadeInText' from project 'FadeInText')
EmitSwiftModule normal armv7k (in target 'FadeInText' from project 'FadeInText')
cd /Users/admin/builder/spi-builder-workspace/.swiftpm/xcode
SwiftCompile normal arm64_32 Compiling\ FadeInTextController.swift /Users/admin/builder/spi-builder-workspace/Sources/FadeInText/FadeInTextController.swift (in target 'FadeInText' from project 'FadeInText')
SwiftCompile normal arm64_32 /Users/admin/builder/spi-builder-workspace/Sources/FadeInText/FadeInTextController.swift (in target 'FadeInText' from project 'FadeInText')
cd /Users/admin/builder/spi-builder-workspace/.swiftpm/xcode
SwiftEmitModule normal arm64 Emitting\ module\ for\ FadeInText (in target 'FadeInText' from project 'FadeInText')
EmitSwiftModule normal arm64 (in target 'FadeInText' from project 'FadeInText')
cd /Users/admin/builder/spi-builder-workspace/.swiftpm/xcode
SwiftCompile normal armv7k Compiling\ FadeInTextController.swift /Users/admin/builder/spi-builder-workspace/Sources/FadeInText/FadeInTextController.swift (in target 'FadeInText' from project 'FadeInText')
SwiftCompile normal armv7k /Users/admin/builder/spi-builder-workspace/Sources/FadeInText/FadeInTextController.swift (in target 'FadeInText' from project 'FadeInText')
cd /Users/admin/builder/spi-builder-workspace/.swiftpm/xcode
SwiftCompile normal armv7k Compiling\ Tokenizer.swift /Users/admin/builder/spi-builder-workspace/Sources/FadeInText/Tokenizer/Tokenizer.swift (in target 'FadeInText' from project 'FadeInText')
SwiftCompile normal armv7k /Users/admin/builder/spi-builder-workspace/Sources/FadeInText/Tokenizer/Tokenizer.swift (in target 'FadeInText' from project 'FadeInText')
cd /Users/admin/builder/spi-builder-workspace/.swiftpm/xcode
SwiftCompile normal arm64 Compiling\ Interpolator.swift /Users/admin/builder/spi-builder-workspace/Sources/FadeInText/Interpolator/Interpolator.swift (in target 'FadeInText' from project 'FadeInText')
SwiftCompile normal arm64 /Users/admin/builder/spi-builder-workspace/Sources/FadeInText/Interpolator/Interpolator.swift (in target 'FadeInText' from project 'FadeInText')
cd /Users/admin/builder/spi-builder-workspace/.swiftpm/xcode
SwiftCompile normal arm64_32 Compiling\ DefaultTokenizer.swift /Users/admin/builder/spi-builder-workspace/Sources/FadeInText/Tokenizer/DefaultTokenizer.swift (in target 'FadeInText' from project 'FadeInText')
Command SwiftCompile failed with a nonzero exit code
** BUILD FAILED **
The following build commands failed:
EmitSwiftModule normal arm64_32 (in target 'FadeInText' from project 'FadeInText')
SwiftEmitModule normal arm64_32 Emitting\ module\ for\ FadeInText (in target 'FadeInText' from project 'FadeInText')
SwiftCompile normal arm64_32 Compiling\ DefaultTokenizer.swift /Users/admin/builder/spi-builder-workspace/Sources/FadeInText/Tokenizer/DefaultTokenizer.swift (in target 'FadeInText' from project 'FadeInText')
Building workspace spi-builder-workspace with scheme FadeInText
(4 failures)
BUILD FAILURE 6.1 watchOS