The Swift Package Index logo.Swift Package Index

Build Information

Failed to build WKWebViewJavascriptBridge, reference 1.2.3 (51cdc1), with Swift 6.4 for watchOS using Xcode 27.0 on 18 Sep 2026 22:31:29 UTC.

Build Command

env DEVELOPER_DIR=/Applications/Xcode-27.0.0-Release.Candidate.app xcrun xcodebuild -IDEClonedSourcePackagesDirPathOverride=$PWD/.dependencies -skipMacroValidation -skipPackagePluginValidation -derivedDataPath $PWD/.derivedData build -scheme WKWebViewJavascriptBridge -destination generic/platform=watchOS

Build Log

========================================
RunAll
========================================
Builder version: 5.1.0
Interrupt handler set up.
========================================
Checkout
========================================
Clone URL: https://github.com/Lision/WKWebViewJavascriptBridge.git
Reference: 1.2.3
Initialized empty Git repository in /Users/admin/builder/spi-builder-workspace/.git/
From https://github.com/Lision/WKWebViewJavascriptBridge
 * tag               1.2.3      -> FETCH_HEAD
HEAD is now at 51cdc11 Merge pull request #37 from thomersch/master
Cloned https://github.com/Lision/WKWebViewJavascriptBridge.git
Revision (git rev-parse @):
51cdc110657e5ad469df712ca79632761d3fe11d
SUCCESS checkout https://github.com/Lision/WKWebViewJavascriptBridge.git at 1.2.3
========================================
Build
========================================
Selected platform:         watchOS
Swift version:             6.4
Building package at path:  $PWD
https://github.com/Lision/WKWebViewJavascriptBridge.git
Command line invocation:
    /Applications/Xcode-27.0.0-Release.Candidate.app/Contents/Developer/usr/bin/xcodebuild -IDEClonedSourcePackagesDirPathOverride=/Users/admin/builder/spi-builder-workspace/.dependencies -resolvePackageDependencies
resolved source packages:
{
  "dependencies" : [
  ],
  "manifest_display_name" : "WKWebViewJavascriptBridge",
  "name" : "WKWebViewJavascriptBridge",
  "path" : "/Users/admin/builder/spi-builder-workspace",
  "platforms" : [
  ],
  "products" : [
    {
      "name" : "WKWebViewJavascriptBridge",
      "targets" : [
        "WKWebViewJavascriptBridge"
      ],
      "type" : {
        "library" : [
          "automatic"
        ]
      }
    }
  ],
  "targets" : [
    {
      "c99name" : "WKWebViewJavascriptBridge",
      "module_type" : "SwiftTarget",
      "name" : "WKWebViewJavascriptBridge",
      "path" : "WKWebViewJavascriptBridge",
      "product_memberships" : [
        "WKWebViewJavascriptBridge"
      ],
      "sources" : [
        "WKWebViewJavascriptBridge.swift",
        "WKWebViewJavascriptBridgeBase.swift",
        "WKWebViewJavascriptBridgeJS.swift"
      ],
      "type" : "library"
    }
  ],
  "tools_version" : "5.5"
}
{
  "project" : {
    "configurations" : [
      "Debug",
      "Release"
    ],
    "name" : "WKWebViewJavascriptBridge",
    "schemes" : [
      "WKWebViewJavascriptBridge",
      "WKWebViewJavascriptBridgeDemo"
    ],
    "targets" : [
      "WKWebViewJavascriptBridge",
      "WKWebViewJavascriptBridgeTests",
      "WKWebViewJavascriptBridgeDemo"
    ]
  }
}
{
  "workspace" : {
    "name" : "WKWebViewJavascriptBridge",
    "schemes" : [
      "WKWebViewJavascriptBridge"
    ]
  }
}
2026-09-18 18:31:21.865 xcodebuild[655:3972] [MT] IDERunDestination: Supported platforms for the buildables in the current scheme is empty.
Running build ...
env DEVELOPER_DIR=/Applications/Xcode-27.0.0-Release.Candidate.app xcrun xcodebuild -IDEClonedSourcePackagesDirPathOverride=$PWD/.dependencies -skipMacroValidation -skipPackagePluginValidation -derivedDataPath $PWD/.derivedData build -scheme WKWebViewJavascriptBridge -destination generic/platform=watchOS
Command line invocation:
    /Applications/Xcode-27.0.0-Release.Candidate.app/Contents/Developer/usr/bin/xcodebuild -IDEClonedSourcePackagesDirPathOverride=/Users/admin/builder/spi-builder-workspace/.dependencies -skipMacroValidation -skipPackagePluginValidation -derivedDataPath /Users/admin/builder/spi-builder-workspace/.derivedData build -scheme WKWebViewJavascriptBridge -destination generic/platform=watchOS
Resolve Package Graph
Resolved source packages:
  WKWebViewJavascriptBridge: /Users/admin/builder/spi-builder-workspace
ComputePackagePrebuildTargetDependencyGraph
Prepare packages
CreateBuildRequest
SendProjectDescription
CreateBuildOperation
ComputeTargetDependencyGraph
note: Building targets in dependency order
note: Target dependency graph (2 targets)
    Target 'WKWebViewJavascriptBridge-product' in project 'WKWebViewJavascriptBridge'
        ➜ Explicit dependency on target 'WKWebViewJavascriptBridge' in project 'WKWebViewJavascriptBridge'
    Target 'WKWebViewJavascriptBridge' in project 'WKWebViewJavascriptBridge' (no dependencies)
GatherProvisioningInputs
CreateBuildDescription
ExecuteExternalTool /Applications/Xcode-27.0.0-Release.Candidate.app/Contents/Developer/Toolchains/XcodeDefault.xctoolchain/usr/bin/clang -v -E -dM -isysroot /Applications/Xcode-27.0.0-Release.Candidate.app/Contents/Developer/Platforms/WatchOS.platform/Developer/SDKs/WatchOS27.0.sdk -x c -c /dev/null
ExecuteExternalTool /Applications/Xcode-27.0.0-Release.Candidate.app/Contents/Developer/Toolchains/XcodeDefault.xctoolchain/usr/bin/swiftc --version
ExecuteExternalTool /Applications/Xcode-27.0.0-Release.Candidate.app/Contents/Developer/Toolchains/XcodeDefault.xctoolchain/usr/bin/ld -version_details
Build description signature: bfcdd2f0f2d67dee084b848a59b0fab9
Build description path: /Users/admin/builder/spi-builder-workspace/.derivedData/Build/Intermediates.noindex/XCBuildData/bfcdd2f0f2d67dee084b848a59b0fab9.xcbuilddata
CreateBuildDirectory /Users/admin/builder/spi-builder-workspace/.derivedData/SDKExplicitPrecompiledModules
    cd /Users/admin/builder/spi-builder-workspace/.swiftpm/xcode
    builtin-create-build-directory /Users/admin/builder/spi-builder-workspace/.derivedData/SDKExplicitPrecompiledModules
CreateBuildDirectory /Users/admin/builder/spi-builder-workspace/.derivedData/ModuleCache.noindex
    cd /Users/admin/builder/spi-builder-workspace/.swiftpm/xcode
    builtin-create-build-directory /Users/admin/builder/spi-builder-workspace/.derivedData/ModuleCache.noindex
CreateBuildDirectory /Users/admin/builder/spi-builder-workspace/.derivedData/CompilationCache.noindex
    cd /Users/admin/builder/spi-builder-workspace/.swiftpm/xcode
    builtin-create-build-directory /Users/admin/builder/spi-builder-workspace/.derivedData/CompilationCache.noindex
CreateBuildDirectory /Users/admin/builder/spi-builder-workspace/.derivedData/Build/Products
    cd /Users/admin/builder/spi-builder-workspace/.swiftpm/xcode
    builtin-create-build-directory /Users/admin/builder/spi-builder-workspace/.derivedData/Build/Products
CreateBuildDirectory /Users/admin/builder/spi-builder-workspace/.derivedData/Build/Intermediates.noindex
    cd /Users/admin/builder/spi-builder-workspace/.swiftpm/xcode
    builtin-create-build-directory /Users/admin/builder/spi-builder-workspace/.derivedData/Build/Intermediates.noindex
ClangStatCache /Applications/Xcode-27.0.0-Release.Candidate.app/Contents/Developer/Toolchains/XcodeDefault.xctoolchain/usr/bin/clang-stat-cache /Applications/Xcode-27.0.0-Release.Candidate.app/Contents/Developer/Platforms/WatchOS.platform/Developer/SDKs/WatchOS27.0.sdk /Users/admin/builder/spi-builder-workspace/.derivedData/SDKStatCaches.noindex/watchos27.0-24R360-e829b21a6f8c9b70876ba0858053c04477534ef55a1706bf4c1112bbb242f0a2.sdkstatcache
    cd /Users/admin/builder/spi-builder-workspace/.swiftpm/xcode
    /Applications/Xcode-27.0.0-Release.Candidate.app/Contents/Developer/Toolchains/XcodeDefault.xctoolchain/usr/bin/clang-stat-cache /Applications/Xcode-27.0.0-Release.Candidate.app/Contents/Developer/Platforms/WatchOS.platform/Developer/SDKs/WatchOS27.0.sdk -o /Users/admin/builder/spi-builder-workspace/.derivedData/SDKStatCaches.noindex/watchos27.0-24R360-e829b21a6f8c9b70876ba0858053c04477534ef55a1706bf4c1112bbb242f0a2.sdkstatcache
CreateBuildDirectory /Users/admin/builder/spi-builder-workspace/.derivedData/Build/Intermediates.noindex/SwiftExplicitPrecompiledModules
    cd /Users/admin/builder/spi-builder-workspace/.swiftpm/xcode
    builtin-create-build-directory /Users/admin/builder/spi-builder-workspace/.derivedData/Build/Intermediates.noindex/SwiftExplicitPrecompiledModules
CreateBuildDirectory /Users/admin/builder/spi-builder-workspace/.derivedData/Build/Intermediates.noindex/PrecompiledHeaders
    cd /Users/admin/builder/spi-builder-workspace/.swiftpm/xcode
    builtin-create-build-directory /Users/admin/builder/spi-builder-workspace/.derivedData/Build/Intermediates.noindex/PrecompiledHeaders
CreateBuildDirectory /Users/admin/builder/spi-builder-workspace/.derivedData/Build/Intermediates.noindex/ExplicitPrecompiledModules
    cd /Users/admin/builder/spi-builder-workspace/.swiftpm/xcode
    builtin-create-build-directory /Users/admin/builder/spi-builder-workspace/.derivedData/Build/Intermediates.noindex/ExplicitPrecompiledModules
CreateBuildDirectory /Users/admin/builder/spi-builder-workspace/.derivedData/Build/Intermediates.noindex/EagerLinkingTBDs/Debug-watchos
    cd /Users/admin/builder/spi-builder-workspace/.swiftpm/xcode
    builtin-create-build-directory /Users/admin/builder/spi-builder-workspace/.derivedData/Build/Intermediates.noindex/EagerLinkingTBDs/Debug-watchos
CreateBuildDirectory /Users/admin/builder/spi-builder-workspace/.derivedData/Build/Products/Debug-watchos
    cd /Users/admin/builder/spi-builder-workspace/.swiftpm/xcode
    builtin-create-build-directory /Users/admin/builder/spi-builder-workspace/.derivedData/Build/Products/Debug-watchos
CreateBuildDirectory /Users/admin/builder/spi-builder-workspace/.derivedData/Build/Products/Debug-watchos/PackageFrameworks
    cd /Users/admin/builder/spi-builder-workspace/.swiftpm/xcode
    builtin-create-build-directory /Users/admin/builder/spi-builder-workspace/.derivedData/Build/Products/Debug-watchos/PackageFrameworks
WriteAuxiliaryFile /Users/admin/builder/spi-builder-workspace/.derivedData/Build/Intermediates.noindex/WKWebViewJavascriptBridge.build/Debug-watchos/WKWebViewJavascriptBridge-t.build/WKWebViewJavascriptBridge.DependencyStaticMetadataFileList (in target 'WKWebViewJavascriptBridge' from project 'WKWebViewJavascriptBridge')
    cd /Users/admin/builder/spi-builder-workspace
    write-file /Users/admin/builder/spi-builder-workspace/.derivedData/Build/Intermediates.noindex/WKWebViewJavascriptBridge.build/Debug-watchos/WKWebViewJavascriptBridge-t.build/WKWebViewJavascriptBridge.DependencyStaticMetadataFileList
WriteAuxiliaryFile /Users/admin/builder/spi-builder-workspace/.derivedData/Build/Intermediates.noindex/WKWebViewJavascriptBridge.build/Debug-watchos/WKWebViewJavascriptBridge-t.build/WKWebViewJavascriptBridge.DependencyMetadataFileList (in target 'WKWebViewJavascriptBridge' from project 'WKWebViewJavascriptBridge')
    cd /Users/admin/builder/spi-builder-workspace
    write-file /Users/admin/builder/spi-builder-workspace/.derivedData/Build/Intermediates.noindex/WKWebViewJavascriptBridge.build/Debug-watchos/WKWebViewJavascriptBridge-t.build/WKWebViewJavascriptBridge.DependencyMetadataFileList
WriteAuxiliaryFile /Users/admin/builder/spi-builder-workspace/.derivedData/Build/Intermediates.noindex/WKWebViewJavascriptBridge.build/Debug-watchos/WKWebViewJavascriptBridge-t.build/WKWebViewJavascriptBridge.modulemap (in target 'WKWebViewJavascriptBridge' from project 'WKWebViewJavascriptBridge')
    cd /Users/admin/builder/spi-builder-workspace
    write-file /Users/admin/builder/spi-builder-workspace/.derivedData/Build/Intermediates.noindex/WKWebViewJavascriptBridge.build/Debug-watchos/WKWebViewJavascriptBridge-t.build/WKWebViewJavascriptBridge.modulemap
WriteAuxiliaryFile /Users/admin/builder/spi-builder-workspace/.derivedData/Build/Intermediates.noindex/WKWebViewJavascriptBridge.build/Debug-watchos/WKWebViewJavascriptBridge-t.build/Objects-normal/arm64/WKWebViewJavascriptBridge_const_extract_protocols.json (in target 'WKWebViewJavascriptBridge' from project 'WKWebViewJavascriptBridge')
    cd /Users/admin/builder/spi-builder-workspace
    write-file /Users/admin/builder/spi-builder-workspace/.derivedData/Build/Intermediates.noindex/WKWebViewJavascriptBridge.build/Debug-watchos/WKWebViewJavascriptBridge-t.build/Objects-normal/arm64/WKWebViewJavascriptBridge_const_extract_protocols.json
WriteAuxiliaryFile /Users/admin/builder/spi-builder-workspace/.derivedData/Build/Intermediates.noindex/WKWebViewJavascriptBridge.build/Debug-watchos/WKWebViewJavascriptBridge-t.build/Objects-normal/arm64_32/WKWebViewJavascriptBridge.SwiftConstValuesFileList (in target 'WKWebViewJavascriptBridge' from project 'WKWebViewJavascriptBridge')
    cd /Users/admin/builder/spi-builder-workspace
    write-file /Users/admin/builder/spi-builder-workspace/.derivedData/Build/Intermediates.noindex/WKWebViewJavascriptBridge.build/Debug-watchos/WKWebViewJavascriptBridge-t.build/Objects-normal/arm64_32/WKWebViewJavascriptBridge.SwiftConstValuesFileList
WriteAuxiliaryFile /Users/admin/builder/spi-builder-workspace/.derivedData/Build/Intermediates.noindex/WKWebViewJavascriptBridge.build/Debug-watchos/WKWebViewJavascriptBridge-t.build/Objects-normal/arm64_32/WKWebViewJavascriptBridge.SwiftFileList (in target 'WKWebViewJavascriptBridge' from project 'WKWebViewJavascriptBridge')
    cd /Users/admin/builder/spi-builder-workspace
    write-file /Users/admin/builder/spi-builder-workspace/.derivedData/Build/Intermediates.noindex/WKWebViewJavascriptBridge.build/Debug-watchos/WKWebViewJavascriptBridge-t.build/Objects-normal/arm64_32/WKWebViewJavascriptBridge.SwiftFileList
WriteAuxiliaryFile /Users/admin/builder/spi-builder-workspace/.derivedData/Build/Intermediates.noindex/WKWebViewJavascriptBridge.build/Debug-watchos/WKWebViewJavascriptBridge-t.build/Objects-normal/arm64_32/WKWebViewJavascriptBridge_const_extract_protocols.json (in target 'WKWebViewJavascriptBridge' from project 'WKWebViewJavascriptBridge')
    cd /Users/admin/builder/spi-builder-workspace
    write-file /Users/admin/builder/spi-builder-workspace/.derivedData/Build/Intermediates.noindex/WKWebViewJavascriptBridge.build/Debug-watchos/WKWebViewJavascriptBridge-t.build/Objects-normal/arm64_32/WKWebViewJavascriptBridge_const_extract_protocols.json
WriteAuxiliaryFile /Users/admin/builder/spi-builder-workspace/.derivedData/Build/Intermediates.noindex/WKWebViewJavascriptBridge.build/Debug-watchos/WKWebViewJavascriptBridge-t.build/Objects-normal/arm64_32/WKWebViewJavascriptBridge.LinkFileList (in target 'WKWebViewJavascriptBridge' from project 'WKWebViewJavascriptBridge')
    cd /Users/admin/builder/spi-builder-workspace
    write-file /Users/admin/builder/spi-builder-workspace/.derivedData/Build/Intermediates.noindex/WKWebViewJavascriptBridge.build/Debug-watchos/WKWebViewJavascriptBridge-t.build/Objects-normal/arm64_32/WKWebViewJavascriptBridge.LinkFileList
WriteAuxiliaryFile /Users/admin/builder/spi-builder-workspace/.derivedData/Build/Intermediates.noindex/WKWebViewJavascriptBridge.build/Debug-watchos/WKWebViewJavascriptBridge-t.build/Objects-normal/arm64_32/WKWebViewJavascriptBridge-OutputFileMap.json (in target 'WKWebViewJavascriptBridge' from project 'WKWebViewJavascriptBridge')
    cd /Users/admin/builder/spi-builder-workspace
    write-file /Users/admin/builder/spi-builder-workspace/.derivedData/Build/Intermediates.noindex/WKWebViewJavascriptBridge.build/Debug-watchos/WKWebViewJavascriptBridge-t.build/Objects-normal/arm64_32/WKWebViewJavascriptBridge-OutputFileMap.json
WriteAuxiliaryFile /Users/admin/builder/spi-builder-workspace/.derivedData/Build/Intermediates.noindex/WKWebViewJavascriptBridge.build/Debug-watchos/WKWebViewJavascriptBridge-t.build/Objects-normal/arm64/WKWebViewJavascriptBridge.SwiftFileList (in target 'WKWebViewJavascriptBridge' from project 'WKWebViewJavascriptBridge')
    cd /Users/admin/builder/spi-builder-workspace
    write-file /Users/admin/builder/spi-builder-workspace/.derivedData/Build/Intermediates.noindex/WKWebViewJavascriptBridge.build/Debug-watchos/WKWebViewJavascriptBridge-t.build/Objects-normal/arm64/WKWebViewJavascriptBridge.SwiftFileList
WriteAuxiliaryFile /Users/admin/builder/spi-builder-workspace/.derivedData/Build/Intermediates.noindex/WKWebViewJavascriptBridge.build/Debug-watchos/WKWebViewJavascriptBridge-t.build/Objects-normal/arm64/WKWebViewJavascriptBridge.SwiftConstValuesFileList (in target 'WKWebViewJavascriptBridge' from project 'WKWebViewJavascriptBridge')
    cd /Users/admin/builder/spi-builder-workspace
    write-file /Users/admin/builder/spi-builder-workspace/.derivedData/Build/Intermediates.noindex/WKWebViewJavascriptBridge.build/Debug-watchos/WKWebViewJavascriptBridge-t.build/Objects-normal/arm64/WKWebViewJavascriptBridge.SwiftConstValuesFileList
WriteAuxiliaryFile /Users/admin/builder/spi-builder-workspace/.derivedData/Build/Intermediates.noindex/WKWebViewJavascriptBridge.build/Debug-watchos/WKWebViewJavascriptBridge-t.build/Objects-normal/arm64/WKWebViewJavascriptBridge-OutputFileMap.json (in target 'WKWebViewJavascriptBridge' from project 'WKWebViewJavascriptBridge')
    cd /Users/admin/builder/spi-builder-workspace
    write-file /Users/admin/builder/spi-builder-workspace/.derivedData/Build/Intermediates.noindex/WKWebViewJavascriptBridge.build/Debug-watchos/WKWebViewJavascriptBridge-t.build/Objects-normal/arm64/WKWebViewJavascriptBridge-OutputFileMap.json
WriteAuxiliaryFile /Users/admin/builder/spi-builder-workspace/.derivedData/Build/Intermediates.noindex/WKWebViewJavascriptBridge.build/Debug-watchos/WKWebViewJavascriptBridge-t.build/Objects-normal/arm64/WKWebViewJavascriptBridge.LinkFileList (in target 'WKWebViewJavascriptBridge' from project 'WKWebViewJavascriptBridge')
    cd /Users/admin/builder/spi-builder-workspace
    write-file /Users/admin/builder/spi-builder-workspace/.derivedData/Build/Intermediates.noindex/WKWebViewJavascriptBridge.build/Debug-watchos/WKWebViewJavascriptBridge-t.build/Objects-normal/arm64/WKWebViewJavascriptBridge.LinkFileList
Copy /Users/admin/builder/spi-builder-workspace/.derivedData/Build/Intermediates.noindex/GeneratedModuleMaps-watchos/WKWebViewJavascriptBridge.modulemap /Users/admin/builder/spi-builder-workspace/.derivedData/Build/Intermediates.noindex/WKWebViewJavascriptBridge.build/Debug-watchos/WKWebViewJavascriptBridge-t.build/WKWebViewJavascriptBridge.modulemap (in target 'WKWebViewJavascriptBridge' from project 'WKWebViewJavascriptBridge')
    cd /Users/admin/builder/spi-builder-workspace
    builtin-copy -exclude .DS_Store -exclude CVS -exclude .svn -exclude .git -exclude .hg -resolve-src-symlinks /Users/admin/builder/spi-builder-workspace/.derivedData/Build/Intermediates.noindex/WKWebViewJavascriptBridge.build/Debug-watchos/WKWebViewJavascriptBridge-t.build/WKWebViewJavascriptBridge.modulemap /Users/admin/builder/spi-builder-workspace/.derivedData/Build/Intermediates.noindex/GeneratedModuleMaps-watchos
SwiftDriver WKWebViewJavascriptBridge normal arm64 com.apple.xcode.tools.swift.compiler (in target 'WKWebViewJavascriptBridge' from project 'WKWebViewJavascriptBridge')
    cd /Users/admin/builder/spi-builder-workspace/.swiftpm/xcode
    builtin-SwiftDriver -- /Applications/Xcode-27.0.0-Release.Candidate.app/Contents/Developer/Toolchains/XcodeDefault.xctoolchain/usr/bin/swiftc -parse-as-library -module-name WKWebViewJavascriptBridge -Onone @/Users/admin/builder/spi-builder-workspace/.derivedData/Build/Intermediates.noindex/WKWebViewJavascriptBridge.build/Debug-watchos/WKWebViewJavascriptBridge-t.build/Objects-normal/arm64/WKWebViewJavascriptBridge.SwiftFileList -DSWIFT_PACKAGE -DDEBUG -DSWIFT_MODULE_RESOURCE_BUNDLE_UNAVAILABLE -DXcode -plugin-path /Applications/Xcode-27.0.0-Release.Candidate.app/Contents/Developer/Toolchains/XcodeDefault.xctoolchain/usr/lib/swift/host/plugins/testing -enable-experimental-feature DebugDescriptionMacro -sdk /Applications/Xcode-27.0.0-Release.Candidate.app/Contents/Developer/Platforms/WatchOS.platform/Developer/SDKs/WatchOS27.0.sdk -target arm64-apple-watchos9.0 -g -module-cache-path /Users/admin/builder/spi-builder-workspace/.derivedData/ModuleCache.noindex -Xfrontend -serialize-debugging-options -enable-testing -index-store-path /Users/admin/builder/spi-builder-workspace/.derivedData/Index.noindex/DataStore -Xcc -D_LIBCPP_HARDENING_MODE\=_LIBCPP_HARDENING_MODE_DEBUG -swift-version 5 -I /Users/admin/builder/spi-builder-workspace/.derivedData/Build/Products/Debug-watchos -Isystem /Applications/Xcode-27.0.0-Release.Candidate.app/Contents/Developer/Platforms/WatchOS.platform/Developer/usr/lib -F /Users/admin/builder/spi-builder-workspace/.derivedData/Build/Products/Debug-watchos -F /Applications/Xcode-27.0.0-Release.Candidate.app/Contents/Developer/Platforms/WatchOS.platform/Developer/Library/Frameworks -F /Applications/Xcode-27.0.0-Release.Candidate.app/Contents/Developer/Platforms/WatchOS.platform/Developer/SDKs/WatchOS27.0.sdk/Developer/Library/Frameworks -c -j10 -enable-batch-mode -incremental -Xcc -ivfsstatcache -Xcc /Users/admin/builder/spi-builder-workspace/.derivedData/SDKStatCaches.noindex/watchos27.0-24R360-e829b21a6f8c9b70876ba0858053c04477534ef55a1706bf4c1112bbb242f0a2.sdkstatcache -output-file-map /Users/admin/builder/spi-builder-workspace/.derivedData/Build/Intermediates.noindex/WKWebViewJavascriptBridge.build/Debug-watchos/WKWebViewJavascriptBridge-t.build/Objects-normal/arm64/WKWebViewJavascriptBridge-OutputFileMap.json -save-temps -no-color-diagnostics -explicit-module-build -module-cache-path /Users/admin/builder/spi-builder-workspace/.derivedData/Build/Intermediates.noindex/SwiftExplicitPrecompiledModules -clang-scanner-module-cache-path /Users/admin/builder/spi-builder-workspace/.derivedData/ModuleCache.noindex -sdk-module-cache-path /Users/admin/builder/spi-builder-workspace/.derivedData/SDKExplicitPrecompiledModules -emit-dependencies -emit-module -emit-module-path /Users/admin/builder/spi-builder-workspace/.derivedData/Build/Intermediates.noindex/WKWebViewJavascriptBridge.build/Debug-watchos/WKWebViewJavascriptBridge-t.build/Objects-normal/arm64/WKWebViewJavascriptBridge.swiftmodule -serialize-diagnostics -dependency-scan-serialize-diagnostics-path /Users/admin/builder/spi-builder-workspace/.derivedData/Build/Intermediates.noindex/WKWebViewJavascriptBridge.build/Debug-watchos/WKWebViewJavascriptBridge-t.build/Objects-normal/arm64/WKWebViewJavascriptBridge-dependency-scan.dia -validate-clang-modules-once -clang-build-session-file /Users/admin/builder/spi-builder-workspace/.derivedData/ModuleCache.noindex/Session.modulevalidation -Xcc -fmodules-prune-interval\=86400 -Xcc -fmodules-prune-after\=345600 -emit-const-values -const-gather-protocols-list /Users/admin/builder/spi-builder-workspace/.derivedData/Build/Intermediates.noindex/WKWebViewJavascriptBridge.build/Debug-watchos/WKWebViewJavascriptBridge-t.build/Objects-normal/arm64/WKWebViewJavascriptBridge_const_extract_protocols.json -Xcc -I/Users/admin/builder/spi-builder-workspace/.derivedData/Build/Products/Debug-watchos/include -Xcc -I/Users/admin/builder/spi-builder-workspace/.derivedData/Build/Intermediates.noindex/WKWebViewJavascriptBridge.build/Debug-watchos/WKWebViewJavascriptBridge-t.build/DerivedSources-normal/arm64 -Xcc -I/Users/admin/builder/spi-builder-workspace/.derivedData/Build/Intermediates.noindex/WKWebViewJavascriptBridge.build/Debug-watchos/WKWebViewJavascriptBridge-t.build/DerivedSources/arm64 -Xcc -I/Users/admin/builder/spi-builder-workspace/.derivedData/Build/Intermediates.noindex/WKWebViewJavascriptBridge.build/Debug-watchos/WKWebViewJavascriptBridge-t.build/DerivedSources -Xcc -DSWIFT_PACKAGE -Xcc -DDEBUG\=1 -emit-objc-header -emit-objc-header-path /Users/admin/builder/spi-builder-workspace/.derivedData/Build/Intermediates.noindex/WKWebViewJavascriptBridge.build/Debug-watchos/WKWebViewJavascriptBridge-t.build/Objects-normal/arm64/WKWebViewJavascriptBridge-Swift.h -working-directory /Users/admin/builder/spi-builder-workspace/.swiftpm/xcode -experimental-emit-module-separately -disable-cmo
/Users/admin/builder/spi-builder-workspace/WKWebViewJavascriptBridge/WKWebViewJavascriptBridge.swift:10:8: error: Unable to resolve module dependency: 'WebKit' (in target 'WKWebViewJavascriptBridge' from project 'WKWebViewJavascriptBridge')
    note: A dependency of main module 'WKWebViewJavascriptBridge'
/Users/admin/builder/spi-builder-workspace/WKWebViewJavascriptBridge/WKWebViewJavascriptBridge.swift:10:8: note: A dependency of main module 'WKWebViewJavascriptBridge'
import WebKit
       ^ (in target 'WKWebViewJavascriptBridge' from project 'WKWebViewJavascriptBridge')
SwiftDriver WKWebViewJavascriptBridge normal arm64_32 com.apple.xcode.tools.swift.compiler (in target 'WKWebViewJavascriptBridge' from project 'WKWebViewJavascriptBridge')
    cd /Users/admin/builder/spi-builder-workspace/.swiftpm/xcode
    builtin-SwiftDriver -- /Applications/Xcode-27.0.0-Release.Candidate.app/Contents/Developer/Toolchains/XcodeDefault.xctoolchain/usr/bin/swiftc -parse-as-library -module-name WKWebViewJavascriptBridge -Onone @/Users/admin/builder/spi-builder-workspace/.derivedData/Build/Intermediates.noindex/WKWebViewJavascriptBridge.build/Debug-watchos/WKWebViewJavascriptBridge-t.build/Objects-normal/arm64_32/WKWebViewJavascriptBridge.SwiftFileList -DSWIFT_PACKAGE -DDEBUG -DSWIFT_MODULE_RESOURCE_BUNDLE_UNAVAILABLE -DXcode -plugin-path /Applications/Xcode-27.0.0-Release.Candidate.app/Contents/Developer/Toolchains/XcodeDefault.xctoolchain/usr/lib/swift/host/plugins/testing -enable-experimental-feature DebugDescriptionMacro -sdk /Applications/Xcode-27.0.0-Release.Candidate.app/Contents/Developer/Platforms/WatchOS.platform/Developer/SDKs/WatchOS27.0.sdk -target arm64_32-apple-watchos9.0 -g -module-cache-path /Users/admin/builder/spi-builder-workspace/.derivedData/ModuleCache.noindex -Xfrontend -serialize-debugging-options -enable-testing -index-store-path /Users/admin/builder/spi-builder-workspace/.derivedData/Index.noindex/DataStore -Xcc -D_LIBCPP_HARDENING_MODE\=_LIBCPP_HARDENING_MODE_DEBUG -swift-version 5 -I /Users/admin/builder/spi-builder-workspace/.derivedData/Build/Products/Debug-watchos -Isystem /Applications/Xcode-27.0.0-Release.Candidate.app/Contents/Developer/Platforms/WatchOS.platform/Developer/usr/lib -F /Users/admin/builder/spi-builder-workspace/.derivedData/Build/Products/Debug-watchos -F /Applications/Xcode-27.0.0-Release.Candidate.app/Contents/Developer/Platforms/WatchOS.platform/Developer/Library/Frameworks -F /Applications/Xcode-27.0.0-Release.Candidate.app/Contents/Developer/Platforms/WatchOS.platform/Developer/SDKs/WatchOS27.0.sdk/Developer/Library/Frameworks -c -j10 -enable-batch-mode -incremental -Xcc -ivfsstatcache -Xcc /Users/admin/builder/spi-builder-workspace/.derivedData/SDKStatCaches.noindex/watchos27.0-24R360-e829b21a6f8c9b70876ba0858053c04477534ef55a1706bf4c1112bbb242f0a2.sdkstatcache -output-file-map /Users/admin/builder/spi-builder-workspace/.derivedData/Build/Intermediates.noindex/WKWebViewJavascriptBridge.build/Debug-watchos/WKWebViewJavascriptBridge-t.build/Objects-normal/arm64_32/WKWebViewJavascriptBridge-OutputFileMap.json -save-temps -no-color-diagnostics -explicit-module-build -module-cache-path /Users/admin/builder/spi-builder-workspace/.derivedData/Build/Intermediates.noindex/SwiftExplicitPrecompiledModules -clang-scanner-module-cache-path /Users/admin/builder/spi-builder-workspace/.derivedData/ModuleCache.noindex -sdk-module-cache-path /Users/admin/builder/spi-builder-workspace/.derivedData/SDKExplicitPrecompiledModules -emit-dependencies -emit-module -emit-module-path /Users/admin/builder/spi-builder-workspace/.derivedData/Build/Intermediates.noindex/WKWebViewJavascriptBridge.build/Debug-watchos/WKWebViewJavascriptBridge-t.build/Objects-normal/arm64_32/WKWebViewJavascriptBridge.swiftmodule -serialize-diagnostics -dependency-scan-serialize-diagnostics-path /Users/admin/builder/spi-builder-workspace/.derivedData/Build/Intermediates.noindex/WKWebViewJavascriptBridge.build/Debug-watchos/WKWebViewJavascriptBridge-t.build/Objects-normal/arm64_32/WKWebViewJavascriptBridge-dependency-scan.dia -validate-clang-modules-once -clang-build-session-file /Users/admin/builder/spi-builder-workspace/.derivedData/ModuleCache.noindex/Session.modulevalidation -Xcc -fmodules-prune-interval\=86400 -Xcc -fmodules-prune-after\=345600 -emit-const-values -const-gather-protocols-list /Users/admin/builder/spi-builder-workspace/.derivedData/Build/Intermediates.noindex/WKWebViewJavascriptBridge.build/Debug-watchos/WKWebViewJavascriptBridge-t.build/Objects-normal/arm64_32/WKWebViewJavascriptBridge_const_extract_protocols.json -Xcc -I/Users/admin/builder/spi-builder-workspace/.derivedData/Build/Products/Debug-watchos/include -Xcc -I/Users/admin/builder/spi-builder-workspace/.derivedData/Build/Intermediates.noindex/WKWebViewJavascriptBridge.build/Debug-watchos/WKWebViewJavascriptBridge-t.build/DerivedSources-normal/arm64_32 -Xcc -I/Users/admin/builder/spi-builder-workspace/.derivedData/Build/Intermediates.noindex/WKWebViewJavascriptBridge.build/Debug-watchos/WKWebViewJavascriptBridge-t.build/DerivedSources/arm64_32 -Xcc -I/Users/admin/builder/spi-builder-workspace/.derivedData/Build/Intermediates.noindex/WKWebViewJavascriptBridge.build/Debug-watchos/WKWebViewJavascriptBridge-t.build/DerivedSources -Xcc -DSWIFT_PACKAGE -Xcc -DDEBUG\=1 -emit-objc-header -emit-objc-header-path /Users/admin/builder/spi-builder-workspace/.derivedData/Build/Intermediates.noindex/WKWebViewJavascriptBridge.build/Debug-watchos/WKWebViewJavascriptBridge-t.build/Objects-normal/arm64_32/WKWebViewJavascriptBridge-Swift.h -working-directory /Users/admin/builder/spi-builder-workspace/.swiftpm/xcode -experimental-emit-module-separately -disable-cmo
/Users/admin/builder/spi-builder-workspace/WKWebViewJavascriptBridge/WKWebViewJavascriptBridge.swift:10:8: error: Unable to resolve module dependency: 'WebKit' (in target 'WKWebViewJavascriptBridge' from project 'WKWebViewJavascriptBridge')
    note: A dependency of main module 'WKWebViewJavascriptBridge'
/Users/admin/builder/spi-builder-workspace/WKWebViewJavascriptBridge/WKWebViewJavascriptBridge.swift:10:8: note: A dependency of main module 'WKWebViewJavascriptBridge'
import WebKit
       ^ (in target 'WKWebViewJavascriptBridge' from project 'WKWebViewJavascriptBridge')
PruneExplicitPrecompiledModules /Users/admin/builder/spi-builder-workspace/.derivedData/Build/Intermediates.noindex/SwiftExplicitPrecompiledModules
PruneExplicitPrecompiledModules /Users/admin/builder/spi-builder-workspace/.derivedData/Build/Intermediates.noindex/ExplicitPrecompiledModules
PruneExplicitPrecompiledModules /Users/admin/builder/spi-builder-workspace/.derivedData/SDKExplicitPrecompiledModules
2026-09-18 18:31:23.487 xcodebuild[688:4330] [MT] IDERunDestination: Supported platforms for the buildables in the current scheme is empty.
** BUILD FAILED **
The following build commands failed:
	SwiftDriver WKWebViewJavascriptBridge normal arm64 com.apple.xcode.tools.swift.compiler (in target 'WKWebViewJavascriptBridge' from project 'WKWebViewJavascriptBridge')
	SwiftDriver WKWebViewJavascriptBridge normal arm64_32 com.apple.xcode.tools.swift.compiler (in target 'WKWebViewJavascriptBridge' from project 'WKWebViewJavascriptBridge')
	Building workspace WKWebViewJavascriptBridge with scheme WKWebViewJavascriptBridge
(3 failures)
Command line invocation:
    /Applications/Xcode-27.0.0-Release.Candidate.app/Contents/Developer/usr/bin/xcodebuild -IDEClonedSourcePackagesDirPathOverride=/Users/admin/builder/spi-builder-workspace/.dependencies -resolvePackageDependencies
Resolve Package Graph
Resolved source packages:
  WKWebViewJavascriptBridge: /Users/admin/builder/spi-builder-workspace
resolved source packages: WKWebViewJavascriptBridge
2026-09-18 18:31:26.334 xcodebuild[703:4534] [MT] IDERunDestination: Supported platforms for the buildables in the current scheme is empty.
{
  "dependencies" : [
  ],
  "manifest_display_name" : "WKWebViewJavascriptBridge",
  "name" : "WKWebViewJavascriptBridge",
  "path" : "/Users/admin/builder/spi-builder-workspace",
  "platforms" : [
  ],
  "products" : [
    {
      "name" : "WKWebViewJavascriptBridge",
      "targets" : [
        "WKWebViewJavascriptBridge"
      ],
      "type" : {
        "library" : [
          "automatic"
        ]
      }
    }
  ],
  "targets" : [
    {
      "c99name" : "WKWebViewJavascriptBridge",
      "module_type" : "SwiftTarget",
      "name" : "WKWebViewJavascriptBridge",
      "path" : "WKWebViewJavascriptBridge",
      "product_memberships" : [
        "WKWebViewJavascriptBridge"
      ],
      "sources" : [
        "WKWebViewJavascriptBridge.swift",
        "WKWebViewJavascriptBridgeBase.swift",
        "WKWebViewJavascriptBridgeJS.swift"
      ],
      "type" : "library"
    }
  ],
  "tools_version" : "5.5"
}
{
  "workspace" : {
    "name" : "WKWebViewJavascriptBridge",
    "schemes" : [
      "WKWebViewJavascriptBridge"
    ]
  }
}
2026-09-18 18:31:27.519 xcodebuild[711:4593] [MT] IDERunDestination: Supported platforms for the buildables in the current scheme is empty.
Running build ...
env DEVELOPER_DIR=/Applications/Xcode-27.0.0-Release.Candidate.app xcrun xcodebuild -IDEClonedSourcePackagesDirPathOverride=$PWD/.dependencies -skipMacroValidation -skipPackagePluginValidation -derivedDataPath $PWD/.derivedData build -scheme WKWebViewJavascriptBridge -destination generic/platform=watchOS
Command line invocation:
    /Applications/Xcode-27.0.0-Release.Candidate.app/Contents/Developer/usr/bin/xcodebuild -IDEClonedSourcePackagesDirPathOverride=/Users/admin/builder/spi-builder-workspace/.dependencies -skipMacroValidation -skipPackagePluginValidation -derivedDataPath /Users/admin/builder/spi-builder-workspace/.derivedData build -scheme WKWebViewJavascriptBridge -destination generic/platform=watchOS
Resolve Package Graph
Resolved source packages:
  WKWebViewJavascriptBridge: /Users/admin/builder/spi-builder-workspace
ComputePackagePrebuildTargetDependencyGraph
Prepare packages
CreateBuildRequest
SendProjectDescription
CreateBuildOperation
ComputeTargetDependencyGraph
note: Building targets in dependency order
note: Target dependency graph (2 targets)
    Target 'WKWebViewJavascriptBridge-product' in project 'WKWebViewJavascriptBridge'
        ➜ Explicit dependency on target 'WKWebViewJavascriptBridge' in project 'WKWebViewJavascriptBridge'
    Target 'WKWebViewJavascriptBridge' in project 'WKWebViewJavascriptBridge' (no dependencies)
GatherProvisioningInputs
CreateBuildDescription
ClangStatCache /Applications/Xcode-27.0.0-Release.Candidate.app/Contents/Developer/Toolchains/XcodeDefault.xctoolchain/usr/bin/clang-stat-cache /Applications/Xcode-27.0.0-Release.Candidate.app/Contents/Developer/Platforms/WatchOS.platform/Developer/SDKs/WatchOS27.0.sdk /Users/admin/builder/spi-builder-workspace/.derivedData/SDKStatCaches.noindex/watchos27.0-24R360-e829b21a6f8c9b70876ba0858053c04477534ef55a1706bf4c1112bbb242f0a2.sdkstatcache
    cd /Users/admin/builder/spi-builder-workspace/.swiftpm/xcode
    /Applications/Xcode-27.0.0-Release.Candidate.app/Contents/Developer/Toolchains/XcodeDefault.xctoolchain/usr/bin/clang-stat-cache /Applications/Xcode-27.0.0-Release.Candidate.app/Contents/Developer/Platforms/WatchOS.platform/Developer/SDKs/WatchOS27.0.sdk -o /Users/admin/builder/spi-builder-workspace/.derivedData/SDKStatCaches.noindex/watchos27.0-24R360-e829b21a6f8c9b70876ba0858053c04477534ef55a1706bf4c1112bbb242f0a2.sdkstatcache
SwiftDriver WKWebViewJavascriptBridge normal arm64_32 com.apple.xcode.tools.swift.compiler (in target 'WKWebViewJavascriptBridge' from project 'WKWebViewJavascriptBridge')
    cd /Users/admin/builder/spi-builder-workspace/.swiftpm/xcode
    builtin-SwiftDriver -- /Applications/Xcode-27.0.0-Release.Candidate.app/Contents/Developer/Toolchains/XcodeDefault.xctoolchain/usr/bin/swiftc -parse-as-library -module-name WKWebViewJavascriptBridge -Onone @/Users/admin/builder/spi-builder-workspace/.derivedData/Build/Intermediates.noindex/WKWebViewJavascriptBridge.build/Debug-watchos/WKWebViewJavascriptBridge-t.build/Objects-normal/arm64_32/WKWebViewJavascriptBridge.SwiftFileList -DSWIFT_PACKAGE -DDEBUG -DSWIFT_MODULE_RESOURCE_BUNDLE_UNAVAILABLE -DXcode -plugin-path /Applications/Xcode-27.0.0-Release.Candidate.app/Contents/Developer/Toolchains/XcodeDefault.xctoolchain/usr/lib/swift/host/plugins/testing -enable-experimental-feature DebugDescriptionMacro -sdk /Applications/Xcode-27.0.0-Release.Candidate.app/Contents/Developer/Platforms/WatchOS.platform/Developer/SDKs/WatchOS27.0.sdk -target arm64_32-apple-watchos9.0 -g -module-cache-path /Users/admin/builder/spi-builder-workspace/.derivedData/ModuleCache.noindex -Xfrontend -serialize-debugging-options -enable-testing -index-store-path /Users/admin/builder/spi-builder-workspace/.derivedData/Index.noindex/DataStore -Xcc -D_LIBCPP_HARDENING_MODE\=_LIBCPP_HARDENING_MODE_DEBUG -swift-version 5 -I /Users/admin/builder/spi-builder-workspace/.derivedData/Build/Products/Debug-watchos -Isystem /Applications/Xcode-27.0.0-Release.Candidate.app/Contents/Developer/Platforms/WatchOS.platform/Developer/usr/lib -F /Users/admin/builder/spi-builder-workspace/.derivedData/Build/Products/Debug-watchos -F /Applications/Xcode-27.0.0-Release.Candidate.app/Contents/Developer/Platforms/WatchOS.platform/Developer/Library/Frameworks -F /Applications/Xcode-27.0.0-Release.Candidate.app/Contents/Developer/Platforms/WatchOS.platform/Developer/SDKs/WatchOS27.0.sdk/Developer/Library/Frameworks -c -j10 -enable-batch-mode -incremental -Xcc -ivfsstatcache -Xcc /Users/admin/builder/spi-builder-workspace/.derivedData/SDKStatCaches.noindex/watchos27.0-24R360-e829b21a6f8c9b70876ba0858053c04477534ef55a1706bf4c1112bbb242f0a2.sdkstatcache -output-file-map /Users/admin/builder/spi-builder-workspace/.derivedData/Build/Intermediates.noindex/WKWebViewJavascriptBridge.build/Debug-watchos/WKWebViewJavascriptBridge-t.build/Objects-normal/arm64_32/WKWebViewJavascriptBridge-OutputFileMap.json -save-temps -no-color-diagnostics -explicit-module-build -module-cache-path /Users/admin/builder/spi-builder-workspace/.derivedData/Build/Intermediates.noindex/SwiftExplicitPrecompiledModules -clang-scanner-module-cache-path /Users/admin/builder/spi-builder-workspace/.derivedData/ModuleCache.noindex -sdk-module-cache-path /Users/admin/builder/spi-builder-workspace/.derivedData/SDKExplicitPrecompiledModules -emit-dependencies -emit-module -emit-module-path /Users/admin/builder/spi-builder-workspace/.derivedData/Build/Intermediates.noindex/WKWebViewJavascriptBridge.build/Debug-watchos/WKWebViewJavascriptBridge-t.build/Objects-normal/arm64_32/WKWebViewJavascriptBridge.swiftmodule -serialize-diagnostics -dependency-scan-serialize-diagnostics-path /Users/admin/builder/spi-builder-workspace/.derivedData/Build/Intermediates.noindex/WKWebViewJavascriptBridge.build/Debug-watchos/WKWebViewJavascriptBridge-t.build/Objects-normal/arm64_32/WKWebViewJavascriptBridge-dependency-scan.dia -validate-clang-modules-once -clang-build-session-file /Users/admin/builder/spi-builder-workspace/.derivedData/ModuleCache.noindex/Session.modulevalidation -Xcc -fmodules-prune-interval\=86400 -Xcc -fmodules-prune-after\=345600 -emit-const-values -const-gather-protocols-list /Users/admin/builder/spi-builder-workspace/.derivedData/Build/Intermediates.noindex/WKWebViewJavascriptBridge.build/Debug-watchos/WKWebViewJavascriptBridge-t.build/Objects-normal/arm64_32/WKWebViewJavascriptBridge_const_extract_protocols.json -Xcc -I/Users/admin/builder/spi-builder-workspace/.derivedData/Build/Products/Debug-watchos/include -Xcc -I/Users/admin/builder/spi-builder-workspace/.derivedData/Build/Intermediates.noindex/WKWebViewJavascriptBridge.build/Debug-watchos/WKWebViewJavascriptBridge-t.build/DerivedSources-normal/arm64_32 -Xcc -I/Users/admin/builder/spi-builder-workspace/.derivedData/Build/Intermediates.noindex/WKWebViewJavascriptBridge.build/Debug-watchos/WKWebViewJavascriptBridge-t.build/DerivedSources/arm64_32 -Xcc -I/Users/admin/builder/spi-builder-workspace/.derivedData/Build/Intermediates.noindex/WKWebViewJavascriptBridge.build/Debug-watchos/WKWebViewJavascriptBridge-t.build/DerivedSources -Xcc -DSWIFT_PACKAGE -Xcc -DDEBUG\=1 -emit-objc-header -emit-objc-header-path /Users/admin/builder/spi-builder-workspace/.derivedData/Build/Intermediates.noindex/WKWebViewJavascriptBridge.build/Debug-watchos/WKWebViewJavascriptBridge-t.build/Objects-normal/arm64_32/WKWebViewJavascriptBridge-Swift.h -working-directory /Users/admin/builder/spi-builder-workspace/.swiftpm/xcode -experimental-emit-module-separately -disable-cmo
/Users/admin/builder/spi-builder-workspace/WKWebViewJavascriptBridge/WKWebViewJavascriptBridge.swift:10:8: error: Unable to resolve module dependency: 'WebKit' (in target 'WKWebViewJavascriptBridge' from project 'WKWebViewJavascriptBridge')
    note: A dependency of main module 'WKWebViewJavascriptBridge'
/Users/admin/builder/spi-builder-workspace/WKWebViewJavascriptBridge/WKWebViewJavascriptBridge.swift:10:8: note: A dependency of main module 'WKWebViewJavascriptBridge'
import WebKit
       ^ (in target 'WKWebViewJavascriptBridge' from project 'WKWebViewJavascriptBridge')
SwiftDriver WKWebViewJavascriptBridge normal arm64 com.apple.xcode.tools.swift.compiler (in target 'WKWebViewJavascriptBridge' from project 'WKWebViewJavascriptBridge')
    cd /Users/admin/builder/spi-builder-workspace/.swiftpm/xcode
    builtin-SwiftDriver -- /Applications/Xcode-27.0.0-Release.Candidate.app/Contents/Developer/Toolchains/XcodeDefault.xctoolchain/usr/bin/swiftc -parse-as-library -module-name WKWebViewJavascriptBridge -Onone @/Users/admin/builder/spi-builder-workspace/.derivedData/Build/Intermediates.noindex/WKWebViewJavascriptBridge.build/Debug-watchos/WKWebViewJavascriptBridge-t.build/Objects-normal/arm64/WKWebViewJavascriptBridge.SwiftFileList -DSWIFT_PACKAGE -DDEBUG -DSWIFT_MODULE_RESOURCE_BUNDLE_UNAVAILABLE -DXcode -plugin-path /Applications/Xcode-27.0.0-Release.Candidate.app/Contents/Developer/Toolchains/XcodeDefault.xctoolchain/usr/lib/swift/host/plugins/testing -enable-experimental-feature DebugDescriptionMacro -sdk /Applications/Xcode-27.0.0-Release.Candidate.app/Contents/Developer/Platforms/WatchOS.platform/Developer/SDKs/WatchOS27.0.sdk -target arm64-apple-watchos9.0 -g -module-cache-path /Users/admin/builder/spi-builder-workspace/.derivedData/ModuleCache.noindex -Xfrontend -serialize-debugging-options -enable-testing -index-store-path /Users/admin/builder/spi-builder-workspace/.derivedData/Index.noindex/DataStore -Xcc -D_LIBCPP_HARDENING_MODE\=_LIBCPP_HARDENING_MODE_DEBUG -swift-version 5 -I /Users/admin/builder/spi-builder-workspace/.derivedData/Build/Products/Debug-watchos -Isystem /Applications/Xcode-27.0.0-Release.Candidate.app/Contents/Developer/Platforms/WatchOS.platform/Developer/usr/lib -F /Users/admin/builder/spi-builder-workspace/.derivedData/Build/Products/Debug-watchos -F /Applications/Xcode-27.0.0-Release.Candidate.app/Contents/Developer/Platforms/WatchOS.platform/Developer/Library/Frameworks -F /Applications/Xcode-27.0.0-Release.Candidate.app/Contents/Developer/Platforms/WatchOS.platform/Developer/SDKs/WatchOS27.0.sdk/Developer/Library/Frameworks -c -j10 -enable-batch-mode -incremental -Xcc -ivfsstatcache -Xcc /Users/admin/builder/spi-builder-workspace/.derivedData/SDKStatCaches.noindex/watchos27.0-24R360-e829b21a6f8c9b70876ba0858053c04477534ef55a1706bf4c1112bbb242f0a2.sdkstatcache -output-file-map /Users/admin/builder/spi-builder-workspace/.derivedData/Build/Intermediates.noindex/WKWebViewJavascriptBridge.build/Debug-watchos/WKWebViewJavascriptBridge-t.build/Objects-normal/arm64/WKWebViewJavascriptBridge-OutputFileMap.json -save-temps -no-color-diagnostics -explicit-module-build -module-cache-path /Users/admin/builder/spi-builder-workspace/.derivedData/Build/Intermediates.noindex/SwiftExplicitPrecompiledModules -clang-scanner-module-cache-path /Users/admin/builder/spi-builder-workspace/.derivedData/ModuleCache.noindex -sdk-module-cache-path /Users/admin/builder/spi-builder-workspace/.derivedData/SDKExplicitPrecompiledModules -emit-dependencies -emit-module -emit-module-path /Users/admin/builder/spi-builder-workspace/.derivedData/Build/Intermediates.noindex/WKWebViewJavascriptBridge.build/Debug-watchos/WKWebViewJavascriptBridge-t.build/Objects-normal/arm64/WKWebViewJavascriptBridge.swiftmodule -serialize-diagnostics -dependency-scan-serialize-diagnostics-path /Users/admin/builder/spi-builder-workspace/.derivedData/Build/Intermediates.noindex/WKWebViewJavascriptBridge.build/Debug-watchos/WKWebViewJavascriptBridge-t.build/Objects-normal/arm64/WKWebViewJavascriptBridge-dependency-scan.dia -validate-clang-modules-once -clang-build-session-file /Users/admin/builder/spi-builder-workspace/.derivedData/ModuleCache.noindex/Session.modulevalidation -Xcc -fmodules-prune-interval\=86400 -Xcc -fmodules-prune-after\=345600 -emit-const-values -const-gather-protocols-list /Users/admin/builder/spi-builder-workspace/.derivedData/Build/Intermediates.noindex/WKWebViewJavascriptBridge.build/Debug-watchos/WKWebViewJavascriptBridge-t.build/Objects-normal/arm64/WKWebViewJavascriptBridge_const_extract_protocols.json -Xcc -I/Users/admin/builder/spi-builder-workspace/.derivedData/Build/Products/Debug-watchos/include -Xcc -I/Users/admin/builder/spi-builder-workspace/.derivedData/Build/Intermediates.noindex/WKWebViewJavascriptBridge.build/Debug-watchos/WKWebViewJavascriptBridge-t.build/DerivedSources-normal/arm64 -Xcc -I/Users/admin/builder/spi-builder-workspace/.derivedData/Build/Intermediates.noindex/WKWebViewJavascriptBridge.build/Debug-watchos/WKWebViewJavascriptBridge-t.build/DerivedSources/arm64 -Xcc -I/Users/admin/builder/spi-builder-workspace/.derivedData/Build/Intermediates.noindex/WKWebViewJavascriptBridge.build/Debug-watchos/WKWebViewJavascriptBridge-t.build/DerivedSources -Xcc -DSWIFT_PACKAGE -Xcc -DDEBUG\=1 -emit-objc-header -emit-objc-header-path /Users/admin/builder/spi-builder-workspace/.derivedData/Build/Intermediates.noindex/WKWebViewJavascriptBridge.build/Debug-watchos/WKWebViewJavascriptBridge-t.build/Objects-normal/arm64/WKWebViewJavascriptBridge-Swift.h -working-directory /Users/admin/builder/spi-builder-workspace/.swiftpm/xcode -experimental-emit-module-separately -disable-cmo
/Users/admin/builder/spi-builder-workspace/WKWebViewJavascriptBridge/WKWebViewJavascriptBridge.swift:10:8: error: Unable to resolve module dependency: 'WebKit' (in target 'WKWebViewJavascriptBridge' from project 'WKWebViewJavascriptBridge')
    note: A dependency of main module 'WKWebViewJavascriptBridge'
/Users/admin/builder/spi-builder-workspace/WKWebViewJavascriptBridge/WKWebViewJavascriptBridge.swift:10:8: note: A dependency of main module 'WKWebViewJavascriptBridge'
import WebKit
       ^ (in target 'WKWebViewJavascriptBridge' from project 'WKWebViewJavascriptBridge')
PruneExplicitPrecompiledModules /Users/admin/builder/spi-builder-workspace/.derivedData/SDKExplicitPrecompiledModules
PruneExplicitPrecompiledModules /Users/admin/builder/spi-builder-workspace/.derivedData/Build/Intermediates.noindex/ExplicitPrecompiledModules
PruneExplicitPrecompiledModules /Users/admin/builder/spi-builder-workspace/.derivedData/Build/Intermediates.noindex/SwiftExplicitPrecompiledModules
2026-09-18 18:31:28.473 xcodebuild[712:4617] [MT] IDERunDestination: Supported platforms for the buildables in the current scheme is empty.
** BUILD FAILED **
The following build commands failed:
	SwiftDriver WKWebViewJavascriptBridge normal arm64_32 com.apple.xcode.tools.swift.compiler (in target 'WKWebViewJavascriptBridge' from project 'WKWebViewJavascriptBridge')
	SwiftDriver WKWebViewJavascriptBridge normal arm64 com.apple.xcode.tools.swift.compiler (in target 'WKWebViewJavascriptBridge' from project 'WKWebViewJavascriptBridge')
	Building workspace WKWebViewJavascriptBridge with scheme WKWebViewJavascriptBridge
(3 failures)
BUILD FAILURE 6.4 watchOS