The Swift Package Index logo.Swift Package Index

Build Information

Failed to build StepperView, reference 2.0.3 (957ef8), with Swift 6.4 for tvOS using Xcode 27.0 on 24 Sep 2026 06:01:51 UTC.

Build Command

No build command. This typically means the build failed at an early stage where we determine the build command.

Build Log

========================================
RunAll
========================================
Builder version: 5.1.0
Interrupt handler set up.
========================================
Checkout
========================================
Clone URL: https://github.com/badrinathvm/StepperView.git
Reference: 2.0.3
Initialized empty Git repository in /Users/admin/builder/spi-builder-workspace/.git/
From https://github.com/badrinathvm/StepperView
 * tag               2.0.3      -> FETCH_HEAD
HEAD is now at 957ef8c Fix for tools not showing up in the StepperViewMCP
Cloned https://github.com/badrinathvm/StepperView.git
Revision (git rev-parse @):
957ef8c18a9dac76a1ccd96ed85e9dc01e96421a
SUCCESS checkout https://github.com/badrinathvm/StepperView.git at 2.0.3
========================================
Build
========================================
Selected platform:         tvOS
Swift version:             6.4
Building package at path:  $PWD
https://github.com/badrinathvm/StepperView.git
Command line invocation:
    /Applications/Xcode-27.0.0-Release.Candidate.app/Contents/Developer/usr/bin/xcodebuild -IDEClonedSourcePackagesDirPathOverride=/Users/admin/builder/spi-builder-workspace/.dependencies -resolvePackageDependencies
2026-09-24 02:01:50.605 xcodebuild[529:3053] Writing error result bundle to /var/folders/xq/y_g06wb113726d38xsyx71_h0000gn/T/ResultBundle_2026-24-09_02-01-0050.xcresult
xcodebuild: error: '_Pods.xcodeproj' does not exist.
Command line invocation:
    /Applications/Xcode-27.0.0-Release.Candidate.app/Contents/Developer/usr/bin/xcodebuild -IDEClonedSourcePackagesDirPathOverride=/Users/admin/builder/spi-builder-workspace/.dependencies -resolvePackageDependencies
2026-09-24 02:01:51.669 xcodebuild[539:3134] Writing error result bundle to /var/folders/xq/y_g06wb113726d38xsyx71_h0000gn/T/ResultBundle_2026-24-09_02-01-0051.xcresult
xcodebuild: error: '_Pods.xcodeproj' does not exist.
BUILD FAILURE 6.4 tvOS