The Swift Package Index logo.Swift Package Index

Build Information

Failed to build Netto, reference main (b069b1), with Swift 6.4 for Wasm on 26 Sep 2026 01:47:58 UTC.

Build Command

bash -c docker run --pull=always --rm -v "checkouts-54344845-0":/host -w "$PWD" -e JAVA_HOME="/root/.sdkman/candidates/java/current" -e SPI_BUILD="1" -e SPI_PROCESSING="1" registry.gitlab.com/saguaro1/spi-images:wasm-6.4-latest swift build --swift-sdk swift-6.4.x-DEVELOPMENT-SNAPSHOT-2026-09-04-a_wasm 2>&1

Build Log

========================================
RunAll
========================================
Builder version: 5.1.0
Interrupt handler set up.
========================================
Checkout
========================================
Clone URL: https://github.com/Wassimbouabid/Netto.git
Reference: main
Initialized empty Git repository in /host/spi-builder-workspace/.git/
hint: Using 'master' as the name for the initial branch. This default branch name
hint: is subject to change. To configure the initial branch name to use in all
hint: of your new repositories, which will suppress this warning, call:
hint:
hint: 	git config --global init.defaultBranch <name>
hint:
hint: Names commonly chosen instead of 'master' are 'main', 'trunk' and
hint: 'development'. The just-created branch can be renamed via this command:
hint:
hint: 	git branch -m <name>
From https://github.com/Wassimbouabid/Netto
 * branch            main       -> FETCH_HEAD
 * [new branch]      main       -> origin/main
HEAD is now at b069b1d add: Netto logo asset
Cloned https://github.com/Wassimbouabid/Netto.git
Revision (git rev-parse @):
b069b1dcea1b7abe31ccf01d92239ded1f04a528
SUCCESS checkout https://github.com/Wassimbouabid/Netto.git at main
========================================
Build
========================================
Selected platform:         wasm
Swift version:             6.4
Building package at path:  $PWD
https://github.com/Wassimbouabid/Netto.git
Running build ...
bash -c docker run --pull=always --rm -v "checkouts-54344845-0":/host -w "$PWD" -e JAVA_HOME="/root/.sdkman/candidates/java/current" -e SPI_BUILD="1" -e SPI_PROCESSING="1" registry.gitlab.com/saguaro1/spi-images:wasm-6.4-latest swift build --swift-sdk swift-6.4.x-DEVELOPMENT-SNAPSHOT-2026-09-04-a_wasm 2>&1
wasm-6.4-latest: Pulling from saguaro1/spi-images
Digest: sha256:4328fdb43c680d205c1d6761b1e3267aa38277eefdda9ddfb17b6a0f1a77857a
Status: Image is up to date for registry.gitlab.com/saguaro1/spi-images:wasm-6.4-latest
Fetching https://github.com/Alamofire/Alamofire.git
Fetching https://github.com/CocoaLumberjack/CocoaLumberjack.git
[1/19151] Fetching cocoalumberjack
Fetched https://github.com/CocoaLumberjack/CocoaLumberjack.git (0.83s)
[1/32894] Fetching alamofire
Fetched https://github.com/Alamofire/Alamofire.git (2.21s)
Computing version for https://github.com/CocoaLumberjack/CocoaLumberjack.git
Computed https://github.com/CocoaLumberjack/CocoaLumberjack.git at 3.10.0 (2.40s)
Fetching https://github.com/apple/swift-log
[1/8165] Fetching swift-log
Fetched https://github.com/apple/swift-log (0.56s)
Computing version for https://github.com/apple/swift-log
Computed https://github.com/apple/swift-log at 1.15.1 (0.76s)
Computing version for https://github.com/Alamofire/Alamofire.git
Computed https://github.com/Alamofire/Alamofire.git at 5.12.2 (0.16s)
Creating working copy for https://github.com/CocoaLumberjack/CocoaLumberjack.git
Working copy of https://github.com/CocoaLumberjack/CocoaLumberjack.git resolved at 3.10.0
Creating working copy for https://github.com/apple/swift-log
Working copy of https://github.com/apple/swift-log resolved at 1.15.1
Creating working copy for https://github.com/Alamofire/Alamofire.git
Working copy of https://github.com/Alamofire/Alamofire.git resolved at 5.12.2
Building for debugging...
[Provisioning 2 / 11]
[Pre-planning 1 / 244]
[Starting]
In file included from <built-in>:1:
/host/spi-builder-workspace/.build/out/Intermediates.noindex/CocoaLumberjack.build/Debug-webassembly-wasm32/CocoaLumberjack-t.build/DerivedSources/resource_bundle_accessor.h:1:9: fatal error: 'Foundation/Foundation.h' file not found
    1 | #import <Foundation/Foundation.h>
      |         ^~~~~~~~~~~~~~~~~~~~~~~~~
1 error generated.
error: CompileC /host/spi-builder-workspace/.build/out/Intermediates.noindex/CocoaLumberjack.build/Debug-webassembly-wasm32/CocoaLumberjack-t.build/Objects-normal/wasm32/DDOSLogger.o /host/spi-builder-workspace/.build/checkouts/CocoaLumberjack/Sources/CocoaLumberjack/DDOSLogger.m normal wasm32 objective-c com.apple.compilers.llvm.clang.1_0.compiler failed with a nonzero exit code. Command line:     cd /host

    Using response file: /host/spi-builder-workspace/.build/out/Intermediates.noindex/CocoaLumberjack.build/Debug-webassembly-wasm32/CocoaLumberjack-t.build/Objects-normal/wasm32/6f95552a3397ee1cec971b90cf334075d5f321c3a3b0689ad55c3d1e24702600-common-args.resp

    /usr/bin/clang -x objective-c -target wasm32-unknown-wasip1 -fmessage-length\=0 -fdiagnostics-show-note-include-stack -fmacro-backtrace-limit\=0 -fcolor-diagnostics -Wno-trigraphs -Wno-missing-field-initializers -Wno-missing-prototypes -Wno-return-type -Wno-implicit-atomic-properties -Wno-objc-interface-ivars -Wno-arc-repeated-use-of-weak -Wno-missing-braces -Wparentheses -Wswitch -Wno-unused-function -Wno-unused-label -Wno-unused-parameter -Wno-unused-variable -Wunused-value -Wno-empty-body -Wno-uninitialized -Wno-unknown-pragmas -w -Wno-shadow -Wno-four-char-constants -Wno-conversion -Wno-constant-conversion -Wno-int-conversion -Wno-bool-conversion -Wno-enum-conversion -Wno-float-conversion -Wno-non-literal-null-conversion -Wno-objc-literal-conversion -Wno-shorten-64-to-32 -Wpointer-sign -Wno-newline-eof -Wno-selector -Wno-strict-selector-match -Wno-undeclared-selector -Wno-deprecated-implementations -Wno-implicit-fallthrough -fstrict-aliasing -Wprotocol -Wdeprecated-declarations -Wno-sign-conversion -Wno-infinite-recursion -Wno-comma -Wno-block-capture-autoreleasing -Wno-strict-prototypes -Wno-semicolon-before-method-body --sysroot /root/.swiftpm/swift-sdks/swift-6.4.x-DEVELOPMENT-SNAPSHOT-2026-09-04-a_wasm.artifactbundle/swift-6.4.x-DEVELOPMENT-SNAPSHOT-2026-09-04-a_wasm/wasm32-unknown-wasip1/WASI.sdk @/host/spi-builder-workspace/.build/out/Intermediates.noindex/CocoaLumberjack.build/Debug-webassembly-wasm32/CocoaLumberjack-t.build/Objects-normal/wasm32/6f95552a3397ee1cec971b90cf334075d5f321c3a3b0689ad55c3d1e24702600-common-args.resp -include /host/spi-builder-workspace/.build/out/Intermediates.noindex/CocoaLumberjack.build/Debug-webassembly-wasm32/CocoaLumberjack-t.build/DerivedSources/resource_bundle_accessor.h -MMD -MT dependencies -MF /host/spi-builder-workspace/.build/out/Intermediates.noindex/CocoaLumberjack.build/Debug-webassembly-wasm32/CocoaLumberjack-t.build/Objects-normal/wasm32/DDOSLogger.d --serialize-diagnostics /host/spi-builder-workspace/.build/out/Intermediates.noindex/CocoaLumberjack.build/Debug-webassembly-wasm32/CocoaLumberjack-t.build/Objects-normal/wasm32/DDOSLogger.dia -c /host/spi-builder-workspace/.build/checkouts/CocoaLumberjack/Sources/CocoaLumberjack/DDOSLogger.m -o /host/spi-builder-workspace/.build/out/Intermediates.noindex/CocoaLumberjack.build/Debug-webassembly-wasm32/CocoaLumberjack-t.build/Objects-normal/wasm32/DDOSLogger.o
In file included from <built-in>:1:
/host/spi-builder-workspace/.build/out/Intermediates.noindex/CocoaLumberjack.build/Debug-webassembly-wasm32/CocoaLumberjack-t.build/DerivedSources/resource_bundle_accessor.h:1:9: fatal error: 'Foundation/Foundation.h' file not found
    1 | #import <Foundation/Foundation.h>
      |         ^~~~~~~~~~~~~~~~~~~~~~~~~
1 error generated.
error: CompileC /host/spi-builder-workspace/.build/out/Intermediates.noindex/CocoaLumberjack.build/Debug-webassembly-wasm32/CocoaLumberjack-t.build/Objects-normal/wasm32/resource_bundle_accessor.o /host/spi-builder-workspace/.build/out/Intermediates.noindex/CocoaLumberjack.build/Debug-webassembly-wasm32/CocoaLumberjack-t.build/DerivedSources/resource_bundle_accessor.m normal wasm32 objective-c com.apple.compilers.llvm.clang.1_0.compiler failed with a nonzero exit code. Command line:     cd /host

    Using response file: /host/spi-builder-workspace/.build/out/Intermediates.noindex/CocoaLumberjack.build/Debug-webassembly-wasm32/CocoaLumberjack-t.build/Objects-normal/wasm32/6f95552a3397ee1cec971b90cf334075d5f321c3a3b0689ad55c3d1e24702600-common-args.resp

    /usr/bin/clang -x objective-c -target wasm32-unknown-wasip1 -fmessage-length\=0 -fdiagnostics-show-note-include-stack -fmacro-backtrace-limit\=0 -fcolor-diagnostics -Wno-trigraphs -Wno-missing-field-initializers -Wno-missing-prototypes -Wno-return-type -Wno-implicit-atomic-properties -Wno-objc-interface-ivars -Wno-arc-repeated-use-of-weak -Wno-missing-braces -Wparentheses -Wswitch -Wno-unused-function -Wno-unused-label -Wno-unused-parameter -Wno-unused-variable -Wunused-value -Wno-empty-body -Wno-uninitialized -Wno-unknown-pragmas -w -Wno-shadow -Wno-four-char-constants -Wno-conversion -Wno-constant-conversion -Wno-int-conversion -Wno-bool-conversion -Wno-enum-conversion -Wno-float-conversion -Wno-non-literal-null-conversion -Wno-objc-literal-conversion -Wno-shorten-64-to-32 -Wpointer-sign -Wno-newline-eof -Wno-selector -Wno-strict-selector-match -Wno-undeclared-selector -Wno-deprecated-implementations -Wno-implicit-fallthrough -fstrict-aliasing -Wprotocol -Wdeprecated-declarations -Wno-sign-conversion -Wno-infinite-recursion -Wno-comma -Wno-block-capture-autoreleasing -Wno-strict-prototypes -Wno-semicolon-before-method-body --sysroot /root/.swiftpm/swift-sdks/swift-6.4.x-DEVELOPMENT-SNAPSHOT-2026-09-04-a_wasm.artifactbundle/swift-6.4.x-DEVELOPMENT-SNAPSHOT-2026-09-04-a_wasm/wasm32-unknown-wasip1/WASI.sdk @/host/spi-builder-workspace/.build/out/Intermediates.noindex/CocoaLumberjack.build/Debug-webassembly-wasm32/CocoaLumberjack-t.build/Objects-normal/wasm32/6f95552a3397ee1cec971b90cf334075d5f321c3a3b0689ad55c3d1e24702600-common-args.resp -include /host/spi-builder-workspace/.build/out/Intermediates.noindex/CocoaLumberjack.build/Debug-webassembly-wasm32/CocoaLumberjack-t.build/DerivedSources/resource_bundle_accessor.h -MMD -MT dependencies -MF /host/spi-builder-workspace/.build/out/Intermediates.noindex/CocoaLumberjack.build/Debug-webassembly-wasm32/CocoaLumberjack-t.build/Objects-normal/wasm32/resource_bundle_accessor.d --serialize-diagnostics /host/spi-builder-workspace/.build/out/Intermediates.noindex/CocoaLumberjack.build/Debug-webassembly-wasm32/CocoaLumberjack-t.build/Objects-normal/wasm32/resource_bundle_accessor.dia -c /host/spi-builder-workspace/.build/out/Intermediates.noindex/CocoaLumberjack.build/Debug-webassembly-wasm32/CocoaLumberjack-t.build/DerivedSources/resource_bundle_accessor.m -o /host/spi-builder-workspace/.build/out/Intermediates.noindex/CocoaLumberjack.build/Debug-webassembly-wasm32/CocoaLumberjack-t.build/Objects-normal/wasm32/resource_bundle_accessor.o
In file included from <built-in>:1:
/host/spi-builder-workspace/.build/out/Intermediates.noindex/CocoaLumberjack.build/Debug-webassembly-wasm32/CocoaLumberjack-t.build/DerivedSources/resource_bundle_accessor.h:1:9: fatal error: 'Foundation/Foundation.h' file not found
    1 | #import <Foundation/Foundation.h>
      |         ^~~~~~~~~~~~~~~~~~~~~~~~~
1 error generated.
error: CompileC /host/spi-builder-workspace/.build/out/Intermediates.noindex/CocoaLumberjack.build/Debug-webassembly-wasm32/CocoaLumberjack-t.build/Objects-normal/wasm32/DDMultiFormatter.o /host/spi-builder-workspace/.build/checkouts/CocoaLumberjack/Sources/CocoaLumberjack/Extensions/DDMultiFormatter.m normal wasm32 objective-c com.apple.compilers.llvm.clang.1_0.compiler failed with a nonzero exit code. Command line:     cd /host

    Using response file: /host/spi-builder-workspace/.build/out/Intermediates.noindex/CocoaLumberjack.build/Debug-webassembly-wasm32/CocoaLumberjack-t.build/Objects-normal/wasm32/6f95552a3397ee1cec971b90cf334075d5f321c3a3b0689ad55c3d1e24702600-common-args.resp

    /usr/bin/clang -x objective-c -target wasm32-unknown-wasip1 -fmessage-length\=0 -fdiagnostics-show-note-include-stack -fmacro-backtrace-limit\=0 -fcolor-diagnostics -Wno-trigraphs -Wno-missing-field-initializers -Wno-missing-prototypes -Wno-return-type -Wno-implicit-atomic-properties -Wno-objc-interface-ivars -Wno-arc-repeated-use-of-weak -Wno-missing-braces -Wparentheses -Wswitch -Wno-unused-function -Wno-unused-label -Wno-unused-parameter -Wno-unused-variable -Wunused-value -Wno-empty-body -Wno-uninitialized -Wno-unknown-pragmas -w -Wno-shadow -Wno-four-char-constants -Wno-conversion -Wno-constant-conversion -Wno-int-conversion -Wno-bool-conversion -Wno-enum-conversion -Wno-float-conversion -Wno-non-literal-null-conversion -Wno-objc-literal-conversion -Wno-shorten-64-to-32 -Wpointer-sign -Wno-newline-eof -Wno-selector -Wno-strict-selector-match -Wno-undeclared-selector -Wno-deprecated-implementations -Wno-implicit-fallthrough -fstrict-aliasing -Wprotocol -Wdeprecated-declarations -Wno-sign-conversion -Wno-infinite-recursion -Wno-comma -Wno-block-capture-autoreleasing -Wno-strict-prototypes -Wno-semicolon-before-method-body --sysroot /root/.swiftpm/swift-sdks/swift-6.4.x-DEVELOPMENT-SNAPSHOT-2026-09-04-a_wasm.artifactbundle/swift-6.4.x-DEVELOPMENT-SNAPSHOT-2026-09-04-a_wasm/wasm32-unknown-wasip1/WASI.sdk @/host/spi-builder-workspace/.build/out/Intermediates.noindex/CocoaLumberjack.build/Debug-webassembly-wasm32/CocoaLumberjack-t.build/Objects-normal/wasm32/6f95552a3397ee1cec971b90cf334075d5f321c3a3b0689ad55c3d1e24702600-common-args.resp -include /host/spi-builder-workspace/.build/out/Intermediates.noindex/CocoaLumberjack.build/Debug-webassembly-wasm32/CocoaLumberjack-t.build/DerivedSources/resource_bundle_accessor.h -MMD -MT dependencies -MF /host/spi-builder-workspace/.build/out/Intermediates.noindex/CocoaLumberjack.build/Debug-webassembly-wasm32/CocoaLumberjack-t.build/Objects-normal/wasm32/DDMultiFormatter.d --serialize-diagnostics /host/spi-builder-workspace/.build/out/Intermediates.noindex/CocoaLumberjack.build/Debug-webassembly-wasm32/CocoaLumberjack-t.build/Objects-normal/wasm32/DDMultiFormatter.dia -c /host/spi-builder-workspace/.build/checkouts/CocoaLumberjack/Sources/CocoaLumberjack/Extensions/DDMultiFormatter.m -o /host/spi-builder-workspace/.build/out/Intermediates.noindex/CocoaLumberjack.build/Debug-webassembly-wasm32/CocoaLumberjack-t.build/Objects-normal/wasm32/DDMultiFormatter.o
In file included from <built-in>:1:
/host/spi-builder-workspace/.build/out/Intermediates.noindex/CocoaLumberjack.build/Debug-webassembly-wasm32/CocoaLumberjack-t.build/DerivedSources/resource_bundle_accessor.h:1:9: fatal error: 'Foundation/Foundation.h' file not found
    1 | #import <Foundation/Foundation.h>
      |         ^~~~~~~~~~~~~~~~~~~~~~~~~
1 error generated.
error: CompileC /host/spi-builder-workspace/.build/out/Intermediates.noindex/CocoaLumberjack.build/Debug-webassembly-wasm32/CocoaLumberjack-t.build/Objects-normal/wasm32/DDLoggerNames.o /host/spi-builder-workspace/.build/checkouts/CocoaLumberjack/Sources/CocoaLumberjack/DDLoggerNames.m normal wasm32 objective-c com.apple.compilers.llvm.clang.1_0.compiler failed with a nonzero exit code. Command line:     cd /host

    Using response file: /host/spi-builder-workspace/.build/out/Intermediates.noindex/CocoaLumberjack.build/Debug-webassembly-wasm32/CocoaLumberjack-t.build/Objects-normal/wasm32/6f95552a3397ee1cec971b90cf334075d5f321c3a3b0689ad55c3d1e24702600-common-args.resp

    /usr/bin/clang -x objective-c -target wasm32-unknown-wasip1 -fmessage-length\=0 -fdiagnostics-show-note-include-stack -fmacro-backtrace-limit\=0 -fcolor-diagnostics -Wno-trigraphs -Wno-missing-field-initializers -Wno-missing-prototypes -Wno-return-type -Wno-implicit-atomic-properties -Wno-objc-interface-ivars -Wno-arc-repeated-use-of-weak -Wno-missing-braces -Wparentheses -Wswitch -Wno-unused-function -Wno-unused-label -Wno-unused-parameter -Wno-unused-variable -Wunused-value -Wno-empty-body -Wno-uninitialized -Wno-unknown-pragmas -w -Wno-shadow -Wno-four-char-constants -Wno-conversion -Wno-constant-conversion -Wno-int-conversion -Wno-bool-conversion -Wno-enum-conversion -Wno-float-conversion -Wno-non-literal-null-conversion -Wno-objc-literal-conversion -Wno-shorten-64-to-32 -Wpointer-sign -Wno-newline-eof -Wno-selector -Wno-strict-selector-match -Wno-undeclared-selector -Wno-deprecated-implementations -Wno-implicit-fallthrough -fstrict-aliasing -Wprotocol -Wdeprecated-declarations -Wno-sign-conversion -Wno-infinite-recursion -Wno-comma -Wno-block-capture-autoreleasing -Wno-strict-prototypes -Wno-semicolon-before-method-body --sysroot /root/.swiftpm/swift-sdks/swift-6.4.x-DEVELOPMENT-SNAPSHOT-2026-09-04-a_wasm.artifactbundle/swift-6.4.x-DEVELOPMENT-SNAPSHOT-2026-09-04-a_wasm/wasm32-unknown-wasip1/WASI.sdk @/host/spi-builder-workspace/.build/out/Intermediates.noindex/CocoaLumberjack.build/Debug-webassembly-wasm32/CocoaLumberjack-t.build/Objects-normal/wasm32/6f95552a3397ee1cec971b90cf334075d5f321c3a3b0689ad55c3d1e24702600-common-args.resp -include /host/spi-builder-workspace/.build/out/Intermediates.noindex/CocoaLumberjack.build/Debug-webassembly-wasm32/CocoaLumberjack-t.build/DerivedSources/resource_bundle_accessor.h -MMD -MT dependencies -MF /host/spi-builder-workspace/.build/out/Intermediates.noindex/CocoaLumberjack.build/Debug-webassembly-wasm32/CocoaLumberjack-t.build/Objects-normal/wasm32/DDLoggerNames.d --serialize-diagnostics /host/spi-builder-workspace/.build/out/Intermediates.noindex/CocoaLumberjack.build/Debug-webassembly-wasm32/CocoaLumberjack-t.build/Objects-normal/wasm32/DDLoggerNames.dia -c /host/spi-builder-workspace/.build/checkouts/CocoaLumberjack/Sources/CocoaLumberjack/DDLoggerNames.m -o /host/spi-builder-workspace/.build/out/Intermediates.noindex/CocoaLumberjack.build/Debug-webassembly-wasm32/CocoaLumberjack-t.build/Objects-normal/wasm32/DDLoggerNames.o
In file included from <built-in>:1:
/host/spi-builder-workspace/.build/out/Intermediates.noindex/CocoaLumberjack.build/Debug-webassembly-wasm32/CocoaLumberjack-t.build/DerivedSources/resource_bundle_accessor.h:1:9: fatal error: 'Foundation/Foundation.h' file not found
    1 | #import <Foundation/Foundation.h>
      |         ^~~~~~~~~~~~~~~~~~~~~~~~~
1 error generated.
error: CompileC /host/spi-builder-workspace/.build/out/Intermediates.noindex/CocoaLumberjack.build/Debug-webassembly-wasm32/CocoaLumberjack-t.build/Objects-normal/wasm32/DDTTYLogger.o /host/spi-builder-workspace/.build/checkouts/CocoaLumberjack/Sources/CocoaLumberjack/DDTTYLogger.m normal wasm32 objective-c com.apple.compilers.llvm.clang.1_0.compiler failed with a nonzero exit code. Command line:     cd /host

    Using response file: /host/spi-builder-workspace/.build/out/Intermediates.noindex/CocoaLumberjack.build/Debug-webassembly-wasm32/CocoaLumberjack-t.build/Objects-normal/wasm32/6f95552a3397ee1cec971b90cf334075d5f321c3a3b0689ad55c3d1e24702600-common-args.resp

    /usr/bin/clang -x objective-c -target wasm32-unknown-wasip1 -fmessage-length\=0 -fdiagnostics-show-note-include-stack -fmacro-backtrace-limit\=0 -fcolor-diagnostics -Wno-trigraphs -Wno-missing-field-initializers -Wno-missing-prototypes -Wno-return-type -Wno-implicit-atomic-properties -Wno-objc-interface-ivars -Wno-arc-repeated-use-of-weak -Wno-missing-braces -Wparentheses -Wswitch -Wno-unused-function -Wno-unused-label -Wno-unused-parameter -Wno-unused-variable -Wunused-value -Wno-empty-body -Wno-uninitialized -Wno-unknown-pragmas -w -Wno-shadow -Wno-four-char-constants -Wno-conversion -Wno-constant-conversion -Wno-int-conversion -Wno-bool-conversion -Wno-enum-conversion -Wno-float-conversion -Wno-non-literal-null-conversion -Wno-objc-literal-conversion -Wno-shorten-64-to-32 -Wpointer-sign -Wno-newline-eof -Wno-selector -Wno-strict-selector-match -Wno-undeclared-selector -Wno-deprecated-implementations -Wno-implicit-fallthrough -fstrict-aliasing -Wprotocol -Wdeprecated-declarations -Wno-sign-conversion -Wno-infinite-recursion -Wno-comma -Wno-block-capture-autoreleasing -Wno-strict-prototypes -Wno-semicolon-before-method-body --sysroot /root/.swiftpm/swift-sdks/swift-6.4.x-DEVELOPMENT-SNAPSHOT-2026-09-04-a_wasm.artifactbundle/swift-6.4.x-DEVELOPMENT-SNAPSHOT-2026-09-04-a_wasm/wasm32-unknown-wasip1/WASI.sdk @/host/spi-builder-workspace/.build/out/Intermediates.noindex/CocoaLumberjack.build/Debug-webassembly-wasm32/CocoaLumberjack-t.build/Objects-normal/wasm32/6f95552a3397ee1cec971b90cf334075d5f321c3a3b0689ad55c3d1e24702600-common-args.resp -include /host/spi-builder-workspace/.build/out/Intermediates.noindex/CocoaLumberjack.build/Debug-webassembly-wasm32/CocoaLumberjack-t.build/DerivedSources/resource_bundle_accessor.h -MMD -MT dependencies -MF /host/spi-builder-workspace/.build/out/Intermediates.noindex/CocoaLumberjack.build/Debug-webassembly-wasm32/CocoaLumberjack-t.build/Objects-normal/wasm32/DDTTYLogger.d --serialize-diagnostics /host/spi-builder-workspace/.build/out/Intermediates.noindex/CocoaLumberjack.build/Debug-webassembly-wasm32/CocoaLumberjack-t.build/Objects-normal/wasm32/DDTTYLogger.dia -c /host/spi-builder-workspace/.build/checkouts/CocoaLumberjack/Sources/CocoaLumberjack/DDTTYLogger.m -o /host/spi-builder-workspace/.build/out/Intermediates.noindex/CocoaLumberjack.build/Debug-webassembly-wasm32/CocoaLumberjack-t.build/Objects-normal/wasm32/DDTTYLogger.o
error: Build failed
BUILD FAILURE 6.4 wasm