The Swift Package Index logo.Swift Package Index

Build Information

Failed to build swift-weather, reference main (e8c5e4), with Swift 6.4 for Wasm on 23 Sep 2026 18:33:38 UTC.

Build Command

bash -c docker run --pull=always --rm -v "checkouts-54344843-0":/host -w "$PWD" -e JAVA_HOME="/root/.sdkman/candidates/java/current" -e SPI_BUILD="1" -e SPI_PROCESSING="1" registry.gitlab.com/saguaro1/spi-images:wasm-6.4-latest swift build --swift-sdk swift-6.4.x-DEVELOPMENT-SNAPSHOT-2026-09-04-a_wasm 2>&1

Build Log

========================================
RunAll
========================================
Builder version: 5.1.0
Interrupt handler set up.
========================================
Checkout
========================================
Clone URL: https://github.com/CorvidLabs/swift-weather.git
Reference: main
Initialized empty Git repository in /host/spi-builder-workspace/.git/
hint: Using 'master' as the name for the initial branch. This default branch name
hint: is subject to change. To configure the initial branch name to use in all
hint: of your new repositories, which will suppress this warning, call:
hint:
hint: 	git config --global init.defaultBranch <name>
hint:
hint: Names commonly chosen instead of 'master' are 'main', 'trunk' and
hint: 'development'. The just-created branch can be renamed via this command:
hint:
hint: 	git branch -m <name>
From https://github.com/CorvidLabs/swift-weather
 * branch            main       -> FETCH_HEAD
 * [new branch]      main       -> origin/main
HEAD is now at e8c5e47 Chore: pin Trust 1.2.1 (#9)
Cloned https://github.com/CorvidLabs/swift-weather.git
Revision (git rev-parse @):
e8c5e472e2d0071969526d6f2758d82318f1c5e2
SUCCESS checkout https://github.com/CorvidLabs/swift-weather.git at main
========================================
Build
========================================
Selected platform:         wasm
Swift version:             6.4
Building package at path:  $PWD
https://github.com/CorvidLabs/swift-weather.git
Running build ...
bash -c docker run --pull=always --rm -v "checkouts-54344843-0":/host -w "$PWD" -e JAVA_HOME="/root/.sdkman/candidates/java/current" -e SPI_BUILD="1" -e SPI_PROCESSING="1" registry.gitlab.com/saguaro1/spi-images:wasm-6.4-latest swift build --swift-sdk swift-6.4.x-DEVELOPMENT-SNAPSHOT-2026-09-04-a_wasm 2>&1
wasm-6.4-latest: Pulling from saguaro1/spi-images
Digest: sha256:4328fdb43c680d205c1d6761b1e3267aa38277eefdda9ddfb17b6a0f1a77857a
Status: Image is up to date for registry.gitlab.com/saguaro1/spi-images:wasm-6.4-latest
Fetching https://github.com/CorvidLabs/swift-retry.git
Fetching https://github.com/swiftlang/swift-docc-plugin
[1/2345] Fetching swift-docc-plugin
Fetched https://github.com/swiftlang/swift-docc-plugin (1.05s)
[1/240] Fetching swift-retry
Fetched https://github.com/CorvidLabs/swift-retry.git (1.51s)
Computing version for https://github.com/CorvidLabs/swift-retry.git
Computed https://github.com/CorvidLabs/swift-retry.git at 0.1.0 (1.66s)
Computing version for https://github.com/swiftlang/swift-docc-plugin
Computed https://github.com/swiftlang/swift-docc-plugin at 1.5.0 (1.05s)
Fetching https://github.com/swiftlang/swift-docc-symbolkit
[1/3829] Fetching swift-docc-symbolkit
Fetched https://github.com/swiftlang/swift-docc-symbolkit (0.64s)
Computing version for https://github.com/swiftlang/swift-docc-symbolkit
Computed https://github.com/swiftlang/swift-docc-symbolkit at 1.0.0 (0.87s)
Creating working copy for https://github.com/swiftlang/swift-docc-plugin
Working copy of https://github.com/swiftlang/swift-docc-plugin resolved at 1.5.0
Creating working copy for https://github.com/swiftlang/swift-docc-symbolkit
Working copy of https://github.com/swiftlang/swift-docc-symbolkit resolved at 1.0.0
Creating working copy for https://github.com/CorvidLabs/swift-retry.git
Working copy of https://github.com/CorvidLabs/swift-retry.git resolved at 0.1.0
Building for debugging...
[Pre-planning 1 / 96]
[23 / 38] Retry
[32 / 47] Retry
[33 / 47] Retry
error: SwiftCompile normal wasm32 /host/spi-builder-workspace/Sources/Weather/Weather.swift failed with a nonzero exit code. Command line:     cd /host
    builtin-SwiftPerFileCompile Weather.swift
/host/spi-builder-workspace/Sources/Weather/Weather.swift:41:26: error: 'URLSession' is unavailable: This type has moved to the FoundationNetworking module. Import that module to use it.
 39 |
 40 |     /// The URL session for requests.
 41 |     private let session: URLSession
    |                          `- error: 'URLSession' is unavailable: This type has moved to the FoundationNetworking module. Import that module to use it.
 42 |
 43 |     /**
Foundation.URLSession:2:18: note: 'URLSession' has been explicitly marked unavailable here
1 | @available(*, unavailable, message: "This type has moved to the FoundationNetworking module. Import that module to use it.")
2 | public typealias URLSession = AnyObject
  |                  `- note: 'URLSession' has been explicitly marked unavailable here
/host/spi-builder-workspace/Sources/Weather/Weather.swift:51:18: error: 'URLSession' is unavailable: This type has moved to the FoundationNetworking module. Import that module to use it.
 49 |     public init(
 50 |         configuration: WeatherConfiguration,
 51 |         session: URLSession = .shared
    |                  `- error: 'URLSession' is unavailable: This type has moved to the FoundationNetworking module. Import that module to use it.
 52 |     ) {
 53 |         self.configuration = configuration
Foundation.URLSession:2:18: note: 'URLSession' has been explicitly marked unavailable here
1 | @available(*, unavailable, message: "This type has moved to the FoundationNetworking module. Import that module to use it.")
2 | public typealias URLSession = AnyObject
  |                  `- note: 'URLSession' has been explicitly marked unavailable here
/host/spi-builder-workspace/Sources/Weather/Weather.swift:51:32: error: type 'URLSession' (aka 'AnyObject') has no member 'shared'
 49 |     public init(
 50 |         configuration: WeatherConfiguration,
 51 |         session: URLSession = .shared
    |                                `- error: type 'URLSession' (aka 'AnyObject') has no member 'shared'
 52 |     ) {
 53 |         self.configuration = configuration
/host/spi-builder-workspace/Sources/Weather/Weather.swift:51:32: error: value of type '_' expected to be instance of class or class-constrained type
 49 |     public init(
 50 |         configuration: WeatherConfiguration,
 51 |         session: URLSession = .shared
    |                                `- error: value of type '_' expected to be instance of class or class-constrained type
 52 |     ) {
 53 |         self.configuration = configuration
/host/spi-builder-workspace/Sources/Weather/Weather.swift:69:18: error: 'URLSession' is unavailable: This type has moved to the FoundationNetworking module. Import that module to use it.
 67 |     public init(
 68 |         userAgent: String,
 69 |         session: URLSession = .shared
    |                  `- error: 'URLSession' is unavailable: This type has moved to the FoundationNetworking module. Import that module to use it.
 70 |     ) {
 71 |         self.init(
Foundation.URLSession:2:18: note: 'URLSession' has been explicitly marked unavailable here
1 | @available(*, unavailable, message: "This type has moved to the FoundationNetworking module. Import that module to use it.")
2 | public typealias URLSession = AnyObject
  |                  `- note: 'URLSession' has been explicitly marked unavailable here
/host/spi-builder-workspace/Sources/Weather/Weather.swift:69:32: error: type 'URLSession' (aka 'AnyObject') has no member 'shared'
 67 |     public init(
 68 |         userAgent: String,
 69 |         session: URLSession = .shared
    |                                `- error: type 'URLSession' (aka 'AnyObject') has no member 'shared'
 70 |     ) {
 71 |         self.init(
/host/spi-builder-workspace/Sources/Weather/Weather.swift:69:32: error: value of type '_' expected to be instance of class or class-constrained type
 67 |     public init(
 68 |         userAgent: String,
 69 |         session: URLSession = .shared
    |                                `- error: value of type '_' expected to be instance of class or class-constrained type
 70 |     ) {
 71 |         self.init(
Failed frontend command:
/usr/bin/swift-frontend -frontend -c /host/spi-builder-workspace/Sources/Weather/GeocodingService.swift /host/spi-builder-workspace/Sources/Weather/Models/CurrentWeather.swift /host/spi-builder-workspace/Sources/Weather/Models/Forecast.swift /host/spi-builder-workspace/Sources/Weather/Models/Location.swift /host/spi-builder-workspace/Sources/Weather/Models/Temperature.swift /host/spi-builder-workspace/Sources/Weather/Models/WeatherCondition.swift /host/spi-builder-workspace/Sources/Weather/Providers/NWSProvider.swift /host/spi-builder-workspace/Sources/Weather/Providers/OpenMeteoProvider.swift /host/spi-builder-workspace/Sources/Weather/Providers/WeatherProvider.swift -primary-file /host/spi-builder-workspace/Sources/Weather/Weather.swift /host/spi-builder-workspace/Sources/Weather/WeatherConfiguration.swift /host/spi-builder-workspace/Sources/Weather/WeatherError.swift -emit-dependencies-path /host/spi-builder-workspace/.build/out/Intermediates.noindex/swift-weather.build/Debug-webassembly-wasm32/Weather-t.build/Objects-normal/wasm32/Weather.d -emit-const-values-path /host/spi-builder-workspace/.build/out/Intermediates.noindex/swift-weather.build/Debug-webassembly-wasm32/Weather-t.build/Objects-normal/wasm32/Weather.swiftconstvalues -emit-reference-dependencies-path /host/spi-builder-workspace/.build/out/Intermediates.noindex/swift-weather.build/Debug-webassembly-wasm32/Weather-t.build/Objects-normal/wasm32/Weather.swiftdeps -serialize-diagnostics-path /host/spi-builder-workspace/.build/out/Intermediates.noindex/swift-weather.build/Debug-webassembly-wasm32/Weather-t.build/Objects-normal/wasm32/Weather.dia -target wasm32-unknown-wasip1 -disable-objc-interop -sdk /root/.swiftpm/swift-sdks/swift-6.4.x-DEVELOPMENT-SNAPSHOT-2026-09-04-a_wasm.artifactbundle/swift-6.4.x-DEVELOPMENT-SNAPSHOT-2026-09-04-a_wasm/wasm32-unknown-wasip1/WASI.sdk -sysroot /root/.swiftpm/swift-sdks/swift-6.4.x-DEVELOPMENT-SNAPSHOT-2026-09-04-a_wasm.artifactbundle/swift-6.4.x-DEVELOPMENT-SNAPSHOT-2026-09-04-a_wasm/wasm32-unknown-wasip1/WASI.sdk -I /host/spi-builder-workspace/.build/out/Products/Debug-webassembly-wasm32 -module-cache-path /host/spi-builder-workspace/.build/out/ModuleCache.noindex -color-diagnostics -Xcc -fcolor-diagnostics -enable-testing -g -debug-info-format\=dwarf -dwarf-version\=4 -swift-version 6 -Onone -D SWIFT_PACKAGE -D DEBUG -D SWIFT_MODULE_RESOURCE_BUNDLE_UNAVAILABLE -D Xcode -serialize-debugging-options -enable-experimental-feature DebugDescriptionMacro -empty-abi-descriptor -external-plugin-path /usr/lib/swift/host/plugins/testing\#/usr/bin/swift-plugin-server -validate-clang-modules-once -clang-build-session-file /host/spi-builder-workspace/.build/out/ModuleCache.noindex/Session.modulevalidation -Xcc -working-directory -Xcc /host -resource-dir /root/.swiftpm/swift-sdks/swift-6.4.x-DEVELOPMENT-SNAPSHOT-2026-09-04-a_wasm.artifactbundle/swift-6.4.x-DEVELOPMENT-SNAPSHOT-2026-09-04-a_wasm/wasm32-unknown-wasip1/swift.xctoolchain/usr/lib/swift_static -use-static-resource-dir -enable-anonymous-context-mangled-names -file-compilation-dir /host -Xcc -resource-dir -Xcc /root/.swiftpm/swift-sdks/swift-6.4.x-DEVELOPMENT-SNAPSHOT-2026-09-04-a_wasm.artifactbundle/swift-6.4.x-DEVELOPMENT-SNAPSHOT-2026-09-04-a_wasm/wasm32-unknown-wasip1/swift.xctoolchain/usr/lib/swift_static/clang -Xcc -D_LIBCPP_HARDENING_MODE\=_LIBCPP_HARDENING_MODE_DEBUG -Xcc -fmodules-prune-interval\=86400 -Xcc -fmodules-prune-after\=345600 -Xcc -I/host/spi-builder-workspace/.build/out/Products/Debug-webassembly-wasm32/include -Xcc -I/host/spi-builder-workspace/.build/out/Intermediates.noindex/swift-weather.build/Debug-webassembly-wasm32/Weather-t.build/DerivedSources-normal/wasm32 -Xcc -I/host/spi-builder-workspace/.build/out/Intermediates.noindex/swift-weather.build/Debug-webassembly-wasm32/Weather-t.build/DerivedSources/wasm32 -Xcc -I/host/spi-builder-workspace/.build/out/Intermediates.noindex/swift-weather.build/Debug-webassembly-wasm32/Weather-t.build/DerivedSources -Xcc -DSWIFT_PACKAGE -Xcc -DDEBUG\=1 -no-auto-bridging-header-chaining -module-name Weather -package-name spi_builder_workspace -const-gather-protocols-file /host/spi-builder-workspace/.build/out/Intermediates.noindex/swift-weather.build/Debug-webassembly-wasm32/Weather-t.build/Objects-normal/wasm32/Weather_const_extract_protocols.json -in-process-plugin-server-path /usr/lib/swift/host/libSwiftInProcPluginServer.so -plugin-path /usr/lib/swift/host/plugins -plugin-path /usr/local/lib/swift/host/plugins -parse-as-library -o /host/spi-builder-workspace/.build/out/Intermediates.noindex/swift-weather.build/Debug-webassembly-wasm32/Weather-t.build/Objects-normal/wasm32/Weather.o -index-unit-output-path /swift-weather.build/Debug-webassembly-wasm32/Weather-t.build/Objects-normal/wasm32/Weather.o -index-store-path /host/spi-builder-workspace/.build/out -index-system-modules
[46 / 57] Weather
error: SwiftCompile normal wasm32 /host/spi-builder-workspace/Sources/Weather/WeatherConfiguration.swift failed with a nonzero exit code. Command line:     cd /host
    builtin-SwiftPerFileCompile WeatherConfiguration.swift
/host/spi-builder-workspace/Sources/Weather/WeatherConfiguration.swift:100:55: error: 'URLSession' is unavailable: This type has moved to the FoundationNetworking module. Import that module to use it.
 98 |      - Returns: An array of weather providers in priority order.
 99 |      */
100 |     public func providers(userAgent: String, session: URLSession) -> [any WeatherProvider] {
    |                                                       `- error: 'URLSession' is unavailable: This type has moved to the FoundationNetworking module. Import that module to use it.
101 |         switch self {
102 |         case .automatic:
Foundation.URLSession:2:18: note: 'URLSession' has been explicitly marked unavailable here
1 | @available(*, unavailable, message: "This type has moved to the FoundationNetworking module. Import that module to use it.")
2 | public typealias URLSession = AnyObject
  |                  `- note: 'URLSession' has been explicitly marked unavailable here
Failed frontend command:
/usr/bin/swift-frontend -frontend -c /host/spi-builder-workspace/Sources/Weather/GeocodingService.swift /host/spi-builder-workspace/Sources/Weather/Models/CurrentWeather.swift /host/spi-builder-workspace/Sources/Weather/Models/Forecast.swift /host/spi-builder-workspace/Sources/Weather/Models/Location.swift /host/spi-builder-workspace/Sources/Weather/Models/Temperature.swift /host/spi-builder-workspace/Sources/Weather/Models/WeatherCondition.swift /host/spi-builder-workspace/Sources/Weather/Providers/NWSProvider.swift /host/spi-builder-workspace/Sources/Weather/Providers/OpenMeteoProvider.swift /host/spi-builder-workspace/Sources/Weather/Providers/WeatherProvider.swift /host/spi-builder-workspace/Sources/Weather/Weather.swift -primary-file /host/spi-builder-workspace/Sources/Weather/WeatherConfiguration.swift /host/spi-builder-workspace/Sources/Weather/WeatherError.swift -emit-dependencies-path /host/spi-builder-workspace/.build/out/Intermediates.noindex/swift-weather.build/Debug-webassembly-wasm32/Weather-t.build/Objects-normal/wasm32/WeatherConfiguration.d -emit-const-values-path /host/spi-builder-workspace/.build/out/Intermediates.noindex/swift-weather.build/Debug-webassembly-wasm32/Weather-t.build/Objects-normal/wasm32/WeatherConfiguration.swiftconstvalues -emit-reference-dependencies-path /host/spi-builder-workspace/.build/out/Intermediates.noindex/swift-weather.build/Debug-webassembly-wasm32/Weather-t.build/Objects-normal/wasm32/WeatherConfiguration.swiftdeps -serialize-diagnostics-path /host/spi-builder-workspace/.build/out/Intermediates.noindex/swift-weather.build/Debug-webassembly-wasm32/Weather-t.build/Objects-normal/wasm32/WeatherConfiguration.dia -target wasm32-unknown-wasip1 -disable-objc-interop -sdk /root/.swiftpm/swift-sdks/swift-6.4.x-DEVELOPMENT-SNAPSHOT-2026-09-04-a_wasm.artifactbundle/swift-6.4.x-DEVELOPMENT-SNAPSHOT-2026-09-04-a_wasm/wasm32-unknown-wasip1/WASI.sdk -sysroot /root/.swiftpm/swift-sdks/swift-6.4.x-DEVELOPMENT-SNAPSHOT-2026-09-04-a_wasm.artifactbundle/swift-6.4.x-DEVELOPMENT-SNAPSHOT-2026-09-04-a_wasm/wasm32-unknown-wasip1/WASI.sdk -I /host/spi-builder-workspace/.build/out/Products/Debug-webassembly-wasm32 -module-cache-path /host/spi-builder-workspace/.build/out/ModuleCache.noindex -color-diagnostics -Xcc -fcolor-diagnostics -enable-testing -g -debug-info-format\=dwarf -dwarf-version\=4 -swift-version 6 -Onone -D SWIFT_PACKAGE -D DEBUG -D SWIFT_MODULE_RESOURCE_BUNDLE_UNAVAILABLE -D Xcode -serialize-debugging-options -enable-experimental-feature DebugDescriptionMacro -empty-abi-descriptor -external-plugin-path /usr/lib/swift/host/plugins/testing\#/usr/bin/swift-plugin-server -validate-clang-modules-once -clang-build-session-file /host/spi-builder-workspace/.build/out/ModuleCache.noindex/Session.modulevalidation -Xcc -working-directory -Xcc /host -resource-dir /root/.swiftpm/swift-sdks/swift-6.4.x-DEVELOPMENT-SNAPSHOT-2026-09-04-a_wasm.artifactbundle/swift-6.4.x-DEVELOPMENT-SNAPSHOT-2026-09-04-a_wasm/wasm32-unknown-wasip1/swift.xctoolchain/usr/lib/swift_static -use-static-resource-dir -enable-anonymous-context-mangled-names -file-compilation-dir /host -Xcc -resource-dir -Xcc /root/.swiftpm/swift-sdks/swift-6.4.x-DEVELOPMENT-SNAPSHOT-2026-09-04-a_wasm.artifactbundle/swift-6.4.x-DEVELOPMENT-SNAPSHOT-2026-09-04-a_wasm/wasm32-unknown-wasip1/swift.xctoolchain/usr/lib/swift_static/clang -Xcc -D_LIBCPP_HARDENING_MODE\=_LIBCPP_HARDENING_MODE_DEBUG -Xcc -fmodules-prune-interval\=86400 -Xcc -fmodules-prune-after\=345600 -Xcc -I/host/spi-builder-workspace/.build/out/Products/Debug-webassembly-wasm32/include -Xcc -I/host/spi-builder-workspace/.build/out/Intermediates.noindex/swift-weather.build/Debug-webassembly-wasm32/Weather-t.build/DerivedSources-normal/wasm32 -Xcc -I/host/spi-builder-workspace/.build/out/Intermediates.noindex/swift-weather.build/Debug-webassembly-wasm32/Weather-t.build/DerivedSources/wasm32 -Xcc -I/host/spi-builder-workspace/.build/out/Intermediates.noindex/swift-weather.build/Debug-webassembly-wasm32/Weather-t.build/DerivedSources -Xcc -DSWIFT_PACKAGE -Xcc -DDEBUG\=1 -no-auto-bridging-header-chaining -module-name Weather -package-name spi_builder_workspace -const-gather-protocols-file /host/spi-builder-workspace/.build/out/Intermediates.noindex/swift-weather.build/Debug-webassembly-wasm32/Weather-t.build/Objects-normal/wasm32/Weather_const_extract_protocols.json -in-process-plugin-server-path /usr/lib/swift/host/libSwiftInProcPluginServer.so -plugin-path /usr/lib/swift/host/plugins -plugin-path /usr/local/lib/swift/host/plugins -parse-as-library -o /host/spi-builder-workspace/.build/out/Intermediates.noindex/swift-weather.build/Debug-webassembly-wasm32/Weather-t.build/Objects-normal/wasm32/WeatherConfiguration.o -index-unit-output-path /swift-weather.build/Debug-webassembly-wasm32/Weather-t.build/Objects-normal/wasm32/WeatherConfiguration.o -index-store-path /host/spi-builder-workspace/.build/out -index-system-modules
error: Build failed
BUILD FAILURE 6.4 wasm