The Swift Package Index logo.Swift Package Index

Build Information

Failed to build BillboardSwiftLibrary, reference master (56797c), with Swift 6.4 for Wasm on 16 Sep 2026 12:31:08 UTC.

Build Command

bash -c docker run --pull=always --rm -v "checkouts-54344845-0":/host -w "$PWD" -e JAVA_HOME="/root/.sdkman/candidates/java/current" -e SPI_BUILD="1" -e SPI_PROCESSING="1" registry.gitlab.com/saguaro1/spi-images:wasm-6.4-latest swift build --swift-sdk swift-6.4.x-DEVELOPMENT-SNAPSHOT-2026-09-04-a_wasm 2>&1

Build Log

========================================
RunAll
========================================
Builder version: 5.1.0
Interrupt handler set up.
========================================
Checkout
========================================
Clone URL: https://github.com/Fitzafful/BillboardSwiftLibrary.git
Reference: master
Initialized empty Git repository in /host/spi-builder-workspace/.git/
hint: Using 'master' as the name for the initial branch. This default branch name
hint: is subject to change. To configure the initial branch name to use in all
hint: of your new repositories, which will suppress this warning, call:
hint:
hint: 	git config --global init.defaultBranch <name>
hint:
hint: Names commonly chosen instead of 'master' are 'main', 'trunk' and
hint: 'development'. The just-created branch can be renamed via this command:
hint:
hint: 	git branch -m <name>
From https://github.com/Fitzafful/BillboardSwiftLibrary
 * branch            master     -> FETCH_HEAD
 * [new branch]      master     -> origin/master
HEAD is now at 56797c8 Deletion of Build Files
Cloned https://github.com/Fitzafful/BillboardSwiftLibrary.git
Revision (git rev-parse @):
56797c85c542221862e99aca2c0ee78fffa15365
SUCCESS checkout https://github.com/Fitzafful/BillboardSwiftLibrary.git at master
========================================
Build
========================================
Selected platform:         wasm
Swift version:             6.4
Building package at path:  $PWD
https://github.com/Fitzafful/BillboardSwiftLibrary.git
Running build ...
bash -c docker run --pull=always --rm -v "checkouts-54344845-0":/host -w "$PWD" -e JAVA_HOME="/root/.sdkman/candidates/java/current" -e SPI_BUILD="1" -e SPI_PROCESSING="1" registry.gitlab.com/saguaro1/spi-images:wasm-6.4-latest swift build --swift-sdk swift-6.4.x-DEVELOPMENT-SNAPSHOT-2026-09-04-a_wasm 2>&1
wasm-6.4-latest: Pulling from saguaro1/spi-images
Digest: sha256:4328fdb43c680d205c1d6761b1e3267aa38277eefdda9ddfb17b6a0f1a77857a
Status: Image is up to date for registry.gitlab.com/saguaro1/spi-images:wasm-6.4-latest
Fetching https://github.com/scinfu/SwiftSoup.git
[1/6362] Fetching swiftsoup
Fetched https://github.com/scinfu/SwiftSoup.git (0.70s)
Computing version for https://github.com/scinfu/SwiftSoup.git
Computed https://github.com/scinfu/SwiftSoup.git at 1.7.5 (1.76s)
Creating working copy for https://github.com/scinfu/SwiftSoup.git
Working copy of https://github.com/scinfu/SwiftSoup.git resolved at 1.7.5
Building for debugging...
[Pre-planning 1 / 96]
[32 / 47] SwiftSoup
[33 / 47] SwiftSoup
[41 / 56] BillboardSwiftLibrary
[44 / 56] BillboardSwiftLibrary
[45 / 56] SwiftSoup
[47 / 57] SwiftSoup
error: SwiftCompile normal wasm32 /host/spi-builder-workspace/Sources/ChartRequests.swift failed with a nonzero exit code. Command line:     cd /host
    builtin-SwiftPerFileCompile ChartRequests.swift
/host/spi-builder-workspace/Sources/ChartRequests.swift:45:18: error: cannot find type 'URLRequest' in scope
 43 | 	let parameter: ChartParameter
 44 |
 45 | 	var urlRequest: URLRequest {
    |                  `- error: cannot find type 'URLRequest' in scope
 46 | 		let url: URL! = URL(string: BASE_URL + parameter.name + "/" + parameter.date)
 47 | 		var request = URLRequest(url: url)
/host/spi-builder-workspace/Sources/ChartRequests.swift:59:18: error: cannot find type 'URLRequest' in scope
 57 |
 58 | public protocol ApiRequest {
 59 | 	var urlRequest: URLRequest { get }
    |                  `- error: cannot find type 'URLRequest' in scope
 60 | }
 61 |
/host/spi-builder-workspace/Sources/ChartRequests.swift:68:30: error: cannot find type 'URLRequest' in scope
 66 |
 67 | public protocol URLSessionProtocol {
 68 | 	func dataTask(with request: URLRequest, completionHandler: @escaping (Data?, URLResponse?, Error?) -> Void) -> URLSessionDataTask
    |                              `- error: cannot find type 'URLRequest' in scope
 69 | }
 70 |
/host/spi-builder-workspace/Sources/ChartRequests.swift:68:79: error: 'URLResponse' is unavailable: This type has moved to the FoundationNetworking module. Import that module to use it.
 66 |
 67 | public protocol URLSessionProtocol {
 68 | 	func dataTask(with request: URLRequest, completionHandler: @escaping (Data?, URLResponse?, Error?) -> Void) -> URLSessionDataTask
    |                                                                               `- error: 'URLResponse' is unavailable: This type has moved to the FoundationNetworking module. Import that module to use it.
 69 | }
 70 |
Foundation.URLResponse:2:18: note: 'URLResponse' has been explicitly marked unavailable here
1 | @available(*, unavailable, message: "This type has moved to the FoundationNetworking module. Import that module to use it.")
2 | public typealias URLResponse = AnyObject
  |                  `- note: 'URLResponse' has been explicitly marked unavailable here
/host/spi-builder-workspace/Sources/ChartRequests.swift:68:113: error: 'URLSessionDataTask' is unavailable: This type has moved to the FoundationNetworking module. Import that module to use it.
 66 |
 67 | public protocol URLSessionProtocol {
 68 | 	func dataTask(with request: URLRequest, completionHandler: @escaping (Data?, URLResponse?, Error?) -> Void) -> URLSessionDataTask
    |                                                                                                                 `- error: 'URLSessionDataTask' is unavailable: This type has moved to the FoundationNetworking module. Import that module to use it.
 69 | }
 70 |
Foundation.URLSessionDataTask:2:18: note: 'URLSessionDataTask' has been explicitly marked unavailable here
1 | @available(*, unavailable, message: "This type has moved to the FoundationNetworking module. Import that module to use it.")
2 | public typealias URLSessionDataTask = AnyObject
  |                  `- note: 'URLSessionDataTask' has been explicitly marked unavailable here
/host/spi-builder-workspace/Sources/ChartRequests.swift:71:1: error: non-nominal type 'URLSession' (aka 'AnyObject') cannot be extended [#]8;;https://docs.swift.org/compiler/documentation/diagnostics/nominal-types\NominalTypes]8;;\]
 69 | }
 70 |
 71 | extension URLSession: URLSessionProtocol { }
    | `- error: non-nominal type 'URLSession' (aka 'AnyObject') cannot be extended [#]8;;https://docs.swift.org/compiler/documentation/diagnostics/nominal-types\NominalTypes]8;;\]
 72 |
 73 | public class ApiClientImplementation: ApiClient {
/host/spi-builder-workspace/Sources/ChartRequests.swift:76:88: error: cannot find type 'OperationQueue' in scope
 74 | 	public let urlSession: URLSessionProtocol
 75 |
 76 | 	public init(urlSessionConfiguration: URLSessionConfiguration, completionHandlerQueue: OperationQueue) {
    |                                                                                        `- error: cannot find type 'OperationQueue' in scope
 77 | 		urlSession = URLSession(configuration: urlSessionConfiguration, delegate: nil, delegateQueue: completionHandlerQueue)
 78 | 	}
/host/spi-builder-workspace/Sources/ChartRequests.swift:76:39: error: 'URLSessionConfiguration' is unavailable: This type has moved to the FoundationNetworking module. Import that module to use it.
 74 | 	public let urlSession: URLSessionProtocol
 75 |
 76 | 	public init(urlSessionConfiguration: URLSessionConfiguration, completionHandlerQueue: OperationQueue) {
    |                                       `- error: 'URLSessionConfiguration' is unavailable: This type has moved to the FoundationNetworking module. Import that module to use it.
 77 | 		urlSession = URLSession(configuration: urlSessionConfiguration, delegate: nil, delegateQueue: completionHandlerQueue)
 78 | 	}
Foundation.URLSessionConfiguration:2:18: note: 'URLSessionConfiguration' has been explicitly marked unavailable here
1 | @available(*, unavailable, message: "This type has moved to the FoundationNetworking module. Import that module to use it.")
2 | public typealias URLSessionConfiguration = AnyObject
  |                  `- note: 'URLSessionConfiguration' has been explicitly marked unavailable here
/host/spi-builder-workspace/Sources/ChartRequests.swift:47:17: error: cannot find 'URLRequest' in scope
 45 | 	var urlRequest: URLRequest {
 46 | 		let url: URL! = URL(string: BASE_URL + parameter.name + "/" + parameter.date)
 47 | 		var request = URLRequest(url: url)
    |                 `- error: cannot find 'URLRequest' in scope
 48 | 		request.httpMethod = "GET"
 49 |
/host/spi-builder-workspace/Sources/ChartRequests.swift:47:17: error: failed to produce diagnostic for expression; please submit a bug report (https://swift.org/contributing/#reporting-bugs)
 45 | 	var urlRequest: URLRequest {
 46 | 		let url: URL! = URL(string: BASE_URL + parameter.name + "/" + parameter.date)
 47 | 		var request = URLRequest(url: url)
    |                 `- error: failed to produce diagnostic for expression; please submit a bug report (https://swift.org/contributing/#reporting-bugs)
 48 | 		request.httpMethod = "GET"
 49 |
/host/spi-builder-workspace/Sources/ChartRequests.swift:77:16: error: 'URLSession' (aka 'AnyObject') cannot be constructed because it has no accessible initializers
 75 |
 76 | 	public init(urlSessionConfiguration: URLSessionConfiguration, completionHandlerQueue: OperationQueue) {
 77 | 		urlSession = URLSession(configuration: urlSessionConfiguration, delegate: nil, delegateQueue: completionHandlerQueue)
    |                `- error: 'URLSession' (aka 'AnyObject') cannot be constructed because it has no accessible initializers
 78 | 	}
 79 |
[#NominalTypes]: <https://docs.swift.org/compiler/documentation/diagnostics/nominal-types>
Failed frontend command:
/usr/bin/swift-frontend -frontend -c /host/spi-builder-workspace/Sources/BillboardManager.swift /host/spi-builder-workspace/Sources/ChartEntry.swift /host/spi-builder-workspace/Sources/ChartEnums.swift /host/spi-builder-workspace/Sources/ChartGateway.swift /host/spi-builder-workspace/Sources/ChartParser.swift -primary-file /host/spi-builder-workspace/Sources/ChartRequests.swift /host/spi-builder-workspace/Sources/Result.swift -emit-dependencies-path /host/spi-builder-workspace/.build/out/Intermediates.noindex/BillboardSwiftLibrary.build/Debug-webassembly-wasm32/BillboardSwiftLibrary-t.build/Objects-normal/wasm32/ChartRequests.d -emit-const-values-path /host/spi-builder-workspace/.build/out/Intermediates.noindex/BillboardSwiftLibrary.build/Debug-webassembly-wasm32/BillboardSwiftLibrary-t.build/Objects-normal/wasm32/ChartRequests.swiftconstvalues -emit-reference-dependencies-path /host/spi-builder-workspace/.build/out/Intermediates.noindex/BillboardSwiftLibrary.build/Debug-webassembly-wasm32/BillboardSwiftLibrary-t.build/Objects-normal/wasm32/ChartRequests.swiftdeps -serialize-diagnostics-path /host/spi-builder-workspace/.build/out/Intermediates.noindex/BillboardSwiftLibrary.build/Debug-webassembly-wasm32/BillboardSwiftLibrary-t.build/Objects-normal/wasm32/ChartRequests.dia -target wasm32-unknown-wasip1 -disable-objc-interop -sdk /root/.swiftpm/swift-sdks/swift-6.4.x-DEVELOPMENT-SNAPSHOT-2026-09-04-a_wasm.artifactbundle/swift-6.4.x-DEVELOPMENT-SNAPSHOT-2026-09-04-a_wasm/wasm32-unknown-wasip1/WASI.sdk -sysroot /root/.swiftpm/swift-sdks/swift-6.4.x-DEVELOPMENT-SNAPSHOT-2026-09-04-a_wasm.artifactbundle/swift-6.4.x-DEVELOPMENT-SNAPSHOT-2026-09-04-a_wasm/wasm32-unknown-wasip1/WASI.sdk -I /host/spi-builder-workspace/.build/out/Products/Debug-webassembly-wasm32 -module-cache-path /host/spi-builder-workspace/.build/out/ModuleCache.noindex -color-diagnostics -Xcc -fcolor-diagnostics -enable-testing -g -debug-info-format\=dwarf -dwarf-version\=4 -swift-version 4.2 -Onone -D SWIFT_PACKAGE -D DEBUG -D SWIFT_MODULE_RESOURCE_BUNDLE_UNAVAILABLE -D Xcode -serialize-debugging-options -enable-experimental-feature DebugDescriptionMacro -empty-abi-descriptor -external-plugin-path /usr/lib/swift/host/plugins/testing\#/usr/bin/swift-plugin-server -validate-clang-modules-once -clang-build-session-file /host/spi-builder-workspace/.build/out/ModuleCache.noindex/Session.modulevalidation -Xcc -working-directory -Xcc /host -resource-dir /root/.swiftpm/swift-sdks/swift-6.4.x-DEVELOPMENT-SNAPSHOT-2026-09-04-a_wasm.artifactbundle/swift-6.4.x-DEVELOPMENT-SNAPSHOT-2026-09-04-a_wasm/wasm32-unknown-wasip1/swift.xctoolchain/usr/lib/swift_static -use-static-resource-dir -enable-anonymous-context-mangled-names -file-compilation-dir /host -Xcc -resource-dir -Xcc /root/.swiftpm/swift-sdks/swift-6.4.x-DEVELOPMENT-SNAPSHOT-2026-09-04-a_wasm.artifactbundle/swift-6.4.x-DEVELOPMENT-SNAPSHOT-2026-09-04-a_wasm/wasm32-unknown-wasip1/swift.xctoolchain/usr/lib/swift_static/clang -Xcc -D_LIBCPP_HARDENING_MODE\=_LIBCPP_HARDENING_MODE_DEBUG -Xcc -fmodules-prune-interval\=86400 -Xcc -fmodules-prune-after\=345600 -Xcc -I/host/spi-builder-workspace/.build/out/Products/Debug-webassembly-wasm32/include -Xcc -I/host/spi-builder-workspace/.build/out/Intermediates.noindex/BillboardSwiftLibrary.build/Debug-webassembly-wasm32/BillboardSwiftLibrary-t.build/DerivedSources-normal/wasm32 -Xcc -I/host/spi-builder-workspace/.build/out/Intermediates.noindex/BillboardSwiftLibrary.build/Debug-webassembly-wasm32/BillboardSwiftLibrary-t.build/DerivedSources/wasm32 -Xcc -I/host/spi-builder-workspace/.build/out/Intermediates.noindex/BillboardSwiftLibrary.build/Debug-webassembly-wasm32/BillboardSwiftLibrary-t.build/DerivedSources -Xcc -DSWIFT_PACKAGE -Xcc -DDEBUG\=1 -no-auto-bridging-header-chaining -module-name BillboardSwiftLibrary -const-gather-protocols-file /host/spi-builder-workspace/.build/out/Intermediates.noindex/BillboardSwiftLibrary.build/Debug-webassembly-wasm32/BillboardSwiftLibrary-t.build/Objects-normal/wasm32/BillboardSwiftLibrary_const_extract_protocols.json -in-process-plugin-server-path /usr/lib/swift/host/libSwiftInProcPluginServer.so -plugin-path /usr/lib/swift/host/plugins -plugin-path /usr/local/lib/swift/host/plugins -parse-as-library -o /host/spi-builder-workspace/.build/out/Intermediates.noindex/BillboardSwiftLibrary.build/Debug-webassembly-wasm32/BillboardSwiftLibrary-t.build/Objects-normal/wasm32/ChartRequests.o -index-unit-output-path /BillboardSwiftLibrary.build/Debug-webassembly-wasm32/BillboardSwiftLibrary-t.build/Objects-normal/wasm32/ChartRequests.o -index-store-path /host/spi-builder-workspace/.build/out -index-system-modules
error: Build failed
BUILD FAILURE 6.4 wasm