The Swift Package Index logo.Swift Package Index

Build Information

Failed to build SecurityKit, reference main (e0e809), with Swift 6.4 for tvOS using Xcode 27.0 on 24 Sep 2026 14:35:22 UTC.

Build Command

env DEVELOPER_DIR=/Applications/Xcode-27.0.0-Release.Candidate.app xcrun xcodebuild -IDEClonedSourcePackagesDirPathOverride=$PWD/.dependencies -skipMacroValidation -skipPackagePluginValidation -derivedDataPath $PWD/.derivedData build -scheme SecurityKit -destination generic/platform=tvOS

Build Log

========================================
RunAll
========================================
Builder version: 5.1.0
Interrupt handler set up.
========================================
Checkout
========================================
Clone URL: https://github.com/FuturraGroup/SecurityKit.git
Reference: main
Initialized empty Git repository in /Users/admin/builder/spi-builder-workspace/.git/
From https://github.com/FuturraGroup/SecurityKit
 * branch            main       -> FETCH_HEAD
 * [new branch]      main       -> origin/main
HEAD is now at e0e809f Refine @MainActor isolation for security checks
Cloned https://github.com/FuturraGroup/SecurityKit.git
Revision (git rev-parse @):
e0e809fdcd43ccdcc47feeac5b2913b86af535b4
SUCCESS checkout https://github.com/FuturraGroup/SecurityKit.git at main
========================================
Build
========================================
Selected platform:         tvOS
Swift version:             6.4
Building package at path:  $PWD
https://github.com/FuturraGroup/SecurityKit.git
Command line invocation:
    /Applications/Xcode-27.0.0-Release.Candidate.app/Contents/Developer/usr/bin/xcodebuild -IDEClonedSourcePackagesDirPathOverride=/Users/admin/builder/spi-builder-workspace/.dependencies -resolvePackageDependencies
Resolve Package Graph
Resolve Package Graph
Resolved source packages:
  SecurityKit: /Users/admin/builder/spi-builder-workspace
resolved source packages: SecurityKit
2026-09-24 10:34:36.297 xcodebuild[529:3011] [MT] IDERunDestination: Supported platforms for the buildables in the current scheme is empty.
{
  "dependencies" : [
  ],
  "manifest_display_name" : "SecurityKit",
  "name" : "SecurityKit",
  "path" : "/Users/admin/builder/spi-builder-workspace",
  "platforms" : [
  ],
  "products" : [
    {
      "name" : "SecurityKit",
      "targets" : [
        "SecurityKit"
      ],
      "type" : {
        "library" : [
          "automatic"
        ]
      }
    }
  ],
  "targets" : [
    {
      "c99name" : "SecurityKit",
      "module_type" : "SwiftTarget",
      "name" : "SecurityKit",
      "path" : "Sources/SecurityKit",
      "product_memberships" : [
        "SecurityKit"
      ],
      "sources" : [
        "AESEncryption.swift",
        "BlurScreen.swift",
        "ClipboardProtection.swift",
        "CodeSignatureDetection.swift",
        "DebuggerDetection.swift",
        "DeviceBindingDetection.swift",
        "EnvironmentDetection.swift",
        "FileDetection.swift",
        "FishHookDetection.swift",
        "IntegrityDetection.swift",
        "JailbreakDetection.swift",
        "MSHookFunctionDetection.swift",
        "MemoryProtection.swift",
        "ModesDetection.swift",
        "NetworkSecurityDetection.swift",
        "ProxyDetection.swift",
        "ReverseEngineeringDetection.swift",
        "RuntimeHookDetection.swift",
        "SecureStorage.swift",
        "SecurityKit.swift",
        "SimulatorDetection.swift",
        "StringEncryption.swift",
        "ViewProtection.swift"
      ],
      "type" : "library"
    }
  ],
  "tools_version" : "6.0"
}
{
  "workspace" : {
    "name" : "SecurityKit",
    "schemes" : [
      "SecurityKit"
    ]
  }
}
2026-09-24 10:35:08.164 xcodebuild[626:3833] [MT] IDERunDestination: Supported platforms for the buildables in the current scheme is empty.
Running build ...
env DEVELOPER_DIR=/Applications/Xcode-27.0.0-Release.Candidate.app xcrun xcodebuild -IDEClonedSourcePackagesDirPathOverride=$PWD/.dependencies -skipMacroValidation -skipPackagePluginValidation -derivedDataPath $PWD/.derivedData build -scheme SecurityKit -destination generic/platform=tvOS
Command line invocation:
    /Applications/Xcode-27.0.0-Release.Candidate.app/Contents/Developer/usr/bin/xcodebuild -IDEClonedSourcePackagesDirPathOverride=/Users/admin/builder/spi-builder-workspace/.dependencies -skipMacroValidation -skipPackagePluginValidation -derivedDataPath /Users/admin/builder/spi-builder-workspace/.derivedData build -scheme SecurityKit -destination generic/platform=tvOS
Resolve Package Graph
Resolved source packages:
  SecurityKit: /Users/admin/builder/spi-builder-workspace
ComputePackagePrebuildTargetDependencyGraph
Prepare packages
CreateBuildRequest
SendProjectDescription
CreateBuildOperation
ComputeTargetDependencyGraph
note: Building targets in dependency order
note: Target dependency graph (2 targets)
    Target 'SecurityKit-product' in project 'SecurityKit'
        ➜ Explicit dependency on target 'SecurityKit' in project 'SecurityKit'
    Target 'SecurityKit' in project 'SecurityKit' (no dependencies)
GatherProvisioningInputs
CreateBuildDescription
ExecuteExternalTool /Applications/Xcode-27.0.0-Release.Candidate.app/Contents/Developer/Toolchains/XcodeDefault.xctoolchain/usr/bin/clang -v -E -dM -isysroot /Applications/Xcode-27.0.0-Release.Candidate.app/Contents/Developer/Platforms/AppleTVOS.platform/Developer/SDKs/AppleTVOS27.0.sdk -x c -c /dev/null
ExecuteExternalTool /Applications/Xcode-27.0.0-Release.Candidate.app/Contents/Developer/Toolchains/XcodeDefault.xctoolchain/usr/bin/swiftc --version
ExecuteExternalTool /Applications/Xcode-27.0.0-Release.Candidate.app/Contents/Developer/Toolchains/XcodeDefault.xctoolchain/usr/bin/ld -version_details
Build description signature: 0c06e12248bea76ec72eef1029563946
Build description path: /Users/admin/builder/spi-builder-workspace/.derivedData/Build/Intermediates.noindex/XCBuildData/0c06e12248bea76ec72eef1029563946.xcbuilddata
CreateBuildDirectory /Users/admin/builder/spi-builder-workspace/.derivedData/SDKExplicitPrecompiledModules
    cd /Users/admin/builder/spi-builder-workspace/.swiftpm/xcode
    builtin-create-build-directory /Users/admin/builder/spi-builder-workspace/.derivedData/SDKExplicitPrecompiledModules
CreateBuildDirectory /Users/admin/builder/spi-builder-workspace/.derivedData/ModuleCache.noindex
    cd /Users/admin/builder/spi-builder-workspace/.swiftpm/xcode
    builtin-create-build-directory /Users/admin/builder/spi-builder-workspace/.derivedData/ModuleCache.noindex
CreateBuildDirectory /Users/admin/builder/spi-builder-workspace/.derivedData/CompilationCache.noindex
    cd /Users/admin/builder/spi-builder-workspace/.swiftpm/xcode
    builtin-create-build-directory /Users/admin/builder/spi-builder-workspace/.derivedData/CompilationCache.noindex
CreateBuildDirectory /Users/admin/builder/spi-builder-workspace/.derivedData/Build/Products
    cd /Users/admin/builder/spi-builder-workspace/.swiftpm/xcode
    builtin-create-build-directory /Users/admin/builder/spi-builder-workspace/.derivedData/Build/Products
CreateBuildDirectory /Users/admin/builder/spi-builder-workspace/.derivedData/Build/Intermediates.noindex
    cd /Users/admin/builder/spi-builder-workspace/.swiftpm/xcode
    builtin-create-build-directory /Users/admin/builder/spi-builder-workspace/.derivedData/Build/Intermediates.noindex
ClangStatCache /Applications/Xcode-27.0.0-Release.Candidate.app/Contents/Developer/Toolchains/XcodeDefault.xctoolchain/usr/bin/clang-stat-cache /Applications/Xcode-27.0.0-Release.Candidate.app/Contents/Developer/Platforms/AppleTVOS.platform/Developer/SDKs/AppleTVOS27.0.sdk /Users/admin/builder/spi-builder-workspace/.derivedData/SDKStatCaches.noindex/appletvos27.0-24J360-e829b21a6f8c9b70876ba0858053c044b32bfd8d43560033f8d89884cdb90028.sdkstatcache
    cd /Users/admin/builder/spi-builder-workspace/.swiftpm/xcode
    /Applications/Xcode-27.0.0-Release.Candidate.app/Contents/Developer/Toolchains/XcodeDefault.xctoolchain/usr/bin/clang-stat-cache /Applications/Xcode-27.0.0-Release.Candidate.app/Contents/Developer/Platforms/AppleTVOS.platform/Developer/SDKs/AppleTVOS27.0.sdk -o /Users/admin/builder/spi-builder-workspace/.derivedData/SDKStatCaches.noindex/appletvos27.0-24J360-e829b21a6f8c9b70876ba0858053c044b32bfd8d43560033f8d89884cdb90028.sdkstatcache
CreateBuildDirectory /Users/admin/builder/spi-builder-workspace/.derivedData/Build/Products/Debug-appletvos
    cd /Users/admin/builder/spi-builder-workspace/.swiftpm/xcode
    builtin-create-build-directory /Users/admin/builder/spi-builder-workspace/.derivedData/Build/Products/Debug-appletvos
CreateBuildDirectory /Users/admin/builder/spi-builder-workspace/.derivedData/Build/Intermediates.noindex/SwiftExplicitPrecompiledModules
    cd /Users/admin/builder/spi-builder-workspace/.swiftpm/xcode
    builtin-create-build-directory /Users/admin/builder/spi-builder-workspace/.derivedData/Build/Intermediates.noindex/SwiftExplicitPrecompiledModules
CreateBuildDirectory /Users/admin/builder/spi-builder-workspace/.derivedData/Build/Intermediates.noindex/PrecompiledHeaders
    cd /Users/admin/builder/spi-builder-workspace/.swiftpm/xcode
    builtin-create-build-directory /Users/admin/builder/spi-builder-workspace/.derivedData/Build/Intermediates.noindex/PrecompiledHeaders
CreateBuildDirectory /Users/admin/builder/spi-builder-workspace/.derivedData/Build/Intermediates.noindex/ExplicitPrecompiledModules
    cd /Users/admin/builder/spi-builder-workspace/.swiftpm/xcode
    builtin-create-build-directory /Users/admin/builder/spi-builder-workspace/.derivedData/Build/Intermediates.noindex/ExplicitPrecompiledModules
CreateBuildDirectory /Users/admin/builder/spi-builder-workspace/.derivedData/Build/Intermediates.noindex/EagerLinkingTBDs/Debug-appletvos
    cd /Users/admin/builder/spi-builder-workspace/.swiftpm/xcode
    builtin-create-build-directory /Users/admin/builder/spi-builder-workspace/.derivedData/Build/Intermediates.noindex/EagerLinkingTBDs/Debug-appletvos
CreateBuildDirectory /Users/admin/builder/spi-builder-workspace/.derivedData/Build/Products/Debug-appletvos/PackageFrameworks
    cd /Users/admin/builder/spi-builder-workspace/.swiftpm/xcode
    builtin-create-build-directory /Users/admin/builder/spi-builder-workspace/.derivedData/Build/Products/Debug-appletvos/PackageFrameworks
WriteAuxiliaryFile /Users/admin/builder/spi-builder-workspace/.derivedData/Build/Intermediates.noindex/SecurityKit.build/Debug-appletvos/SecurityKit-t.build/SecurityKit.DependencyMetadataFileList (in target 'SecurityKit' from project 'SecurityKit')
    cd /Users/admin/builder/spi-builder-workspace
    write-file /Users/admin/builder/spi-builder-workspace/.derivedData/Build/Intermediates.noindex/SecurityKit.build/Debug-appletvos/SecurityKit-t.build/SecurityKit.DependencyMetadataFileList
WriteAuxiliaryFile /Users/admin/builder/spi-builder-workspace/.derivedData/Build/Intermediates.noindex/SecurityKit.build/Debug-appletvos/SecurityKit-t.build/SecurityKit.modulemap (in target 'SecurityKit' from project 'SecurityKit')
    cd /Users/admin/builder/spi-builder-workspace
    write-file /Users/admin/builder/spi-builder-workspace/.derivedData/Build/Intermediates.noindex/SecurityKit.build/Debug-appletvos/SecurityKit-t.build/SecurityKit.modulemap
WriteAuxiliaryFile /Users/admin/builder/spi-builder-workspace/.derivedData/Build/Intermediates.noindex/SecurityKit.build/Debug-appletvos/SecurityKit-t.build/SecurityKit.DependencyStaticMetadataFileList (in target 'SecurityKit' from project 'SecurityKit')
    cd /Users/admin/builder/spi-builder-workspace
    write-file /Users/admin/builder/spi-builder-workspace/.derivedData/Build/Intermediates.noindex/SecurityKit.build/Debug-appletvos/SecurityKit-t.build/SecurityKit.DependencyStaticMetadataFileList
WriteAuxiliaryFile /Users/admin/builder/spi-builder-workspace/.derivedData/Build/Intermediates.noindex/SecurityKit.build/Debug-appletvos/SecurityKit-t.build/Objects-normal/arm64/SecurityKit.LinkFileList (in target 'SecurityKit' from project 'SecurityKit')
    cd /Users/admin/builder/spi-builder-workspace
    write-file /Users/admin/builder/spi-builder-workspace/.derivedData/Build/Intermediates.noindex/SecurityKit.build/Debug-appletvos/SecurityKit-t.build/Objects-normal/arm64/SecurityKit.LinkFileList
WriteAuxiliaryFile /Users/admin/builder/spi-builder-workspace/.derivedData/Build/Intermediates.noindex/SecurityKit.build/Debug-appletvos/SecurityKit-t.build/Objects-normal/arm64/SecurityKit-OutputFileMap.json (in target 'SecurityKit' from project 'SecurityKit')
    cd /Users/admin/builder/spi-builder-workspace
    write-file /Users/admin/builder/spi-builder-workspace/.derivedData/Build/Intermediates.noindex/SecurityKit.build/Debug-appletvos/SecurityKit-t.build/Objects-normal/arm64/SecurityKit-OutputFileMap.json
WriteAuxiliaryFile /Users/admin/builder/spi-builder-workspace/.derivedData/Build/Intermediates.noindex/SecurityKit.build/Debug-appletvos/SecurityKit-t.build/Objects-normal/arm64/SecurityKit.SwiftFileList (in target 'SecurityKit' from project 'SecurityKit')
    cd /Users/admin/builder/spi-builder-workspace
    write-file /Users/admin/builder/spi-builder-workspace/.derivedData/Build/Intermediates.noindex/SecurityKit.build/Debug-appletvos/SecurityKit-t.build/Objects-normal/arm64/SecurityKit.SwiftFileList
WriteAuxiliaryFile /Users/admin/builder/spi-builder-workspace/.derivedData/Build/Intermediates.noindex/SecurityKit.build/Debug-appletvos/SecurityKit-t.build/Objects-normal/arm64/SecurityKit.SwiftConstValuesFileList (in target 'SecurityKit' from project 'SecurityKit')
    cd /Users/admin/builder/spi-builder-workspace
    write-file /Users/admin/builder/spi-builder-workspace/.derivedData/Build/Intermediates.noindex/SecurityKit.build/Debug-appletvos/SecurityKit-t.build/Objects-normal/arm64/SecurityKit.SwiftConstValuesFileList
WriteAuxiliaryFile /Users/admin/builder/spi-builder-workspace/.derivedData/Build/Intermediates.noindex/SecurityKit.build/Debug-appletvos/SecurityKit-t.build/Objects-normal/arm64/SecurityKit_const_extract_protocols.json (in target 'SecurityKit' from project 'SecurityKit')
    cd /Users/admin/builder/spi-builder-workspace
    write-file /Users/admin/builder/spi-builder-workspace/.derivedData/Build/Intermediates.noindex/SecurityKit.build/Debug-appletvos/SecurityKit-t.build/Objects-normal/arm64/SecurityKit_const_extract_protocols.json
Copy /Users/admin/builder/spi-builder-workspace/.derivedData/Build/Intermediates.noindex/GeneratedModuleMaps-appletvos/SecurityKit.modulemap /Users/admin/builder/spi-builder-workspace/.derivedData/Build/Intermediates.noindex/SecurityKit.build/Debug-appletvos/SecurityKit-t.build/SecurityKit.modulemap (in target 'SecurityKit' from project 'SecurityKit')
    cd /Users/admin/builder/spi-builder-workspace
    builtin-copy -exclude .DS_Store -exclude CVS -exclude .svn -exclude .git -exclude .hg -resolve-src-symlinks /Users/admin/builder/spi-builder-workspace/.derivedData/Build/Intermediates.noindex/SecurityKit.build/Debug-appletvos/SecurityKit-t.build/SecurityKit.modulemap /Users/admin/builder/spi-builder-workspace/.derivedData/Build/Intermediates.noindex/GeneratedModuleMaps-appletvos
SwiftDriver SecurityKit normal arm64 com.apple.xcode.tools.swift.compiler (in target 'SecurityKit' from project 'SecurityKit')
    cd /Users/admin/builder/spi-builder-workspace/.swiftpm/xcode
    builtin-SwiftDriver -- /Applications/Xcode-27.0.0-Release.Candidate.app/Contents/Developer/Toolchains/XcodeDefault.xctoolchain/usr/bin/swiftc -parse-as-library -module-name SecurityKit -Onone @/Users/admin/builder/spi-builder-workspace/.derivedData/Build/Intermediates.noindex/SecurityKit.build/Debug-appletvos/SecurityKit-t.build/Objects-normal/arm64/SecurityKit.SwiftFileList -DSWIFT_PACKAGE -DDEBUG -DSWIFT_MODULE_RESOURCE_BUNDLE_UNAVAILABLE -DXcode -plugin-path /Applications/Xcode-27.0.0-Release.Candidate.app/Contents/Developer/Toolchains/XcodeDefault.xctoolchain/usr/lib/swift/host/plugins/testing -enable-experimental-feature DebugDescriptionMacro -sdk /Applications/Xcode-27.0.0-Release.Candidate.app/Contents/Developer/Platforms/AppleTVOS.platform/Developer/SDKs/AppleTVOS27.0.sdk -target arm64-apple-tvos15.0 -g -module-cache-path /Users/admin/builder/spi-builder-workspace/.derivedData/ModuleCache.noindex -Xfrontend -serialize-debugging-options -enable-testing -index-store-path /Users/admin/builder/spi-builder-workspace/.derivedData/Index.noindex/DataStore -Xcc -D_LIBCPP_HARDENING_MODE\=_LIBCPP_HARDENING_MODE_DEBUG -swift-version 6 -I /Users/admin/builder/spi-builder-workspace/.derivedData/Build/Products/Debug-appletvos -Isystem /Applications/Xcode-27.0.0-Release.Candidate.app/Contents/Developer/Platforms/AppleTVOS.platform/Developer/usr/lib -F /Users/admin/builder/spi-builder-workspace/.derivedData/Build/Products/Debug-appletvos -F /Applications/Xcode-27.0.0-Release.Candidate.app/Contents/Developer/Platforms/AppleTVOS.platform/Developer/Library/Frameworks -F /Applications/Xcode-27.0.0-Release.Candidate.app/Contents/Developer/Platforms/AppleTVOS.platform/Developer/SDKs/AppleTVOS27.0.sdk/Developer/Library/Frameworks -c -j10 -enable-batch-mode -incremental -Xcc -ivfsstatcache -Xcc /Users/admin/builder/spi-builder-workspace/.derivedData/SDKStatCaches.noindex/appletvos27.0-24J360-e829b21a6f8c9b70876ba0858053c044b32bfd8d43560033f8d89884cdb90028.sdkstatcache -output-file-map /Users/admin/builder/spi-builder-workspace/.derivedData/Build/Intermediates.noindex/SecurityKit.build/Debug-appletvos/SecurityKit-t.build/Objects-normal/arm64/SecurityKit-OutputFileMap.json -save-temps -no-color-diagnostics -explicit-module-build -module-cache-path /Users/admin/builder/spi-builder-workspace/.derivedData/Build/Intermediates.noindex/SwiftExplicitPrecompiledModules -clang-scanner-module-cache-path /Users/admin/builder/spi-builder-workspace/.derivedData/ModuleCache.noindex -sdk-module-cache-path /Users/admin/builder/spi-builder-workspace/.derivedData/SDKExplicitPrecompiledModules -emit-dependencies -emit-module -emit-module-path /Users/admin/builder/spi-builder-workspace/.derivedData/Build/Intermediates.noindex/SecurityKit.build/Debug-appletvos/SecurityKit-t.build/Objects-normal/arm64/SecurityKit.swiftmodule -serialize-diagnostics -dependency-scan-serialize-diagnostics-path /Users/admin/builder/spi-builder-workspace/.derivedData/Build/Intermediates.noindex/SecurityKit.build/Debug-appletvos/SecurityKit-t.build/Objects-normal/arm64/SecurityKit-dependency-scan.dia -validate-clang-modules-once -clang-build-session-file /Users/admin/builder/spi-builder-workspace/.derivedData/ModuleCache.noindex/Session.modulevalidation -Xcc -fmodules-prune-interval\=86400 -Xcc -fmodules-prune-after\=345600 -package-name spi_builder_workspace -emit-const-values -const-gather-protocols-list /Users/admin/builder/spi-builder-workspace/.derivedData/Build/Intermediates.noindex/SecurityKit.build/Debug-appletvos/SecurityKit-t.build/Objects-normal/arm64/SecurityKit_const_extract_protocols.json -Xcc -I/Users/admin/builder/spi-builder-workspace/.derivedData/Build/Products/Debug-appletvos/include -Xcc -I/Users/admin/builder/spi-builder-workspace/.derivedData/Build/Intermediates.noindex/SecurityKit.build/Debug-appletvos/SecurityKit-t.build/DerivedSources-normal/arm64 -Xcc -I/Users/admin/builder/spi-builder-workspace/.derivedData/Build/Intermediates.noindex/SecurityKit.build/Debug-appletvos/SecurityKit-t.build/DerivedSources/arm64 -Xcc -I/Users/admin/builder/spi-builder-workspace/.derivedData/Build/Intermediates.noindex/SecurityKit.build/Debug-appletvos/SecurityKit-t.build/DerivedSources -Xcc -DSWIFT_PACKAGE -Xcc -DDEBUG\=1 -emit-objc-header -emit-objc-header-path /Users/admin/builder/spi-builder-workspace/.derivedData/Build/Intermediates.noindex/SecurityKit.build/Debug-appletvos/SecurityKit-t.build/Objects-normal/arm64/SecurityKit-Swift.h -working-directory /Users/admin/builder/spi-builder-workspace/.swiftpm/xcode -experimental-emit-module-separately -disable-cmo
SwiftExplicitDependencyGeneratePcm arm64 /Users/admin/builder/spi-builder-workspace/.derivedData/SDKExplicitPrecompiledModules/ptrcheck-BA65H1NXYZJ0BLLWO9HZOAZ6Y.pcm
SwiftExplicitDependencyGeneratePcm arm64 /Users/admin/builder/spi-builder-workspace/.derivedData/SDKExplicitPrecompiledModules/_Builtin_stdarg-719DH4G2R3NRP3HRX5HE8WX08.pcm
SwiftExplicitDependencyGeneratePcm arm64 /Users/admin/builder/spi-builder-workspace/.derivedData/SDKExplicitPrecompiledModules/_SwiftConcurrencyShims-3HZGHPZQL3GY71QUHDRB0P39S.pcm
SwiftExplicitDependencyGeneratePcm arm64 /Users/admin/builder/spi-builder-workspace/.derivedData/SDKExplicitPrecompiledModules/_AvailabilityInternal-99L1JVU5TYE8S0FGGB7E09QQS.pcm
SwiftExplicitDependencyGeneratePcm arm64 /Users/admin/builder/spi-builder-workspace/.derivedData/SDKExplicitPrecompiledModules/_Builtin_stdbool-4UUPXTY52W6RPSB0N2WGGLTJT.pcm
SwiftExplicitDependencyGeneratePcm arm64 /Users/admin/builder/spi-builder-workspace/.derivedData/SDKExplicitPrecompiledModules/_Builtin_stddef-1MAO6P3OSQFGZFQEPM31XXNSS.pcm
SwiftExplicitDependencyGeneratePcm arm64 /Users/admin/builder/spi-builder-workspace/.derivedData/SDKExplicitPrecompiledModules/SwiftShims-73G9EXEO9PVWB6PL1BR4TAJ0B.pcm
SwiftExplicitDependencyGeneratePcm arm64 /Users/admin/builder/spi-builder-workspace/.derivedData/SDKExplicitPrecompiledModules/DeveloperToolsSupport-CJV8SY9BXJUTONPFWMLQEGTXA.pcm
SwiftExplicitDependencyGeneratePcm arm64 /Users/admin/builder/spi-builder-workspace/.derivedData/SDKExplicitPrecompiledModules/_Builtin_float-3RF4B70MBHPP952AX3GNZ8W3H.pcm
SwiftExplicitDependencyGeneratePcm arm64 /Users/admin/builder/spi-builder-workspace/.derivedData/SDKExplicitPrecompiledModules/ptrauth-EMKXYE8GN9BK4M3ODSTVDUJU2.pcm
SwiftExplicitDependencyGeneratePcm arm64 /Users/admin/builder/spi-builder-workspace/.derivedData/SDKExplicitPrecompiledModules/_DarwinFoundation1-90NUFDXQ765U5FR62173FT21A.pcm
SwiftExplicitDependencyGeneratePcm arm64 /Users/admin/builder/spi-builder-workspace/.derivedData/SDKExplicitPrecompiledModules/_Builtin_limits-3JICJWOCEYXXXNXAMEJBF6UQN.pcm
SwiftExplicitDependencyGeneratePcm arm64 /Users/admin/builder/spi-builder-workspace/.derivedData/SDKExplicitPrecompiledModules/_DarwinFoundation2-EPKSYG5WMVE7WSPFQB4C0UC59.pcm
SwiftExplicitDependencyGeneratePcm arm64 /Users/admin/builder/spi-builder-workspace/.derivedData/SDKExplicitPrecompiledModules/_Builtin_tgmath-320K271Z6IM134IWIB7S3LTD.pcm
SwiftExplicitDependencyGeneratePcm arm64 /Users/admin/builder/spi-builder-workspace/.derivedData/SDKExplicitPrecompiledModules/sys_types-CATSGLJDZ8UZUMKHO6M4I4PJT.pcm
SwiftExplicitDependencyGeneratePcm arm64 /Users/admin/builder/spi-builder-workspace/.derivedData/SDKExplicitPrecompiledModules/string_h-B6D36UOVIZC2Y0YE3KEZLZAP6.pcm
SwiftExplicitDependencyGeneratePcm arm64 /Users/admin/builder/spi-builder-workspace/.derivedData/SDKExplicitPrecompiledModules/_Builtin_stdint-A8OKY0NXO26BZ4GWYKP79TKL9.pcm
SwiftExplicitDependencyGeneratePcm arm64 /Users/admin/builder/spi-builder-workspace/.derivedData/SDKExplicitPrecompiledModules/_Builtin_intrinsics-AQDFY8KQQX9Z38C6EI15S53EQ.pcm
SwiftExplicitDependencyGeneratePcm arm64 /Users/admin/builder/spi-builder-workspace/.derivedData/SDKExplicitPrecompiledModules/_Builtin_stdatomic-71DQV8BR56LNANL900GGEC9KO.pcm
SwiftExplicitDependencyGeneratePcm arm64 /Users/admin/builder/spi-builder-workspace/.derivedData/SDKExplicitPrecompiledModules/_DarwinFoundation3-63L5I5VCGX6CLI6HI7OWUXJN6.pcm
SwiftExplicitDependencyGeneratePcm arm64 /Users/admin/builder/spi-builder-workspace/.derivedData/SDKExplicitPrecompiledModules/_Builtin_inttypes-80RS02PM2X81SP8N0Q7X05540.pcm
SwiftExplicitDependencyGeneratePcm arm64 /Users/admin/builder/spi-builder-workspace/.derivedData/SDKExplicitPrecompiledModules/CommonCrypto-1YE594F16CI575UEGH3S0XSNY.pcm
SwiftExplicitDependencyGeneratePcm arm64 /Users/admin/builder/spi-builder-workspace/.derivedData/SDKExplicitPrecompiledModules/Darwin-1VTILT8KA42CNDAUB0H1FM7MC.pcm
SwiftExplicitDependencyGeneratePcm arm64 /Users/admin/builder/spi-builder-workspace/.derivedData/SDKExplicitPrecompiledModules/simd-D50CDGAQRFNF5E2BA2UWCCHLJ.pcm
SwiftExplicitDependencyGeneratePcm arm64 /Users/admin/builder/spi-builder-workspace/.derivedData/SDKExplicitPrecompiledModules/MachO-A5KLTMTLJD1DPHEYPZHUSRJ4O.pcm
SwiftExplicitDependencyGeneratePcm arm64 /Users/admin/builder/spi-builder-workspace/.derivedData/SDKExplicitPrecompiledModules/ObjectiveC-CC0BYHG21IQMMT48PGDNSK7G6.pcm
SwiftExplicitDependencyGeneratePcm arm64 /Users/admin/builder/spi-builder-workspace/.derivedData/SDKExplicitPrecompiledModules/os_object-1TJLDNS7X3UT7Y5TM4QQ2RN6G.pcm
SwiftExplicitDependencyGeneratePcm arm64 /Users/admin/builder/spi-builder-workspace/.derivedData/SDKExplicitPrecompiledModules/os_workgroup-E61GF9E8FAHZGKXVOV9QHUD27.pcm
SwiftExplicitDependencyGeneratePcm arm64 /Users/admin/builder/spi-builder-workspace/.derivedData/SDKExplicitPrecompiledModules/Spatial-2KZFBWN278VTZL619Y96SAJC9.pcm
SwiftExplicitDependencyGeneratePcm arm64 /Users/admin/builder/spi-builder-workspace/.derivedData/SDKExplicitPrecompiledModules/Dispatch-F564M6B2H1RRD83XZ8EBWFSHE.pcm
SwiftExplicitDependencyGeneratePcm arm64 /Users/admin/builder/spi-builder-workspace/.derivedData/SDKExplicitPrecompiledModules/XPC-2WVXL0UION0MYZOZAJZC6DUXD.pcm
SwiftExplicitDependencyGeneratePcm arm64 /Users/admin/builder/spi-builder-workspace/.derivedData/SDKExplicitPrecompiledModules/CoreFoundation-A4LOYEEJIFQKOPZRDOG9M3N2K.pcm
SwiftExplicitDependencyGeneratePcm arm64 /Users/admin/builder/spi-builder-workspace/.derivedData/SDKExplicitPrecompiledModules/os-4NLIUP5HHN7FW5ML70YLEU8QE.pcm
SwiftExplicitDependencyGeneratePcm arm64 /Users/admin/builder/spi-builder-workspace/.derivedData/SDKExplicitPrecompiledModules/Security-6KU6X9W8QDIJW83JUF0DRES83.pcm
SwiftExplicitDependencyGeneratePcm arm64 /Users/admin/builder/spi-builder-workspace/.derivedData/SDKExplicitPrecompiledModules/CFNetwork-8S7XZ5SI3TWM2JOZPDZPRY8W9.pcm
SwiftExplicitDependencyGeneratePcm arm64 /Users/admin/builder/spi-builder-workspace/.derivedData/SDKExplicitPrecompiledModules/CoreGraphics-D8Y0X4J52BHG7HHUQLTX6SXE1.pcm
SwiftExplicitDependencyGeneratePcm arm64 /Users/admin/builder/spi-builder-workspace/.derivedData/SDKExplicitPrecompiledModules/Foundation-1AS5K10MY6XENLLR2NDUCKYTM.pcm
SwiftExplicitDependencyGeneratePcm arm64 /Users/admin/builder/spi-builder-workspace/.derivedData/SDKExplicitPrecompiledModules/CoreText-E0GG8D3D527TJX7D2QEHFQLM2.pcm
SwiftExplicitDependencyGeneratePcm arm64 /Users/admin/builder/spi-builder-workspace/.derivedData/SDKExplicitPrecompiledModules/ImageIO-48DA7ET77Q34HPZP9CPHI9VS4.pcm
SwiftExplicitDependencyGeneratePcm arm64 /Users/admin/builder/spi-builder-workspace/.derivedData/SDKExplicitPrecompiledModules/DataDetection-9IX0C1MAX33MS6TCZDSNKXEO8.pcm
SwiftExplicitDependencyGeneratePcm arm64 /Users/admin/builder/spi-builder-workspace/.derivedData/SDKExplicitPrecompiledModules/UniformTypeIdentifiers-DQ77M7R0D7VCBK0YUO3VHCRB1.pcm
SwiftExplicitDependencyGeneratePcm arm64 /Users/admin/builder/spi-builder-workspace/.derivedData/SDKExplicitPrecompiledModules/OSLog-1UX1YGRJSIOEO9YC3MNFFD818.pcm
SwiftExplicitDependencyGeneratePcm arm64 /Users/admin/builder/spi-builder-workspace/.derivedData/SDKExplicitPrecompiledModules/_LocationEssentials-2OY9351FRBO717MIULOKMYA9E.pcm
SwiftExplicitDependencyGeneratePcm arm64 /Users/admin/builder/spi-builder-workspace/.derivedData/SDKExplicitPrecompiledModules/CoreTransferable-84B3V3M9DHRIQERK179SSQO5U.pcm
SwiftExplicitDependencyGeneratePcm arm64 /Users/admin/builder/spi-builder-workspace/.derivedData/SDKExplicitPrecompiledModules/UserNotifications-AKH3GC0FQWUK55FNTW4WEMFQE.pcm
SwiftExplicitDependencyGeneratePcm arm64 /Users/admin/builder/spi-builder-workspace/.derivedData/SDKExplicitPrecompiledModules/IOSurface-DEQULTJ8SC21O986FDCNTM8FX.pcm
SwiftExplicitDependencyGeneratePcm arm64 /Users/admin/builder/spi-builder-workspace/.derivedData/SDKExplicitPrecompiledModules/UIUtilities-9NQVCWATNLLVY125LB74695HY.pcm
SwiftExplicitDependencyGeneratePcm arm64 /Users/admin/builder/spi-builder-workspace/.derivedData/SDKExplicitPrecompiledModules/Symbols-9TNA7JIKOEYVTYC7A16HCS4Z8.pcm
SwiftExplicitDependencyGeneratePcm arm64 /Users/admin/builder/spi-builder-workspace/.derivedData/SDKExplicitPrecompiledModules/Accessibility-EAPB6A95K5V0S27QNKR6ATG7F.pcm
SwiftExplicitDependencyGeneratePcm arm64 /Users/admin/builder/spi-builder-workspace/.derivedData/SDKExplicitPrecompiledModules/CoreLocation-6939X9DMB2SA43P0TYB7Z14Z5.pcm
SwiftExplicitDependencyGeneratePcm arm64 /Users/admin/builder/spi-builder-workspace/.derivedData/SDKExplicitPrecompiledModules/OpenGLES-6Y33D4DDPO1R82EJXT1SIGNPS.pcm
SwiftExplicitDependencyGeneratePcm arm64 /Users/admin/builder/spi-builder-workspace/.derivedData/SDKExplicitPrecompiledModules/Metal-52GB3RCZ6A2WEZ7RWCXV2WL0N.pcm
SwiftExplicitDependencyGeneratePcm arm64 /Users/admin/builder/spi-builder-workspace/.derivedData/SDKExplicitPrecompiledModules/CoreVideo-5G4VAY32QMJB00PUALI6188LK.pcm
SwiftExplicitDependencyGeneratePcm arm64 /Users/admin/builder/spi-builder-workspace/.derivedData/SDKExplicitPrecompiledModules/CoreImage-ATUQ374FIDJPA1DF5BLR644CG.pcm
SwiftExplicitDependencyGeneratePcm arm64 /Users/admin/builder/spi-builder-workspace/.derivedData/SDKExplicitPrecompiledModules/QuartzCore-DSNZZA81DYNK4OK1ANRR6HM7G.pcm
SwiftExplicitDependencyGeneratePcm arm64 /Users/admin/builder/spi-builder-workspace/.derivedData/SDKExplicitPrecompiledModules/SwiftUICore-7SJQ9GB90ACGZV5NB09LFJIRX.pcm
SwiftExplicitDependencyGeneratePcm arm64 /Users/admin/builder/spi-builder-workspace/.derivedData/SDKExplicitPrecompiledModules/UIKit-42T2ZGON9LDZUXRIAUKELQ554.pcm
SwiftEmitModule normal arm64 Emitting\ module\ for\ SecurityKit (in target 'SecurityKit' from project 'SecurityKit')
SwiftCompile normal arm64 (in target 'SecurityKit' from project 'SecurityKit')
    cd /Users/admin/builder/spi-builder-workspace/.swiftpm/xcode

SwiftCompile normal arm64 Compiling\ CodeSignatureDetection.swift,\ DebuggerDetection.swift,\ DeviceBindingDetection.swift /Users/admin/builder/spi-builder-workspace/Sources/SecurityKit/CodeSignatureDetection.swift /Users/admin/builder/spi-builder-workspace/Sources/SecurityKit/DebuggerDetection.swift /Users/admin/builder/spi-builder-workspace/Sources/SecurityKit/DeviceBindingDetection.swift (in target 'SecurityKit' from project 'SecurityKit')
SwiftCompile normal arm64 /Users/admin/builder/spi-builder-workspace/Sources/SecurityKit/CodeSignatureDetection.swift (in target 'SecurityKit' from project 'SecurityKit')
    cd /Users/admin/builder/spi-builder-workspace/.swiftpm/xcode
    builtin-SwiftPerFileCompile CodeSignatureDetection.swift
SwiftCompile normal arm64 /Users/admin/builder/spi-builder-workspace/Sources/SecurityKit/DebuggerDetection.swift (in target 'SecurityKit' from project 'SecurityKit')
    cd /Users/admin/builder/spi-builder-workspace/.swiftpm/xcode
    builtin-SwiftPerFileCompile DebuggerDetection.swift
SwiftCompile normal arm64 /Users/admin/builder/spi-builder-workspace/Sources/SecurityKit/DeviceBindingDetection.swift (in target 'SecurityKit' from project 'SecurityKit')
    cd /Users/admin/builder/spi-builder-workspace/.swiftpm/xcode
    builtin-SwiftPerFileCompile DeviceBindingDetection.swift
/Users/admin/builder/spi-builder-workspace/Sources/SecurityKit/DebuggerDetection.swift:60:22: error: 'task_get_exception_ports' is unavailable in tvOS
 58 |         }
 59 |
 60 |         let result = task_get_exception_ports(
    |                      `- error: 'task_get_exception_ports' is unavailable in tvOS
 61 |             mach_task_self_,
 62 |             exception_mask_t(0x3FFE),
/Applications/Xcode-27.0.0-Release.Candidate.app/Contents/Developer/Platforms/AppleTVOS.platform/Developer/SDKs/AppleTVOS27.0.sdk/usr/include/mach/task.h:275:15: note: 'task_get_exception_ports' has been explicitly marked unavailable here
 273 | #endif	/* mig_external */
 274 | __TVOS_PROHIBITED __WATCHOS_PROHIBITED
 275 | kern_return_t task_get_exception_ports
     |               `- note: 'task_get_exception_ports' has been explicitly marked unavailable here
 276 | (
 277 | 	task_t task,
Failed frontend command:
/Applications/Xcode-27.0.0-Release.Candidate.app/Contents/Developer/Toolchains/XcodeDefault.xctoolchain/usr/bin/swift-frontend -frontend -c /Users/admin/builder/spi-builder-workspace/Sources/SecurityKit/AESEncryption.swift /Users/admin/builder/spi-builder-workspace/Sources/SecurityKit/BlurScreen.swift /Users/admin/builder/spi-builder-workspace/Sources/SecurityKit/ClipboardProtection.swift -primary-file /Users/admin/builder/spi-builder-workspace/Sources/SecurityKit/CodeSignatureDetection.swift -primary-file /Users/admin/builder/spi-builder-workspace/Sources/SecurityKit/DebuggerDetection.swift -primary-file /Users/admin/builder/spi-builder-workspace/Sources/SecurityKit/DeviceBindingDetection.swift /Users/admin/builder/spi-builder-workspace/Sources/SecurityKit/EnvironmentDetection.swift /Users/admin/builder/spi-builder-workspace/Sources/SecurityKit/FileDetection.swift /Users/admin/builder/spi-builder-workspace/Sources/SecurityKit/FishHookDetection.swift /Users/admin/builder/spi-builder-workspace/Sources/SecurityKit/IntegrityDetection.swift /Users/admin/builder/spi-builder-workspace/Sources/SecurityKit/JailbreakDetection.swift /Users/admin/builder/spi-builder-workspace/Sources/SecurityKit/MSHookFunctionDetection.swift /Users/admin/builder/spi-builder-workspace/Sources/SecurityKit/MemoryProtection.swift /Users/admin/builder/spi-builder-workspace/Sources/SecurityKit/ModesDetection.swift /Users/admin/builder/spi-builder-workspace/Sources/SecurityKit/NetworkSecurityDetection.swift /Users/admin/builder/spi-builder-workspace/Sources/SecurityKit/ProxyDetection.swift /Users/admin/builder/spi-builder-workspace/Sources/SecurityKit/ReverseEngineeringDetection.swift /Users/admin/builder/spi-builder-workspace/Sources/SecurityKit/RuntimeHookDetection.swift /Users/admin/builder/spi-builder-workspace/Sources/SecurityKit/SecureStorage.swift /Users/admin/builder/spi-builder-workspace/Sources/SecurityKit/SecurityKit.swift /Users/admin/builder/spi-builder-workspace/Sources/SecurityKit/SimulatorDetection.swift /Users/admin/builder/spi-builder-workspace/Sources/SecurityKit/StringEncryption.swift /Users/admin/builder/spi-builder-workspace/Sources/SecurityKit/ViewProtection.swift -supplementary-output-file-map /Users/admin/builder/spi-builder-workspace/.derivedData/Build/Intermediates.noindex/SecurityKit.build/Debug-appletvos/SecurityKit-t.build/Objects-normal/arm64/supplementaryOutputs-2 -target arm64-apple-tvos15.0 -module-can-import-version CryptoKit 383.3.1 0 -disable-cross-import-overlay-search -swift-module-cross-import Darwin /Applications/Xcode-27.0.0-Release.Candidate.app/Contents/Developer/Platforms/AppleTVOS.platform/Developer/SDKs/AppleTVOS.sdk/usr/include/Darwin.swiftcrossimport/xlocale.swiftoverlay -load-resolved-plugin /Applications/Xcode-27.0.0-Release.Candidate.app/Contents/Developer/Platforms/AppleTVOS.platform/Developer/usr/lib/swift/host/plugins/libFoundationMacros.dylib\#/Applications/Xcode-27.0.0-Release.Candidate.app/Contents/Developer/Platforms/AppleTVOS.platform/Developer/usr/bin/swift-plugin-server\#FoundationMacros -load-resolved-plugin /Applications/Xcode-27.0.0-Release.Candidate.app/Contents/Developer/Platforms/AppleTVOS.platform/Developer/usr/lib/swift/host/plugins/libObservationMacros.dylib\#/Applications/Xcode-27.0.0-Release.Candidate.app/Contents/Developer/Platforms/AppleTVOS.platform/Developer/usr/bin/swift-plugin-server\#ObservationMacros -load-resolved-plugin /Applications/Xcode-27.0.0-Release.Candidate.app/Contents/Developer/Platforms/AppleTVOS.platform/Developer/usr/lib/swift/host/plugins/libPreviewsMacros.dylib\#/Applications/Xcode-27.0.0-Release.Candidate.app/Contents/Developer/Platforms/AppleTVOS.platform/Developer/usr/bin/swift-plugin-server\#PreviewsMacros -load-resolved-plugin /Applications/Xcode-27.0.0-Release.Candidate.app/Contents/Developer/Platforms/AppleTVOS.platform/Developer/usr/lib/swift/host/plugins/libSwiftMacros.dylib\#/Applications/Xcode-27.0.0-Release.Candidate.app/Contents/Developer/Platforms/AppleTVOS.platform/Developer/usr/bin/swift-plugin-server\#SwiftMacros -load-resolved-plugin /Applications/Xcode-27.0.0-Release.Candidate.app/Contents/Developer/Platforms/AppleTVOS.platform/Developer/usr/lib/swift/host/plugins/libSwiftUIMacros.dylib\#/Applications/Xcode-27.0.0-Release.Candidate.app/Contents/Developer/Platforms/AppleTVOS.platform/Developer/usr/bin/swift-plugin-server\#SwiftUIMacros -disable-implicit-swift-modules -Xcc -fno-implicit-modules -Xcc -fno-implicit-module-maps -explicit-swift-module-map-file /Users/admin/builder/spi-builder-workspace/.derivedData/Build/Intermediates.noindex/SecurityKit.build/Debug-appletvos/SecurityKit-t.build/Objects-normal/arm64/SecurityKit-dependencies-1.json -Xllvm -aarch64-use-tbi -enable-objc-interop -stack-check -sdk /Applications/Xcode-27.0.0-Release.Candidate.app/Contents/Developer/Platforms/AppleTVOS.platform/Developer/SDKs/AppleTVOS27.0.sdk -I /Users/admin/builder/spi-builder-workspace/.derivedData/Build/Products/Debug-appletvos -Isystem /Applications/Xcode-27.0.0-Release.Candidate.app/Contents/Developer/Platforms/AppleTVOS.platform/Developer/usr/lib -F /Users/admin/builder/spi-builder-workspace/.derivedData/Build/Products/Debug-appletvos -F /Applications/Xcode-27.0.0-Release.Candidate.app/Contents/Developer/Platforms/AppleTVOS.platform/Developer/Library/Frameworks -F /Applications/Xcode-27.0.0-Release.Candidate.app/Contents/Developer/Platforms/AppleTVOS.platform/Developer/SDKs/AppleTVOS27.0.sdk/Developer/Library/Frameworks -module-cache-path /Users/admin/builder/spi-builder-workspace/.derivedData/Build/Intermediates.noindex/SwiftExplicitPrecompiledModules -no-color-diagnostics -Xcc -fno-color-diagnostics -enable-testing -g -debug-info-format\=dwarf -dwarf-version\=4 -swift-version 6 -Onone -D SWIFT_PACKAGE -D DEBUG -D SWIFT_MODULE_RESOURCE_BUNDLE_UNAVAILABLE -D Xcode -serialize-debugging-options -enable-experimental-feature DebugDescriptionMacro -empty-abi-descriptor -validate-clang-modules-once -clang-build-session-file /Users/admin/builder/spi-builder-workspace/.derivedData/ModuleCache.noindex/Session.modulevalidation -Xcc -working-directory -Xcc /Users/admin/builder/spi-builder-workspace/.swiftpm/xcode -enable-anonymous-context-mangled-names -file-compilation-dir /Users/admin/builder/spi-builder-workspace/.swiftpm/xcode -Xcc -D_LIBCPP_HARDENING_MODE\=_LIBCPP_HARDENING_MODE_DEBUG -Xcc -ivfsstatcache -Xcc /Users/admin/builder/spi-builder-workspace/.derivedData/SDKStatCaches.noindex/appletvos27.0-24J360-e829b21a6f8c9b70876ba0858053c044b32bfd8d43560033f8d89884cdb90028.sdkstatcache -Xcc -fmodules-prune-interval\=86400 -Xcc -fmodules-prune-after\=345600 -Xcc -I/Users/admin/builder/spi-builder-workspace/.derivedData/Build/Products/Debug-appletvos/include -Xcc -I/Users/admin/builder/spi-builder-workspace/.derivedData/Build/Intermediates.noindex/SecurityKit.build/Debug-appletvos/SecurityKit-t.build/DerivedSources-normal/arm64 -Xcc -I/Users/admin/builder/spi-builder-workspace/.derivedData/Build/Intermediates.noindex/SecurityKit.build/Debug-appletvos/SecurityKit-t.build/DerivedSources/arm64 -Xcc -I/Users/admin/builder/spi-builder-workspace/.derivedData/Build/Intermediates.noindex/SecurityKit.build/Debug-appletvos/SecurityKit-t.build/DerivedSources -Xcc -DSWIFT_PACKAGE -Xcc -DDEBUG\=1 -no-auto-bridging-header-chaining -module-name SecurityKit -package-name spi_builder_workspace -const-gather-protocols-file /Users/admin/builder/spi-builder-workspace/.derivedData/Build/Intermediates.noindex/SecurityKit.build/Debug-appletvos/SecurityKit-t.build/Objects-normal/arm64/SecurityKit_const_extract_protocols.json -disable-clang-spi -clang-target arm64-apple-tvos27.0 -target-sdk-version 27.0 -target-sdk-name appletvos27.0 -in-process-plugin-server-path /Applications/Xcode-27.0.0-Release.Candidate.app/Contents/Developer/Toolchains/XcodeDefault.xctoolchain/usr/lib/swift/host/libSwiftInProcPluginServer.dylib -parse-as-library -o /Users/admin/builder/spi-builder-workspace/.derivedData/Build/Intermediates.noindex/SecurityKit.build/Debug-appletvos/SecurityKit-t.build/Objects-normal/arm64/CodeSignatureDetection.o -o /Users/admin/builder/spi-builder-workspace/.derivedData/Build/Intermediates.noindex/SecurityKit.build/Debug-appletvos/SecurityKit-t.build/Objects-normal/arm64/DebuggerDetection.o -o /Users/admin/builder/spi-builder-workspace/.derivedData/Build/Intermediates.noindex/SecurityKit.build/Debug-appletvos/SecurityKit-t.build/Objects-normal/arm64/DeviceBindingDetection.o -debug-module-path /Users/admin/builder/spi-builder-workspace/.derivedData/Build/Intermediates.noindex/SecurityKit.build/Debug-appletvos/SecurityKit-t.build/Objects-normal/arm64/SecurityKit.swiftmodule -index-unit-output-path /SecurityKit.build/Debug-appletvos/SecurityKit-t.build/Objects-normal/arm64/CodeSignatureDetection.o -index-unit-output-path /SecurityKit.build/Debug-appletvos/SecurityKit-t.build/Objects-normal/arm64/DebuggerDetection.o -index-unit-output-path /SecurityKit.build/Debug-appletvos/SecurityKit-t.build/Objects-normal/arm64/DeviceBindingDetection.o -index-store-path /Users/admin/builder/spi-builder-workspace/.derivedData/Index.noindex/DataStore -index-system-modules
SwiftCompile normal arm64 Compiling\ StringEncryption.swift,\ ViewProtection.swift /Users/admin/builder/spi-builder-workspace/Sources/SecurityKit/StringEncryption.swift /Users/admin/builder/spi-builder-workspace/Sources/SecurityKit/ViewProtection.swift (in target 'SecurityKit' from project 'SecurityKit')
SwiftCompile normal arm64 /Users/admin/builder/spi-builder-workspace/Sources/SecurityKit/StringEncryption.swift (in target 'SecurityKit' from project 'SecurityKit')
    cd /Users/admin/builder/spi-builder-workspace/.swiftpm/xcode
    builtin-SwiftPerFileCompile StringEncryption.swift
SwiftCompile normal arm64 /Users/admin/builder/spi-builder-workspace/Sources/SecurityKit/ViewProtection.swift (in target 'SecurityKit' from project 'SecurityKit')
    cd /Users/admin/builder/spi-builder-workspace/.swiftpm/xcode
    builtin-SwiftPerFileCompile ViewProtection.swift
SwiftCompile normal arm64 Compiling\ ModesDetection.swift,\ NetworkSecurityDetection.swift /Users/admin/builder/spi-builder-workspace/Sources/SecurityKit/ModesDetection.swift /Users/admin/builder/spi-builder-workspace/Sources/SecurityKit/NetworkSecurityDetection.swift (in target 'SecurityKit' from project 'SecurityKit')
SwiftCompile normal arm64 /Users/admin/builder/spi-builder-workspace/Sources/SecurityKit/ModesDetection.swift (in target 'SecurityKit' from project 'SecurityKit')
    cd /Users/admin/builder/spi-builder-workspace/.swiftpm/xcode
    builtin-SwiftPerFileCompile ModesDetection.swift
SwiftCompile normal arm64 /Users/admin/builder/spi-builder-workspace/Sources/SecurityKit/NetworkSecurityDetection.swift (in target 'SecurityKit' from project 'SecurityKit')
    cd /Users/admin/builder/spi-builder-workspace/.swiftpm/xcode
    builtin-SwiftPerFileCompile NetworkSecurityDetection.swift
SwiftCompile normal arm64 Compiling\ IntegrityDetection.swift,\ JailbreakDetection.swift /Users/admin/builder/spi-builder-workspace/Sources/SecurityKit/IntegrityDetection.swift /Users/admin/builder/spi-builder-workspace/Sources/SecurityKit/JailbreakDetection.swift (in target 'SecurityKit' from project 'SecurityKit')
SwiftCompile normal arm64 /Users/admin/builder/spi-builder-workspace/Sources/SecurityKit/IntegrityDetection.swift (in target 'SecurityKit' from project 'SecurityKit')
    cd /Users/admin/builder/spi-builder-workspace/.swiftpm/xcode
    builtin-SwiftPerFileCompile IntegrityDetection.swift
SwiftCompile normal arm64 /Users/admin/builder/spi-builder-workspace/Sources/SecurityKit/JailbreakDetection.swift (in target 'SecurityKit' from project 'SecurityKit')
    cd /Users/admin/builder/spi-builder-workspace/.swiftpm/xcode
    builtin-SwiftPerFileCompile JailbreakDetection.swift
SwiftCompile normal arm64 Compiling\ SecurityKit.swift,\ SimulatorDetection.swift /Users/admin/builder/spi-builder-workspace/Sources/SecurityKit/SecurityKit.swift /Users/admin/builder/spi-builder-workspace/Sources/SecurityKit/SimulatorDetection.swift (in target 'SecurityKit' from project 'SecurityKit')
SwiftCompile normal arm64 /Users/admin/builder/spi-builder-workspace/Sources/SecurityKit/SecurityKit.swift (in target 'SecurityKit' from project 'SecurityKit')
    cd /Users/admin/builder/spi-builder-workspace/.swiftpm/xcode
    builtin-SwiftPerFileCompile SecurityKit.swift
SwiftCompile normal arm64 /Users/admin/builder/spi-builder-workspace/Sources/SecurityKit/SimulatorDetection.swift (in target 'SecurityKit' from project 'SecurityKit')
    cd /Users/admin/builder/spi-builder-workspace/.swiftpm/xcode
    builtin-SwiftPerFileCompile SimulatorDetection.swift
SwiftCompile normal arm64 Compiling\ ProxyDetection.swift,\ ReverseEngineeringDetection.swift /Users/admin/builder/spi-builder-workspace/Sources/SecurityKit/ProxyDetection.swift /Users/admin/builder/spi-builder-workspace/Sources/SecurityKit/ReverseEngineeringDetection.swift (in target 'SecurityKit' from project 'SecurityKit')
SwiftCompile normal arm64 /Users/admin/builder/spi-builder-workspace/Sources/SecurityKit/ProxyDetection.swift (in target 'SecurityKit' from project 'SecurityKit')
    cd /Users/admin/builder/spi-builder-workspace/.swiftpm/xcode
    builtin-SwiftPerFileCompile ProxyDetection.swift
SwiftCompile normal arm64 /Users/admin/builder/spi-builder-workspace/Sources/SecurityKit/ReverseEngineeringDetection.swift (in target 'SecurityKit' from project 'SecurityKit')
    cd /Users/admin/builder/spi-builder-workspace/.swiftpm/xcode
    builtin-SwiftPerFileCompile ReverseEngineeringDetection.swift
SwiftCompile normal arm64 Compiling\ MSHookFunctionDetection.swift,\ MemoryProtection.swift /Users/admin/builder/spi-builder-workspace/Sources/SecurityKit/MSHookFunctionDetection.swift /Users/admin/builder/spi-builder-workspace/Sources/SecurityKit/MemoryProtection.swift (in target 'SecurityKit' from project 'SecurityKit')
SwiftCompile normal arm64 /Users/admin/builder/spi-builder-workspace/Sources/SecurityKit/MSHookFunctionDetection.swift (in target 'SecurityKit' from project 'SecurityKit')
    cd /Users/admin/builder/spi-builder-workspace/.swiftpm/xcode
    builtin-SwiftPerFileCompile MSHookFunctionDetection.swift
SwiftCompile normal arm64 /Users/admin/builder/spi-builder-workspace/Sources/SecurityKit/MemoryProtection.swift (in target 'SecurityKit' from project 'SecurityKit')
    cd /Users/admin/builder/spi-builder-workspace/.swiftpm/xcode
    builtin-SwiftPerFileCompile MemoryProtection.swift
SwiftCompile normal arm64 Compiling\ AESEncryption.swift,\ BlurScreen.swift,\ ClipboardProtection.swift /Users/admin/builder/spi-builder-workspace/Sources/SecurityKit/AESEncryption.swift /Users/admin/builder/spi-builder-workspace/Sources/SecurityKit/BlurScreen.swift /Users/admin/builder/spi-builder-workspace/Sources/SecurityKit/ClipboardProtection.swift (in target 'SecurityKit' from project 'SecurityKit')
/Users/admin/builder/spi-builder-workspace/Sources/SecurityKit/ClipboardProtection.swift:32:9: error: 'UIPasteboard' is unavailable in tvOS
30 |      */
31 |     public func clearClipboard() {
32 |         UIPasteboard.general.items = []
   |         `- error: 'UIPasteboard' is unavailable in tvOS
33 |     }
34 |
/Applications/Xcode-27.0.0-Release.Candidate.app/Contents/Developer/Platforms/AppleTVOS.platform/Developer/SDKs/AppleTVOS27.0.sdk/System/Library/Frameworks/UIKit.framework/Headers/UIPasteboard.h:50:12: note: 'UIPasteboard' has been explicitly marked unavailable here
 48 |
 49 | UIKIT_EXTERN API_AVAILABLE(ios(3.0)) API_UNAVAILABLE(tvos) API_UNAVAILABLE(watchos) NS_SWIFT_SENDABLE
 50 | @interface UIPasteboard : NSObject
    |            `- note: 'UIPasteboard' has been explicitly marked unavailable here
 51 |
 52 | @property(class, nonatomic, readonly) UIPasteboard *generalPasteboard;
/Users/admin/builder/spi-builder-workspace/Sources/SecurityKit/ClipboardProtection.swift:55:16: error: 'UIPasteboard' is unavailable in tvOS
53 |      */
54 |     public func hasContent() -> Bool {
55 |         return UIPasteboard.general.hasStrings ||
   |                `- error: 'UIPasteboard' is unavailable in tvOS
56 |                UIPasteboard.general.hasImages ||
57 |                UIPasteboard.general.hasURLs
/Applications/Xcode-27.0.0-Release.Candidate.app/Contents/Developer/Platforms/AppleTVOS.platform/Developer/SDKs/AppleTVOS27.0.sdk/System/Library/Frameworks/UIKit.framework/Headers/UIPasteboard.h:50:12: note: 'UIPasteboard' has been explicitly marked unavailable here
 48 |
 49 | UIKIT_EXTERN API_AVAILABLE(ios(3.0)) API_UNAVAILABLE(tvos) API_UNAVAILABLE(watchos) NS_SWIFT_SENDABLE
 50 | @interface UIPasteboard : NSObject
    |            `- note: 'UIPasteboard' has been explicitly marked unavailable here
 51 |
 52 | @property(class, nonatomic, readonly) UIPasteboard *generalPasteboard;
/Users/admin/builder/spi-builder-workspace/Sources/SecurityKit/ClipboardProtection.swift:55:37: error: 'hasStrings' is unavailable in tvOS
53 |      */
54 |     public func hasContent() -> Bool {
55 |         return UIPasteboard.general.hasStrings ||
   |                                     `- error: 'hasStrings' is unavailable in tvOS
56 |                UIPasteboard.general.hasImages ||
57 |                UIPasteboard.general.hasURLs
/Applications/Xcode-27.0.0-Release.Candidate.app/Contents/Developer/Platforms/AppleTVOS.platform/Developer/SDKs/AppleTVOS27.0.sdk/System/Library/Frameworks/UIKit.framework/Headers/UIPasteboard.h:122:38: note: 'hasStrings' has been explicitly marked unavailable here
120 | // Queries
121 |
122 | @property (nonatomic, readonly) BOOL hasStrings API_UNAVAILABLE(tvos) API_UNAVAILABLE(watchos) API_AVAILABLE(ios(10.0));
    |                                      `- note: 'hasStrings' has been explicitly marked unavailable here
123 | @property (nonatomic, readonly) BOOL hasURLs API_UNAVAILABLE(tvos) API_UNAVAILABLE(watchos) API_AVAILABLE(ios(10.0));
124 | @property (nonatomic, readonly) BOOL hasImages API_UNAVAILABLE(tvos) API_UNAVAILABLE(watchos) API_AVAILABLE(ios(10.0));
/Users/admin/builder/spi-builder-workspace/Sources/SecurityKit/ClipboardProtection.swift:56:16: error: 'UIPasteboard' is unavailable in tvOS
54 |     public func hasContent() -> Bool {
55 |         return UIPasteboard.general.hasStrings ||
56 |                UIPasteboard.general.hasImages ||
   |                `- error: 'UIPasteboard' is unavailable in tvOS
57 |                UIPasteboard.general.hasURLs
58 |     }
/Applications/Xcode-27.0.0-Release.Candidate.app/Contents/Developer/Platforms/AppleTVOS.platform/Developer/SDKs/AppleTVOS27.0.sdk/System/Library/Frameworks/UIKit.framework/Headers/UIPasteboard.h:50:12: note: 'UIPasteboard' has been explicitly marked unavailable here
 48 |
 49 | UIKIT_EXTERN API_AVAILABLE(ios(3.0)) API_UNAVAILABLE(tvos) API_UNAVAILABLE(watchos) NS_SWIFT_SENDABLE
 50 | @interface UIPasteboard : NSObject
    |            `- note: 'UIPasteboard' has been explicitly marked unavailable here
 51 |
 52 | @property(class, nonatomic, readonly) UIPasteboard *generalPasteboard;
/Users/admin/builder/spi-builder-workspace/Sources/SecurityKit/ClipboardProtection.swift:56:37: error: 'hasImages' is unavailable in tvOS
54 |     public func hasContent() -> Bool {
55 |         return UIPasteboard.general.hasStrings ||
56 |                UIPasteboard.general.hasImages ||
   |                                     `- error: 'hasImages' is unavailable in tvOS
57 |                UIPasteboard.general.hasURLs
58 |     }
/Applications/Xcode-27.0.0-Release.Candidate.app/Contents/Developer/Platforms/AppleTVOS.platform/Developer/SDKs/AppleTVOS27.0.sdk/System/Library/Frameworks/UIKit.framework/Headers/UIPasteboard.h:124:38: note: 'hasImages' has been explicitly marked unavailable here
122 | @property (nonatomic, readonly) BOOL hasStrings API_UNAVAILABLE(tvos) API_UNAVAILABLE(watchos) API_AVAILABLE(ios(10.0));
123 | @property (nonatomic, readonly) BOOL hasURLs API_UNAVAILABLE(tvos) API_UNAVAILABLE(watchos) API_AVAILABLE(ios(10.0));
124 | @property (nonatomic, readonly) BOOL hasImages API_UNAVAILABLE(tvos) API_UNAVAILABLE(watchos) API_AVAILABLE(ios(10.0));
    |                                      `- note: 'hasImages' has been explicitly marked unavailable here
125 | @property (nonatomic, readonly) BOOL hasColors API_UNAVAILABLE(tvos) API_UNAVAILABLE(watchos) API_AVAILABLE(ios(10.0));
126 |
/Users/admin/builder/spi-builder-workspace/Sources/SecurityKit/ClipboardProtection.swift:57:16: error: 'UIPasteboard' is unavailable in tvOS
55 |         return UIPasteboard.general.hasStrings ||
56 |                UIPasteboard.general.hasImages ||
57 |                UIPasteboard.general.hasURLs
   |                `- error: 'UIPasteboard' is unavailable in tvOS
58 |     }
59 |
/Applications/Xcode-27.0.0-Release.Candidate.app/Contents/Developer/Platforms/AppleTVOS.platform/Developer/SDKs/AppleTVOS27.0.sdk/System/Library/Frameworks/UIKit.framework/Headers/UIPasteboard.h:50:12: note: 'UIPasteboard' has been explicitly marked unavailable here
 48 |
 49 | UIKIT_EXTERN API_AVAILABLE(ios(3.0)) API_UNAVAILABLE(tvos) API_UNAVAILABLE(watchos) NS_SWIFT_SENDABLE
 50 | @interface UIPasteboard : NSObject
    |            `- note: 'UIPasteboard' has been explicitly marked unavailable here
 51 |
 52 | @property(class, nonatomic, readonly) UIPasteboard *generalPasteboard;
/Users/admin/builder/spi-builder-workspace/Sources/SecurityKit/ClipboardProtection.swift:57:37: error: 'hasURLs' is unavailable in tvOS
55 |         return UIPasteboard.general.hasStrings ||
56 |                UIPasteboard.general.hasImages ||
57 |                UIPasteboard.general.hasURLs
   |                                     `- error: 'hasURLs' is unavailable in tvOS
58 |     }
59 |
/Applications/Xcode-27.0.0-Release.Candidate.app/Contents/Developer/Platforms/AppleTVOS.platform/Developer/SDKs/AppleTVOS27.0.sdk/System/Library/Frameworks/UIKit.framework/Headers/UIPasteboard.h:123:38: note: 'hasURLs' has been explicitly marked unavailable here
121 |
122 | @property (nonatomic, readonly) BOOL hasStrings API_UNAVAILABLE(tvos) API_UNAVAILABLE(watchos) API_AVAILABLE(ios(10.0));
123 | @property (nonatomic, readonly) BOOL hasURLs API_UNAVAILABLE(tvos) API_UNAVAILABLE(watchos) API_AVAILABLE(ios(10.0));
    |                                      `- note: 'hasURLs' has been explicitly marked unavailable here
124 | @property (nonatomic, readonly) BOOL hasImages API_UNAVAILABLE(tvos) API_UNAVAILABLE(watchos) API_AVAILABLE(ios(10.0));
125 | @property (nonatomic, readonly) BOOL hasColors API_UNAVAILABLE(tvos) API_UNAVAILABLE(watchos) API_AVAILABLE(ios(10.0));
Failed frontend command:
SwiftCompile normal arm64 /Users/admin/builder/spi-builder-workspace/Sources/SecurityKit/AESEncryption.swift (in target 'SecurityKit' from project 'SecurityKit')
    cd /Users/admin/builder/spi-builder-workspace/.swiftpm/xcode
    builtin-SwiftPerFileCompile AESEncryption.swift
SwiftCompile normal arm64 /Users/admin/builder/spi-builder-workspace/Sources/SecurityKit/BlurScreen.swift (in target 'SecurityKit' from project 'SecurityKit')
    cd /Users/admin/builder/spi-builder-workspace/.swiftpm/xcode
    builtin-SwiftPerFileCompile BlurScreen.swift
SwiftCompile normal arm64 /Users/admin/builder/spi-builder-workspace/Sources/SecurityKit/ClipboardProtection.swift (in target 'SecurityKit' from project 'SecurityKit')
    cd /Users/admin/builder/spi-builder-workspace/.swiftpm/xcode
    builtin-SwiftPerFileCompile ClipboardProtection.swift
/Applications/Xcode-27.0.0-Release.Candidate.app/Contents/Developer/Toolchains/XcodeDefault.xctoolchain/usr/bin/swift-frontend -frontend -c -primary-file /Users/admin/builder/spi-builder-workspace/Sources/SecurityKit/AESEncryption.swift -primary-file /Users/admin/builder/spi-builder-workspace/Sources/SecurityKit/BlurScreen.swift -primary-file /Users/admin/builder/spi-builder-workspace/Sources/SecurityKit/ClipboardProtection.swift /Users/admin/builder/spi-builder-workspace/Sources/SecurityKit/CodeSignatureDetection.swift /Users/admin/builder/spi-builder-workspace/Sources/SecurityKit/DebuggerDetection.swift /Users/admin/builder/spi-builder-workspace/Sources/SecurityKit/DeviceBindingDetection.swift /Users/admin/builder/spi-builder-workspace/Sources/SecurityKit/EnvironmentDetection.swift /Users/admin/builder/spi-builder-workspace/Sources/SecurityKit/FileDetection.swift /Users/admin/builder/spi-builder-workspace/Sources/SecurityKit/FishHookDetection.swift /Users/admin/builder/spi-builder-workspace/Sources/SecurityKit/IntegrityDetection.swift /Users/admin/builder/spi-builder-workspace/Sources/SecurityKit/JailbreakDetection.swift /Users/admin/builder/spi-builder-workspace/Sources/SecurityKit/MSHookFunctionDetection.swift /Users/admin/builder/spi-builder-workspace/Sources/SecurityKit/MemoryProtection.swift /Users/admin/builder/spi-builder-workspace/Sources/SecurityKit/ModesDetection.swift /Users/admin/builder/spi-builder-workspace/Sources/SecurityKit/NetworkSecurityDetection.swift /Users/admin/builder/spi-builder-workspace/Sources/SecurityKit/ProxyDetection.swift /Users/admin/builder/spi-builder-workspace/Sources/SecurityKit/ReverseEngineeringDetection.swift /Users/admin/builder/spi-builder-workspace/Sources/SecurityKit/RuntimeHookDetection.swift /Users/admin/builder/spi-builder-workspace/Sources/SecurityKit/SecureStorage.swift /Users/admin/builder/spi-builder-workspace/Sources/SecurityKit/SecurityKit.swift /Users/admin/builder/spi-builder-workspace/Sources/SecurityKit/SimulatorDetection.swift /Users/admin/builder/spi-builder-workspace/Sources/SecurityKit/StringEncryption.swift /Users/admin/builder/spi-builder-workspace/Sources/SecurityKit/ViewProtection.swift -supplementary-output-file-map /Users/admin/builder/spi-builder-workspace/.derivedData/Build/Intermediates.noindex/SecurityKit.build/Debug-appletvos/SecurityKit-t.build/Objects-normal/arm64/supplementaryOutputs-1 -target arm64-apple-tvos15.0 -module-can-import-version CryptoKit 383.3.1 0 -disable-cross-import-overlay-search -swift-module-cross-import Darwin /Applications/Xcode-27.0.0-Release.Candidate.app/Contents/Developer/Platforms/AppleTVOS.platform/Developer/SDKs/AppleTVOS.sdk/usr/include/Darwin.swiftcrossimport/xlocale.swiftoverlay -load-resolved-plugin /Applications/Xcode-27.0.0-Release.Candidate.app/Contents/Developer/Platforms/AppleTVOS.platform/Developer/usr/lib/swift/host/plugins/libFoundationMacros.dylib\#/Applications/Xcode-27.0.0-Release.Candidate.app/Contents/Developer/Platforms/AppleTVOS.platform/Developer/usr/bin/swift-plugin-server\#FoundationMacros -load-resolved-plugin /Applications/Xcode-27.0.0-Release.Candidate.app/Contents/Developer/Platforms/AppleTVOS.platform/Developer/usr/lib/swift/host/plugins/libObservationMacros.dylib\#/Applications/Xcode-27.0.0-Release.Candidate.app/Contents/Developer/Platforms/AppleTVOS.platform/Developer/usr/bin/swift-plugin-server\#ObservationMacros -load-resolved-plugin /Applications/Xcode-27.0.0-Release.Candidate.app/Contents/Developer/Platforms/AppleTVOS.platform/Developer/usr/lib/swift/host/plugins/libPreviewsMacros.dylib\#/Applications/Xcode-27.0.0-Release.Candidate.app/Contents/Developer/Platforms/AppleTVOS.platform/Developer/usr/bin/swift-plugin-server\#PreviewsMacros -load-resolved-plugin /Applications/Xcode-27.0.0-Release.Candidate.app/Contents/Developer/Platforms/AppleTVOS.platform/Developer/usr/lib/swift/host/plugins/libSwiftMacros.dylib\#/Applications/Xcode-27.0.0-Release.Candidate.app/Contents/Developer/Platforms/AppleTVOS.platform/Developer/usr/bin/swift-plugin-server\#SwiftMacros -load-resolved-plugin /Applications/Xcode-27.0.0-Release.Candidate.app/Contents/Developer/Platforms/AppleTVOS.platform/Developer/usr/lib/swift/host/plugins/libSwiftUIMacros.dylib\#/Applications/Xcode-27.0.0-Release.Candidate.app/Contents/Developer/Platforms/AppleTVOS.platform/Developer/usr/bin/swift-plugin-server\#SwiftUIMacros -disable-implicit-swift-modules -Xcc -fno-implicit-modules -Xcc -fno-implicit-module-maps -explicit-swift-module-map-file /Users/admin/builder/spi-builder-workspace/.derivedData/Build/Intermediates.noindex/SecurityKit.build/Debug-appletvos/SecurityKit-t.build/Objects-normal/arm64/SecurityKit-dependencies-1.json -Xllvm -aarch64-use-tbi -enable-objc-interop -stack-check -sdk /Applications/Xcode-27.0.0-Release.Candidate.app/Contents/Developer/Platforms/AppleTVOS.platform/Developer/SDKs/AppleTVOS27.0.sdk -I /Users/admin/builder/spi-builder-workspace/.derivedData/Build/Products/Debug-appletvos -Isystem /Applications/Xcode-27.0.0-Release.Candidate.app/Contents/Developer/Platforms/AppleTVOS.platform/Developer/usr/lib -F /Users/admin/builder/spi-builder-workspace/.derivedData/Build/Products/Debug-appletvos -F /Applications/Xcode-27.0.0-Release.Candidate.app/Contents/Developer/Platforms/AppleTVOS.platform/Developer/Library/Frameworks -F /Applications/Xcode-27.0.0-Release.Candidate.app/Contents/Developer/Platforms/AppleTVOS.platform/Developer/SDKs/AppleTVOS27.0.sdk/Developer/Library/Frameworks -module-cache-path /Users/admin/builder/spi-builder-workspace/.derivedData/Build/Intermediates.noindex/SwiftExplicitPrecompiledModules -no-color-diagnostics -Xcc -fno-color-diagnostics -enable-testing -g -debug-info-format\=dwarf -dwarf-version\=4 -swift-version 6 -Onone -D SWIFT_PACKAGE -D DEBUG -D SWIFT_MODULE_RESOURCE_BUNDLE_UNAVAILABLE -D Xcode -serialize-debugging-options -enable-experimental-feature DebugDescriptionMacro -empty-abi-descriptor -validate-clang-modules-once -clang-build-session-file /Users/admin/builder/spi-builder-workspace/.derivedData/ModuleCache.noindex/Session.modulevalidation -Xcc -working-directory -Xcc /Users/admin/builder/spi-builder-workspace/.swiftpm/xcode -enable-anonymous-context-mangled-names -file-compilation-dir /Users/admin/builder/spi-builder-workspace/.swiftpm/xcode -Xcc -D_LIBCPP_HARDENING_MODE\=_LIBCPP_HARDENING_MODE_DEBUG -Xcc -ivfsstatcache -Xcc /Users/admin/builder/spi-builder-workspace/.derivedData/SDKStatCaches.noindex/appletvos27.0-24J360-e829b21a6f8c9b70876ba0858053c044b32bfd8d43560033f8d89884cdb90028.sdkstatcache -Xcc -fmodules-prune-interval\=86400 -Xcc -fmodules-prune-after\=345600 -Xcc -I/Users/admin/builder/spi-builder-workspace/.derivedData/Build/Products/Debug-appletvos/include -Xcc -I/Users/admin/builder/spi-builder-workspace/.derivedData/Build/Intermediates.noindex/SecurityKit.build/Debug-appletvos/SecurityKit-t.build/DerivedSources-normal/arm64 -Xcc -I/Users/admin/builder/spi-builder-workspace/.derivedData/Build/Intermediates.noindex/SecurityKit.build/Debug-appletvos/SecurityKit-t.build/DerivedSources/arm64 -Xcc -I/Users/admin/builder/spi-builder-workspace/.derivedData/Build/Intermediates.noindex/SecurityKit.build/Debug-appletvos/SecurityKit-t.build/DerivedSources -Xcc -DSWIFT_PACKAGE -Xcc -DDEBUG\=1 -no-auto-bridging-header-chaining -module-name SecurityKit -package-name spi_builder_workspace -const-gather-protocols-file /Users/admin/builder/spi-builder-workspace/.derivedData/Build/Intermediates.noindex/SecurityKit.build/Debug-appletvos/SecurityKit-t.build/Objects-normal/arm64/SecurityKit_const_extract_protocols.json -disable-clang-spi -clang-target arm64-apple-tvos27.0 -target-sdk-version 27.0 -target-sdk-name appletvos27.0 -in-process-plugin-server-path /Applications/Xcode-27.0.0-Release.Candidate.app/Contents/Developer/Toolchains/XcodeDefault.xctoolchain/usr/lib/swift/host/libSwiftInProcPluginServer.dylib -parse-as-library -o /Users/admin/builder/spi-builder-workspace/.derivedData/Build/Intermediates.noindex/SecurityKit.build/Debug-appletvos/SecurityKit-t.build/Objects-normal/arm64/AESEncryption.o -o /Users/admin/builder/spi-builder-workspace/.derivedData/Build/Intermediates.noindex/SecurityKit.build/Debug-appletvos/SecurityKit-t.build/Objects-normal/arm64/BlurScreen.o -o /Users/admin/builder/spi-builder-workspace/.derivedData/Build/Intermediates.noindex/SecurityKit.build/Debug-appletvos/SecurityKit-t.build/Objects-normal/arm64/ClipboardProtection.o -debug-module-path /Users/admin/builder/spi-builder-workspace/.derivedData/Build/Intermediates.noindex/SecurityKit.build/Debug-appletvos/SecurityKit-t.build/Objects-normal/arm64/SecurityKit.swiftmodule -index-unit-output-path /SecurityKit.build/Debug-appletvos/SecurityKit-t.build/Objects-normal/arm64/AESEncryption.o -index-unit-output-path /SecurityKit.build/Debug-appletvos/SecurityKit-t.build/Objects-normal/arm64/BlurScreen.o -index-unit-output-path /SecurityKit.build/Debug-appletvos/SecurityKit-t.build/Objects-normal/arm64/ClipboardProtection.o -index-store-path /Users/admin/builder/spi-builder-workspace/.derivedData/Index.noindex/DataStore -index-system-modules
SwiftCompile normal arm64 Compiling\ RuntimeHookDetection.swift,\ SecureStorage.swift /Users/admin/builder/spi-builder-workspace/Sources/SecurityKit/RuntimeHookDetection.swift /Users/admin/builder/spi-builder-workspace/Sources/SecurityKit/SecureStorage.swift (in target 'SecurityKit' from project 'SecurityKit')
SwiftCompile normal arm64 /Users/admin/builder/spi-builder-workspace/Sources/SecurityKit/RuntimeHookDetection.swift (in target 'SecurityKit' from project 'SecurityKit')
    cd /Users/admin/builder/spi-builder-workspace/.swiftpm/xcode
    builtin-SwiftPerFileCompile RuntimeHookDetection.swift
SwiftCompile normal arm64 /Users/admin/builder/spi-builder-workspace/Sources/SecurityKit/SecureStorage.swift (in target 'SecurityKit' from project 'SecurityKit')
    cd /Users/admin/builder/spi-builder-workspace/.swiftpm/xcode
    builtin-SwiftPerFileCompile SecureStorage.swift
SwiftCompile normal arm64 Compiling\ EnvironmentDetection.swift,\ FileDetection.swift,\ FishHookDetection.swift /Users/admin/builder/spi-builder-workspace/Sources/SecurityKit/EnvironmentDetection.swift /Users/admin/builder/spi-builder-workspace/Sources/SecurityKit/FileDetection.swift /Users/admin/builder/spi-builder-workspace/Sources/SecurityKit/FishHookDetection.swift (in target 'SecurityKit' from project 'SecurityKit')
SwiftCompile normal arm64 /Users/admin/builder/spi-builder-workspace/Sources/SecurityKit/EnvironmentDetection.swift (in target 'SecurityKit' from project 'SecurityKit')
    cd /Users/admin/builder/spi-builder-workspace/.swiftpm/xcode
    builtin-SwiftPerFileCompile EnvironmentDetection.swift
SwiftCompile normal arm64 /Users/admin/builder/spi-builder-workspace/Sources/SecurityKit/FileDetection.swift (in target 'SecurityKit' from project 'SecurityKit')
    cd /Users/admin/builder/spi-builder-workspace/.swiftpm/xcode
    builtin-SwiftPerFileCompile FileDetection.swift
SwiftCompile normal arm64 /Users/admin/builder/spi-builder-workspace/Sources/SecurityKit/FishHookDetection.swift (in target 'SecurityKit' from project 'SecurityKit')
    cd /Users/admin/builder/spi-builder-workspace/.swiftpm/xcode
    builtin-SwiftPerFileCompile FishHookDetection.swift
SwiftDriverJobDiscovery normal arm64 Emitting module for SecurityKit (in target 'SecurityKit' from project 'SecurityKit')
SwiftDriver\ Compilation\ Requirements SecurityKit normal arm64 com.apple.xcode.tools.swift.compiler (in target 'SecurityKit' from project 'SecurityKit')
    cd /Users/admin/builder/spi-builder-workspace/.swiftpm/xcode
    builtin-Swift-Compilation-Requirements -- /Applications/Xcode-27.0.0-Release.Candidate.app/Contents/Developer/Toolchains/XcodeDefault.xctoolchain/usr/bin/swiftc -parse-as-library -module-name SecurityKit -Onone @/Users/admin/builder/spi-builder-workspace/.derivedData/Build/Intermediates.noindex/SecurityKit.build/Debug-appletvos/SecurityKit-t.build/Objects-normal/arm64/SecurityKit.SwiftFileList -DSWIFT_PACKAGE -DDEBUG -DSWIFT_MODULE_RESOURCE_BUNDLE_UNAVAILABLE -DXcode -plugin-path /Applications/Xcode-27.0.0-Release.Candidate.app/Contents/Developer/Toolchains/XcodeDefault.xctoolchain/usr/lib/swift/host/plugins/testing -enable-experimental-feature DebugDescriptionMacro -sdk /Applications/Xcode-27.0.0-Release.Candidate.app/Contents/Developer/Platforms/AppleTVOS.platform/Developer/SDKs/AppleTVOS27.0.sdk -target arm64-apple-tvos15.0 -g -module-cache-path /Users/admin/builder/spi-builder-workspace/.derivedData/ModuleCache.noindex -Xfrontend -serialize-debugging-options -enable-testing -index-store-path /Users/admin/builder/spi-builder-workspace/.derivedData/Index.noindex/DataStore -Xcc -D_LIBCPP_HARDENING_MODE\=_LIBCPP_HARDENING_MODE_DEBUG -swift-version 6 -I /Users/admin/builder/spi-builder-workspace/.derivedData/Build/Products/Debug-appletvos -Isystem /Applications/Xcode-27.0.0-Release.Candidate.app/Contents/Developer/Platforms/AppleTVOS.platform/Developer/usr/lib -F /Users/admin/builder/spi-builder-workspace/.derivedData/Build/Products/Debug-appletvos -F /Applications/Xcode-27.0.0-Release.Candidate.app/Contents/Developer/Platforms/AppleTVOS.platform/Developer/Library/Frameworks -F /Applications/Xcode-27.0.0-Release.Candidate.app/Contents/Developer/Platforms/AppleTVOS.platform/Developer/SDKs/AppleTVOS27.0.sdk/Developer/Library/Frameworks -c -j10 -enable-batch-mode -incremental -Xcc -ivfsstatcache -Xcc /Users/admin/builder/spi-builder-workspace/.derivedData/SDKStatCaches.noindex/appletvos27.0-24J360-e829b21a6f8c9b70876ba0858053c044b32bfd8d43560033f8d89884cdb90028.sdkstatcache -output-file-map /Users/admin/builder/spi-builder-workspace/.derivedData/Build/Intermediates.noindex/SecurityKit.build/Debug-appletvos/SecurityKit-t.build/Objects-normal/arm64/SecurityKit-OutputFileMap.json -save-temps -no-color-diagnostics -explicit-module-build -module-cache-path /Users/admin/builder/spi-builder-workspace/.derivedData/Build/Intermediates.noindex/SwiftExplicitPrecompiledModules -clang-scanner-module-cache-path /Users/admin/builder/spi-builder-workspace/.derivedData/ModuleCache.noindex -sdk-module-cache-path /Users/admin/builder/spi-builder-workspace/.derivedData/SDKExplicitPrecompiledModules -emit-dependencies -emit-module -emit-module-path /Users/admin/builder/spi-builder-workspace/.derivedData/Build/Intermediates.noindex/SecurityKit.build/Debug-appletvos/SecurityKit-t.build/Objects-normal/arm64/SecurityKit.swiftmodule -serialize-diagnostics -dependency-scan-serialize-diagnostics-path /Users/admin/builder/spi-builder-workspace/.derivedData/Build/Intermediates.noindex/SecurityKit.build/Debug-appletvos/SecurityKit-t.build/Objects-normal/arm64/SecurityKit-dependency-scan.dia -validate-clang-modules-once -clang-build-session-file /Users/admin/builder/spi-builder-workspace/.derivedData/ModuleCache.noindex/Session.modulevalidation -Xcc -fmodules-prune-interval\=86400 -Xcc -fmodules-prune-after\=345600 -package-name spi_builder_workspace -emit-const-values -const-gather-protocols-list /Users/admin/builder/spi-builder-workspace/.derivedData/Build/Intermediates.noindex/SecurityKit.build/Debug-appletvos/SecurityKit-t.build/Objects-normal/arm64/SecurityKit_const_extract_protocols.json -Xcc -I/Users/admin/builder/spi-builder-workspace/.derivedData/Build/Products/Debug-appletvos/include -Xcc -I/Users/admin/builder/spi-builder-workspace/.derivedData/Build/Intermediates.noindex/SecurityKit.build/Debug-appletvos/SecurityKit-t.build/DerivedSources-normal/arm64 -Xcc -I/Users/admin/builder/spi-builder-workspace/.derivedData/Build/Intermediates.noindex/SecurityKit.build/Debug-appletvos/SecurityKit-t.build/DerivedSources/arm64 -Xcc -I/Users/admin/builder/spi-builder-workspace/.derivedData/Build/Intermediates.noindex/SecurityKit.build/Debug-appletvos/SecurityKit-t.build/DerivedSources -Xcc -DSWIFT_PACKAGE -Xcc -DDEBUG\=1 -emit-objc-header -emit-objc-header-path /Users/admin/builder/spi-builder-workspace/.derivedData/Build/Intermediates.noindex/SecurityKit.build/Debug-appletvos/SecurityKit-t.build/Objects-normal/arm64/SecurityKit-Swift.h -working-directory /Users/admin/builder/spi-builder-workspace/.swiftpm/xcode -experimental-emit-module-separately -disable-cmo
SwiftDriverJobDiscovery normal arm64 Compiling MSHookFunctionDetection.swift, MemoryProtection.swift (in target 'SecurityKit' from project 'SecurityKit')
SwiftMergeGeneratedHeaders /Users/admin/builder/spi-builder-workspace/.derivedData/Build/Intermediates.noindex/GeneratedModuleMaps-appletvos/SecurityKit-Swift.h /Users/admin/builder/spi-builder-workspace/.derivedData/Build/Intermediates.noindex/SecurityKit.build/Debug-appletvos/SecurityKit-t.build/Objects-normal/arm64/SecurityKit-Swift.h (in target 'SecurityKit' from project 'SecurityKit')
    cd /Users/admin/builder/spi-builder-workspace
    builtin-swiftHeaderTool -arch arm64 /Users/admin/builder/spi-builder-workspace/.derivedData/Build/Intermediates.noindex/SecurityKit.build/Debug-appletvos/SecurityKit-t.build/Objects-normal/arm64/SecurityKit-Swift.h -o /Users/admin/builder/spi-builder-workspace/.derivedData/Build/Intermediates.noindex/GeneratedModuleMaps-appletvos/SecurityKit-Swift.h
Copy /Users/admin/builder/spi-builder-workspace/.derivedData/Build/Products/Debug-appletvos/SecurityKit.swiftmodule/arm64-apple-tvos.swiftmodule /Users/admin/builder/spi-builder-workspace/.derivedData/Build/Intermediates.noindex/SecurityKit.build/Debug-appletvos/SecurityKit-t.build/Objects-normal/arm64/SecurityKit.swiftmodule (in target 'SecurityKit' from project 'SecurityKit')
    cd /Users/admin/builder/spi-builder-workspace
    builtin-copy -exclude .DS_Store -exclude CVS -exclude .svn -exclude .git -exclude .hg -resolve-src-symlinks -rename /Users/admin/builder/spi-builder-workspace/.derivedData/Build/Intermediates.noindex/SecurityKit.build/Debug-appletvos/SecurityKit-t.build/Objects-normal/arm64/SecurityKit.swiftmodule /Users/admin/builder/spi-builder-workspace/.derivedData/Build/Products/Debug-appletvos/SecurityKit.swiftmodule/arm64-apple-tvos.swiftmodule
Copy /Users/admin/builder/spi-builder-workspace/.derivedData/Build/Products/Debug-appletvos/SecurityKit.swiftmodule/arm64-apple-tvos.swiftdoc /Users/admin/builder/spi-builder-workspace/.derivedData/Build/Intermediates.noindex/SecurityKit.build/Debug-appletvos/SecurityKit-t.build/Objects-normal/arm64/SecurityKit.swiftdoc (in target 'SecurityKit' from project 'SecurityKit')
    cd /Users/admin/builder/spi-builder-workspace
    builtin-copy -exclude .DS_Store -exclude CVS -exclude .svn -exclude .git -exclude .hg -resolve-src-symlinks -rename /Users/admin/builder/spi-builder-workspace/.derivedData/Build/Intermediates.noindex/SecurityKit.build/Debug-appletvos/SecurityKit-t.build/Objects-normal/arm64/SecurityKit.swiftdoc /Users/admin/builder/spi-builder-workspace/.derivedData/Build/Products/Debug-appletvos/SecurityKit.swiftmodule/arm64-apple-tvos.swiftdoc
Copy /Users/admin/builder/spi-builder-workspace/.derivedData/Build/Products/Debug-appletvos/SecurityKit.swiftmodule/arm64-apple-tvos.abi.json /Users/admin/builder/spi-builder-workspace/.derivedData/Build/Intermediates.noindex/SecurityKit.build/Debug-appletvos/SecurityKit-t.build/Objects-normal/arm64/SecurityKit.abi.json (in target 'SecurityKit' from project 'SecurityKit')
    cd /Users/admin/builder/spi-builder-workspace
    builtin-copy -exclude .DS_Store -exclude CVS -exclude .svn -exclude .git -exclude .hg -resolve-src-symlinks -rename /Users/admin/builder/spi-builder-workspace/.derivedData/Build/Intermediates.noindex/SecurityKit.build/Debug-appletvos/SecurityKit-t.build/Objects-normal/arm64/SecurityKit.abi.json /Users/admin/builder/spi-builder-workspace/.derivedData/Build/Products/Debug-appletvos/SecurityKit.swiftmodule/arm64-apple-tvos.abi.json
Copy /Users/admin/builder/spi-builder-workspace/.derivedData/Build/Products/Debug-appletvos/SecurityKit.swiftmodule/Project/arm64-apple-tvos.swiftsourceinfo /Users/admin/builder/spi-builder-workspace/.derivedData/Build/Intermediates.noindex/SecurityKit.build/Debug-appletvos/SecurityKit-t.build/Objects-normal/arm64/SecurityKit.swiftsourceinfo (in target 'SecurityKit' from project 'SecurityKit')
    cd /Users/admin/builder/spi-builder-workspace
    builtin-copy -exclude .DS_Store -exclude CVS -exclude .svn -exclude .git -exclude .hg -resolve-src-symlinks -rename /Users/admin/builder/spi-builder-workspace/.derivedData/Build/Intermediates.noindex/SecurityKit.build/Debug-appletvos/SecurityKit-t.build/Objects-normal/arm64/SecurityKit.swiftsourceinfo /Users/admin/builder/spi-builder-workspace/.derivedData/Build/Products/Debug-appletvos/SecurityKit.swiftmodule/Project/arm64-apple-tvos.swiftsourceinfo
SwiftDriverJobDiscovery normal arm64 Compiling ModesDetection.swift, NetworkSecurityDetection.swift (in target 'SecurityKit' from project 'SecurityKit')
SwiftDriverJobDiscovery normal arm64 Compiling ProxyDetection.swift, ReverseEngineeringDetection.swift (in target 'SecurityKit' from project 'SecurityKit')
SwiftDriverJobDiscovery normal arm64 Compiling SecurityKit.swift, SimulatorDetection.swift (in target 'SecurityKit' from project 'SecurityKit')
SwiftDriverJobDiscovery normal arm64 Compiling RuntimeHookDetection.swift, SecureStorage.swift (in target 'SecurityKit' from project 'SecurityKit')
SwiftDriverJobDiscovery normal arm64 Compiling IntegrityDetection.swift, JailbreakDetection.swift (in target 'SecurityKit' from project 'SecurityKit')
PruneExplicitPrecompiledModules /Users/admin/builder/spi-builder-workspace/.derivedData/Build/Intermediates.noindex/SwiftExplicitPrecompiledModules
PruneExplicitPrecompiledModules /Users/admin/builder/spi-builder-workspace/.derivedData/SDKExplicitPrecompiledModules
PruneExplicitPrecompiledModules /Users/admin/builder/spi-builder-workspace/.derivedData/Build/Intermediates.noindex/ExplicitPrecompiledModules
2026-09-24 10:35:09.720 xcodebuild[627:3880] [MT] IDERunDestination: Supported platforms for the buildables in the current scheme is empty.
** BUILD FAILED **
The following build commands failed:
	SwiftCompile normal arm64 /Users/admin/builder/spi-builder-workspace/Sources/SecurityKit/DebuggerDetection.swift (in target 'SecurityKit' from project 'SecurityKit')
	SwiftCompile normal arm64 Compiling\ CodeSignatureDetection.swift,\ DebuggerDetection.swift,\ DeviceBindingDetection.swift /Users/admin/builder/spi-builder-workspace/Sources/SecurityKit/CodeSignatureDetection.swift /Users/admin/builder/spi-builder-workspace/Sources/SecurityKit/DebuggerDetection.swift /Users/admin/builder/spi-builder-workspace/Sources/SecurityKit/DeviceBindingDetection.swift (in target 'SecurityKit' from project 'SecurityKit')
	SwiftCompile normal arm64 /Users/admin/builder/spi-builder-workspace/Sources/SecurityKit/ClipboardProtection.swift (in target 'SecurityKit' from project 'SecurityKit')
	SwiftCompile normal arm64 Compiling\ AESEncryption.swift,\ BlurScreen.swift,\ ClipboardProtection.swift /Users/admin/builder/spi-builder-workspace/Sources/SecurityKit/AESEncryption.swift /Users/admin/builder/spi-builder-workspace/Sources/SecurityKit/BlurScreen.swift /Users/admin/builder/spi-builder-workspace/Sources/SecurityKit/ClipboardProtection.swift (in target 'SecurityKit' from project 'SecurityKit')
	Building workspace SecurityKit with scheme SecurityKit
(5 failures)
Command line invocation:
    /Applications/Xcode-27.0.0-Release.Candidate.app/Contents/Developer/usr/bin/xcodebuild -IDEClonedSourcePackagesDirPathOverride=/Users/admin/builder/spi-builder-workspace/.dependencies -resolvePackageDependencies
Resolve Package Graph
Resolved source packages:
  SecurityKit: /Users/admin/builder/spi-builder-workspace
resolved source packages: SecurityKit
2026-09-24 10:35:19.599 xcodebuild[735:4439] [MT] IDERunDestination: Supported platforms for the buildables in the current scheme is empty.
{
  "dependencies" : [
  ],
  "manifest_display_name" : "SecurityKit",
  "name" : "SecurityKit",
  "path" : "/Users/admin/builder/spi-builder-workspace",
  "platforms" : [
  ],
  "products" : [
    {
      "name" : "SecurityKit",
      "targets" : [
        "SecurityKit"
      ],
      "type" : {
        "library" : [
          "automatic"
        ]
      }
    }
  ],
  "targets" : [
    {
      "c99name" : "SecurityKit",
      "module_type" : "SwiftTarget",
      "name" : "SecurityKit",
      "path" : "Sources/SecurityKit",
      "product_memberships" : [
        "SecurityKit"
      ],
      "sources" : [
        "AESEncryption.swift",
        "BlurScreen.swift",
        "ClipboardProtection.swift",
        "CodeSignatureDetection.swift",
        "DebuggerDetection.swift",
        "DeviceBindingDetection.swift",
        "EnvironmentDetection.swift",
        "FileDetection.swift",
        "FishHookDetection.swift",
        "IntegrityDetection.swift",
        "JailbreakDetection.swift",
        "MSHookFunctionDetection.swift",
        "MemoryProtection.swift",
        "ModesDetection.swift",
        "NetworkSecurityDetection.swift",
        "ProxyDetection.swift",
        "ReverseEngineeringDetection.swift",
        "RuntimeHookDetection.swift",
        "SecureStorage.swift",
        "SecurityKit.swift",
        "SimulatorDetection.swift",
        "StringEncryption.swift",
        "ViewProtection.swift"
      ],
      "type" : "library"
    }
  ],
  "tools_version" : "6.0"
}
{
  "workspace" : {
    "name" : "SecurityKit",
    "schemes" : [
      "SecurityKit"
    ]
  }
}
2026-09-24 10:35:20.841 xcodebuild[743:4507] [MT] IDERunDestination: Supported platforms for the buildables in the current scheme is empty.
Running build ...
env DEVELOPER_DIR=/Applications/Xcode-27.0.0-Release.Candidate.app xcrun xcodebuild -IDEClonedSourcePackagesDirPathOverride=$PWD/.dependencies -skipMacroValidation -skipPackagePluginValidation -derivedDataPath $PWD/.derivedData build -scheme SecurityKit -destination generic/platform=tvOS
Command line invocation:
    /Applications/Xcode-27.0.0-Release.Candidate.app/Contents/Developer/usr/bin/xcodebuild -IDEClonedSourcePackagesDirPathOverride=/Users/admin/builder/spi-builder-workspace/.dependencies -skipMacroValidation -skipPackagePluginValidation -derivedDataPath /Users/admin/builder/spi-builder-workspace/.derivedData build -scheme SecurityKit -destination generic/platform=tvOS
Resolve Package Graph
Resolved source packages:
  SecurityKit: /Users/admin/builder/spi-builder-workspace
ComputePackagePrebuildTargetDependencyGraph
Prepare packages
CreateBuildRequest
SendProjectDescription
CreateBuildOperation
ComputeTargetDependencyGraph
note: Building targets in dependency order
note: Target dependency graph (2 targets)
    Target 'SecurityKit-product' in project 'SecurityKit'
        ➜ Explicit dependency on target 'SecurityKit' in project 'SecurityKit'
    Target 'SecurityKit' in project 'SecurityKit' (no dependencies)
GatherProvisioningInputs
CreateBuildDescription
ClangStatCache /Applications/Xcode-27.0.0-Release.Candidate.app/Contents/Developer/Toolchains/XcodeDefault.xctoolchain/usr/bin/clang-stat-cache /Applications/Xcode-27.0.0-Release.Candidate.app/Contents/Developer/Platforms/AppleTVOS.platform/Developer/SDKs/AppleTVOS27.0.sdk /Users/admin/builder/spi-builder-workspace/.derivedData/SDKStatCaches.noindex/appletvos27.0-24J360-e829b21a6f8c9b70876ba0858053c044b32bfd8d43560033f8d89884cdb90028.sdkstatcache
    cd /Users/admin/builder/spi-builder-workspace/.swiftpm/xcode
    /Applications/Xcode-27.0.0-Release.Candidate.app/Contents/Developer/Toolchains/XcodeDefault.xctoolchain/usr/bin/clang-stat-cache /Applications/Xcode-27.0.0-Release.Candidate.app/Contents/Developer/Platforms/AppleTVOS.platform/Developer/SDKs/AppleTVOS27.0.sdk -o /Users/admin/builder/spi-builder-workspace/.derivedData/SDKStatCaches.noindex/appletvos27.0-24J360-e829b21a6f8c9b70876ba0858053c044b32bfd8d43560033f8d89884cdb90028.sdkstatcache
SwiftDriver SecurityKit normal arm64 com.apple.xcode.tools.swift.compiler (in target 'SecurityKit' from project 'SecurityKit')
    cd /Users/admin/builder/spi-builder-workspace/.swiftpm/xcode
    builtin-SwiftDriver -- /Applications/Xcode-27.0.0-Release.Candidate.app/Contents/Developer/Toolchains/XcodeDefault.xctoolchain/usr/bin/swiftc -parse-as-library -module-name SecurityKit -Onone @/Users/admin/builder/spi-builder-workspace/.derivedData/Build/Intermediates.noindex/SecurityKit.build/Debug-appletvos/SecurityKit-t.build/Objects-normal/arm64/SecurityKit.SwiftFileList -DSWIFT_PACKAGE -DDEBUG -DSWIFT_MODULE_RESOURCE_BUNDLE_UNAVAILABLE -DXcode -plugin-path /Applications/Xcode-27.0.0-Release.Candidate.app/Contents/Developer/Toolchains/XcodeDefault.xctoolchain/usr/lib/swift/host/plugins/testing -enable-experimental-feature DebugDescriptionMacro -sdk /Applications/Xcode-27.0.0-Release.Candidate.app/Contents/Developer/Platforms/AppleTVOS.platform/Developer/SDKs/AppleTVOS27.0.sdk -target arm64-apple-tvos15.0 -g -module-cache-path /Users/admin/builder/spi-builder-workspace/.derivedData/ModuleCache.noindex -Xfrontend -serialize-debugging-options -enable-testing -index-store-path /Users/admin/builder/spi-builder-workspace/.derivedData/Index.noindex/DataStore -Xcc -D_LIBCPP_HARDENING_MODE\=_LIBCPP_HARDENING_MODE_DEBUG -swift-version 6 -I /Users/admin/builder/spi-builder-workspace/.derivedData/Build/Products/Debug-appletvos -Isystem /Applications/Xcode-27.0.0-Release.Candidate.app/Contents/Developer/Platforms/AppleTVOS.platform/Developer/usr/lib -F /Users/admin/builder/spi-builder-workspace/.derivedData/Build/Products/Debug-appletvos -F /Applications/Xcode-27.0.0-Release.Candidate.app/Contents/Developer/Platforms/AppleTVOS.platform/Developer/Library/Frameworks -F /Applications/Xcode-27.0.0-Release.Candidate.app/Contents/Developer/Platforms/AppleTVOS.platform/Developer/SDKs/AppleTVOS27.0.sdk/Developer/Library/Frameworks -c -j10 -enable-batch-mode -incremental -Xcc -ivfsstatcache -Xcc /Users/admin/builder/spi-builder-workspace/.derivedData/SDKStatCaches.noindex/appletvos27.0-24J360-e829b21a6f8c9b70876ba0858053c044b32bfd8d43560033f8d89884cdb90028.sdkstatcache -output-file-map /Users/admin/builder/spi-builder-workspace/.derivedData/Build/Intermediates.noindex/SecurityKit.build/Debug-appletvos/SecurityKit-t.build/Objects-normal/arm64/SecurityKit-OutputFileMap.json -save-temps -no-color-diagnostics -explicit-module-build -module-cache-path /Users/admin/builder/spi-builder-workspace/.derivedData/Build/Intermediates.noindex/SwiftExplicitPrecompiledModules -clang-scanner-module-cache-path /Users/admin/builder/spi-builder-workspace/.derivedData/ModuleCache.noindex -sdk-module-cache-path /Users/admin/builder/spi-builder-workspace/.derivedData/SDKExplicitPrecompiledModules -emit-dependencies -emit-module -emit-module-path /Users/admin/builder/spi-builder-workspace/.derivedData/Build/Intermediates.noindex/SecurityKit.build/Debug-appletvos/SecurityKit-t.build/Objects-normal/arm64/SecurityKit.swiftmodule -serialize-diagnostics -dependency-scan-serialize-diagnostics-path /Users/admin/builder/spi-builder-workspace/.derivedData/Build/Intermediates.noindex/SecurityKit.build/Debug-appletvos/SecurityKit-t.build/Objects-normal/arm64/SecurityKit-dependency-scan.dia -validate-clang-modules-once -clang-build-session-file /Users/admin/builder/spi-builder-workspace/.derivedData/ModuleCache.noindex/Session.modulevalidation -Xcc -fmodules-prune-interval\=86400 -Xcc -fmodules-prune-after\=345600 -package-name spi_builder_workspace -emit-const-values -const-gather-protocols-list /Users/admin/builder/spi-builder-workspace/.derivedData/Build/Intermediates.noindex/SecurityKit.build/Debug-appletvos/SecurityKit-t.build/Objects-normal/arm64/SecurityKit_const_extract_protocols.json -Xcc -I/Users/admin/builder/spi-builder-workspace/.derivedData/Build/Products/Debug-appletvos/include -Xcc -I/Users/admin/builder/spi-builder-workspace/.derivedData/Build/Intermediates.noindex/SecurityKit.build/Debug-appletvos/SecurityKit-t.build/DerivedSources-normal/arm64 -Xcc -I/Users/admin/builder/spi-builder-workspace/.derivedData/Build/Intermediates.noindex/SecurityKit.build/Debug-appletvos/SecurityKit-t.build/DerivedSources/arm64 -Xcc -I/Users/admin/builder/spi-builder-workspace/.derivedData/Build/Intermediates.noindex/SecurityKit.build/Debug-appletvos/SecurityKit-t.build/DerivedSources -Xcc -DSWIFT_PACKAGE -Xcc -DDEBUG\=1 -emit-objc-header -emit-objc-header-path /Users/admin/builder/spi-builder-workspace/.derivedData/Build/Intermediates.noindex/SecurityKit.build/Debug-appletvos/SecurityKit-t.build/Objects-normal/arm64/SecurityKit-Swift.h -working-directory /Users/admin/builder/spi-builder-workspace/.swiftpm/xcode -experimental-emit-module-separately -disable-cmo
SwiftCompile normal arm64 Compiling\ AESEncryption.swift,\ BlurScreen.swift /Users/admin/builder/spi-builder-workspace/Sources/SecurityKit/AESEncryption.swift /Users/admin/builder/spi-builder-workspace/Sources/SecurityKit/BlurScreen.swift (in target 'SecurityKit' from project 'SecurityKit')
SwiftCompile normal arm64 /Users/admin/builder/spi-builder-workspace/Sources/SecurityKit/AESEncryption.swift (in target 'SecurityKit' from project 'SecurityKit')
    cd /Users/admin/builder/spi-builder-workspace/.swiftpm/xcode
    builtin-SwiftPerFileCompile AESEncryption.swift
SwiftCompile normal arm64 /Users/admin/builder/spi-builder-workspace/Sources/SecurityKit/BlurScreen.swift (in target 'SecurityKit' from project 'SecurityKit')
    cd /Users/admin/builder/spi-builder-workspace/.swiftpm/xcode
    builtin-SwiftPerFileCompile BlurScreen.swift
SwiftCompile normal arm64 Compiling\ FileDetection.swift /Users/admin/builder/spi-builder-workspace/Sources/SecurityKit/FileDetection.swift (in target 'SecurityKit' from project 'SecurityKit')
SwiftCompile normal arm64 /Users/admin/builder/spi-builder-workspace/Sources/SecurityKit/FileDetection.swift (in target 'SecurityKit' from project 'SecurityKit')
    cd /Users/admin/builder/spi-builder-workspace/.swiftpm/xcode
    builtin-SwiftPerFileCompile FileDetection.swift
SwiftCompile normal arm64 Compiling\ DeviceBindingDetection.swift /Users/admin/builder/spi-builder-workspace/Sources/SecurityKit/DeviceBindingDetection.swift (in target 'SecurityKit' from project 'SecurityKit')
SwiftCompile normal arm64 /Users/admin/builder/spi-builder-workspace/Sources/SecurityKit/DeviceBindingDetection.swift (in target 'SecurityKit' from project 'SecurityKit')
    cd /Users/admin/builder/spi-builder-workspace/.swiftpm/xcode
    builtin-SwiftPerFileCompile DeviceBindingDetection.swift
SwiftCompile normal arm64 Compiling\ EnvironmentDetection.swift /Users/admin/builder/spi-builder-workspace/Sources/SecurityKit/EnvironmentDetection.swift (in target 'SecurityKit' from project 'SecurityKit')
SwiftCompile normal arm64 /Users/admin/builder/spi-builder-workspace/Sources/SecurityKit/EnvironmentDetection.swift (in target 'SecurityKit' from project 'SecurityKit')
    cd /Users/admin/builder/spi-builder-workspace/.swiftpm/xcode
    builtin-SwiftPerFileCompile EnvironmentDetection.swift
SwiftCompile normal arm64 Compiling\ ClipboardProtection.swift /Users/admin/builder/spi-builder-workspace/Sources/SecurityKit/ClipboardProtection.swift (in target 'SecurityKit' from project 'SecurityKit')
/Users/admin/builder/spi-builder-workspace/Sources/SecurityKit/ClipboardProtection.swift:32:9: error: 'UIPasteboard' is unavailable in tvOS
30 |      */
31 |     public func clearClipboard() {
32 |         UIPasteboard.general.items = []
   |         `- error: 'UIPasteboard' is unavailable in tvOS
33 |     }
34 |
/Applications/Xcode-27.0.0-Release.Candidate.app/Contents/Developer/Platforms/AppleTVOS.platform/Developer/SDKs/AppleTVOS27.0.sdk/System/Library/Frameworks/UIKit.framework/Headers/UIPasteboard.h:50:12: note: 'UIPasteboard' has been explicitly marked unavailable here
 48 |
 49 | UIKIT_EXTERN API_AVAILABLE(ios(3.0)) API_UNAVAILABLE(tvos) API_UNAVAILABLE(watchos) NS_SWIFT_SENDABLE
 50 | @interface UIPasteboard : NSObject
    |            `- note: 'UIPasteboard' has been explicitly marked unavailable here
 51 |
 52 | @property(class, nonatomic, readonly) UIPasteboard *generalPasteboard;
/Users/admin/builder/spi-builder-workspace/Sources/SecurityKit/ClipboardProtection.swift:55:16: error: 'UIPasteboard' is unavailable in tvOS
53 |      */
54 |     public func hasContent() -> Bool {
55 |         return UIPasteboard.general.hasStrings ||
   |                `- error: 'UIPasteboard' is unavailable in tvOS
56 |                UIPasteboard.general.hasImages ||
57 |                UIPasteboard.general.hasURLs
/Applications/Xcode-27.0.0-Release.Candidate.app/Contents/Developer/Platforms/AppleTVOS.platform/Developer/SDKs/AppleTVOS27.0.sdk/System/Library/Frameworks/UIKit.framework/Headers/UIPasteboard.h:50:12: note: 'UIPasteboard' has been explicitly marked unavailable here
 48 |
 49 | UIKIT_EXTERN API_AVAILABLE(ios(3.0)) API_UNAVAILABLE(tvos) API_UNAVAILABLE(watchos) NS_SWIFT_SENDABLE
 50 | @interface UIPasteboard : NSObject
    |            `- note: 'UIPasteboard' has been explicitly marked unavailable here
 51 |
 52 | @property(class, nonatomic, readonly) UIPasteboard *generalPasteboard;
/Users/admin/builder/spi-builder-workspace/Sources/SecurityKit/ClipboardProtection.swift:55:37: error: 'hasStrings' is unavailable in tvOS
53 |      */
54 |     public func hasContent() -> Bool {
55 |         return UIPasteboard.general.hasStrings ||
   |                                     `- error: 'hasStrings' is unavailable in tvOS
56 |                UIPasteboard.general.hasImages ||
57 |                UIPasteboard.general.hasURLs
/Applications/Xcode-27.0.0-Release.Candidate.app/Contents/Developer/Platforms/AppleTVOS.platform/Developer/SDKs/AppleTVOS27.0.sdk/System/Library/Frameworks/UIKit.framework/Headers/UIPasteboard.h:122:38: note: 'hasStrings' has been explicitly marked unavailable here
120 | // Queries
121 |
122 | @property (nonatomic, readonly) BOOL hasStrings API_UNAVAILABLE(tvos) API_UNAVAILABLE(watchos) API_AVAILABLE(ios(10.0));
    |                                      `- note: 'hasStrings' has been explicitly marked unavailable here
123 | @property (nonatomic, readonly) BOOL hasURLs API_UNAVAILABLE(tvos) API_UNAVAILABLE(watchos) API_AVAILABLE(ios(10.0));
124 | @property (nonatomic, readonly) BOOL hasImages API_UNAVAILABLE(tvos) API_UNAVAILABLE(watchos) API_AVAILABLE(ios(10.0));
/Users/admin/builder/spi-builder-workspace/Sources/SecurityKit/ClipboardProtection.swift:56:16: error: 'UIPasteboard' is unavailable in tvOS
54 |     public func hasContent() -> Bool {
55 |         return UIPasteboard.general.hasStrings ||
56 |                UIPasteboard.general.hasImages ||
   |                `- error: 'UIPasteboard' is unavailable in tvOS
57 |                UIPasteboard.general.hasURLs
58 |     }
/Applications/Xcode-27.0.0-Release.Candidate.app/Contents/Developer/Platforms/AppleTVOS.platform/Developer/SDKs/AppleTVOS27.0.sdk/System/Library/Frameworks/UIKit.framework/Headers/UIPasteboard.h:50:12: note: 'UIPasteboard' has been explicitly marked unavailable here
 48 |
 49 | UIKIT_EXTERN API_AVAILABLE(ios(3.0)) API_UNAVAILABLE(tvos) API_UNAVAILABLE(watchos) NS_SWIFT_SENDABLE
 50 | @interface UIPasteboard : NSObject
    |            `- note: 'UIPasteboard' has been explicitly marked unavailable here
 51 |
 52 | @property(class, nonatomic, readonly) UIPasteboard *generalPasteboard;
/Users/admin/builder/spi-builder-workspace/Sources/SecurityKit/ClipboardProtection.swift:56:37: error: 'hasImages' is unavailable in tvOS
54 |     public func hasContent() -> Bool {
55 |         return UIPasteboard.general.hasStrings ||
56 |                UIPasteboard.general.hasImages ||
   |                                     `- error: 'hasImages' is unavailable in tvOS
57 |                UIPasteboard.general.hasURLs
58 |     }
/Applications/Xcode-27.0.0-Release.Candidate.app/Contents/Developer/Platforms/AppleTVOS.platform/Developer/SDKs/AppleTVOS27.0.sdk/System/Library/Frameworks/UIKit.framework/Headers/UIPasteboard.h:124:38: note: 'hasImages' has been explicitly marked unavailable here
122 | @property (nonatomic, readonly) BOOL hasStrings API_UNAVAILABLE(tvos) API_UNAVAILABLE(watchos) API_AVAILABLE(ios(10.0));
123 | @property (nonatomic, readonly) BOOL hasURLs API_UNAVAILABLE(tvos) API_UNAVAILABLE(watchos) API_AVAILABLE(ios(10.0));
124 | @property (nonatomic, readonly) BOOL hasImages API_UNAVAILABLE(tvos) API_UNAVAILABLE(watchos) API_AVAILABLE(ios(10.0));
    |                                      `- note: 'hasImages' has been explicitly marked unavailable here
125 | @property (nonatomic, readonly) BOOL hasColors API_UNAVAILABLE(tvos) API_UNAVAILABLE(watchos) API_AVAILABLE(ios(10.0));
126 |
/Users/admin/builder/spi-builder-workspace/Sources/SecurityKit/ClipboardProtection.swift:57:16: error: 'UIPasteboard' is unavailable in tvOS
55 |         return UIPasteboard.general.hasStrings ||
56 |                UIPasteboard.general.hasImages ||
57 |                UIPasteboard.general.hasURLs
   |                `- error: 'UIPasteboard' is unavailable in tvOS
58 |     }
59 |
/Applications/Xcode-27.0.0-Release.Candidate.app/Contents/Developer/Platforms/AppleTVOS.platform/Developer/SDKs/AppleTVOS27.0.sdk/System/Library/Frameworks/UIKit.framework/Headers/UIPasteboard.h:50:12: note: 'UIPasteboard' has been explicitly marked unavailable here
 48 |
 49 | UIKIT_EXTERN API_AVAILABLE(ios(3.0)) API_UNAVAILABLE(tvos) API_UNAVAILABLE(watchos) NS_SWIFT_SENDABLE
 50 | @interface UIPasteboard : NSObject
    |            `- note: 'UIPasteboard' has been explicitly marked unavailable here
 51 |
 52 | @property(class, nonatomic, readonly) UIPasteboard *generalPasteboard;
/Users/admin/builder/spi-builder-workspace/Sources/SecurityKit/ClipboardProtection.swift:57:37: error: 'hasURLs' is unavailable in tvOS
55 |         return UIPasteboard.general.hasStrings ||
56 |                UIPasteboard.general.hasImages ||
57 |                UIPasteboard.general.hasURLs
   |                                     `- error: 'hasURLs' is unavailable in tvOS
58 |     }
59 |
/Applications/Xcode-27.0.0-Release.Candidate.app/Contents/Developer/Platforms/AppleTVOS.platform/Developer/SDKs/AppleTVOS27.0.sdk/System/Library/Frameworks/UIKit.framework/Headers/UIPasteboard.h:123:38: note: 'hasURLs' has been explicitly marked unavailable here
121 |
122 | @property (nonatomic, readonly) BOOL hasStrings API_UNAVAILABLE(tvos) API_UNAVAILABLE(watchos) API_AVAILABLE(ios(10.0));
123 | @property (nonatomic, readonly) BOOL hasURLs API_UNAVAILABLE(tvos) API_UNAVAILABLE(watchos) API_AVAILABLE(ios(10.0));
    |                                      `- note: 'hasURLs' has been explicitly marked unavailable here
124 | @property (nonatomic, readonly) BOOL hasImages API_UNAVAILABLE(tvos) API_UNAVAILABLE(watchos) API_AVAILABLE(ios(10.0));
125 | @property (nonatomic, readonly) BOOL hasColors API_UNAVAILABLE(tvos) API_UNAVAILABLE(watchos) API_AVAILABLE(ios(10.0));
Failed frontend command:
/Applications/Xcode-27.0.0-Release.Candidate.app/Contents/Developer/Toolchains/XcodeDefault.xctoolchain/usr/bin/swift-frontend -frontend -c /Users/admin/builder/spi-builder-workspace/Sources/SecurityKit/AESEncryption.swift /Users/admin/builder/spi-builder-workspace/Sources/SecurityKit/BlurScreen.swift -primary-file /Users/admin/builder/spi-builder-workspace/Sources/SecurityKit/ClipboardProtection.swift /Users/admin/builder/spi-builder-workspace/Sources/SecurityKit/CodeSignatureDetection.swift /Users/admin/builder/spi-builder-workspace/Sources/SecurityKit/DebuggerDetection.swift /Users/admin/builder/spi-builder-workspace/Sources/SecurityKit/DeviceBindingDetection.swift /Users/admin/builder/spi-builder-workspace/Sources/SecurityKit/EnvironmentDetection.swift /Users/admin/builder/spi-builder-workspace/Sources/SecurityKit/FileDetection.swift /Users/admin/builder/spi-builder-workspace/Sources/SecurityKit/FishHookDetection.swift /Users/admin/builder/spi-builder-workspace/Sources/SecurityKit/IntegrityDetection.swift /Users/admin/builder/spi-builder-workspace/Sources/SecurityKit/JailbreakDetection.swift /Users/admin/builder/spi-builder-workspace/Sources/SecurityKit/MSHookFunctionDetection.swift /Users/admin/builder/spi-builder-workspace/Sources/SecurityKit/MemoryProtection.swift /Users/admin/builder/spi-builder-workspace/Sources/SecurityKit/ModesDetection.swift /Users/admin/builder/spi-builder-workspace/Sources/SecurityKit/NetworkSecurityDetection.swift /Users/admin/builder/spi-builder-workspace/Sources/SecurityKit/ProxyDetection.swift /Users/admin/builder/spi-builder-workspace/Sources/SecurityKit/ReverseEngineeringDetection.swift /Users/admin/builder/spi-builder-workspace/Sources/SecurityKit/RuntimeHookDetection.swift /Users/admin/builder/spi-builder-workspace/Sources/SecurityKit/SecureStorage.swift /Users/admin/builder/spi-builder-workspace/Sources/SecurityKit/SecurityKit.swift /Users/admin/builder/spi-builder-workspace/Sources/SecurityKit/SimulatorDetection.swift /Users/admin/builder/spi-builder-workspace/Sources/SecurityKit/StringEncryption.swift /Users/admin/builder/spi-builder-workspace/Sources/SecurityKit/ViewProtection.swift -emit-dependencies-path /Users/admin/builder/spi-builder-workspace/.derivedData/Build/Intermediates.noindex/SecurityKit.build/Debug-appletvos/SecurityKit-t.build/Objects-normal/arm64/ClipboardProtection.d -emit-const-values-path /Users/admin/builder/spi-builder-workspace/.derivedData/Build/Intermediates.noindex/SecurityKit.build/Debug-appletvos/SecurityKit-t.build/Objects-normal/arm64/ClipboardProtection.swiftconstvalues -emit-reference-dependencies-path /Users/admin/builder/spi-builder-workspace/.derivedData/Build/Intermediates.noindex/SecurityKit.build/Debug-appletvos/SecurityKit-t.build/Objects-normal/arm64/ClipboardProtection.swiftdeps -serialize-diagnostics-path /Users/admin/builder/spi-builder-workspace/.derivedData/Build/Intermediates.noindex/SecurityKit.build/Debug-appletvos/SecurityKit-t.build/Objects-normal/arm64/ClipboardProtection.dia -target arm64-apple-tvos15.0 -module-can-import-version CryptoKit 383.3.1 0 -disable-cross-import-overlay-search -swift-module-cross-import Darwin /Applications/Xcode-27.0.0-Release.Candidate.app/Contents/Developer/Platforms/AppleTVOS.platform/Developer/SDKs/AppleTVOS.sdk/usr/include/Darwin.swiftcrossimport/xlocale.swiftoverlay -load-resolved-plugin /Applications/Xcode-27.0.0-Release.Candidate.app/Contents/Developer/Platforms/AppleTVOS.platform/Developer/usr/lib/swift/host/plugins/libFoundationMacros.dylib\#/Applications/Xcode-27.0.0-Release.Candidate.app/Contents/Developer/Platforms/AppleTVOS.platform/Developer/usr/bin/swift-plugin-server\#FoundationMacros -load-resolved-plugin /Applications/Xcode-27.0.0-Release.Candidate.app/Contents/Developer/Platforms/AppleTVOS.platform/Developer/usr/lib/swift/host/plugins/libObservationMacros.dylib\#/Applications/Xcode-27.0.0-Release.Candidate.app/Contents/Developer/Platforms/AppleTVOS.platform/Developer/usr/bin/swift-plugin-server\#ObservationMacros -load-resolved-plugin /Applications/Xcode-27.0.0-Release.Candidate.app/Contents/Developer/Platforms/AppleTVOS.platform/Developer/usr/lib/swift/host/plugins/libPreviewsMacros.dylib\#/Applications/Xcode-27.0.0-Release.Candidate.app/Contents/Developer/Platforms/AppleTVOS.platform/Developer/usr/bin/swift-plugin-server\#PreviewsMacros -load-resolved-plugin /Applications/Xcode-27.0.0-Release.Candidate.app/Contents/Developer/Platforms/AppleTVOS.platform/Developer/usr/lib/swift/host/plugins/libSwiftMacros.dylib\#/Applications/Xcode-27.0.0-Release.Candidate.app/Contents/Developer/Platforms/AppleTVOS.platform/Developer/usr/bin/swift-plugin-server\#SwiftMacros -load-resolved-plugin /Applications/Xcode-27.0.0-Release.Candidate.app/Contents/Developer/Platforms/AppleTVOS.platform/Developer/usr/lib/swift/host/plugins/libSwiftUIMacros.dylib\#/Applications/Xcode-27.0.0-Release.Candidate.app/Contents/Developer/Platforms/AppleTVOS.platform/Developer/usr/bin/swift-plugin-server\#SwiftUIMacros -disable-implicit-swift-modules -Xcc -fno-implicit-modules -Xcc -fno-implicit-module-maps -explicit-swift-module-map-file /Users/admin/builder/spi-builder-workspace/.derivedData/Build/Intermediates.noindex/SecurityKit.build/Debug-appletvos/SecurityKit-t.build/Objects-normal/arm64/SecurityKit-dependencies-1.json -Xllvm -aarch64-use-tbi -enable-objc-interop -stack-check -sdk /Applications/Xcode-27.0.0-Release.Candidate.app/Contents/Developer/Platforms/AppleTVOS.platform/Developer/SDKs/AppleTVOS27.0.sdk -I /Users/admin/builder/spi-builder-workspace/.derivedData/Build/Products/Debug-appletvos -Isystem /Applications/Xcode-27.0.0-Release.Candidate.app/Contents/Developer/Platforms/AppleTVOS.platform/Developer/usr/lib -F /Users/admin/builder/spi-builder-workspace/.derivedData/Build/Products/Debug-appletvos -F /Applications/Xcode-27.0.0-Release.Candidate.app/Contents/Developer/Platforms/AppleTVOS.platform/Developer/Library/Frameworks -F /Applications/Xcode-27.0.0-Release.Candidate.app/Contents/Developer/Platforms/AppleTVOS.platform/Developer/SDKs/AppleTVOS27.0.sdk/Developer/Library/Frameworks -module-cache-path /Users/admin/builder/spi-builder-workspace/.derivedData/Build/Intermediates.noindex/SwiftExplicitPrecompiledModules -no-color-diagnostics -Xcc -fno-color-diagnostics -enable-testing -g -debug-info-format\=dwarf -dwarf-version\=4 -swift-version 6 -Onone -D SWIFT_PACKAGE -D DEBUG -D SWIFT_MODULE_RESOURCE_BUNDLE_UNAVAILABLE -D Xcode -serialize-debugging-options -enable-experimental-feature DebugDescriptionMacro -empty-abi-descriptor -validate-clang-modules-once -clang-build-session-file /Users/admin/builder/spi-builder-workspace/.derivedData/ModuleCache.noindex/Session.modulevalidation -Xcc -working-directory -Xcc /Users/admin/builder/spi-builder-workspace/.swiftpm/xcode -enable-anonymous-context-mangled-names -file-compilation-dir /Users/admin/builder/spi-builder-workspace/.swiftpm/xcode -Xcc -D_LIBCPP_HARDENING_MODE\=_LIBCPP_HARDENING_MODE_DEBUG -Xcc -ivfsstatcache -Xcc /Users/admin/builder/spi-builder-workspace/.derivedData/SDKStatCaches.noindex/appletvos27.0-24J360-e829b21a6f8c9b70876ba0858053c044b32bfd8d43560033f8d89884cdb90028.sdkstatcache -Xcc -fmodules-prune-interval\=86400 -Xcc -fmodules-prune-after\=345600 -Xcc -I/Users/admin/builder/spi-builder-workspace/.derivedData/Build/Products/Debug-appletvos/include -Xcc -I/Users/admin/builder/spi-builder-workspace/.derivedData/Build/Intermediates.noindex/SecurityKit.build/Debug-appletvos/SecurityKit-t.build/DerivedSources-normal/arm64 -Xcc -I/Users/admin/builder/spi-builder-workspace/.derivedData/Build/Intermediates.noindex/SecurityKit.build/Debug-appletvos/SecurityKit-t.build/DerivedSources/arm64 -Xcc -I/Users/admin/builder/spi-builder-workspace/.derivedData/Build/Intermediates.noindex/SecurityKit.build/Debug-appletvos/SecurityKit-t.build/DerivedSources -Xcc -DSWIFT_PACKAGE -Xcc -DDEBUG\=1 -no-auto-bridging-header-chaining -module-name SecurityKit -package-name spi_builder_workspace -const-gather-protocols-file /Users/admin/builder/spi-builder-workspace/.derivedData/Build/Intermediates.noindex/SecurityKit.build/Debug-appletvos/SecurityKit-t.build/Objects-normal/arm64/SecurityKit_const_extract_protocols.json -disable-clang-spi -clang-target arm64-apple-tvos27.0 -target-sdk-version 27.0 -target-sdk-name appletvos27.0 -in-process-plugin-server-path /Applications/Xcode-27.0.0-Release.Candidate.app/Contents/Developer/Toolchains/XcodeDefault.xctoolchain/usr/lib/swift/host/libSwiftInProcPluginServer.dylib -parse-as-library -o /Users/admin/builder/spi-builder-workspace/.derivedData/Build/Intermediates.noindex/SecurityKit.build/Debug-appletvos/SecurityKit-t.build/Objects-normal/arm64/ClipboardProtection.o -debug-module-path /Users/admin/builder/spi-builder-workspace/.derivedData/Build/Intermediates.noindex/SecurityKit.build/Debug-appletvos/SecurityKit-t.build/Objects-normal/arm64/SecurityKit.swiftmodule -index-unit-output-path /SecurityKit.build/Debug-appletvos/SecurityKit-t.build/Objects-normal/arm64/ClipboardProtection.o -index-store-path /Users/admin/builder/spi-builder-workspace/.derivedData/Index.noindex/DataStore -index-system-modules
SwiftCompile normal arm64 /Users/admin/builder/spi-builder-workspace/Sources/SecurityKit/ClipboardProtection.swift (in target 'SecurityKit' from project 'SecurityKit')
    cd /Users/admin/builder/spi-builder-workspace/.swiftpm/xcode
    builtin-SwiftPerFileCompile ClipboardProtection.swift
SwiftCompile normal arm64 Compiling\ StringEncryption.swift /Users/admin/builder/spi-builder-workspace/Sources/SecurityKit/StringEncryption.swift (in target 'SecurityKit' from project 'SecurityKit')
SwiftCompile normal arm64 /Users/admin/builder/spi-builder-workspace/Sources/SecurityKit/StringEncryption.swift (in target 'SecurityKit' from project 'SecurityKit')
    cd /Users/admin/builder/spi-builder-workspace/.swiftpm/xcode
    builtin-SwiftPerFileCompile StringEncryption.swift
SwiftEmitModule normal arm64 Emitting\ module\ for\ SecurityKit (in target 'SecurityKit' from project 'SecurityKit')
SwiftCompile normal arm64 (in target 'SecurityKit' from project 'SecurityKit')
    cd /Users/admin/builder/spi-builder-workspace/.swiftpm/xcode

SwiftCompile normal arm64 Compiling\ FishHookDetection.swift /Users/admin/builder/spi-builder-workspace/Sources/SecurityKit/FishHookDetection.swift (in target 'SecurityKit' from project 'SecurityKit')
SwiftCompile normal arm64 /Users/admin/builder/spi-builder-workspace/Sources/SecurityKit/FishHookDetection.swift (in target 'SecurityKit' from project 'SecurityKit')
    cd /Users/admin/builder/spi-builder-workspace/.swiftpm/xcode
    builtin-SwiftPerFileCompile FishHookDetection.swift
SwiftCompile normal arm64 Compiling\ DebuggerDetection.swift /Users/admin/builder/spi-builder-workspace/Sources/SecurityKit/DebuggerDetection.swift (in target 'SecurityKit' from project 'SecurityKit')
SwiftCompile normal arm64 /Users/admin/builder/spi-builder-workspace/Sources/SecurityKit/DebuggerDetection.swift (in target 'SecurityKit' from project 'SecurityKit')
    cd /Users/admin/builder/spi-builder-workspace/.swiftpm/xcode
    builtin-SwiftPerFileCompile DebuggerDetection.swift
SwiftCompile normal arm64 Compiling\ CodeSignatureDetection.swift /Users/admin/builder/spi-builder-workspace/Sources/SecurityKit/CodeSignatureDetection.swift (in target 'SecurityKit' from project 'SecurityKit')
SwiftCompile normal arm64 /Users/admin/builder/spi-builder-workspace/Sources/SecurityKit/CodeSignatureDetection.swift (in target 'SecurityKit' from project 'SecurityKit')
    cd /Users/admin/builder/spi-builder-workspace/.swiftpm/xcode
    builtin-SwiftPerFileCompile CodeSignatureDetection.swift
SwiftCompile normal arm64 Compiling\ ViewProtection.swift /Users/admin/builder/spi-builder-workspace/Sources/SecurityKit/ViewProtection.swift (in target 'SecurityKit' from project 'SecurityKit')
SwiftCompile normal arm64 /Users/admin/builder/spi-builder-workspace/Sources/SecurityKit/ViewProtection.swift (in target 'SecurityKit' from project 'SecurityKit')
    cd /Users/admin/builder/spi-builder-workspace/.swiftpm/xcode
    builtin-SwiftPerFileCompile ViewProtection.swift
SwiftDriverJobDiscovery normal arm64 Compiling EnvironmentDetection.swift (in target 'SecurityKit' from project 'SecurityKit')
SwiftCompile normal arm64 Compiling\ SecurityKit.swift /Users/admin/builder/spi-builder-workspace/Sources/SecurityKit/SecurityKit.swift (in target 'SecurityKit' from project 'SecurityKit')
SwiftCompile normal arm64 /Users/admin/builder/spi-builder-workspace/Sources/SecurityKit/SecurityKit.swift (in target 'SecurityKit' from project 'SecurityKit')
    cd /Users/admin/builder/spi-builder-workspace/.swiftpm/xcode
    builtin-SwiftPerFileCompile SecurityKit.swift
PruneExplicitPrecompiledModules /Users/admin/builder/spi-builder-workspace/.derivedData/Build/Intermediates.noindex/SwiftExplicitPrecompiledModules
PruneExplicitPrecompiledModules /Users/admin/builder/spi-builder-workspace/.derivedData/SDKExplicitPrecompiledModules
PruneExplicitPrecompiledModules /Users/admin/builder/spi-builder-workspace/.derivedData/Build/Intermediates.noindex/ExplicitPrecompiledModules
2026-09-24 10:35:21.778 xcodebuild[744:4535] [MT] IDERunDestination: Supported platforms for the buildables in the current scheme is empty.
** BUILD FAILED **
The following build commands failed:
	SwiftCompile normal arm64 Compiling\ ClipboardProtection.swift /Users/admin/builder/spi-builder-workspace/Sources/SecurityKit/ClipboardProtection.swift (in target 'SecurityKit' from project 'SecurityKit')
	SwiftCompile normal arm64 /Users/admin/builder/spi-builder-workspace/Sources/SecurityKit/ClipboardProtection.swift (in target 'SecurityKit' from project 'SecurityKit')
	Building workspace SecurityKit with scheme SecurityKit
(3 failures)
BUILD FAILURE 6.4 tvOS