The Swift Package Index logo.Swift Package Index

Build Information

Failed to build LocationPicker, reference master (d8a6f5), with Swift 6.4 for macOS (SPM) on 20 Sep 2026 20:20:18 UTC.

Build Command

env DEVELOPER_DIR=/Applications/Xcode-27.0.0-Release.Candidate.app xcrun swift build --arch arm64

Build Log

========================================
RunAll
========================================
Builder version: 5.1.0
Interrupt handler set up.
========================================
Checkout
========================================
Clone URL: https://github.com/alessiorubicini/LocationPickerForSwiftUI.git
Reference: master
Initialized empty Git repository in /Users/admin/builder/spi-builder-workspace/.git/
From https://github.com/alessiorubicini/LocationPickerForSwiftUI
 * branch            master     -> FETCH_HEAD
 * [new branch]      master     -> origin/master
HEAD is now at d8a6f58 Fixed README
Cloned https://github.com/alessiorubicini/LocationPickerForSwiftUI.git
Revision (git rev-parse @):
d8a6f58df8e4522df4cf40790bbf1416a1b14af0
SUCCESS checkout https://github.com/alessiorubicini/LocationPickerForSwiftUI.git at master
========================================
Build
========================================
Selected platform:         macosSpm
Swift version:             6.4
Building package at path:  $PWD
https://github.com/alessiorubicini/LocationPickerForSwiftUI.git
Running build ...
env DEVELOPER_DIR=/Applications/Xcode-27.0.0-Release.Candidate.app xcrun swift build --arch arm64
Building for debugging...
[Planning deferred tasks]
[19 / 28]
[20 / 29] LocationPicker
[30 / 107]
[33 / 107]
[41 / 107]
[43 / 107]
[44 / 107]
[49 / 107]
[51 / 107]
[53 / 107]
[56 / 107]
[61 / 107]
[64 / 107]
[66 / 107]
[67 / 107]
[78 / 107]
[81 / 107]
[82 / 107]
[85 / 107]
[87 / 107]
[89 / 107]
error: SwiftCompile normal arm64 failed with a nonzero exit code. Command line:     cd /Users/admin/builder

/Users/admin/builder/spi-builder-workspace/Sources/LocationPicker/CLLocationCoordinate2D+Equatable.swift:11:1: warning: extension declares a conformance of imported type 'CLLocationCoordinate2D' to imported protocol 'Equatable'; this will not behave correctly if the owners of '_LocationEssentials' introduce this conformance in the future
 9 | import CoreLocation
10 |
11 | extension CLLocationCoordinate2D: Equatable {
   | |- warning: extension declares a conformance of imported type 'CLLocationCoordinate2D' to imported protocol 'Equatable'; this will not behave correctly if the owners of '_LocationEssentials' introduce this conformance in the future
   | `- note: add '@retroactive' to silence this warning
12 |     public static func == (lhs: CLLocationCoordinate2D, rhs: CLLocationCoordinate2D) -> Bool {
13 |         return lhs.latitude == rhs.latitude && lhs.longitude == rhs.longitude
/Users/admin/builder/spi-builder-workspace/Sources/LocationPicker/MapView.swift:20:30: error: cannot find type 'Context' in scope
18 |     let mapView = MKMapView()
19 |
20 |     func makeUIView(context: Context) -> MKMapView {
   |                              `- error: cannot find type 'Context' in scope
21 |         mapView.delegate = context.coordinator
22 |         mapView.centerCoordinate = self.centerCoordinate
/Users/admin/builder/spi-builder-workspace/Sources/LocationPicker/MapView.swift:32:51: error: cannot find type 'Context' in scope
30 |     }
31 |
32 |     func updateUIView(_ view: MKMapView, context: Context) {
   |                                                   `- error: cannot find type 'Context' in scope
33 |         //print(#function)
34 |     }
/Users/admin/builder/spi-builder-workspace/Sources/LocationPicker/MapView.swift:40:53: error: cannot find type 'UIGestureRecognizerDelegate' in scope
38 |     }
39 |
40 |     class Coordinator: NSObject, MKMapViewDelegate, UIGestureRecognizerDelegate {
   |                                                     `- error: cannot find type 'UIGestureRecognizerDelegate' in scope
41 |         var parent: MapView
42 |
/Users/admin/builder/spi-builder-workspace/Sources/LocationPicker/MapView.swift:43:27: error: cannot find 'UITapGestureRecognizer' in scope
41 |         var parent: MapView
42 |
43 |         var gRecognizer = UITapGestureRecognizer()
   |                           `- error: cannot find 'UITapGestureRecognizer' in scope
44 |
45 |         init(_ parent: MapView) {
/Users/admin/builder/spi-builder-workspace/Sources/LocationPicker/MapView.swift:53:42: error: cannot find type 'UITapGestureRecognizer' in scope
51 |         }
52 |
53 |         @objc func tapHandler(_ gesture: UITapGestureRecognizer) {
   |                                          `- error: cannot find type 'UITapGestureRecognizer' in scope
54 |
55 |             let location = gRecognizer.location(in: self.parent.mapView)
/Users/admin/builder/spi-builder-workspace/Sources/LocationPicker/MapView.swift:13:17: error: cannot find type 'UIViewRepresentable' in scope
11 | import CoreLocation
12 |
13 | struct MapView: UIViewRepresentable {
   |                 `- error: cannot find type 'UIViewRepresentable' in scope
14 |
15 |     @Binding var centerCoordinate: CLLocationCoordinate2D
Failed frontend command:
/Applications/Xcode-27.0.0-Release.Candidate.app/Contents/Developer/Toolchains/XcodeDefault.xctoolchain/usr/bin/swift-frontend -frontend -emit-module -experimental-skip-non-inlinable-function-bodies-without-types /Users/admin/builder/spi-builder-workspace/Sources/LocationPicker/CLLocationCoordinate2D+Equatable.swift /Users/admin/builder/spi-builder-workspace/Sources/LocationPicker/Examples.swift /Users/admin/builder/spi-builder-workspace/Sources/LocationPicker/LocationError.swift /Users/admin/builder/spi-builder-workspace/Sources/LocationPicker/LocationManager.swift /Users/admin/builder/spi-builder-workspace/Sources/LocationPicker/LocationManagerDelegate.swift /Users/admin/builder/spi-builder-workspace/Sources/LocationPicker/LocationPicker.swift /Users/admin/builder/spi-builder-workspace/Sources/LocationPicker/MapView.swift /Users/admin/builder/spi-builder-workspace/Sources/LocationPicker/Utils.swift -target arm64-apple-macos12.0 -disable-cross-import-overlay-search -swift-module-cross-import MapKit /Applications/Xcode-27.0.0-Release.Candidate.app/Contents/Developer/Platforms/MacOSX.platform/Developer/SDKs/MacOSX.sdk/System/Library/Frameworks/MapKit.framework/Modules/MapKit.swiftcrossimport/SwiftUI.swiftoverlay -swift-module-cross-import MapKit /Applications/Xcode-27.0.0-Release.Candidate.app/Contents/Developer/Platforms/MacOSX.platform/Developer/SDKs/MacOSX27.0.sdk/System/Library/Frameworks/MapKit.framework/Modules/MapKit.swiftcrossimport/SwiftUI.swiftoverlay -load-resolved-plugin /Applications/Xcode-27.0.0-Release.Candidate.app/Contents/Developer/Platforms/MacOSX.platform/Developer/usr/lib/swift/host/plugins/libFoundationMacros.dylib\#/Applications/Xcode-27.0.0-Release.Candidate.app/Contents/Developer/Platforms/MacOSX.platform/Developer/usr/bin/swift-plugin-server\#FoundationMacros -load-resolved-plugin /Applications/Xcode-27.0.0-Release.Candidate.app/Contents/Developer/Platforms/MacOSX.platform/Developer/usr/lib/swift/host/plugins/libObservationMacros.dylib\#/Applications/Xcode-27.0.0-Release.Candidate.app/Contents/Developer/Platforms/MacOSX.platform/Developer/usr/bin/swift-plugin-server\#ObservationMacros -load-resolved-plugin /Applications/Xcode-27.0.0-Release.Candidate.app/Contents/Developer/Platforms/MacOSX.platform/Developer/usr/lib/swift/host/plugins/libPreviewsMacros.dylib\#/Applications/Xcode-27.0.0-Release.Candidate.app/Contents/Developer/Platforms/MacOSX.platform/Developer/usr/bin/swift-plugin-server\#PreviewsMacros -load-resolved-plugin /Applications/Xcode-27.0.0-Release.Candidate.app/Contents/Developer/Platforms/MacOSX.platform/Developer/usr/lib/swift/host/plugins/libSwiftMacros.dylib\#/Applications/Xcode-27.0.0-Release.Candidate.app/Contents/Developer/Platforms/MacOSX.platform/Developer/usr/bin/swift-plugin-server\#SwiftMacros -load-resolved-plugin /Applications/Xcode-27.0.0-Release.Candidate.app/Contents/Developer/Platforms/MacOSX.platform/Developer/usr/lib/swift/host/plugins/libSwiftUIMacros.dylib\#/Applications/Xcode-27.0.0-Release.Candidate.app/Contents/Developer/Platforms/MacOSX.platform/Developer/usr/bin/swift-plugin-server\#SwiftUIMacros -disable-implicit-swift-modules -Xcc -fno-implicit-modules -Xcc -fno-implicit-module-maps -explicit-swift-module-map-file /Users/admin/builder/spi-builder-workspace/.build/out/Intermediates.noindex/LocationPicker.build/Debug/LocationPicker-t.build/Objects-normal/arm64/LocationPicker-dependencies-1.json -Xllvm -aarch64-use-tbi -enable-objc-interop -stack-check -sdk /Applications/Xcode-27.0.0-Release.Candidate.app/Contents/Developer/Platforms/MacOSX.platform/Developer/SDKs/MacOSX27.0.sdk -I /Users/admin/builder/spi-builder-workspace/.build/out/Products/Debug -Isystem /Applications/Xcode-27.0.0-Release.Candidate.app/Contents/Developer/Platforms/MacOSX.platform/Developer/usr/lib -F /Users/admin/builder/spi-builder-workspace/.build/out/Products/Debug -F /Applications/Xcode-27.0.0-Release.Candidate.app/Contents/Developer/Platforms/MacOSX.platform/Developer/Library/Frameworks -module-cache-path /Users/admin/builder/spi-builder-workspace/.build/out/Intermediates.noindex/SwiftExplicitPrecompiledModules -color-diagnostics -Xcc -fcolor-diagnostics -enable-testing -g -debug-info-format\=dwarf -dwarf-version\=4 -swift-version 5 -Onone -D SWIFT_PACKAGE -D DEBUG -D SWIFT_MODULE_RESOURCE_BUNDLE_UNAVAILABLE -D Xcode -serialize-debugging-options -enable-experimental-feature DebugDescriptionMacro -empty-abi-descriptor -validate-clang-modules-once -clang-build-session-file /Users/admin/builder/spi-builder-workspace/.build/out/ModuleCache.noindex/Session.modulevalidation -Xcc -working-directory -Xcc /Users/admin/builder -enable-anonymous-context-mangled-names -file-compilation-dir /Users/admin/builder -Xcc -D_LIBCPP_HARDENING_MODE\=_LIBCPP_HARDENING_MODE_DEBUG -Xcc -ivfsstatcache -Xcc /Users/admin/builder/spi-builder-workspace/.build/out/SDKStatCaches.noindex/macosx27.0-26A425-80c5bbf1d171475443272936d42f90a36a22442a12e9d48fe1a705f55a1adfc4.sdkstatcache -Xcc -fmodules-prune-interval\=86400 -Xcc -fmodules-prune-after\=345600 -Xcc -I/Users/admin/builder/spi-builder-workspace/.build/out/Products/Debug/include -Xcc -I/Users/admin/builder/spi-builder-workspace/.build/out/Intermediates.noindex/LocationPicker.build/Debug/LocationPicker-t.build/DerivedSources-normal/arm64 -Xcc -I/Users/admin/builder/spi-builder-workspace/.build/out/Intermediates.noindex/LocationPicker.build/Debug/LocationPicker-t.build/DerivedSources/arm64 -Xcc -I/Users/admin/builder/spi-builder-workspace/.build/out/Intermediates.noindex/LocationPicker.build/Debug/LocationPicker-t.build/DerivedSources -Xcc -DSWIFT_PACKAGE -Xcc -DDEBUG\=1 -no-auto-bridging-header-chaining -module-name LocationPicker -const-gather-protocols-file /Users/admin/builder/spi-builder-workspace/.build/out/Intermediates.noindex/LocationPicker.build/Debug/LocationPicker-t.build/Objects-normal/arm64/LocationPicker_const_extract_protocols.json -disable-clang-spi -clang-target arm64-apple-macos27.0 -target-sdk-version 27.0 -target-sdk-name macosx27.0 -in-process-plugin-server-path /Applications/Xcode-27.0.0-Release.Candidate.app/Contents/Developer/Toolchains/XcodeDefault.xctoolchain/usr/lib/swift/host/libSwiftInProcPluginServer.dylib -emit-module-doc-path /Users/admin/builder/spi-builder-workspace/.build/out/Intermediates.noindex/LocationPicker.build/Debug/LocationPicker-t.build/Objects-normal/arm64/LocationPicker.swiftdoc -emit-module-source-info-path /Users/admin/builder/spi-builder-workspace/.build/out/Intermediates.noindex/LocationPicker.build/Debug/LocationPicker-t.build/Objects-normal/arm64/LocationPicker.swiftsourceinfo -emit-objc-header-path /Users/admin/builder/spi-builder-workspace/.build/out/Intermediates.noindex/LocationPicker.build/Debug/LocationPicker-t.build/Objects-normal/arm64/LocationPicker-Swift.h -serialize-diagnostics-path /Users/admin/builder/spi-builder-workspace/.build/out/Intermediates.noindex/LocationPicker.build/Debug/LocationPicker-t.build/Objects-normal/arm64/LocationPicker-primary-emit-module.dia -emit-dependencies-path /Users/admin/builder/spi-builder-workspace/.build/out/Intermediates.noindex/LocationPicker.build/Debug/LocationPicker-t.build/Objects-normal/arm64/LocationPicker-primary-emit-module.d -parse-as-library -o /Users/admin/builder/spi-builder-workspace/.build/out/Intermediates.noindex/LocationPicker.build/Debug/LocationPicker-t.build/Objects-normal/arm64/LocationPicker.swiftmodule -emit-abi-descriptor-path /Users/admin/builder/spi-builder-workspace/.build/out/Intermediates.noindex/LocationPicker.build/Debug/LocationPicker-t.build/Objects-normal/arm64/LocationPicker.abi.json
error: Build failed
BUILD FAILURE 6.4 macosSpm