The Swift Package Index logo.Swift Package Index

Build Information

Failed to build MYCloudKit, reference v1.0.1 (5b1b03), with Swift 6.1 for Wasm on 28 Oct 2026 23:43:47 UTC.

Build Command

bash -c docker run --pull=always --rm -v "checkouts-54344845-1":/host -w "$PWD" -e JAVA_HOME="/root/.sdkman/candidates/java/current" -e SPI_BUILD="1" -e SPI_PROCESSING="1" registry.gitlab.com/saguaro1/spi-images:wasm-6.1-latest swift build --swift-sdk wasm32-unknown-wasi 2>&1

Build Log

========================================
RunAll
========================================
Builder version: 5.1.4
Interrupt handler set up.
========================================
Checkout
========================================
Clone URL: https://github.com/mufasaYC/MYCloudKit.git
Reference: v1.0.1
Initialized empty Git repository in /host/spi-builder-workspace/.git/
hint: Using 'master' as the name for the initial branch. This default branch name
hint: is subject to change. To configure the initial branch name to use in all
hint: of your new repositories, which will suppress this warning, call:
hint:
hint: 	git config --global init.defaultBranch <name>
hint:
hint: Names commonly chosen instead of 'master' are 'main', 'trunk' and
hint: 'development'. The just-created branch can be renamed via this command:
hint:
hint: 	git branch -m <name>
From https://github.com/mufasaYC/MYCloudKit
 * tag               v1.0.1     -> FETCH_HEAD
HEAD is now at 5b1b03d Merge pull request #26 from mufasaYC/fix/watchos-account-recheck
Cloned https://github.com/mufasaYC/MYCloudKit.git
Revision (git rev-parse @):
5b1b03d9616df211a8cb9685fcd85362ebb49ff8
SUCCESS checkout https://github.com/mufasaYC/MYCloudKit.git at v1.0.1
========================================
Build
========================================
Selected platform:         wasm
Swift version:             6.1
Building package at path:  $PWD
https://github.com/mufasaYC/MYCloudKit.git
https://github.com/mufasaYC/MYCloudKit.git
WARNING: environment variable SUPPRESS_SWIFT_6_FLAGS is not set
Running build ...
bash -c docker run --pull=always --rm -v "checkouts-54344845-1":/host -w "$PWD" -e JAVA_HOME="/root/.sdkman/candidates/java/current" -e SPI_BUILD="1" -e SPI_PROCESSING="1" registry.gitlab.com/saguaro1/spi-images:wasm-6.1-latest swift build --swift-sdk wasm32-unknown-wasi -Xswiftc -Xfrontend -Xswiftc -stats-output-dir -Xswiftc -Xfrontend -Xswiftc .stats -Xswiftc -strict-concurrency=complete -Xswiftc -enable-upcoming-feature -Xswiftc StrictConcurrency -Xswiftc -enable-upcoming-feature -Xswiftc DisableOutwardActorInference -Xswiftc -enable-upcoming-feature -Xswiftc GlobalActorIsolatedTypesUsability -Xswiftc -enable-upcoming-feature -Xswiftc InferSendableFromCaptures 2>&1
wasm-6.1-latest: Pulling from saguaro1/spi-images
Digest: sha256:f257c9b8465670613eb336f6def351d681b1d395aebdb231a45bac980c1f9d3c
Status: Image is up to date for registry.gitlab.com/saguaro1/spi-images:wasm-6.1-latest
Building for debugging...
[0/2] Write sources
[1/2] Write swift-version-24593BA9C3E375BF.txt
[3/20] Compiling MYCloudKit MYCloudEngine+Share.swift
/host/spi-builder-workspace/Sources/MYCloudKit/Extensions/CKDatabase+Extension.swift:5:8: error: no such module 'CloudKit'
 3 | //
 4 |
 5 | import CloudKit
   |        `- error: no such module 'CloudKit'
 6 |
 7 | extension CKDatabase.Scope {
[4/20] Compiling MYCloudKit MYCloudEngine+Subscriptions.swift
/host/spi-builder-workspace/Sources/MYCloudKit/Extensions/CKDatabase+Extension.swift:5:8: error: no such module 'CloudKit'
 3 | //
 4 |
 5 | import CloudKit
   |        `- error: no such module 'CloudKit'
 6 |
 7 | extension CKDatabase.Scope {
[5/22] Compiling MYCloudKit CKServerChangeToken+Extension.swift
/host/spi-builder-workspace/Sources/MYCloudKit/Extensions/CKDatabase+Extension.swift:5:8: error: no such module 'CloudKit'
 3 | //
 4 |
 5 | import CloudKit
   |        `- error: no such module 'CloudKit'
 6 |
 7 | extension CKDatabase.Scope {
[6/22] Compiling MYCloudKit UserDefault+Extension.swift
/host/spi-builder-workspace/Sources/MYCloudKit/Extensions/CKDatabase+Extension.swift:5:8: error: no such module 'CloudKit'
 3 | //
 4 |
 5 | import CloudKit
   |        `- error: no such module 'CloudKit'
 6 |
 7 | extension CKDatabase.Scope {
[7/22] Compiling MYCloudKit MYRecordConvertible.swift
/host/spi-builder-workspace/Sources/MYCloudKit/Extensions/CKDatabase+Extension.swift:5:8: error: no such module 'CloudKit'
 3 | //
 4 |
 5 | import CloudKit
   |        `- error: no such module 'CloudKit'
 6 |
 7 | extension CKDatabase.Scope {
[8/22] Compiling MYCloudKit MYSyncEngine+Retry.swift
/host/spi-builder-workspace/Sources/MYCloudKit/Extensions/CKDatabase+Extension.swift:5:8: error: no such module 'CloudKit'
 3 | //
 4 |
 5 | import CloudKit
   |        `- error: no such module 'CloudKit'
 6 |
 7 | extension CKDatabase.Scope {
[9/22] Compiling MYCloudKit MYSyncEngine.swift
/host/spi-builder-workspace/Sources/MYCloudKit/Extensions/CKDatabase+Extension.swift:5:8: error: no such module 'CloudKit'
 3 | //
 4 |
 5 | import CloudKit
   |        `- error: no such module 'CloudKit'
 6 |
 7 | extension CKDatabase.Scope {
[10/22] Compiling MYCloudKit MYSyncEngine+Logger.swift
/host/spi-builder-workspace/Sources/MYCloudKit/Extensions/CKDatabase+Extension.swift:5:8: error: no such module 'CloudKit'
 3 | //
 4 |
 5 | import CloudKit
   |        `- error: no such module 'CloudKit'
 6 |
 7 | extension CKDatabase.Scope {
[11/22] Compiling MYCloudKit MYSyncEngine+Queue.swift
/host/spi-builder-workspace/Sources/MYCloudKit/Extensions/CKDatabase+Extension.swift:5:8: error: no such module 'CloudKit'
 3 | //
 4 |
 5 | import CloudKit
   |        `- error: no such module 'CloudKit'
 6 |
 7 | extension CKDatabase.Scope {
[12/22] Compiling MYCloudKit MYCloudKit.swift
/host/spi-builder-workspace/Sources/MYCloudKit/Extensions/CKDatabase+Extension.swift:5:8: error: no such module 'CloudKit'
 3 | //
 4 |
 5 | import CloudKit
   |        `- error: no such module 'CloudKit'
 6 |
 7 | extension CKDatabase.Scope {
[13/22] Compiling MYCloudKit MYCloudEngine+CRUD.swift
/host/spi-builder-workspace/Sources/MYCloudKit/Extensions/CKDatabase+Extension.swift:5:8: error: no such module 'CloudKit'
 3 | //
 4 |
 5 | import CloudKit
   |        `- error: no such module 'CloudKit'
 6 |
 7 | extension CKDatabase.Scope {
[14/22] Compiling MYCloudKit MYCloudEngine+Fetch.swift
/host/spi-builder-workspace/Sources/MYCloudKit/Extensions/CKDatabase+Extension.swift:5:8: error: no such module 'CloudKit'
 3 | //
 4 |
 5 | import CloudKit
   |        `- error: no such module 'CloudKit'
 6 |
 7 | extension CKDatabase.Scope {
[15/22] Compiling MYCloudKit Array+Extension.swift
/host/spi-builder-workspace/Sources/MYCloudKit/Extensions/CKDatabase+Extension.swift:5:8: error: no such module 'CloudKit'
 3 | //
 4 |
 5 | import CloudKit
   |        `- error: no such module 'CloudKit'
 6 |
 7 | extension CKDatabase.Scope {
[16/22] Compiling MYCloudKit CKDatabase+Extension.swift
/host/spi-builder-workspace/Sources/MYCloudKit/Extensions/CKDatabase+Extension.swift:5:8: error: no such module 'CloudKit'
 3 | //
 4 |
 5 | import CloudKit
   |        `- error: no such module 'CloudKit'
 6 |
 7 | extension CKDatabase.Scope {
[17/22] Compiling MYCloudKit CKRecord+Extension.swift
/host/spi-builder-workspace/Sources/MYCloudKit/Extensions/CKDatabase+Extension.swift:5:8: error: no such module 'CloudKit'
 3 | //
 4 |
 5 | import CloudKit
   |        `- error: no such module 'CloudKit'
 6 |
 7 | extension CKDatabase.Scope {
error: emit-module command failed with exit code 1 (use -v to see invocation)
[18/22] Emitting module MYCloudKit
/host/spi-builder-workspace/Sources/MYCloudKit/Extensions/CKDatabase+Extension.swift:5:8: error: no such module 'CloudKit'
 3 | //
 4 |
 5 | import CloudKit
   |        `- error: no such module 'CloudKit'
 6 |
 7 | extension CKDatabase.Scope {
[19/22] Compiling MYCloudKit MYSyncDelegate.swift
/host/spi-builder-workspace/Sources/MYCloudKit/Extensions/CKDatabase+Extension.swift:5:8: error: no such module 'CloudKit'
 3 | //
 4 |
 5 | import CloudKit
   |        `- error: no such module 'CloudKit'
 6 |
 7 | extension CKDatabase.Scope {
[20/22] Compiling MYCloudKit MYSyncEngine+Cache.swift
/host/spi-builder-workspace/Sources/MYCloudKit/Extensions/CKDatabase+Extension.swift:5:8: error: no such module 'CloudKit'
 3 | //
 4 |
 5 | import CloudKit
   |        `- error: no such module 'CloudKit'
 6 |
 7 | extension CKDatabase.Scope {
[21/22] Compiling MYCloudKit MYCloudEngine+Sync.swift
/host/spi-builder-workspace/Sources/MYCloudKit/Extensions/CKDatabase+Extension.swift:5:8: error: no such module 'CloudKit'
 3 | //
 4 |
 5 | import CloudKit
   |        `- error: no such module 'CloudKit'
 6 |
 7 | extension CKDatabase.Scope {
[22/22] Compiling MYCloudKit MYCloudEngine+Transaction.swift
/host/spi-builder-workspace/Sources/MYCloudKit/Extensions/CKDatabase+Extension.swift:5:8: error: no such module 'CloudKit'
 3 | //
 4 |
 5 | import CloudKit
   |        `- error: no such module 'CloudKit'
 6 |
 7 | extension CKDatabase.Scope {
Running build ...
bash -c docker run --pull=always --rm -v "checkouts-54344845-1":/host -w "$PWD" -e JAVA_HOME="/root/.sdkman/candidates/java/current" -e SPI_BUILD="1" -e SPI_PROCESSING="1" registry.gitlab.com/saguaro1/spi-images:wasm-6.1-latest swift build --swift-sdk wasm32-unknown-wasi 2>&1
wasm-6.1-latest: Pulling from saguaro1/spi-images
Digest: sha256:f257c9b8465670613eb336f6def351d681b1d395aebdb231a45bac980c1f9d3c
Status: Image is up to date for registry.gitlab.com/saguaro1/spi-images:wasm-6.1-latest
[0/1] Planning build
Building for debugging...
[0/1] Write swift-version-24593BA9C3E375BF.txt
[2/19] Compiling MYCloudKit CKServerChangeToken+Extension.swift
/host/spi-builder-workspace/Sources/MYCloudKit/Extensions/CKDatabase+Extension.swift:5:8: error: no such module 'CloudKit'
 3 | //
 4 |
 5 | import CloudKit
   |        `- error: no such module 'CloudKit'
 6 |
 7 | extension CKDatabase.Scope {
[3/19] Compiling MYCloudKit UserDefault+Extension.swift
/host/spi-builder-workspace/Sources/MYCloudKit/Extensions/CKDatabase+Extension.swift:5:8: error: no such module 'CloudKit'
 3 | //
 4 |
 5 | import CloudKit
   |        `- error: no such module 'CloudKit'
 6 |
 7 | extension CKDatabase.Scope {
[4/19] Compiling MYCloudKit MYRecordConvertible.swift
/host/spi-builder-workspace/Sources/MYCloudKit/Extensions/CKDatabase+Extension.swift:5:8: error: no such module 'CloudKit'
 3 | //
 4 |
 5 | import CloudKit
   |        `- error: no such module 'CloudKit'
 6 |
 7 | extension CKDatabase.Scope {
[5/21] Compiling MYCloudKit Array+Extension.swift
/host/spi-builder-workspace/Sources/MYCloudKit/Extensions/CKDatabase+Extension.swift:5:8: error: no such module 'CloudKit'
 3 | //
 4 |
 5 | import CloudKit
   |        `- error: no such module 'CloudKit'
 6 |
 7 | extension CKDatabase.Scope {
[6/21] Compiling MYCloudKit CKDatabase+Extension.swift
/host/spi-builder-workspace/Sources/MYCloudKit/Extensions/CKDatabase+Extension.swift:5:8: error: no such module 'CloudKit'
 3 | //
 4 |
 5 | import CloudKit
   |        `- error: no such module 'CloudKit'
 6 |
 7 | extension CKDatabase.Scope {
[7/21] Compiling MYCloudKit CKRecord+Extension.swift
/host/spi-builder-workspace/Sources/MYCloudKit/Extensions/CKDatabase+Extension.swift:5:8: error: no such module 'CloudKit'
 3 | //
 4 |
 5 | import CloudKit
   |        `- error: no such module 'CloudKit'
 6 |
 7 | extension CKDatabase.Scope {
error: emit-module command failed with exit code 1 (use -v to see invocation)
[8/21] Emitting module MYCloudKit
/host/spi-builder-workspace/Sources/MYCloudKit/Extensions/CKDatabase+Extension.swift:5:8: error: no such module 'CloudKit'
 3 | //
 4 |
 5 | import CloudKit
   |        `- error: no such module 'CloudKit'
 6 |
 7 | extension CKDatabase.Scope {
[9/21] Compiling MYCloudKit MYCloudEngine+Sync.swift
/host/spi-builder-workspace/Sources/MYCloudKit/Extensions/CKDatabase+Extension.swift:5:8: error: no such module 'CloudKit'
 3 | //
 4 |
 5 | import CloudKit
   |        `- error: no such module 'CloudKit'
 6 |
 7 | extension CKDatabase.Scope {
[10/21] Compiling MYCloudKit MYCloudEngine+Transaction.swift
/host/spi-builder-workspace/Sources/MYCloudKit/Extensions/CKDatabase+Extension.swift:5:8: error: no such module 'CloudKit'
 3 | //
 4 |
 5 | import CloudKit
   |        `- error: no such module 'CloudKit'
 6 |
 7 | extension CKDatabase.Scope {
[11/21] Compiling MYCloudKit MYSyncDelegate.swift
/host/spi-builder-workspace/Sources/MYCloudKit/Extensions/CKDatabase+Extension.swift:5:8: error: no such module 'CloudKit'
 3 | //
 4 |
 5 | import CloudKit
   |        `- error: no such module 'CloudKit'
 6 |
 7 | extension CKDatabase.Scope {
[12/21] Compiling MYCloudKit MYSyncEngine+Cache.swift
/host/spi-builder-workspace/Sources/MYCloudKit/Extensions/CKDatabase+Extension.swift:5:8: error: no such module 'CloudKit'
 3 | //
 4 |
 5 | import CloudKit
   |        `- error: no such module 'CloudKit'
 6 |
 7 | extension CKDatabase.Scope {
[13/21] Compiling MYCloudKit MYSyncEngine+Logger.swift
/host/spi-builder-workspace/Sources/MYCloudKit/Extensions/CKDatabase+Extension.swift:5:8: error: no such module 'CloudKit'
 3 | //
 4 |
 5 | import CloudKit
   |        `- error: no such module 'CloudKit'
 6 |
 7 | extension CKDatabase.Scope {
[14/21] Compiling MYCloudKit MYSyncEngine+Queue.swift
/host/spi-builder-workspace/Sources/MYCloudKit/Extensions/CKDatabase+Extension.swift:5:8: error: no such module 'CloudKit'
 3 | //
 4 |
 5 | import CloudKit
   |        `- error: no such module 'CloudKit'
 6 |
 7 | extension CKDatabase.Scope {
[15/21] Compiling MYCloudKit MYCloudEngine+Share.swift
/host/spi-builder-workspace/Sources/MYCloudKit/Extensions/CKDatabase+Extension.swift:5:8: error: no such module 'CloudKit'
 3 | //
 4 |
 5 | import CloudKit
   |        `- error: no such module 'CloudKit'
 6 |
 7 | extension CKDatabase.Scope {
[16/21] Compiling MYCloudKit MYCloudEngine+Subscriptions.swift
/host/spi-builder-workspace/Sources/MYCloudKit/Extensions/CKDatabase+Extension.swift:5:8: error: no such module 'CloudKit'
 3 | //
 4 |
 5 | import CloudKit
   |        `- error: no such module 'CloudKit'
 6 |
 7 | extension CKDatabase.Scope {
[17/21] Compiling MYCloudKit MYCloudKit.swift
/host/spi-builder-workspace/Sources/MYCloudKit/Extensions/CKDatabase+Extension.swift:5:8: error: no such module 'CloudKit'
 3 | //
 4 |
 5 | import CloudKit
   |        `- error: no such module 'CloudKit'
 6 |
 7 | extension CKDatabase.Scope {
[18/21] Compiling MYCloudKit MYCloudEngine+CRUD.swift
/host/spi-builder-workspace/Sources/MYCloudKit/Extensions/CKDatabase+Extension.swift:5:8: error: no such module 'CloudKit'
 3 | //
 4 |
 5 | import CloudKit
   |        `- error: no such module 'CloudKit'
 6 |
 7 | extension CKDatabase.Scope {
[19/21] Compiling MYCloudKit MYCloudEngine+Fetch.swift
/host/spi-builder-workspace/Sources/MYCloudKit/Extensions/CKDatabase+Extension.swift:5:8: error: no such module 'CloudKit'
 3 | //
 4 |
 5 | import CloudKit
   |        `- error: no such module 'CloudKit'
 6 |
 7 | extension CKDatabase.Scope {
[20/21] Compiling MYCloudKit MYSyncEngine+Retry.swift
/host/spi-builder-workspace/Sources/MYCloudKit/Extensions/CKDatabase+Extension.swift:5:8: error: no such module 'CloudKit'
 3 | //
 4 |
 5 | import CloudKit
   |        `- error: no such module 'CloudKit'
 6 |
 7 | extension CKDatabase.Scope {
[21/21] Compiling MYCloudKit MYSyncEngine.swift
/host/spi-builder-workspace/Sources/MYCloudKit/Extensions/CKDatabase+Extension.swift:5:8: error: no such module 'CloudKit'
 3 | //
 4 |
 5 | import CloudKit
   |        `- error: no such module 'CloudKit'
 6 |
 7 | extension CKDatabase.Scope {
BUILD FAILURE 6.1 wasm