The Swift Package Index logo.Swift Package Index

Build Information

Failed to build MNSwitchi, reference 0.2.0 (2f96de), with Swift 6.4 for watchOS using Xcode 27.0 on 15 Sep 2026 23:09:06 UTC.

Build Command

env DEVELOPER_DIR=/Applications/Xcode-27.0.0-Release.Candidate.app xcrun xcodebuild -IDEClonedSourcePackagesDirPathOverride=$PWD/.dependencies -skipMacroValidation -skipPackagePluginValidation -derivedDataPath $PWD/.derivedData build -scheme MNSwitchi -destination generic/platform=watchOS

Build Log

========================================
RunAll
========================================
Builder version: 5.1.0
Interrupt handler set up.
========================================
Checkout
========================================
Clone URL: https://github.com/mednoor/MNSwitchi.git
Reference: 0.2.0
Initialized empty Git repository in /Users/admin/builder/spi-builder-workspace/.git/
From https://github.com/mednoor/MNSwitchi
 * tag               0.2.0      -> FETCH_HEAD
HEAD is now at 2f96de3 update readme file
Cloned https://github.com/mednoor/MNSwitchi.git
Revision (git rev-parse @):
2f96de379ba56d519537db4b9be41b7109cca855
SUCCESS checkout https://github.com/mednoor/MNSwitchi.git at 0.2.0
========================================
Build
========================================
Selected platform:         watchOS
Swift version:             6.4
Building package at path:  $PWD
https://github.com/mednoor/MNSwitchi.git
Command line invocation:
    /Applications/Xcode-27.0.0-Release.Candidate.app/Contents/Developer/usr/bin/xcodebuild -IDEClonedSourcePackagesDirPathOverride=/Users/admin/builder/spi-builder-workspace/.dependencies -resolvePackageDependencies
Resolve Package Graph
Resolve Package Graph
Resolved source packages:
  MNSwitchi: /Users/admin/builder/spi-builder-workspace
resolved source packages: MNSwitchi
2026-09-15 19:08:19.574 xcodebuild[529:3030] [MT] IDERunDestination: Supported platforms for the buildables in the current scheme is empty.
{
  "dependencies" : [
  ],
  "manifest_display_name" : "MNSwitchi",
  "name" : "MNSwitchi",
  "path" : "/Users/admin/builder/spi-builder-workspace",
  "platforms" : [
    {
      "name" : "ios",
      "version" : "11.0"
    }
  ],
  "products" : [
    {
      "name" : "MNSwitchi",
      "targets" : [
        "MNSwitchi"
      ],
      "type" : {
        "library" : [
          "automatic"
        ]
      }
    }
  ],
  "targets" : [
    {
      "c99name" : "MNSwitchiTests",
      "module_type" : "SwiftTarget",
      "name" : "MNSwitchiTests",
      "path" : "Tests/MNSwitchiTests",
      "sources" : [
        "MNSwitchiTests.swift"
      ],
      "target_dependencies" : [
        "MNSwitchi"
      ],
      "type" : "test"
    },
    {
      "c99name" : "MNSwitchi",
      "module_type" : "SwiftTarget",
      "name" : "MNSwitchi",
      "path" : "Sources/MNSwitchi",
      "product_memberships" : [
        "MNSwitchi"
      ],
      "sources" : [
        "Data/MNSwitchiAppearance.swift",
        "Data/MNSwitchiContent.swift",
        "Data/MNSwitchiOptions.swift",
        "UI/MNSwitchi.swift"
      ],
      "type" : "library"
    }
  ],
  "tools_version" : "5.2"
}
{
  "workspace" : {
    "name" : "MNSwitchi",
    "schemes" : [
      "MNSwitchi"
    ]
  }
}
2026-09-15 19:08:55.513 xcodebuild[626:3941] [MT] IDERunDestination: Supported platforms for the buildables in the current scheme is empty.
Running build ...
env DEVELOPER_DIR=/Applications/Xcode-27.0.0-Release.Candidate.app xcrun xcodebuild -IDEClonedSourcePackagesDirPathOverride=$PWD/.dependencies -skipMacroValidation -skipPackagePluginValidation -derivedDataPath $PWD/.derivedData build -scheme MNSwitchi -destination generic/platform=watchOS
Command line invocation:
    /Applications/Xcode-27.0.0-Release.Candidate.app/Contents/Developer/usr/bin/xcodebuild -IDEClonedSourcePackagesDirPathOverride=/Users/admin/builder/spi-builder-workspace/.dependencies -skipMacroValidation -skipPackagePluginValidation -derivedDataPath /Users/admin/builder/spi-builder-workspace/.derivedData build -scheme MNSwitchi -destination generic/platform=watchOS
Resolve Package Graph
Resolved source packages:
  MNSwitchi: /Users/admin/builder/spi-builder-workspace
ComputePackagePrebuildTargetDependencyGraph
Prepare packages
CreateBuildRequest
SendProjectDescription
CreateBuildOperation
ComputeTargetDependencyGraph
note: Building targets in dependency order
note: Target dependency graph (2 targets)
    Target 'MNSwitchi-product' in project 'MNSwitchi'
        ➜ Explicit dependency on target 'MNSwitchi' in project 'MNSwitchi'
    Target 'MNSwitchi' in project 'MNSwitchi' (no dependencies)
GatherProvisioningInputs
CreateBuildDescription
ExecuteExternalTool /Applications/Xcode-27.0.0-Release.Candidate.app/Contents/Developer/Toolchains/XcodeDefault.xctoolchain/usr/bin/clang -v -E -dM -isysroot /Applications/Xcode-27.0.0-Release.Candidate.app/Contents/Developer/Platforms/WatchOS.platform/Developer/SDKs/WatchOS27.0.sdk -x c -c /dev/null
ExecuteExternalTool /Applications/Xcode-27.0.0-Release.Candidate.app/Contents/Developer/Toolchains/XcodeDefault.xctoolchain/usr/bin/swiftc --version
ExecuteExternalTool /Applications/Xcode-27.0.0-Release.Candidate.app/Contents/Developer/Toolchains/XcodeDefault.xctoolchain/usr/bin/ld -version_details
Build description signature: 59948bf8ad5c3243a1214b0ddf78c1b3
Build description path: /Users/admin/builder/spi-builder-workspace/.derivedData/Build/Intermediates.noindex/XCBuildData/59948bf8ad5c3243a1214b0ddf78c1b3.xcbuilddata
CreateBuildDirectory /Users/admin/builder/spi-builder-workspace/.derivedData/SDKExplicitPrecompiledModules
    cd /Users/admin/builder/spi-builder-workspace/.swiftpm/xcode
    builtin-create-build-directory /Users/admin/builder/spi-builder-workspace/.derivedData/SDKExplicitPrecompiledModules
CreateBuildDirectory /Users/admin/builder/spi-builder-workspace/.derivedData/ModuleCache.noindex
    cd /Users/admin/builder/spi-builder-workspace/.swiftpm/xcode
    builtin-create-build-directory /Users/admin/builder/spi-builder-workspace/.derivedData/ModuleCache.noindex
CreateBuildDirectory /Users/admin/builder/spi-builder-workspace/.derivedData/CompilationCache.noindex
    cd /Users/admin/builder/spi-builder-workspace/.swiftpm/xcode
    builtin-create-build-directory /Users/admin/builder/spi-builder-workspace/.derivedData/CompilationCache.noindex
CreateBuildDirectory /Users/admin/builder/spi-builder-workspace/.derivedData/Build/Products
    cd /Users/admin/builder/spi-builder-workspace/.swiftpm/xcode
    builtin-create-build-directory /Users/admin/builder/spi-builder-workspace/.derivedData/Build/Products
CreateBuildDirectory /Users/admin/builder/spi-builder-workspace/.derivedData/Build/Intermediates.noindex
    cd /Users/admin/builder/spi-builder-workspace/.swiftpm/xcode
    builtin-create-build-directory /Users/admin/builder/spi-builder-workspace/.derivedData/Build/Intermediates.noindex
ClangStatCache /Applications/Xcode-27.0.0-Release.Candidate.app/Contents/Developer/Toolchains/XcodeDefault.xctoolchain/usr/bin/clang-stat-cache /Applications/Xcode-27.0.0-Release.Candidate.app/Contents/Developer/Platforms/WatchOS.platform/Developer/SDKs/WatchOS27.0.sdk /Users/admin/builder/spi-builder-workspace/.derivedData/SDKStatCaches.noindex/watchos27.0-24R360-e829b21a6f8c9b70876ba0858053c04477534ef55a1706bf4c1112bbb242f0a2.sdkstatcache
    cd /Users/admin/builder/spi-builder-workspace/.swiftpm/xcode
    /Applications/Xcode-27.0.0-Release.Candidate.app/Contents/Developer/Toolchains/XcodeDefault.xctoolchain/usr/bin/clang-stat-cache /Applications/Xcode-27.0.0-Release.Candidate.app/Contents/Developer/Platforms/WatchOS.platform/Developer/SDKs/WatchOS27.0.sdk -o /Users/admin/builder/spi-builder-workspace/.derivedData/SDKStatCaches.noindex/watchos27.0-24R360-e829b21a6f8c9b70876ba0858053c04477534ef55a1706bf4c1112bbb242f0a2.sdkstatcache
CreateBuildDirectory /Users/admin/builder/spi-builder-workspace/.derivedData/Build/Intermediates.noindex/PrecompiledHeaders
    cd /Users/admin/builder/spi-builder-workspace/.swiftpm/xcode
    builtin-create-build-directory /Users/admin/builder/spi-builder-workspace/.derivedData/Build/Intermediates.noindex/PrecompiledHeaders
CreateBuildDirectory /Users/admin/builder/spi-builder-workspace/.derivedData/Build/Intermediates.noindex/SwiftExplicitPrecompiledModules
    cd /Users/admin/builder/spi-builder-workspace/.swiftpm/xcode
    builtin-create-build-directory /Users/admin/builder/spi-builder-workspace/.derivedData/Build/Intermediates.noindex/SwiftExplicitPrecompiledModules
CreateBuildDirectory /Users/admin/builder/spi-builder-workspace/.derivedData/Build/Intermediates.noindex/ExplicitPrecompiledModules
    cd /Users/admin/builder/spi-builder-workspace/.swiftpm/xcode
    builtin-create-build-directory /Users/admin/builder/spi-builder-workspace/.derivedData/Build/Intermediates.noindex/ExplicitPrecompiledModules
CreateBuildDirectory /Users/admin/builder/spi-builder-workspace/.derivedData/Build/Intermediates.noindex/EagerLinkingTBDs/Debug-watchos
    cd /Users/admin/builder/spi-builder-workspace/.swiftpm/xcode
    builtin-create-build-directory /Users/admin/builder/spi-builder-workspace/.derivedData/Build/Intermediates.noindex/EagerLinkingTBDs/Debug-watchos
CreateBuildDirectory /Users/admin/builder/spi-builder-workspace/.derivedData/Build/Products/Debug-watchos
    cd /Users/admin/builder/spi-builder-workspace/.swiftpm/xcode
    builtin-create-build-directory /Users/admin/builder/spi-builder-workspace/.derivedData/Build/Products/Debug-watchos
CreateBuildDirectory /Users/admin/builder/spi-builder-workspace/.derivedData/Build/Products/Debug-watchos/PackageFrameworks
    cd /Users/admin/builder/spi-builder-workspace/.swiftpm/xcode
    builtin-create-build-directory /Users/admin/builder/spi-builder-workspace/.derivedData/Build/Products/Debug-watchos/PackageFrameworks
WriteAuxiliaryFile /Users/admin/builder/spi-builder-workspace/.derivedData/Build/Intermediates.noindex/MNSwitchi.build/Debug-watchos/MNSwitchi-t.build/MNSwitchi.modulemap (in target 'MNSwitchi' from project 'MNSwitchi')
    cd /Users/admin/builder/spi-builder-workspace
    write-file /Users/admin/builder/spi-builder-workspace/.derivedData/Build/Intermediates.noindex/MNSwitchi.build/Debug-watchos/MNSwitchi-t.build/MNSwitchi.modulemap
WriteAuxiliaryFile /Users/admin/builder/spi-builder-workspace/.derivedData/Build/Intermediates.noindex/MNSwitchi.build/Debug-watchos/MNSwitchi-t.build/Objects-normal/arm64_32/MNSwitchi.SwiftFileList (in target 'MNSwitchi' from project 'MNSwitchi')
    cd /Users/admin/builder/spi-builder-workspace
    write-file /Users/admin/builder/spi-builder-workspace/.derivedData/Build/Intermediates.noindex/MNSwitchi.build/Debug-watchos/MNSwitchi-t.build/Objects-normal/arm64_32/MNSwitchi.SwiftFileList
WriteAuxiliaryFile /Users/admin/builder/spi-builder-workspace/.derivedData/Build/Intermediates.noindex/MNSwitchi.build/Debug-watchos/MNSwitchi-t.build/Objects-normal/arm64_32/MNSwitchi-OutputFileMap.json (in target 'MNSwitchi' from project 'MNSwitchi')
    cd /Users/admin/builder/spi-builder-workspace
    write-file /Users/admin/builder/spi-builder-workspace/.derivedData/Build/Intermediates.noindex/MNSwitchi.build/Debug-watchos/MNSwitchi-t.build/Objects-normal/arm64_32/MNSwitchi-OutputFileMap.json
WriteAuxiliaryFile /Users/admin/builder/spi-builder-workspace/.derivedData/Build/Intermediates.noindex/MNSwitchi.build/Debug-watchos/MNSwitchi-t.build/Objects-normal/arm64_32/MNSwitchi.LinkFileList (in target 'MNSwitchi' from project 'MNSwitchi')
    cd /Users/admin/builder/spi-builder-workspace
    write-file /Users/admin/builder/spi-builder-workspace/.derivedData/Build/Intermediates.noindex/MNSwitchi.build/Debug-watchos/MNSwitchi-t.build/Objects-normal/arm64_32/MNSwitchi.LinkFileList
WriteAuxiliaryFile /Users/admin/builder/spi-builder-workspace/.derivedData/Build/Intermediates.noindex/MNSwitchi.build/Debug-watchos/MNSwitchi-t.build/Objects-normal/arm64_32/MNSwitchi.SwiftConstValuesFileList (in target 'MNSwitchi' from project 'MNSwitchi')
    cd /Users/admin/builder/spi-builder-workspace
    write-file /Users/admin/builder/spi-builder-workspace/.derivedData/Build/Intermediates.noindex/MNSwitchi.build/Debug-watchos/MNSwitchi-t.build/Objects-normal/arm64_32/MNSwitchi.SwiftConstValuesFileList
WriteAuxiliaryFile /Users/admin/builder/spi-builder-workspace/.derivedData/Build/Intermediates.noindex/MNSwitchi.build/Debug-watchos/MNSwitchi-t.build/Objects-normal/arm64/MNSwitchi_const_extract_protocols.json (in target 'MNSwitchi' from project 'MNSwitchi')
    cd /Users/admin/builder/spi-builder-workspace
    write-file /Users/admin/builder/spi-builder-workspace/.derivedData/Build/Intermediates.noindex/MNSwitchi.build/Debug-watchos/MNSwitchi-t.build/Objects-normal/arm64/MNSwitchi_const_extract_protocols.json
WriteAuxiliaryFile /Users/admin/builder/spi-builder-workspace/.derivedData/Build/Intermediates.noindex/MNSwitchi.build/Debug-watchos/MNSwitchi-t.build/Objects-normal/arm64_32/MNSwitchi_const_extract_protocols.json (in target 'MNSwitchi' from project 'MNSwitchi')
    cd /Users/admin/builder/spi-builder-workspace
    write-file /Users/admin/builder/spi-builder-workspace/.derivedData/Build/Intermediates.noindex/MNSwitchi.build/Debug-watchos/MNSwitchi-t.build/Objects-normal/arm64_32/MNSwitchi_const_extract_protocols.json
WriteAuxiliaryFile /Users/admin/builder/spi-builder-workspace/.derivedData/Build/Intermediates.noindex/MNSwitchi.build/Debug-watchos/MNSwitchi-t.build/Objects-normal/arm64/MNSwitchi.SwiftFileList (in target 'MNSwitchi' from project 'MNSwitchi')
    cd /Users/admin/builder/spi-builder-workspace
    write-file /Users/admin/builder/spi-builder-workspace/.derivedData/Build/Intermediates.noindex/MNSwitchi.build/Debug-watchos/MNSwitchi-t.build/Objects-normal/arm64/MNSwitchi.SwiftFileList
WriteAuxiliaryFile /Users/admin/builder/spi-builder-workspace/.derivedData/Build/Intermediates.noindex/MNSwitchi.build/Debug-watchos/MNSwitchi-t.build/Objects-normal/arm64/MNSwitchi.SwiftConstValuesFileList (in target 'MNSwitchi' from project 'MNSwitchi')
    cd /Users/admin/builder/spi-builder-workspace
    write-file /Users/admin/builder/spi-builder-workspace/.derivedData/Build/Intermediates.noindex/MNSwitchi.build/Debug-watchos/MNSwitchi-t.build/Objects-normal/arm64/MNSwitchi.SwiftConstValuesFileList
WriteAuxiliaryFile /Users/admin/builder/spi-builder-workspace/.derivedData/Build/Intermediates.noindex/MNSwitchi.build/Debug-watchos/MNSwitchi-t.build/Objects-normal/arm64/MNSwitchi.LinkFileList (in target 'MNSwitchi' from project 'MNSwitchi')
    cd /Users/admin/builder/spi-builder-workspace
    write-file /Users/admin/builder/spi-builder-workspace/.derivedData/Build/Intermediates.noindex/MNSwitchi.build/Debug-watchos/MNSwitchi-t.build/Objects-normal/arm64/MNSwitchi.LinkFileList
WriteAuxiliaryFile /Users/admin/builder/spi-builder-workspace/.derivedData/Build/Intermediates.noindex/MNSwitchi.build/Debug-watchos/MNSwitchi-t.build/Objects-normal/arm64/MNSwitchi-OutputFileMap.json (in target 'MNSwitchi' from project 'MNSwitchi')
    cd /Users/admin/builder/spi-builder-workspace
    write-file /Users/admin/builder/spi-builder-workspace/.derivedData/Build/Intermediates.noindex/MNSwitchi.build/Debug-watchos/MNSwitchi-t.build/Objects-normal/arm64/MNSwitchi-OutputFileMap.json
WriteAuxiliaryFile /Users/admin/builder/spi-builder-workspace/.derivedData/Build/Intermediates.noindex/MNSwitchi.build/Debug-watchos/MNSwitchi-t.build/MNSwitchi.DependencyStaticMetadataFileList (in target 'MNSwitchi' from project 'MNSwitchi')
    cd /Users/admin/builder/spi-builder-workspace
    write-file /Users/admin/builder/spi-builder-workspace/.derivedData/Build/Intermediates.noindex/MNSwitchi.build/Debug-watchos/MNSwitchi-t.build/MNSwitchi.DependencyStaticMetadataFileList
WriteAuxiliaryFile /Users/admin/builder/spi-builder-workspace/.derivedData/Build/Intermediates.noindex/MNSwitchi.build/Debug-watchos/MNSwitchi-t.build/MNSwitchi.DependencyMetadataFileList (in target 'MNSwitchi' from project 'MNSwitchi')
    cd /Users/admin/builder/spi-builder-workspace
    write-file /Users/admin/builder/spi-builder-workspace/.derivedData/Build/Intermediates.noindex/MNSwitchi.build/Debug-watchos/MNSwitchi-t.build/MNSwitchi.DependencyMetadataFileList
Copy /Users/admin/builder/spi-builder-workspace/.derivedData/Build/Intermediates.noindex/GeneratedModuleMaps-watchos/MNSwitchi.modulemap /Users/admin/builder/spi-builder-workspace/.derivedData/Build/Intermediates.noindex/MNSwitchi.build/Debug-watchos/MNSwitchi-t.build/MNSwitchi.modulemap (in target 'MNSwitchi' from project 'MNSwitchi')
    cd /Users/admin/builder/spi-builder-workspace
    builtin-copy -exclude .DS_Store -exclude CVS -exclude .svn -exclude .git -exclude .hg -resolve-src-symlinks /Users/admin/builder/spi-builder-workspace/.derivedData/Build/Intermediates.noindex/MNSwitchi.build/Debug-watchos/MNSwitchi-t.build/MNSwitchi.modulemap /Users/admin/builder/spi-builder-workspace/.derivedData/Build/Intermediates.noindex/GeneratedModuleMaps-watchos
SwiftDriver MNSwitchi normal arm64_32 com.apple.xcode.tools.swift.compiler (in target 'MNSwitchi' from project 'MNSwitchi')
    cd /Users/admin/builder/spi-builder-workspace/.swiftpm/xcode
    builtin-SwiftDriver -- /Applications/Xcode-27.0.0-Release.Candidate.app/Contents/Developer/Toolchains/XcodeDefault.xctoolchain/usr/bin/swiftc -parse-as-library -module-name MNSwitchi -Onone @/Users/admin/builder/spi-builder-workspace/.derivedData/Build/Intermediates.noindex/MNSwitchi.build/Debug-watchos/MNSwitchi-t.build/Objects-normal/arm64_32/MNSwitchi.SwiftFileList -DSWIFT_PACKAGE -DDEBUG -DSWIFT_MODULE_RESOURCE_BUNDLE_UNAVAILABLE -DXcode -plugin-path /Applications/Xcode-27.0.0-Release.Candidate.app/Contents/Developer/Toolchains/XcodeDefault.xctoolchain/usr/lib/swift/host/plugins/testing -enable-experimental-feature DebugDescriptionMacro -sdk /Applications/Xcode-27.0.0-Release.Candidate.app/Contents/Developer/Platforms/WatchOS.platform/Developer/SDKs/WatchOS27.0.sdk -target arm64_32-apple-watchos9.0 -g -module-cache-path /Users/admin/builder/spi-builder-workspace/.derivedData/ModuleCache.noindex -Xfrontend -serialize-debugging-options -profile-coverage-mapping -profile-generate -enable-testing -index-store-path /Users/admin/builder/spi-builder-workspace/.derivedData/Index.noindex/DataStore -Xcc -D_LIBCPP_HARDENING_MODE\=_LIBCPP_HARDENING_MODE_DEBUG -swift-version 5 -I /Users/admin/builder/spi-builder-workspace/.derivedData/Build/Products/Debug-watchos -Isystem /Applications/Xcode-27.0.0-Release.Candidate.app/Contents/Developer/Platforms/WatchOS.platform/Developer/usr/lib -F /Users/admin/builder/spi-builder-workspace/.derivedData/Build/Products/Debug-watchos -F /Applications/Xcode-27.0.0-Release.Candidate.app/Contents/Developer/Platforms/WatchOS.platform/Developer/Library/Frameworks -F /Applications/Xcode-27.0.0-Release.Candidate.app/Contents/Developer/Platforms/WatchOS.platform/Developer/SDKs/WatchOS27.0.sdk/Developer/Library/Frameworks -c -j10 -enable-batch-mode -incremental -Xcc -ivfsstatcache -Xcc /Users/admin/builder/spi-builder-workspace/.derivedData/SDKStatCaches.noindex/watchos27.0-24R360-e829b21a6f8c9b70876ba0858053c04477534ef55a1706bf4c1112bbb242f0a2.sdkstatcache -output-file-map /Users/admin/builder/spi-builder-workspace/.derivedData/Build/Intermediates.noindex/MNSwitchi.build/Debug-watchos/MNSwitchi-t.build/Objects-normal/arm64_32/MNSwitchi-OutputFileMap.json -save-temps -no-color-diagnostics -explicit-module-build -module-cache-path /Users/admin/builder/spi-builder-workspace/.derivedData/Build/Intermediates.noindex/SwiftExplicitPrecompiledModules -clang-scanner-module-cache-path /Users/admin/builder/spi-builder-workspace/.derivedData/ModuleCache.noindex -sdk-module-cache-path /Users/admin/builder/spi-builder-workspace/.derivedData/SDKExplicitPrecompiledModules -emit-dependencies -emit-module -emit-module-path /Users/admin/builder/spi-builder-workspace/.derivedData/Build/Intermediates.noindex/MNSwitchi.build/Debug-watchos/MNSwitchi-t.build/Objects-normal/arm64_32/MNSwitchi.swiftmodule -serialize-diagnostics -dependency-scan-serialize-diagnostics-path /Users/admin/builder/spi-builder-workspace/.derivedData/Build/Intermediates.noindex/MNSwitchi.build/Debug-watchos/MNSwitchi-t.build/Objects-normal/arm64_32/MNSwitchi-dependency-scan.dia -validate-clang-modules-once -clang-build-session-file /Users/admin/builder/spi-builder-workspace/.derivedData/ModuleCache.noindex/Session.modulevalidation -Xcc -fmodules-prune-interval\=86400 -Xcc -fmodules-prune-after\=345600 -emit-const-values -const-gather-protocols-list /Users/admin/builder/spi-builder-workspace/.derivedData/Build/Intermediates.noindex/MNSwitchi.build/Debug-watchos/MNSwitchi-t.build/Objects-normal/arm64_32/MNSwitchi_const_extract_protocols.json -Xcc -I/Users/admin/builder/spi-builder-workspace/.derivedData/Build/Products/Debug-watchos/include -Xcc -I/Users/admin/builder/spi-builder-workspace/.derivedData/Build/Intermediates.noindex/MNSwitchi.build/Debug-watchos/MNSwitchi-t.build/DerivedSources-normal/arm64_32 -Xcc -I/Users/admin/builder/spi-builder-workspace/.derivedData/Build/Intermediates.noindex/MNSwitchi.build/Debug-watchos/MNSwitchi-t.build/DerivedSources/arm64_32 -Xcc -I/Users/admin/builder/spi-builder-workspace/.derivedData/Build/Intermediates.noindex/MNSwitchi.build/Debug-watchos/MNSwitchi-t.build/DerivedSources -Xcc -DSWIFT_PACKAGE -Xcc -DDEBUG\=1 -emit-objc-header -emit-objc-header-path /Users/admin/builder/spi-builder-workspace/.derivedData/Build/Intermediates.noindex/MNSwitchi.build/Debug-watchos/MNSwitchi-t.build/Objects-normal/arm64_32/MNSwitchi-Swift.h -working-directory /Users/admin/builder/spi-builder-workspace/.swiftpm/xcode -experimental-emit-module-separately -disable-cmo
SwiftDriver MNSwitchi normal arm64 com.apple.xcode.tools.swift.compiler (in target 'MNSwitchi' from project 'MNSwitchi')
    cd /Users/admin/builder/spi-builder-workspace/.swiftpm/xcode
    builtin-SwiftDriver -- /Applications/Xcode-27.0.0-Release.Candidate.app/Contents/Developer/Toolchains/XcodeDefault.xctoolchain/usr/bin/swiftc -parse-as-library -module-name MNSwitchi -Onone @/Users/admin/builder/spi-builder-workspace/.derivedData/Build/Intermediates.noindex/MNSwitchi.build/Debug-watchos/MNSwitchi-t.build/Objects-normal/arm64/MNSwitchi.SwiftFileList -DSWIFT_PACKAGE -DDEBUG -DSWIFT_MODULE_RESOURCE_BUNDLE_UNAVAILABLE -DXcode -plugin-path /Applications/Xcode-27.0.0-Release.Candidate.app/Contents/Developer/Toolchains/XcodeDefault.xctoolchain/usr/lib/swift/host/plugins/testing -enable-experimental-feature DebugDescriptionMacro -sdk /Applications/Xcode-27.0.0-Release.Candidate.app/Contents/Developer/Platforms/WatchOS.platform/Developer/SDKs/WatchOS27.0.sdk -target arm64-apple-watchos9.0 -g -module-cache-path /Users/admin/builder/spi-builder-workspace/.derivedData/ModuleCache.noindex -Xfrontend -serialize-debugging-options -profile-coverage-mapping -profile-generate -enable-testing -index-store-path /Users/admin/builder/spi-builder-workspace/.derivedData/Index.noindex/DataStore -Xcc -D_LIBCPP_HARDENING_MODE\=_LIBCPP_HARDENING_MODE_DEBUG -swift-version 5 -I /Users/admin/builder/spi-builder-workspace/.derivedData/Build/Products/Debug-watchos -Isystem /Applications/Xcode-27.0.0-Release.Candidate.app/Contents/Developer/Platforms/WatchOS.platform/Developer/usr/lib -F /Users/admin/builder/spi-builder-workspace/.derivedData/Build/Products/Debug-watchos -F /Applications/Xcode-27.0.0-Release.Candidate.app/Contents/Developer/Platforms/WatchOS.platform/Developer/Library/Frameworks -F /Applications/Xcode-27.0.0-Release.Candidate.app/Contents/Developer/Platforms/WatchOS.platform/Developer/SDKs/WatchOS27.0.sdk/Developer/Library/Frameworks -c -j10 -enable-batch-mode -incremental -Xcc -ivfsstatcache -Xcc /Users/admin/builder/spi-builder-workspace/.derivedData/SDKStatCaches.noindex/watchos27.0-24R360-e829b21a6f8c9b70876ba0858053c04477534ef55a1706bf4c1112bbb242f0a2.sdkstatcache -output-file-map /Users/admin/builder/spi-builder-workspace/.derivedData/Build/Intermediates.noindex/MNSwitchi.build/Debug-watchos/MNSwitchi-t.build/Objects-normal/arm64/MNSwitchi-OutputFileMap.json -save-temps -no-color-diagnostics -explicit-module-build -module-cache-path /Users/admin/builder/spi-builder-workspace/.derivedData/Build/Intermediates.noindex/SwiftExplicitPrecompiledModules -clang-scanner-module-cache-path /Users/admin/builder/spi-builder-workspace/.derivedData/ModuleCache.noindex -sdk-module-cache-path /Users/admin/builder/spi-builder-workspace/.derivedData/SDKExplicitPrecompiledModules -emit-dependencies -emit-module -emit-module-path /Users/admin/builder/spi-builder-workspace/.derivedData/Build/Intermediates.noindex/MNSwitchi.build/Debug-watchos/MNSwitchi-t.build/Objects-normal/arm64/MNSwitchi.swiftmodule -serialize-diagnostics -dependency-scan-serialize-diagnostics-path /Users/admin/builder/spi-builder-workspace/.derivedData/Build/Intermediates.noindex/MNSwitchi.build/Debug-watchos/MNSwitchi-t.build/Objects-normal/arm64/MNSwitchi-dependency-scan.dia -validate-clang-modules-once -clang-build-session-file /Users/admin/builder/spi-builder-workspace/.derivedData/ModuleCache.noindex/Session.modulevalidation -Xcc -fmodules-prune-interval\=86400 -Xcc -fmodules-prune-after\=345600 -emit-const-values -const-gather-protocols-list /Users/admin/builder/spi-builder-workspace/.derivedData/Build/Intermediates.noindex/MNSwitchi.build/Debug-watchos/MNSwitchi-t.build/Objects-normal/arm64/MNSwitchi_const_extract_protocols.json -Xcc -I/Users/admin/builder/spi-builder-workspace/.derivedData/Build/Products/Debug-watchos/include -Xcc -I/Users/admin/builder/spi-builder-workspace/.derivedData/Build/Intermediates.noindex/MNSwitchi.build/Debug-watchos/MNSwitchi-t.build/DerivedSources-normal/arm64 -Xcc -I/Users/admin/builder/spi-builder-workspace/.derivedData/Build/Intermediates.noindex/MNSwitchi.build/Debug-watchos/MNSwitchi-t.build/DerivedSources/arm64 -Xcc -I/Users/admin/builder/spi-builder-workspace/.derivedData/Build/Intermediates.noindex/MNSwitchi.build/Debug-watchos/MNSwitchi-t.build/DerivedSources -Xcc -DSWIFT_PACKAGE -Xcc -DDEBUG\=1 -emit-objc-header -emit-objc-header-path /Users/admin/builder/spi-builder-workspace/.derivedData/Build/Intermediates.noindex/MNSwitchi.build/Debug-watchos/MNSwitchi-t.build/Objects-normal/arm64/MNSwitchi-Swift.h -working-directory /Users/admin/builder/spi-builder-workspace/.swiftpm/xcode -experimental-emit-module-separately -disable-cmo
SwiftExplicitDependencyGeneratePcm arm64 /Users/admin/builder/spi-builder-workspace/.derivedData/SDKExplicitPrecompiledModules/_SwiftConcurrencyShims-659N52XSKR5F0QSB880BH2FJR.pcm
SwiftExplicitDependencyGeneratePcm arm64_32 /Users/admin/builder/spi-builder-workspace/.derivedData/SDKExplicitPrecompiledModules/ptrcheck-7ELIH9BTIGVKX3UBITM9N72WD.pcm
SwiftExplicitDependencyGeneratePcm arm64 /Users/admin/builder/spi-builder-workspace/.derivedData/SDKExplicitPrecompiledModules/_AvailabilityInternal-BUNV3UXM65NT37THI4W1AM0SF.pcm
SwiftExplicitDependencyGeneratePcm arm64 /Users/admin/builder/spi-builder-workspace/.derivedData/SDKExplicitPrecompiledModules/SwiftShims-4MXFZPV6FEB0XBYXCGPWAMQGL.pcm
SwiftExplicitDependencyGeneratePcm arm64 /Users/admin/builder/spi-builder-workspace/.derivedData/SDKExplicitPrecompiledModules/ptrcheck-AIF0NDOYZ8ORBNHQAQR5NNB8M.pcm
SwiftExplicitDependencyGeneratePcm arm64 /Users/admin/builder/spi-builder-workspace/.derivedData/SDKExplicitPrecompiledModules/ptrauth-3TZ9WJCGLYD25HQPWH4968ONX.pcm
SwiftExplicitDependencyGeneratePcm arm64 /Users/admin/builder/spi-builder-workspace/.derivedData/SDKExplicitPrecompiledModules/_Builtin_float-C0CW5Q4HGBQYKE77TC42IAFB5.pcm
SwiftExplicitDependencyGeneratePcm arm64_32 /Users/admin/builder/spi-builder-workspace/.derivedData/SDKExplicitPrecompiledModules/_Builtin_float-6KO8O3PEWRCA4WC6PPLOYO6WJ.pcm
SwiftExplicitDependencyGeneratePcm arm64_32 /Users/admin/builder/spi-builder-workspace/.derivedData/SDKExplicitPrecompiledModules/_AvailabilityInternal-244WAN3Z1QBT7PIA64EZEFY1R.pcm
SwiftExplicitDependencyGeneratePcm arm64_32 /Users/admin/builder/spi-builder-workspace/.derivedData/SDKExplicitPrecompiledModules/_Builtin_stdarg-D305JG44A2WPI6CJY37X3QJE8.pcm
SwiftExplicitDependencyGeneratePcm arm64_32 /Users/admin/builder/spi-builder-workspace/.derivedData/SDKExplicitPrecompiledModules/_SwiftConcurrencyShims-6RTBPQ03V7BM9SPRK8SUE055H.pcm
SwiftExplicitDependencyGeneratePcm arm64_32 /Users/admin/builder/spi-builder-workspace/.derivedData/SDKExplicitPrecompiledModules/_Builtin_stddef-H44EFHQX6XSS5MZ7QP6YJZ76.pcm
SwiftExplicitDependencyGeneratePcm arm64 /Users/admin/builder/spi-builder-workspace/.derivedData/SDKExplicitPrecompiledModules/DeveloperToolsSupport-E7CNISCB36UE8XQ9IOHK9XDX1.pcm
SwiftExplicitDependencyGeneratePcm arm64_32 /Users/admin/builder/spi-builder-workspace/.derivedData/SDKExplicitPrecompiledModules/_Builtin_stdbool-A967K8W8YUYEC9SN52KJ7OO88.pcm
SwiftExplicitDependencyGeneratePcm arm64_32 /Users/admin/builder/spi-builder-workspace/.derivedData/SDKExplicitPrecompiledModules/SwiftShims-9CQQGWTSNTN9EB5NSHDWUJICH.pcm
SwiftExplicitDependencyGeneratePcm arm64_32 /Users/admin/builder/spi-builder-workspace/.derivedData/SDKExplicitPrecompiledModules/DeveloperToolsSupport-DZU5G1OCMNWU0AQRULIFHUJ1Z.pcm
SwiftExplicitDependencyGeneratePcm arm64 /Users/admin/builder/spi-builder-workspace/.derivedData/SDKExplicitPrecompiledModules/_Builtin_stdbool-83J96QSOFE9VX04AAS6310UAE.pcm
SwiftExplicitDependencyGeneratePcm arm64 /Users/admin/builder/spi-builder-workspace/.derivedData/SDKExplicitPrecompiledModules/_Builtin_stddef-1FU30Y8SWFB7OUUHMJQH5J6FM.pcm
SwiftExplicitDependencyGeneratePcm arm64 /Users/admin/builder/spi-builder-workspace/.derivedData/SDKExplicitPrecompiledModules/_DarwinFoundation1-7SPX3MD0HMP55E4OLNCPNDQ53.pcm
SwiftExplicitDependencyGeneratePcm arm64_32 /Users/admin/builder/spi-builder-workspace/.derivedData/SDKExplicitPrecompiledModules/_DarwinFoundation1-2GWF9RFMPLQW4PDHS3NARVI3G.pcm
SwiftExplicitDependencyGeneratePcm arm64_32 /Users/admin/builder/spi-builder-workspace/.derivedData/SDKExplicitPrecompiledModules/ptrauth-BFXF358ME5AK535N5A9Z766WU.pcm
SwiftExplicitDependencyGeneratePcm arm64 /Users/admin/builder/spi-builder-workspace/.derivedData/SDKExplicitPrecompiledModules/_Builtin_stdarg-A7UU8LE6MP85SM26YO7PBZNUQ.pcm
SwiftExplicitDependencyGeneratePcm arm64 /Users/admin/builder/spi-builder-workspace/.derivedData/SDKExplicitPrecompiledModules/_Builtin_limits-9GWPA2B0H20DYUNYHYCWKABJG.pcm
SwiftExplicitDependencyGeneratePcm arm64_32 /Users/admin/builder/spi-builder-workspace/.derivedData/SDKExplicitPrecompiledModules/_Builtin_limits-3VKBU2AFTD65PAJZ5CJ3LHFM2.pcm
SwiftExplicitDependencyGeneratePcm arm64_32 /Users/admin/builder/spi-builder-workspace/.derivedData/SDKExplicitPrecompiledModules/_DarwinFoundation2-9MY8GOSYRO0M9MKNXF6D3MBNK.pcm
SwiftExplicitDependencyGeneratePcm arm64 /Users/admin/builder/spi-builder-workspace/.derivedData/SDKExplicitPrecompiledModules/_DarwinFoundation2-D0XAPJU49S5E9XMKYOFGSTB1Q.pcm
SwiftExplicitDependencyGeneratePcm arm64_32 /Users/admin/builder/spi-builder-workspace/.derivedData/SDKExplicitPrecompiledModules/sys_types-8TLLMW08ZJWDGIIPKOYFGHHZW.pcm
SwiftExplicitDependencyGeneratePcm arm64_32 /Users/admin/builder/spi-builder-workspace/.derivedData/SDKExplicitPrecompiledModules/_Builtin_stdint-1HMXWI3V0V4TXHRWZOMZGZ80Y.pcm
SwiftExplicitDependencyGeneratePcm arm64_32 /Users/admin/builder/spi-builder-workspace/.derivedData/SDKExplicitPrecompiledModules/_Builtin_tgmath-23PGCKURCQILXMK0MYZRYDCOU.pcm
SwiftExplicitDependencyGeneratePcm arm64_32 /Users/admin/builder/spi-builder-workspace/.derivedData/SDKExplicitPrecompiledModules/string_h-BFVLUQUSBZWYMLCU9QI7VZALW.pcm
SwiftExplicitDependencyGeneratePcm arm64 /Users/admin/builder/spi-builder-workspace/.derivedData/SDKExplicitPrecompiledModules/string_h-E6PRXK75PHIPCZFWOFCQ3QBMK.pcm
SwiftExplicitDependencyGeneratePcm arm64 /Users/admin/builder/spi-builder-workspace/.derivedData/SDKExplicitPrecompiledModules/_Builtin_stdint-8XMILLJZEGRN2XG7XZUXZ5RLX.pcm
SwiftExplicitDependencyGeneratePcm arm64 /Users/admin/builder/spi-builder-workspace/.derivedData/SDKExplicitPrecompiledModules/sys_types-2KXQLI78OUCDP779AE68GZJ2.pcm
SwiftExplicitDependencyGeneratePcm arm64 /Users/admin/builder/spi-builder-workspace/.derivedData/SDKExplicitPrecompiledModules/_Builtin_tgmath-8NQ96OZ0YHXEC24JI95P01UF8.pcm
SwiftExplicitDependencyGeneratePcm arm64_32 /Users/admin/builder/spi-builder-workspace/.derivedData/SDKExplicitPrecompiledModules/_Builtin_stdatomic-1TY035TURL76BF2U98PZPPZRX.pcm
SwiftExplicitDependencyGeneratePcm arm64_32 /Users/admin/builder/spi-builder-workspace/.derivedData/SDKExplicitPrecompiledModules/_DarwinFoundation3-3DUTYQDQSD9HUAAVY947NMWOI.pcm
SwiftExplicitDependencyGeneratePcm arm64_32 /Users/admin/builder/spi-builder-workspace/.derivedData/SDKExplicitPrecompiledModules/_Builtin_intrinsics-196IIAKDQVU42DLOZP9OQCV76.pcm
SwiftExplicitDependencyGeneratePcm arm64 /Users/admin/builder/spi-builder-workspace/.derivedData/SDKExplicitPrecompiledModules/_Builtin_intrinsics-75960HIPCIYA06IUW8FIIPQT.pcm
SwiftExplicitDependencyGeneratePcm arm64 /Users/admin/builder/spi-builder-workspace/.derivedData/SDKExplicitPrecompiledModules/_Builtin_stdatomic-7JEFA3KBJJJN6TKJWY3OG1VG5.pcm
SwiftExplicitDependencyGeneratePcm arm64 /Users/admin/builder/spi-builder-workspace/.derivedData/SDKExplicitPrecompiledModules/_DarwinFoundation3-B97LRG0E9GON2NUE65TVG81HU.pcm
SwiftExplicitDependencyGeneratePcm arm64_32 /Users/admin/builder/spi-builder-workspace/.derivedData/SDKExplicitPrecompiledModules/_Builtin_inttypes-D2KPCR4PEX9AQA33NGLUT5SBR.pcm
SwiftExplicitDependencyGeneratePcm arm64 /Users/admin/builder/spi-builder-workspace/.derivedData/SDKExplicitPrecompiledModules/_Builtin_inttypes-3UQSCM7WNM9EK4HZML8TY5J3D.pcm
SwiftExplicitDependencyGeneratePcm arm64_32 /Users/admin/builder/spi-builder-workspace/.derivedData/SDKExplicitPrecompiledModules/Darwin-3FVT1SKLN2ZQ5RVOABMTQBB34.pcm
SwiftExplicitDependencyGeneratePcm arm64 /Users/admin/builder/spi-builder-workspace/.derivedData/SDKExplicitPrecompiledModules/Darwin-3984OXKFNSPE77NT743WK8SEX.pcm
SwiftExplicitDependencyGeneratePcm arm64_32 /Users/admin/builder/spi-builder-workspace/.derivedData/SDKExplicitPrecompiledModules/simd-21UNWYOBUZI1LVSQ99S1XBLMO.pcm
SwiftExplicitDependencyGeneratePcm arm64 /Users/admin/builder/spi-builder-workspace/.derivedData/SDKExplicitPrecompiledModules/simd-EH08NODU6574T74ZKU61VP9BW.pcm
SwiftExplicitDependencyGeneratePcm arm64_32 /Users/admin/builder/spi-builder-workspace/.derivedData/SDKExplicitPrecompiledModules/ObjectiveC-6IJNELR2E80E7LUKESVCP2KET.pcm
SwiftExplicitDependencyGeneratePcm arm64_32 /Users/admin/builder/spi-builder-workspace/.derivedData/SDKExplicitPrecompiledModules/MachO-56838ZJ0NC1EBAJ0O6O8QMPDX.pcm
SwiftExplicitDependencyGeneratePcm arm64 /Users/admin/builder/spi-builder-workspace/.derivedData/SDKExplicitPrecompiledModules/MachO-2U90NNSAQILBNBPS1SA4F8TYP.pcm
SwiftExplicitDependencyGeneratePcm arm64 /Users/admin/builder/spi-builder-workspace/.derivedData/SDKExplicitPrecompiledModules/ObjectiveC-72IVD3VS2RS8Q28D9PIMY0KQP.pcm
SwiftExplicitDependencyGeneratePcm arm64_32 /Users/admin/builder/spi-builder-workspace/.derivedData/SDKExplicitPrecompiledModules/os_object-5YWTC6L4756IWSTPGXS5NM0D0.pcm
SwiftExplicitDependencyGeneratePcm arm64 /Users/admin/builder/spi-builder-workspace/.derivedData/SDKExplicitPrecompiledModules/os_object-3SDKD7F87FTZ26OON37DRYT6O.pcm
SwiftExplicitDependencyGeneratePcm arm64_32 /Users/admin/builder/spi-builder-workspace/.derivedData/SDKExplicitPrecompiledModules/os_workgroup-5JHTPDMNBUNHLJI8LPHKQK1JK.pcm
SwiftExplicitDependencyGeneratePcm arm64 /Users/admin/builder/spi-builder-workspace/.derivedData/SDKExplicitPrecompiledModules/os_workgroup-89GG5G7YC2D0ZTK6AZXXQ20DH.pcm
SwiftExplicitDependencyGeneratePcm arm64_32 /Users/admin/builder/spi-builder-workspace/.derivedData/SDKExplicitPrecompiledModules/Spatial-CWVWNML3T0NXVHZDKVLD3X1YZ.pcm
SwiftExplicitDependencyGeneratePcm arm64_32 /Users/admin/builder/spi-builder-workspace/.derivedData/SDKExplicitPrecompiledModules/Dispatch-2P62F1T4XV63S4P99TUDTOK2Q.pcm
SwiftExplicitDependencyGeneratePcm arm64 /Users/admin/builder/spi-builder-workspace/.derivedData/SDKExplicitPrecompiledModules/Spatial-44FJGYXFAT2AQAW9Z6T7YS02U.pcm
SwiftExplicitDependencyGeneratePcm arm64 /Users/admin/builder/spi-builder-workspace/.derivedData/SDKExplicitPrecompiledModules/Dispatch-1NLJOVAK60XP0DUB05XA59EIM.pcm
SwiftExplicitDependencyGeneratePcm arm64 /Users/admin/builder/spi-builder-workspace/.derivedData/SDKExplicitPrecompiledModules/XPC-40DR0X1DHKGCV4J1IOLFS8MOU.pcm
SwiftExplicitDependencyGeneratePcm arm64 /Users/admin/builder/spi-builder-workspace/.derivedData/SDKExplicitPrecompiledModules/CoreFoundation-8T2L24YC5NU7WO6WQJWRY7W08.pcm
SwiftExplicitDependencyGeneratePcm arm64_32 /Users/admin/builder/spi-builder-workspace/.derivedData/SDKExplicitPrecompiledModules/CoreFoundation-8E6Y4BA3EXYKUGJ24GT9LGV3N.pcm
SwiftExplicitDependencyGeneratePcm arm64_32 /Users/admin/builder/spi-builder-workspace/.derivedData/SDKExplicitPrecompiledModules/XPC-81Y45QFY96XYYFCW2GT6FY8S4.pcm
SwiftExplicitDependencyGeneratePcm arm64 /Users/admin/builder/spi-builder-workspace/.derivedData/SDKExplicitPrecompiledModules/os-5DIL6Z9LFIGLMZAHM7X2T5435.pcm
SwiftExplicitDependencyGeneratePcm arm64_32 /Users/admin/builder/spi-builder-workspace/.derivedData/SDKExplicitPrecompiledModules/os-E5IGB442IA6SBB25TTCOLK2OC.pcm
SwiftExplicitDependencyGeneratePcm arm64 /Users/admin/builder/spi-builder-workspace/.derivedData/SDKExplicitPrecompiledModules/Security-6RZ6YBRU8WCUHRFFRVUK5WKMM.pcm
SwiftExplicitDependencyGeneratePcm arm64 /Users/admin/builder/spi-builder-workspace/.derivedData/SDKExplicitPrecompiledModules/CoreGraphics-DWNZ73GEH98SBJXZ7DEXB420K.pcm
SwiftExplicitDependencyGeneratePcm arm64_32 /Users/admin/builder/spi-builder-workspace/.derivedData/SDKExplicitPrecompiledModules/Security-D7TOWF88VWF67TB9HAFP5UWB1.pcm
SwiftExplicitDependencyGeneratePcm arm64_32 /Users/admin/builder/spi-builder-workspace/.derivedData/SDKExplicitPrecompiledModules/CoreGraphics-9FDXYX6BKBUT6TJ2VF819E7T5.pcm
SwiftExplicitDependencyGeneratePcm arm64 /Users/admin/builder/spi-builder-workspace/.derivedData/SDKExplicitPrecompiledModules/Foundation-DLBKUSGXN8QHAT8W0OARR9S8A.pcm
SwiftExplicitDependencyGeneratePcm arm64_32 /Users/admin/builder/spi-builder-workspace/.derivedData/SDKExplicitPrecompiledModules/Foundation-BJ2VQGI3OGR34500MEQ1VKHPH.pcm
SwiftExplicitDependencyGeneratePcm arm64 /Users/admin/builder/spi-builder-workspace/.derivedData/SDKExplicitPrecompiledModules/CoreVideo-8MRR5MNWUOAW2DBPGUQ8FKK4.pcm
SwiftExplicitDependencyGeneratePcm arm64 /Users/admin/builder/spi-builder-workspace/.derivedData/SDKExplicitPrecompiledModules/CoreText-970YJN6NIYGK1316L35Z0O8QT.pcm
SwiftExplicitDependencyGeneratePcm arm64_32 /Users/admin/builder/spi-builder-workspace/.derivedData/SDKExplicitPrecompiledModules/CoreText-C9X2REPZN2V5BSU4G80FCETDR.pcm
SwiftExplicitDependencyGeneratePcm arm64_32 /Users/admin/builder/spi-builder-workspace/.derivedData/SDKExplicitPrecompiledModules/CoreVideo-2P8HI0403J99LBDPKNFJ5D4DL.pcm
SwiftExplicitDependencyGeneratePcm arm64 /Users/admin/builder/spi-builder-workspace/.derivedData/SDKExplicitPrecompiledModules/Symbols-3EFABTJ9L5PQDJ7RQCYQWEJMM.pcm
SwiftExplicitDependencyGeneratePcm arm64 /Users/admin/builder/spi-builder-workspace/.derivedData/SDKExplicitPrecompiledModules/UserNotifications-ARAH8MEQ0C2L0FBO39HITJMAO.pcm
SwiftExplicitDependencyGeneratePcm arm64 /Users/admin/builder/spi-builder-workspace/.derivedData/SDKExplicitPrecompiledModules/_LocationEssentials-5ZZDGDXB6HLQUC72SJW7YJ7MK.pcm
SwiftExplicitDependencyGeneratePcm arm64 /Users/admin/builder/spi-builder-workspace/.derivedData/SDKExplicitPrecompiledModules/UniformTypeIdentifiers-8L08Q8DQJV8C4AW84YVGFGTRN.pcm
SwiftExplicitDependencyGeneratePcm arm64 /Users/admin/builder/spi-builder-workspace/.derivedData/SDKExplicitPrecompiledModules/OSLog-B7VGO357Y3GJG35TST7DKDSI3.pcm
SwiftExplicitDependencyGeneratePcm arm64 /Users/admin/builder/spi-builder-workspace/.derivedData/SDKExplicitPrecompiledModules/CoreTransferable-9PPG3SLJ55T4LITIFYX2M0NOZ.pcm
SwiftExplicitDependencyGeneratePcm arm64 /Users/admin/builder/spi-builder-workspace/.derivedData/SDKExplicitPrecompiledModules/Accessibility-27QMG6ZQ1NKYTNBYFPM1XKNFC.pcm
SwiftExplicitDependencyGeneratePcm arm64 /Users/admin/builder/spi-builder-workspace/.derivedData/SDKExplicitPrecompiledModules/QuartzCore-94KFMWNOU7ZLUZNB4T5DLZC9D.pcm
SwiftExplicitDependencyGeneratePcm arm64 /Users/admin/builder/spi-builder-workspace/.derivedData/SDKExplicitPrecompiledModules/DataDetection-7BNVI1SZW5ISQL5SX4WL2X7I5.pcm
SwiftExplicitDependencyGeneratePcm arm64 /Users/admin/builder/spi-builder-workspace/.derivedData/SDKExplicitPrecompiledModules/UIUtilities-IR7RNW23VAUKYI9MLCS9NL9A.pcm
SwiftExplicitDependencyGeneratePcm arm64_32 /Users/admin/builder/spi-builder-workspace/.derivedData/SDKExplicitPrecompiledModules/QuartzCore-6375NPYACK5NYVHPMC1QQ8MC2.pcm
SwiftExplicitDependencyGeneratePcm arm64_32 /Users/admin/builder/spi-builder-workspace/.derivedData/SDKExplicitPrecompiledModules/Symbols-1H97WMG76HU94F5VGJR19PXFY.pcm
SwiftExplicitDependencyGeneratePcm arm64_32 /Users/admin/builder/spi-builder-workspace/.derivedData/SDKExplicitPrecompiledModules/DataDetection-U9BF7WHFVA6BZGFXXXP272PS.pcm
SwiftExplicitDependencyGeneratePcm arm64_32 /Users/admin/builder/spi-builder-workspace/.derivedData/SDKExplicitPrecompiledModules/UniformTypeIdentifiers-CJZ3NTHPSBH4XWX5EVOG56UZS.pcm
SwiftExplicitDependencyGeneratePcm arm64_32 /Users/admin/builder/spi-builder-workspace/.derivedData/SDKExplicitPrecompiledModules/UIUtilities-9YFVNIMRC5HRVOIARNWHP1E3H.pcm
SwiftExplicitDependencyGeneratePcm arm64_32 /Users/admin/builder/spi-builder-workspace/.derivedData/SDKExplicitPrecompiledModules/UserNotifications-6TBN8TEAKO014N1T2QD926XED.pcm
SwiftExplicitDependencyGeneratePcm arm64_32 /Users/admin/builder/spi-builder-workspace/.derivedData/SDKExplicitPrecompiledModules/_LocationEssentials-AQ1OL9QKC3LQLY5CNSRM1HB53.pcm
SwiftExplicitDependencyGeneratePcm arm64_32 /Users/admin/builder/spi-builder-workspace/.derivedData/SDKExplicitPrecompiledModules/Accessibility-F385OMZ5GYBUY5O4QAJB4NRII.pcm
SwiftExplicitDependencyGeneratePcm arm64 /Users/admin/builder/spi-builder-workspace/.derivedData/SDKExplicitPrecompiledModules/CoreLocation-ACKJ9K7ABI14F97Y46Y6SRR17.pcm
SwiftExplicitDependencyGeneratePcm arm64_32 /Users/admin/builder/spi-builder-workspace/.derivedData/SDKExplicitPrecompiledModules/CoreTransferable-5D4IR6X37682FPHJ5CBPTKQV6.pcm
SwiftExplicitDependencyGeneratePcm arm64 /Users/admin/builder/spi-builder-workspace/.derivedData/SDKExplicitPrecompiledModules/SwiftUICore-C1DST1IX2Z0PTH5SJJZ1IULRB.pcm
SwiftExplicitDependencyGeneratePcm arm64_32 /Users/admin/builder/spi-builder-workspace/.derivedData/SDKExplicitPrecompiledModules/OSLog-D9AVFY0KWO7RVBIQ73CBIJVCN.pcm
SwiftExplicitDependencyGeneratePcm arm64_32 /Users/admin/builder/spi-builder-workspace/.derivedData/SDKExplicitPrecompiledModules/CoreLocation-8XU5YMYM4P11RQMYCQAG65ITK.pcm
SwiftExplicitDependencyGeneratePcm arm64_32 /Users/admin/builder/spi-builder-workspace/.derivedData/SDKExplicitPrecompiledModules/SwiftUICore-3Q7WLRD8MR9R3NGIPUBQCP6F6.pcm
SwiftExplicitDependencyGeneratePcm arm64 /Users/admin/builder/spi-builder-workspace/.derivedData/SDKExplicitPrecompiledModules/CoreMotion-6RD5K48QT1F4L9CATNFD2O7YB.pcm
SwiftExplicitDependencyGeneratePcm arm64_32 /Users/admin/builder/spi-builder-workspace/.derivedData/SDKExplicitPrecompiledModules/CoreMotion-1XGTVTE5PP32UHME8AC63TL6.pcm
SwiftExplicitDependencyGeneratePcm arm64 /Users/admin/builder/spi-builder-workspace/.derivedData/SDKExplicitPrecompiledModules/UIKit-27R3P1YMV4C6JLDT661G3MRIA.pcm
SwiftExplicitDependencyGeneratePcm arm64_32 /Users/admin/builder/spi-builder-workspace/.derivedData/SDKExplicitPrecompiledModules/UIKit-6PPV7YPZ89CZPHYAP072QH8B6.pcm
SwiftEmitModule normal arm64 Emitting\ module\ for\ MNSwitchi (in target 'MNSwitchi' from project 'MNSwitchi')
/Users/admin/builder/spi-builder-workspace/Sources/MNSwitchi/UI/MNSwitchi.swift:5:27: error: 'UIButton' is unavailable in watchOS
  3 | public class MNSwitchiView: UIView {
  4 |
  5 |     lazy var firstButton: UIButton = {
    |                           `- error: 'UIButton' is unavailable in watchOS
  6 |
  7 |         let button = UIButton(type: .system)
/Applications/Xcode-27.0.0-Release.Candidate.app/Contents/Developer/Platforms/WatchOS.platform/Developer/SDKs/WatchOS27.0.sdk/System/Library/Frameworks/UIKit.framework/Headers/UIButton.h:49:12: note: 'UIButton' has been explicitly marked unavailable here
 47 |
 48 | UIKIT_EXTERN API_AVAILABLE(ios(2.0)) API_UNAVAILABLE(watchos) NS_SWIFT_UI_ACTOR
 49 | @interface UIButton : UIControl <NSCoding>
    |            `- note: 'UIButton' has been explicitly marked unavailable here
 50 |
 51 | - (instancetype)initWithFrame:(CGRect)frame NS_DESIGNATED_INITIALIZER;
/Users/admin/builder/spi-builder-workspace/Sources/MNSwitchi/UI/MNSwitchi.swift:7:22: error: 'UIButton' is unavailable in watchOS
  5 |     lazy var firstButton: UIButton = {
  6 |
  7 |         let button = UIButton(type: .system)
    |                      `- error: 'UIButton' is unavailable in watchOS
  8 |         button.tag = 0
  9 |
/Applications/Xcode-27.0.0-Release.Candidate.app/Contents/Developer/Platforms/WatchOS.platform/Developer/SDKs/WatchOS27.0.sdk/System/Library/Frameworks/UIKit.framework/Headers/UIButton.h:49:12: note: 'UIButton' has been explicitly marked unavailable here
 47 |
 48 | UIKIT_EXTERN API_AVAILABLE(ios(2.0)) API_UNAVAILABLE(watchos) NS_SWIFT_UI_ACTOR
 49 | @interface UIButton : UIControl <NSCoding>
    |            `- note: 'UIButton' has been explicitly marked unavailable here
 50 |
 51 | - (instancetype)initWithFrame:(CGRect)frame NS_DESIGNATED_INITIALIZER;
/Users/admin/builder/spi-builder-workspace/Sources/MNSwitchi/UI/MNSwitchi.swift:13:28: error: 'UIButton' is unavailable in watchOS
 11 |     }()
 12 |
 13 |     lazy var secondButton: UIButton = {
    |                            `- error: 'UIButton' is unavailable in watchOS
 14 |
 15 |         let button = UIButton(type: .system)
/Applications/Xcode-27.0.0-Release.Candidate.app/Contents/Developer/Platforms/WatchOS.platform/Developer/SDKs/WatchOS27.0.sdk/System/Library/Frameworks/UIKit.framework/Headers/UIButton.h:49:12: note: 'UIButton' has been explicitly marked unavailable here
 47 |
 48 | UIKIT_EXTERN API_AVAILABLE(ios(2.0)) API_UNAVAILABLE(watchos) NS_SWIFT_UI_ACTOR
 49 | @interface UIButton : UIControl <NSCoding>
    |            `- note: 'UIButton' has been explicitly marked unavailable here
 50 |
 51 | - (instancetype)initWithFrame:(CGRect)frame NS_DESIGNATED_INITIALIZER;
/Users/admin/builder/spi-builder-workspace/Sources/MNSwitchi/UI/MNSwitchi.swift:15:22: error: 'UIButton' is unavailable in watchOS
 13 |     lazy var secondButton: UIButton = {
 14 |
 15 |         let button = UIButton(type: .system)
    |                      `- error: 'UIButton' is unavailable in watchOS
 16 |         button.tag = 1
 17 |
/Applications/Xcode-27.0.0-Release.Candidate.app/Contents/Developer/Platforms/WatchOS.platform/Developer/SDKs/WatchOS27.0.sdk/System/Library/Frameworks/UIKit.framework/Headers/UIButton.h:49:12: note: 'UIButton' has been explicitly marked unavailable here
 47 |
 48 | UIKIT_EXTERN API_AVAILABLE(ios(2.0)) API_UNAVAILABLE(watchos) NS_SWIFT_UI_ACTOR
 49 | @interface UIButton : UIControl <NSCoding>
    |            `- note: 'UIButton' has been explicitly marked unavailable here
 50 |
 51 | - (instancetype)initWithFrame:(CGRect)frame NS_DESIGNATED_INITIALIZER;
/Users/admin/builder/spi-builder-workspace/Sources/MNSwitchi/UI/MNSwitchi.swift:21:25: error: 'UIStackView' is unavailable in watchOS
 19 |     }()
 20 |
 21 |     lazy var stackView: UIStackView = {
    |                         `- error: 'UIStackView' is unavailable in watchOS
 22 |
 23 |         let stackView = UIStackView(frame: self.frame)
/Applications/Xcode-27.0.0-Release.Candidate.app/Contents/Developer/Platforms/WatchOS.platform/Developer/SDKs/WatchOS27.0.sdk/System/Library/Frameworks/UIKit.framework/Headers/UIStackView.h:124:12: note: 'UIStackView' has been explicitly marked unavailable here
122 | NS_HEADER_AUDIT_BEGIN(nullability, sendability)
123 | UIKIT_EXTERN API_AVAILABLE(ios(9.0)) API_UNAVAILABLE(watchos) NS_SWIFT_UI_ACTOR
124 | @interface UIStackView : UIView
    |            `- note: 'UIStackView' has been explicitly marked unavailable here
125 |
126 | - (instancetype)initWithFrame:(CGRect)frame NS_DESIGNATED_INITIALIZER;
/Users/admin/builder/spi-builder-workspace/Sources/MNSwitchi/UI/MNSwitchi.swift:23:25: error: 'UIStackView' is unavailable in watchOS
 21 |     lazy var stackView: UIStackView = {
 22 |
 23 |         let stackView = UIStackView(frame: self.frame)
    |                         `- error: 'UIStackView' is unavailable in watchOS
 24 |         stackView.axis = .horizontal
 25 |         stackView.alignment = .fill
/Applications/Xcode-27.0.0-Release.Candidate.app/Contents/Developer/Platforms/WatchOS.platform/Developer/SDKs/WatchOS27.0.sdk/System/Library/Frameworks/UIKit.framework/Headers/UIStackView.h:124:12: note: 'UIStackView' has been explicitly marked unavailable here
122 | NS_HEADER_AUDIT_BEGIN(nullability, sendability)
123 | UIKIT_EXTERN API_AVAILABLE(ios(9.0)) API_UNAVAILABLE(watchos) NS_SWIFT_UI_ACTOR
124 | @interface UIStackView : UIView
    |            `- note: 'UIStackView' has been explicitly marked unavailable here
125 |
126 | - (instancetype)initWithFrame:(CGRect)frame NS_DESIGNATED_INITIALIZER;
/Users/admin/builder/spi-builder-workspace/Sources/MNSwitchi/UI/MNSwitchi.swift:31:28: error: 'UIView' is unavailable in watchOS
 29 |     }()
 30 |
 31 |     lazy var selectedView: UIView = {
    |                            `- error: 'UIView' is unavailable in watchOS
 32 |
 33 |         let view = UIView(frame: .zero)
/Applications/Xcode-27.0.0-Release.Candidate.app/Contents/Developer/Platforms/WatchOS.platform/Developer/SDKs/WatchOS27.0.sdk/System/Library/Frameworks/UIKit.framework/Headers/UIView.h:152:12: note: 'UIView' has been explicitly marked unavailable here
150 |
151 | UIKIT_EXTERN API_AVAILABLE(ios(2.0)) API_UNAVAILABLE(watchos) NS_SWIFT_UI_ACTOR
152 | @interface UIView : UIResponder <NSCoding, UIAppearance, UIAppearanceContainer, UIDynamicItem, UITraitEnvironment, UICoordinateSpace, UIFocusItem, UIFocusItemContainer, CALayerDelegate>
    |            `- note: 'UIView' has been explicitly marked unavailable here
153 |
154 | @property(class, nonatomic, readonly) Class layerClass;                        // default is [CALayer class]. Used when creating the underlying layer for the view.
/Users/admin/builder/spi-builder-workspace/Sources/MNSwitchi/UI/MNSwitchi.swift:33:20: error: 'UIView' is unavailable in watchOS
 31 |     lazy var selectedView: UIView = {
 32 |
 33 |         let view = UIView(frame: .zero)
    |                    `- error: 'UIView' is unavailable in watchOS
 34 |         return view
 35 |     }()
/Applications/Xcode-27.0.0-Release.Candidate.app/Contents/Developer/Platforms/WatchOS.platform/Developer/SDKs/WatchOS27.0.sdk/System/Library/Frameworks/UIKit.framework/Headers/UIView.h:152:12: note: 'UIView' has been explicitly marked unavailable here
150 |
151 | UIKIT_EXTERN API_AVAILABLE(ios(2.0)) API_UNAVAILABLE(watchos) NS_SWIFT_UI_ACTOR
152 | @interface UIView : UIResponder <NSCoding, UIAppearance, UIAppearanceContainer, UIDynamicItem, UITraitEnvironment, UICoordinateSpace, UIFocusItem, UIFocusItemContainer, CALayerDelegate>
    |            `- note: 'UIView' has been explicitly marked unavailable here
153 |
154 | @property(class, nonatomic, readonly) Class layerClass;                        // default is [CALayer class]. Used when creating the underlying layer for the view.
/Users/admin/builder/spi-builder-workspace/Sources/MNSwitchi/UI/MNSwitchi.swift:89:51: error: 'UIButton' is unavailable in watchOS
 87 |     }
 88 |
 89 |     @objc private func buttonWasPressed(_ sender: UIButton) {
    |                                                   `- error: 'UIButton' is unavailable in watchOS
 90 |
 91 |         self.firstButton.isSelected = sender.tag == 0
/Applications/Xcode-27.0.0-Release.Candidate.app/Contents/Developer/Platforms/WatchOS.platform/Developer/SDKs/WatchOS27.0.sdk/System/Library/Frameworks/UIKit.framework/Headers/UIButton.h:49:12: note: 'UIButton' has been explicitly marked unavailable here
 47 |
 48 | UIKIT_EXTERN API_AVAILABLE(ios(2.0)) API_UNAVAILABLE(watchos) NS_SWIFT_UI_ACTOR
 49 | @interface UIButton : UIControl <NSCoding>
    |            `- note: 'UIButton' has been explicitly marked unavailable here
 50 |
 51 | - (instancetype)initWithFrame:(CGRect)frame NS_DESIGNATED_INITIALIZER;
/Users/admin/builder/spi-builder-workspace/Sources/MNSwitchi/UI/MNSwitchi.swift:105:37: error: 'UIButton' is unavailable in watchOS
103 |     }
104 |
105 |     private func animate(to button: UIButton) {
    |                                     `- error: 'UIButton' is unavailable in watchOS
106 |
107 |         let animation = UIViewPropertyAnimator(duration: 0.2,
/Applications/Xcode-27.0.0-Release.Candidate.app/Contents/Developer/Platforms/WatchOS.platform/Developer/SDKs/WatchOS27.0.sdk/System/Library/Frameworks/UIKit.framework/Headers/UIButton.h:49:12: note: 'UIButton' has been explicitly marked unavailable here
 47 |
 48 | UIKIT_EXTERN API_AVAILABLE(ios(2.0)) API_UNAVAILABLE(watchos) NS_SWIFT_UI_ACTOR
 49 | @interface UIButton : UIControl <NSCoding>
    |            `- note: 'UIButton' has been explicitly marked unavailable here
 50 |
 51 | - (instancetype)initWithFrame:(CGRect)frame NS_DESIGNATED_INITIALIZER;
SwiftCompile normal arm64 (in target 'MNSwitchi' from project 'MNSwitchi')
    cd /Users/admin/builder/spi-builder-workspace/.swiftpm/xcode

/Users/admin/builder/spi-builder-workspace/Sources/MNSwitchi/UI/MNSwitchi.swift:3:29: error: 'UIView' is unavailable in watchOS
  1 | import UIKit
  2 |
  3 | public class MNSwitchiView: UIView {
    |                             `- error: 'UIView' is unavailable in watchOS
  4 |
  5 |     lazy var firstButton: UIButton = {
/Applications/Xcode-27.0.0-Release.Candidate.app/Contents/Developer/Platforms/WatchOS.platform/Developer/SDKs/WatchOS27.0.sdk/System/Library/Frameworks/UIKit.framework/Headers/UIView.h:152:12: note: 'UIView' has been explicitly marked unavailable here
150 |
151 | UIKIT_EXTERN API_AVAILABLE(ios(2.0)) API_UNAVAILABLE(watchos) NS_SWIFT_UI_ACTOR
152 | @interface UIView : UIResponder <NSCoding, UIAppearance, UIAppearanceContainer, UIDynamicItem, UITraitEnvironment, UICoordinateSpace, UIFocusItem, UIFocusItemContainer, CALayerDelegate>
    |            `- note: 'UIView' has been explicitly marked unavailable here
153 |
154 | @property(class, nonatomic, readonly) Class layerClass;                        // default is [CALayer class]. Used when creating the underlying layer for the view.
Failed frontend command:
/Applications/Xcode-27.0.0-Release.Candidate.app/Contents/Developer/Toolchains/XcodeDefault.xctoolchain/usr/bin/swift-frontend -frontend -emit-module -experimental-skip-non-inlinable-function-bodies-without-types /Users/admin/builder/spi-builder-workspace/Sources/MNSwitchi/Data/MNSwitchiAppearance.swift /Users/admin/builder/spi-builder-workspace/Sources/MNSwitchi/Data/MNSwitchiContent.swift /Users/admin/builder/spi-builder-workspace/Sources/MNSwitchi/Data/MNSwitchiOptions.swift /Users/admin/builder/spi-builder-workspace/Sources/MNSwitchi/UI/MNSwitchi.swift -target arm64-apple-watchos9.0 -disable-cross-import-overlay-search -load-resolved-plugin /Applications/Xcode-27.0.0-Release.Candidate.app/Contents/Developer/Platforms/WatchOS.platform/Developer/usr/lib/swift/host/plugins/libFoundationMacros.dylib\#/Applications/Xcode-27.0.0-Release.Candidate.app/Contents/Developer/Platforms/WatchOS.platform/Developer/usr/bin/swift-plugin-server\#FoundationMacros -load-resolved-plugin /Applications/Xcode-27.0.0-Release.Candidate.app/Contents/Developer/Platforms/WatchOS.platform/Developer/usr/lib/swift/host/plugins/libObservationMacros.dylib\#/Applications/Xcode-27.0.0-Release.Candidate.app/Contents/Developer/Platforms/WatchOS.platform/Developer/usr/bin/swift-plugin-server\#ObservationMacros -load-resolved-plugin /Applications/Xcode-27.0.0-Release.Candidate.app/Contents/Developer/Platforms/WatchOS.platform/Developer/usr/lib/swift/host/plugins/libSwiftMacros.dylib\#/Applications/Xcode-27.0.0-Release.Candidate.app/Contents/Developer/Platforms/WatchOS.platform/Developer/usr/bin/swift-plugin-server\#SwiftMacros -load-resolved-plugin /Applications/Xcode-27.0.0-Release.Candidate.app/Contents/Developer/Platforms/WatchOS.platform/Developer/usr/lib/swift/host/plugins/libSwiftUIMacros.dylib\#/Applications/Xcode-27.0.0-Release.Candidate.app/Contents/Developer/Platforms/WatchOS.platform/Developer/usr/bin/swift-plugin-server\#SwiftUIMacros -disable-implicit-swift-modules -Xcc -fno-implicit-modules -Xcc -fno-implicit-module-maps -explicit-swift-module-map-file /Users/admin/builder/spi-builder-workspace/.derivedData/Build/Intermediates.noindex/MNSwitchi.build/Debug-watchos/MNSwitchi-t.build/Objects-normal/arm64/MNSwitchi-dependencies-1.json -Xllvm -aarch64-use-tbi -enable-objc-interop -stack-check -sdk /Applications/Xcode-27.0.0-Release.Candidate.app/Contents/Developer/Platforms/WatchOS.platform/Developer/SDKs/WatchOS27.0.sdk -I /Users/admin/builder/spi-builder-workspace/.derivedData/Build/Products/Debug-watchos -Isystem /Applications/Xcode-27.0.0-Release.Candidate.app/Contents/Developer/Platforms/WatchOS.platform/Developer/usr/lib -F /Users/admin/builder/spi-builder-workspace/.derivedData/Build/Products/Debug-watchos -F /Applications/Xcode-27.0.0-Release.Candidate.app/Contents/Developer/Platforms/WatchOS.platform/Developer/Library/Frameworks -F /Applications/Xcode-27.0.0-Release.Candidate.app/Contents/Developer/Platforms/WatchOS.platform/Developer/SDKs/WatchOS27.0.sdk/Developer/Library/Frameworks -module-cache-path /Users/admin/builder/spi-builder-workspace/.derivedData/Build/Intermediates.noindex/SwiftExplicitPrecompiledModules -no-color-diagnostics -Xcc -fno-color-diagnostics -enable-testing -g -debug-info-format\=dwarf -dwarf-version\=4 -profile-generate -profile-coverage-mapping -swift-version 5 -Onone -D SWIFT_PACKAGE -D DEBUG -D SWIFT_MODULE_RESOURCE_BUNDLE_UNAVAILABLE -D Xcode -serialize-debugging-options -enable-experimental-feature DebugDescriptionMacro -empty-abi-descriptor -validate-clang-modules-once -clang-build-session-file /Users/admin/builder/spi-builder-workspace/.derivedData/ModuleCache.noindex/Session.modulevalidation -Xcc -working-directory -Xcc /Users/admin/builder/spi-builder-workspace/.swiftpm/xcode -enable-anonymous-context-mangled-names -file-compilation-dir /Users/admin/builder/spi-builder-workspace/.swiftpm/xcode -Xcc -D_LIBCPP_HARDENING_MODE\=_LIBCPP_HARDENING_MODE_DEBUG -Xcc -ivfsstatcache -Xcc /Users/admin/builder/spi-builder-workspace/.derivedData/SDKStatCaches.noindex/watchos27.0-24R360-e829b21a6f8c9b70876ba0858053c04477534ef55a1706bf4c1112bbb242f0a2.sdkstatcache -Xcc -fmodules-prune-interval\=86400 -Xcc -fmodules-prune-after\=345600 -Xcc -I/Users/admin/builder/spi-builder-workspace/.derivedData/Build/Products/Debug-watchos/include -Xcc -I/Users/admin/builder/spi-builder-workspace/.derivedData/Build/Intermediates.noindex/MNSwitchi.build/Debug-watchos/MNSwitchi-t.build/DerivedSources-normal/arm64 -Xcc -I/Users/admin/builder/spi-builder-workspace/.derivedData/Build/Intermediates.noindex/MNSwitchi.build/Debug-watchos/MNSwitchi-t.build/DerivedSources/arm64 -Xcc -I/Users/admin/builder/spi-builder-workspace/.derivedData/Build/Intermediates.noindex/MNSwitchi.build/Debug-watchos/MNSwitchi-t.build/DerivedSources -Xcc -DSWIFT_PACKAGE -Xcc -DDEBUG\=1 -no-auto-bridging-header-chaining -module-name MNSwitchi -const-gather-protocols-file /Users/admin/builder/spi-builder-workspace/.derivedData/Build/Intermediates.noindex/MNSwitchi.build/Debug-watchos/MNSwitchi-t.build/Objects-normal/arm64/MNSwitchi_const_extract_protocols.json -disable-clang-spi -clang-target arm64-apple-watchos27.0 -target-sdk-version 27.0 -target-sdk-name watchos27.0 -in-process-plugin-server-path /Applications/Xcode-27.0.0-Release.Candidate.app/Contents/Developer/Toolchains/XcodeDefault.xctoolchain/usr/lib/swift/host/libSwiftInProcPluginServer.dylib -emit-module-doc-path /Users/admin/builder/spi-builder-workspace/.derivedData/Build/Intermediates.noindex/MNSwitchi.build/Debug-watchos/MNSwitchi-t.build/Objects-normal/arm64/MNSwitchi.swiftdoc -emit-module-source-info-path /Users/admin/builder/spi-builder-workspace/.derivedData/Build/Intermediates.noindex/MNSwitchi.build/Debug-watchos/MNSwitchi-t.build/Objects-normal/arm64/MNSwitchi.swiftsourceinfo -emit-objc-header-path /Users/admin/builder/spi-builder-workspace/.derivedData/Build/Intermediates.noindex/MNSwitchi.build/Debug-watchos/MNSwitchi-t.build/Objects-normal/arm64/MNSwitchi-Swift.h -serialize-diagnostics-path /Users/admin/builder/spi-builder-workspace/.derivedData/Build/Intermediates.noindex/MNSwitchi.build/Debug-watchos/MNSwitchi-t.build/Objects-normal/arm64/MNSwitchi-primary-emit-module.dia -emit-dependencies-path /Users/admin/builder/spi-builder-workspace/.derivedData/Build/Intermediates.noindex/MNSwitchi.build/Debug-watchos/MNSwitchi-t.build/Objects-normal/arm64/MNSwitchi-primary-emit-module.d -parse-as-library -o /Users/admin/builder/spi-builder-workspace/.derivedData/Build/Intermediates.noindex/MNSwitchi.build/Debug-watchos/MNSwitchi-t.build/Objects-normal/arm64/MNSwitchi.swiftmodule -emit-abi-descriptor-path /Users/admin/builder/spi-builder-workspace/.derivedData/Build/Intermediates.noindex/MNSwitchi.build/Debug-watchos/MNSwitchi-t.build/Objects-normal/arm64/MNSwitchi.abi.json
SwiftCompile normal arm64 Compiling\ MNSwitchiAppearance.swift /Users/admin/builder/spi-builder-workspace/Sources/MNSwitchi/Data/MNSwitchiAppearance.swift (in target 'MNSwitchi' from project 'MNSwitchi')
SwiftCompile normal arm64 /Users/admin/builder/spi-builder-workspace/Sources/MNSwitchi/Data/MNSwitchiAppearance.swift (in target 'MNSwitchi' from project 'MNSwitchi')
    cd /Users/admin/builder/spi-builder-workspace/.swiftpm/xcode
    builtin-SwiftPerFileCompile MNSwitchiAppearance.swift
SwiftCompile normal arm64 Compiling\ MNSwitchiOptions.swift /Users/admin/builder/spi-builder-workspace/Sources/MNSwitchi/Data/MNSwitchiOptions.swift (in target 'MNSwitchi' from project 'MNSwitchi')
SwiftCompile normal arm64 /Users/admin/builder/spi-builder-workspace/Sources/MNSwitchi/Data/MNSwitchiOptions.swift (in target 'MNSwitchi' from project 'MNSwitchi')
    cd /Users/admin/builder/spi-builder-workspace/.swiftpm/xcode
    builtin-SwiftPerFileCompile MNSwitchiOptions.swift
SwiftCompile normal arm64 Compiling\ MNSwitchi.swift /Users/admin/builder/spi-builder-workspace/Sources/MNSwitchi/UI/MNSwitchi.swift (in target 'MNSwitchi' from project 'MNSwitchi')
/Users/admin/builder/spi-builder-workspace/Sources/MNSwitchi/UI/MNSwitchi.swift:5:27: error: 'UIButton' is unavailable in watchOS
  3 | public class MNSwitchiView: UIView {
  4 |
  5 |     lazy var firstButton: UIButton = {
    |                           `- error: 'UIButton' is unavailable in watchOS
  6 |
  7 |         let button = UIButton(type: .system)
/Applications/Xcode-27.0.0-Release.Candidate.app/Contents/Developer/Platforms/WatchOS.platform/Developer/SDKs/WatchOS27.0.sdk/System/Library/Frameworks/UIKit.framework/Headers/UIButton.h:49:12: note: 'UIButton' has been explicitly marked unavailable here
 47 |
 48 | UIKIT_EXTERN API_AVAILABLE(ios(2.0)) API_UNAVAILABLE(watchos) NS_SWIFT_UI_ACTOR
 49 | @interface UIButton : UIControl <NSCoding>
    |            `- note: 'UIButton' has been explicitly marked unavailable here
 50 |
 51 | - (instancetype)initWithFrame:(CGRect)frame NS_DESIGNATED_INITIALIZER;
/Users/admin/builder/spi-builder-workspace/Sources/MNSwitchi/UI/MNSwitchi.swift:7:22: error: 'UIButton' is unavailable in watchOS
  5 |     lazy var firstButton: UIButton = {
  6 |
  7 |         let button = UIButton(type: .system)
    |                      `- error: 'UIButton' is unavailable in watchOS
  8 |         button.tag = 0
  9 |
/Applications/Xcode-27.0.0-Release.Candidate.app/Contents/Developer/Platforms/WatchOS.platform/Developer/SDKs/WatchOS27.0.sdk/System/Library/Frameworks/UIKit.framework/Headers/UIButton.h:49:12: note: 'UIButton' has been explicitly marked unavailable here
 47 |
 48 | UIKIT_EXTERN API_AVAILABLE(ios(2.0)) API_UNAVAILABLE(watchos) NS_SWIFT_UI_ACTOR
 49 | @interface UIButton : UIControl <NSCoding>
    |            `- note: 'UIButton' has been explicitly marked unavailable here
 50 |
 51 | - (instancetype)initWithFrame:(CGRect)frame NS_DESIGNATED_INITIALIZER;
/Users/admin/builder/spi-builder-workspace/Sources/MNSwitchi/UI/MNSwitchi.swift:13:28: error: 'UIButton' is unavailable in watchOS
 11 |     }()
 12 |
 13 |     lazy var secondButton: UIButton = {
    |                            `- error: 'UIButton' is unavailable in watchOS
 14 |
 15 |         let button = UIButton(type: .system)
/Applications/Xcode-27.0.0-Release.Candidate.app/Contents/Developer/Platforms/WatchOS.platform/Developer/SDKs/WatchOS27.0.sdk/System/Library/Frameworks/UIKit.framework/Headers/UIButton.h:49:12: note: 'UIButton' has been explicitly marked unavailable here
 47 |
 48 | UIKIT_EXTERN API_AVAILABLE(ios(2.0)) API_UNAVAILABLE(watchos) NS_SWIFT_UI_ACTOR
 49 | @interface UIButton : UIControl <NSCoding>
    |            `- note: 'UIButton' has been explicitly marked unavailable here
 50 |
 51 | - (instancetype)initWithFrame:(CGRect)frame NS_DESIGNATED_INITIALIZER;
/Users/admin/builder/spi-builder-workspace/Sources/MNSwitchi/UI/MNSwitchi.swift:15:22: error: 'UIButton' is unavailable in watchOS
 13 |     lazy var secondButton: UIButton = {
 14 |
 15 |         let button = UIButton(type: .system)
    |                      `- error: 'UIButton' is unavailable in watchOS
 16 |         button.tag = 1
 17 |
/Applications/Xcode-27.0.0-Release.Candidate.app/Contents/Developer/Platforms/WatchOS.platform/Developer/SDKs/WatchOS27.0.sdk/System/Library/Frameworks/UIKit.framework/Headers/UIButton.h:49:12: note: 'UIButton' has been explicitly marked unavailable here
 47 |
 48 | UIKIT_EXTERN API_AVAILABLE(ios(2.0)) API_UNAVAILABLE(watchos) NS_SWIFT_UI_ACTOR
 49 | @interface UIButton : UIControl <NSCoding>
    |            `- note: 'UIButton' has been explicitly marked unavailable here
 50 |
 51 | - (instancetype)initWithFrame:(CGRect)frame NS_DESIGNATED_INITIALIZER;
/Users/admin/builder/spi-builder-workspace/Sources/MNSwitchi/UI/MNSwitchi.swift:21:25: error: 'UIStackView' is unavailable in watchOS
 19 |     }()
 20 |
 21 |     lazy var stackView: UIStackView = {
    |                         `- error: 'UIStackView' is unavailable in watchOS
 22 |
 23 |         let stackView = UIStackView(frame: self.frame)
/Applications/Xcode-27.0.0-Release.Candidate.app/Contents/Developer/Platforms/WatchOS.platform/Developer/SDKs/WatchOS27.0.sdk/System/Library/Frameworks/UIKit.framework/Headers/UIStackView.h:124:12: note: 'UIStackView' has been explicitly marked unavailable here
122 | NS_HEADER_AUDIT_BEGIN(nullability, sendability)
123 | UIKIT_EXTERN API_AVAILABLE(ios(9.0)) API_UNAVAILABLE(watchos) NS_SWIFT_UI_ACTOR
124 | @interface UIStackView : UIView
    |            `- note: 'UIStackView' has been explicitly marked unavailable here
125 |
126 | - (instancetype)initWithFrame:(CGRect)frame NS_DESIGNATED_INITIALIZER;
/Users/admin/builder/spi-builder-workspace/Sources/MNSwitchi/UI/MNSwitchi.swift:23:25: error: 'UIStackView' is unavailable in watchOS
 21 |     lazy var stackView: UIStackView = {
 22 |
 23 |         let stackView = UIStackView(frame: self.frame)
    |                         `- error: 'UIStackView' is unavailable in watchOS
 24 |         stackView.axis = .horizontal
 25 |         stackView.alignment = .fill
/Applications/Xcode-27.0.0-Release.Candidate.app/Contents/Developer/Platforms/WatchOS.platform/Developer/SDKs/WatchOS27.0.sdk/System/Library/Frameworks/UIKit.framework/Headers/UIStackView.h:124:12: note: 'UIStackView' has been explicitly marked unavailable here
122 | NS_HEADER_AUDIT_BEGIN(nullability, sendability)
123 | UIKIT_EXTERN API_AVAILABLE(ios(9.0)) API_UNAVAILABLE(watchos) NS_SWIFT_UI_ACTOR
124 | @interface UIStackView : UIView
    |            `- note: 'UIStackView' has been explicitly marked unavailable here
125 |
126 | - (instancetype)initWithFrame:(CGRect)frame NS_DESIGNATED_INITIALIZER;
/Users/admin/builder/spi-builder-workspace/Sources/MNSwitchi/UI/MNSwitchi.swift:31:28: error: 'UIView' is unavailable in watchOS
 29 |     }()
 30 |
 31 |     lazy var selectedView: UIView = {
    |                            `- error: 'UIView' is unavailable in watchOS
 32 |
 33 |         let view = UIView(frame: .zero)
/Applications/Xcode-27.0.0-Release.Candidate.app/Contents/Developer/Platforms/WatchOS.platform/Developer/SDKs/WatchOS27.0.sdk/System/Library/Frameworks/UIKit.framework/Headers/UIView.h:152:12: note: 'UIView' has been explicitly marked unavailable here
150 |
151 | UIKIT_EXTERN API_AVAILABLE(ios(2.0)) API_UNAVAILABLE(watchos) NS_SWIFT_UI_ACTOR
152 | @interface UIView : UIResponder <NSCoding, UIAppearance, UIAppearanceContainer, UIDynamicItem, UITraitEnvironment, UICoordinateSpace, UIFocusItem, UIFocusItemContainer, CALayerDelegate>
    |            `- note: 'UIView' has been explicitly marked unavailable here
153 |
154 | @property(class, nonatomic, readonly) Class layerClass;                        // default is [CALayer class]. Used when creating the underlying layer for the view.
/Users/admin/builder/spi-builder-workspace/Sources/MNSwitchi/UI/MNSwitchi.swift:33:20: error: 'UIView' is unavailable in watchOS
 31 |     lazy var selectedView: UIView = {
 32 |
 33 |         let view = UIView(frame: .zero)
    |                    `- error: 'UIView' is unavailable in watchOS
 34 |         return view
 35 |     }()
/Applications/Xcode-27.0.0-Release.Candidate.app/Contents/Developer/Platforms/WatchOS.platform/Developer/SDKs/WatchOS27.0.sdk/System/Library/Frameworks/UIKit.framework/Headers/UIView.h:152:12: note: 'UIView' has been explicitly marked unavailable here
150 |
151 | UIKIT_EXTERN API_AVAILABLE(ios(2.0)) API_UNAVAILABLE(watchos) NS_SWIFT_UI_ACTOR
152 | @interface UIView : UIResponder <NSCoding, UIAppearance, UIAppearanceContainer, UIDynamicItem, UITraitEnvironment, UICoordinateSpace, UIFocusItem, UIFocusItemContainer, CALayerDelegate>
    |            `- note: 'UIView' has been explicitly marked unavailable here
153 |
154 | @property(class, nonatomic, readonly) Class layerClass;                        // default is [CALayer class]. Used when creating the underlying layer for the view.
/Users/admin/builder/spi-builder-workspace/Sources/MNSwitchi/UI/MNSwitchi.swift:89:51: error: 'UIButton' is unavailable in watchOS
 87 |     }
 88 |
 89 |     @objc private func buttonWasPressed(_ sender: UIButton) {
    |                                                   `- error: 'UIButton' is unavailable in watchOS
 90 |
 91 |         self.firstButton.isSelected = sender.tag == 0
/Applications/Xcode-27.0.0-Release.Candidate.app/Contents/Developer/Platforms/WatchOS.platform/Developer/SDKs/WatchOS27.0.sdk/System/Library/Frameworks/UIKit.framework/Headers/UIButton.h:49:12: note: 'UIButton' has been explicitly marked unavailable here
 47 |
 48 | UIKIT_EXTERN API_AVAILABLE(ios(2.0)) API_UNAVAILABLE(watchos) NS_SWIFT_UI_ACTOR
 49 | @interface UIButton : UIControl <NSCoding>
    |            `- note: 'UIButton' has been explicitly marked unavailable here
 50 |
 51 | - (instancetype)initWithFrame:(CGRect)frame NS_DESIGNATED_INITIALIZER;
/Users/admin/builder/spi-builder-workspace/Sources/MNSwitchi/UI/MNSwitchi.swift:105:37: error: 'UIButton' is unavailable in watchOS
103 |     }
104 |
105 |     private func animate(to button: UIButton) {
    |                                     `- error: 'UIButton' is unavailable in watchOS
106 |
107 |         let animation = UIViewPropertyAnimator(duration: 0.2,
/Applications/Xcode-27.0.0-Release.Candidate.app/Contents/Developer/Platforms/WatchOS.platform/Developer/SDKs/WatchOS27.0.sdk/System/Library/Frameworks/UIKit.framework/Headers/UIButton.h:49:12: note: 'UIButton' has been explicitly marked unavailable here
 47 |
 48 | UIKIT_EXTERN API_AVAILABLE(ios(2.0)) API_UNAVAILABLE(watchos) NS_SWIFT_UI_ACTOR
 49 | @interface UIButton : UIControl <NSCoding>
    |            `- note: 'UIButton' has been explicitly marked unavailable here
 50 |
 51 | - (instancetype)initWithFrame:(CGRect)frame NS_DESIGNATED_INITIALIZER;
SwiftCompile normal arm64 /Users/admin/builder/spi-builder-workspace/Sources/MNSwitchi/UI/MNSwitchi.swift (in target 'MNSwitchi' from project 'MNSwitchi')
    cd /Users/admin/builder/spi-builder-workspace/.swiftpm/xcode
    builtin-SwiftPerFileCompile MNSwitchi.swift
SwiftCompile normal arm64 Compiling\ MNSwitchiContent.swift /Users/admin/builder/spi-builder-workspace/Sources/MNSwitchi/Data/MNSwitchiContent.swift (in target 'MNSwitchi' from project 'MNSwitchi')
SwiftCompile normal arm64 /Users/admin/builder/spi-builder-workspace/Sources/MNSwitchi/Data/MNSwitchiContent.swift (in target 'MNSwitchi' from project 'MNSwitchi')
    cd /Users/admin/builder/spi-builder-workspace/.swiftpm/xcode
    builtin-SwiftPerFileCompile MNSwitchiContent.swift
SwiftCompile normal arm64_32 Compiling\ MNSwitchiAppearance.swift /Users/admin/builder/spi-builder-workspace/Sources/MNSwitchi/Data/MNSwitchiAppearance.swift (in target 'MNSwitchi' from project 'MNSwitchi')
SwiftCompile normal arm64_32 /Users/admin/builder/spi-builder-workspace/Sources/MNSwitchi/Data/MNSwitchiAppearance.swift (in target 'MNSwitchi' from project 'MNSwitchi')
    cd /Users/admin/builder/spi-builder-workspace/.swiftpm/xcode
    builtin-SwiftPerFileCompile MNSwitchiAppearance.swift
SwiftCompile normal arm64_32 Compiling\ MNSwitchiContent.swift /Users/admin/builder/spi-builder-workspace/Sources/MNSwitchi/Data/MNSwitchiContent.swift (in target 'MNSwitchi' from project 'MNSwitchi')
SwiftCompile normal arm64_32 /Users/admin/builder/spi-builder-workspace/Sources/MNSwitchi/Data/MNSwitchiContent.swift (in target 'MNSwitchi' from project 'MNSwitchi')
    cd /Users/admin/builder/spi-builder-workspace/.swiftpm/xcode
    builtin-SwiftPerFileCompile MNSwitchiContent.swift
SwiftCompile normal arm64_32 Compiling\ MNSwitchi.swift /Users/admin/builder/spi-builder-workspace/Sources/MNSwitchi/UI/MNSwitchi.swift (in target 'MNSwitchi' from project 'MNSwitchi')
SwiftCompile normal arm64_32 /Users/admin/builder/spi-builder-workspace/Sources/MNSwitchi/UI/MNSwitchi.swift (in target 'MNSwitchi' from project 'MNSwitchi')
    cd /Users/admin/builder/spi-builder-workspace/.swiftpm/xcode
    builtin-SwiftPerFileCompile MNSwitchi.swift
SwiftEmitModule normal arm64_32 Emitting\ module\ for\ MNSwitchi (in target 'MNSwitchi' from project 'MNSwitchi')
SwiftCompile normal arm64_32 (in target 'MNSwitchi' from project 'MNSwitchi')
    cd /Users/admin/builder/spi-builder-workspace/.swiftpm/xcode

SwiftCompile normal arm64_32 Compiling\ MNSwitchiOptions.swift /Users/admin/builder/spi-builder-workspace/Sources/MNSwitchi/Data/MNSwitchiOptions.swift (in target 'MNSwitchi' from project 'MNSwitchi')
SwiftCompile normal arm64_32 /Users/admin/builder/spi-builder-workspace/Sources/MNSwitchi/Data/MNSwitchiOptions.swift (in target 'MNSwitchi' from project 'MNSwitchi')
    cd /Users/admin/builder/spi-builder-workspace/.swiftpm/xcode
    builtin-SwiftPerFileCompile MNSwitchiOptions.swift
PruneExplicitPrecompiledModules /Users/admin/builder/spi-builder-workspace/.derivedData/Build/Intermediates.noindex/SwiftExplicitPrecompiledModules
PruneExplicitPrecompiledModules /Users/admin/builder/spi-builder-workspace/.derivedData/Build/Intermediates.noindex/ExplicitPrecompiledModules
PruneExplicitPrecompiledModules /Users/admin/builder/spi-builder-workspace/.derivedData/SDKExplicitPrecompiledModules
2026-09-15 19:08:57.013 xcodebuild[627:3991] [MT] IDERunDestination: Supported platforms for the buildables in the current scheme is empty.
** BUILD FAILED **
The following build commands failed:
	SwiftCompile normal arm64 (in target 'MNSwitchi' from project 'MNSwitchi')
	SwiftEmitModule normal arm64 Emitting\ module\ for\ MNSwitchi (in target 'MNSwitchi' from project 'MNSwitchi')
	Building workspace MNSwitchi with scheme MNSwitchi
(3 failures)
Command line invocation:
    /Applications/Xcode-27.0.0-Release.Candidate.app/Contents/Developer/usr/bin/xcodebuild -IDEClonedSourcePackagesDirPathOverride=/Users/admin/builder/spi-builder-workspace/.dependencies -resolvePackageDependencies
Resolve Package Graph
Resolved source packages:
  MNSwitchi: /Users/admin/builder/spi-builder-workspace
resolved source packages: MNSwitchi
2026-09-15 19:09:03.031 xcodebuild[776:4674] [MT] IDERunDestination: Supported platforms for the buildables in the current scheme is empty.
{
  "dependencies" : [
  ],
  "manifest_display_name" : "MNSwitchi",
  "name" : "MNSwitchi",
  "path" : "/Users/admin/builder/spi-builder-workspace",
  "platforms" : [
    {
      "name" : "ios",
      "version" : "11.0"
    }
  ],
  "products" : [
    {
      "name" : "MNSwitchi",
      "targets" : [
        "MNSwitchi"
      ],
      "type" : {
        "library" : [
          "automatic"
        ]
      }
    }
  ],
  "targets" : [
    {
      "c99name" : "MNSwitchiTests",
      "module_type" : "SwiftTarget",
      "name" : "MNSwitchiTests",
      "path" : "Tests/MNSwitchiTests",
      "sources" : [
        "MNSwitchiTests.swift"
      ],
      "target_dependencies" : [
        "MNSwitchi"
      ],
      "type" : "test"
    },
    {
      "c99name" : "MNSwitchi",
      "module_type" : "SwiftTarget",
      "name" : "MNSwitchi",
      "path" : "Sources/MNSwitchi",
      "product_memberships" : [
        "MNSwitchi"
      ],
      "sources" : [
        "Data/MNSwitchiAppearance.swift",
        "Data/MNSwitchiContent.swift",
        "Data/MNSwitchiOptions.swift",
        "UI/MNSwitchi.swift"
      ],
      "type" : "library"
    }
  ],
  "tools_version" : "5.2"
}
{
  "workspace" : {
    "name" : "MNSwitchi",
    "schemes" : [
      "MNSwitchi"
    ]
  }
}
2026-09-15 19:09:04.291 xcodebuild[784:4742] [MT] IDERunDestination: Supported platforms for the buildables in the current scheme is empty.
Running build ...
env DEVELOPER_DIR=/Applications/Xcode-27.0.0-Release.Candidate.app xcrun xcodebuild -IDEClonedSourcePackagesDirPathOverride=$PWD/.dependencies -skipMacroValidation -skipPackagePluginValidation -derivedDataPath $PWD/.derivedData build -scheme MNSwitchi -destination generic/platform=watchOS
Command line invocation:
    /Applications/Xcode-27.0.0-Release.Candidate.app/Contents/Developer/usr/bin/xcodebuild -IDEClonedSourcePackagesDirPathOverride=/Users/admin/builder/spi-builder-workspace/.dependencies -skipMacroValidation -skipPackagePluginValidation -derivedDataPath /Users/admin/builder/spi-builder-workspace/.derivedData build -scheme MNSwitchi -destination generic/platform=watchOS
Resolve Package Graph
Resolved source packages:
  MNSwitchi: /Users/admin/builder/spi-builder-workspace
ComputePackagePrebuildTargetDependencyGraph
Prepare packages
CreateBuildRequest
SendProjectDescription
CreateBuildOperation
ComputeTargetDependencyGraph
note: Building targets in dependency order
note: Target dependency graph (2 targets)
    Target 'MNSwitchi-product' in project 'MNSwitchi'
        ➜ Explicit dependency on target 'MNSwitchi' in project 'MNSwitchi'
    Target 'MNSwitchi' in project 'MNSwitchi' (no dependencies)
GatherProvisioningInputs
CreateBuildDescription
ClangStatCache /Applications/Xcode-27.0.0-Release.Candidate.app/Contents/Developer/Toolchains/XcodeDefault.xctoolchain/usr/bin/clang-stat-cache /Applications/Xcode-27.0.0-Release.Candidate.app/Contents/Developer/Platforms/WatchOS.platform/Developer/SDKs/WatchOS27.0.sdk /Users/admin/builder/spi-builder-workspace/.derivedData/SDKStatCaches.noindex/watchos27.0-24R360-e829b21a6f8c9b70876ba0858053c04477534ef55a1706bf4c1112bbb242f0a2.sdkstatcache
    cd /Users/admin/builder/spi-builder-workspace/.swiftpm/xcode
    /Applications/Xcode-27.0.0-Release.Candidate.app/Contents/Developer/Toolchains/XcodeDefault.xctoolchain/usr/bin/clang-stat-cache /Applications/Xcode-27.0.0-Release.Candidate.app/Contents/Developer/Platforms/WatchOS.platform/Developer/SDKs/WatchOS27.0.sdk -o /Users/admin/builder/spi-builder-workspace/.derivedData/SDKStatCaches.noindex/watchos27.0-24R360-e829b21a6f8c9b70876ba0858053c04477534ef55a1706bf4c1112bbb242f0a2.sdkstatcache
SwiftDriver MNSwitchi normal arm64_32 com.apple.xcode.tools.swift.compiler (in target 'MNSwitchi' from project 'MNSwitchi')
    cd /Users/admin/builder/spi-builder-workspace/.swiftpm/xcode
    builtin-SwiftDriver -- /Applications/Xcode-27.0.0-Release.Candidate.app/Contents/Developer/Toolchains/XcodeDefault.xctoolchain/usr/bin/swiftc -parse-as-library -module-name MNSwitchi -Onone @/Users/admin/builder/spi-builder-workspace/.derivedData/Build/Intermediates.noindex/MNSwitchi.build/Debug-watchos/MNSwitchi-t.build/Objects-normal/arm64_32/MNSwitchi.SwiftFileList -DSWIFT_PACKAGE -DDEBUG -DSWIFT_MODULE_RESOURCE_BUNDLE_UNAVAILABLE -DXcode -plugin-path /Applications/Xcode-27.0.0-Release.Candidate.app/Contents/Developer/Toolchains/XcodeDefault.xctoolchain/usr/lib/swift/host/plugins/testing -enable-experimental-feature DebugDescriptionMacro -sdk /Applications/Xcode-27.0.0-Release.Candidate.app/Contents/Developer/Platforms/WatchOS.platform/Developer/SDKs/WatchOS27.0.sdk -target arm64_32-apple-watchos9.0 -g -module-cache-path /Users/admin/builder/spi-builder-workspace/.derivedData/ModuleCache.noindex -Xfrontend -serialize-debugging-options -profile-coverage-mapping -profile-generate -enable-testing -index-store-path /Users/admin/builder/spi-builder-workspace/.derivedData/Index.noindex/DataStore -Xcc -D_LIBCPP_HARDENING_MODE\=_LIBCPP_HARDENING_MODE_DEBUG -swift-version 5 -I /Users/admin/builder/spi-builder-workspace/.derivedData/Build/Products/Debug-watchos -Isystem /Applications/Xcode-27.0.0-Release.Candidate.app/Contents/Developer/Platforms/WatchOS.platform/Developer/usr/lib -F /Users/admin/builder/spi-builder-workspace/.derivedData/Build/Products/Debug-watchos -F /Applications/Xcode-27.0.0-Release.Candidate.app/Contents/Developer/Platforms/WatchOS.platform/Developer/Library/Frameworks -F /Applications/Xcode-27.0.0-Release.Candidate.app/Contents/Developer/Platforms/WatchOS.platform/Developer/SDKs/WatchOS27.0.sdk/Developer/Library/Frameworks -c -j10 -enable-batch-mode -incremental -Xcc -ivfsstatcache -Xcc /Users/admin/builder/spi-builder-workspace/.derivedData/SDKStatCaches.noindex/watchos27.0-24R360-e829b21a6f8c9b70876ba0858053c04477534ef55a1706bf4c1112bbb242f0a2.sdkstatcache -output-file-map /Users/admin/builder/spi-builder-workspace/.derivedData/Build/Intermediates.noindex/MNSwitchi.build/Debug-watchos/MNSwitchi-t.build/Objects-normal/arm64_32/MNSwitchi-OutputFileMap.json -save-temps -no-color-diagnostics -explicit-module-build -module-cache-path /Users/admin/builder/spi-builder-workspace/.derivedData/Build/Intermediates.noindex/SwiftExplicitPrecompiledModules -clang-scanner-module-cache-path /Users/admin/builder/spi-builder-workspace/.derivedData/ModuleCache.noindex -sdk-module-cache-path /Users/admin/builder/spi-builder-workspace/.derivedData/SDKExplicitPrecompiledModules -emit-dependencies -emit-module -emit-module-path /Users/admin/builder/spi-builder-workspace/.derivedData/Build/Intermediates.noindex/MNSwitchi.build/Debug-watchos/MNSwitchi-t.build/Objects-normal/arm64_32/MNSwitchi.swiftmodule -serialize-diagnostics -dependency-scan-serialize-diagnostics-path /Users/admin/builder/spi-builder-workspace/.derivedData/Build/Intermediates.noindex/MNSwitchi.build/Debug-watchos/MNSwitchi-t.build/Objects-normal/arm64_32/MNSwitchi-dependency-scan.dia -validate-clang-modules-once -clang-build-session-file /Users/admin/builder/spi-builder-workspace/.derivedData/ModuleCache.noindex/Session.modulevalidation -Xcc -fmodules-prune-interval\=86400 -Xcc -fmodules-prune-after\=345600 -emit-const-values -const-gather-protocols-list /Users/admin/builder/spi-builder-workspace/.derivedData/Build/Intermediates.noindex/MNSwitchi.build/Debug-watchos/MNSwitchi-t.build/Objects-normal/arm64_32/MNSwitchi_const_extract_protocols.json -Xcc -I/Users/admin/builder/spi-builder-workspace/.derivedData/Build/Products/Debug-watchos/include -Xcc -I/Users/admin/builder/spi-builder-workspace/.derivedData/Build/Intermediates.noindex/MNSwitchi.build/Debug-watchos/MNSwitchi-t.build/DerivedSources-normal/arm64_32 -Xcc -I/Users/admin/builder/spi-builder-workspace/.derivedData/Build/Intermediates.noindex/MNSwitchi.build/Debug-watchos/MNSwitchi-t.build/DerivedSources/arm64_32 -Xcc -I/Users/admin/builder/spi-builder-workspace/.derivedData/Build/Intermediates.noindex/MNSwitchi.build/Debug-watchos/MNSwitchi-t.build/DerivedSources -Xcc -DSWIFT_PACKAGE -Xcc -DDEBUG\=1 -emit-objc-header -emit-objc-header-path /Users/admin/builder/spi-builder-workspace/.derivedData/Build/Intermediates.noindex/MNSwitchi.build/Debug-watchos/MNSwitchi-t.build/Objects-normal/arm64_32/MNSwitchi-Swift.h -working-directory /Users/admin/builder/spi-builder-workspace/.swiftpm/xcode -experimental-emit-module-separately -disable-cmo
SwiftDriver MNSwitchi normal arm64 com.apple.xcode.tools.swift.compiler (in target 'MNSwitchi' from project 'MNSwitchi')
    cd /Users/admin/builder/spi-builder-workspace/.swiftpm/xcode
    builtin-SwiftDriver -- /Applications/Xcode-27.0.0-Release.Candidate.app/Contents/Developer/Toolchains/XcodeDefault.xctoolchain/usr/bin/swiftc -parse-as-library -module-name MNSwitchi -Onone @/Users/admin/builder/spi-builder-workspace/.derivedData/Build/Intermediates.noindex/MNSwitchi.build/Debug-watchos/MNSwitchi-t.build/Objects-normal/arm64/MNSwitchi.SwiftFileList -DSWIFT_PACKAGE -DDEBUG -DSWIFT_MODULE_RESOURCE_BUNDLE_UNAVAILABLE -DXcode -plugin-path /Applications/Xcode-27.0.0-Release.Candidate.app/Contents/Developer/Toolchains/XcodeDefault.xctoolchain/usr/lib/swift/host/plugins/testing -enable-experimental-feature DebugDescriptionMacro -sdk /Applications/Xcode-27.0.0-Release.Candidate.app/Contents/Developer/Platforms/WatchOS.platform/Developer/SDKs/WatchOS27.0.sdk -target arm64-apple-watchos9.0 -g -module-cache-path /Users/admin/builder/spi-builder-workspace/.derivedData/ModuleCache.noindex -Xfrontend -serialize-debugging-options -profile-coverage-mapping -profile-generate -enable-testing -index-store-path /Users/admin/builder/spi-builder-workspace/.derivedData/Index.noindex/DataStore -Xcc -D_LIBCPP_HARDENING_MODE\=_LIBCPP_HARDENING_MODE_DEBUG -swift-version 5 -I /Users/admin/builder/spi-builder-workspace/.derivedData/Build/Products/Debug-watchos -Isystem /Applications/Xcode-27.0.0-Release.Candidate.app/Contents/Developer/Platforms/WatchOS.platform/Developer/usr/lib -F /Users/admin/builder/spi-builder-workspace/.derivedData/Build/Products/Debug-watchos -F /Applications/Xcode-27.0.0-Release.Candidate.app/Contents/Developer/Platforms/WatchOS.platform/Developer/Library/Frameworks -F /Applications/Xcode-27.0.0-Release.Candidate.app/Contents/Developer/Platforms/WatchOS.platform/Developer/SDKs/WatchOS27.0.sdk/Developer/Library/Frameworks -c -j10 -enable-batch-mode -incremental -Xcc -ivfsstatcache -Xcc /Users/admin/builder/spi-builder-workspace/.derivedData/SDKStatCaches.noindex/watchos27.0-24R360-e829b21a6f8c9b70876ba0858053c04477534ef55a1706bf4c1112bbb242f0a2.sdkstatcache -output-file-map /Users/admin/builder/spi-builder-workspace/.derivedData/Build/Intermediates.noindex/MNSwitchi.build/Debug-watchos/MNSwitchi-t.build/Objects-normal/arm64/MNSwitchi-OutputFileMap.json -save-temps -no-color-diagnostics -explicit-module-build -module-cache-path /Users/admin/builder/spi-builder-workspace/.derivedData/Build/Intermediates.noindex/SwiftExplicitPrecompiledModules -clang-scanner-module-cache-path /Users/admin/builder/spi-builder-workspace/.derivedData/ModuleCache.noindex -sdk-module-cache-path /Users/admin/builder/spi-builder-workspace/.derivedData/SDKExplicitPrecompiledModules -emit-dependencies -emit-module -emit-module-path /Users/admin/builder/spi-builder-workspace/.derivedData/Build/Intermediates.noindex/MNSwitchi.build/Debug-watchos/MNSwitchi-t.build/Objects-normal/arm64/MNSwitchi.swiftmodule -serialize-diagnostics -dependency-scan-serialize-diagnostics-path /Users/admin/builder/spi-builder-workspace/.derivedData/Build/Intermediates.noindex/MNSwitchi.build/Debug-watchos/MNSwitchi-t.build/Objects-normal/arm64/MNSwitchi-dependency-scan.dia -validate-clang-modules-once -clang-build-session-file /Users/admin/builder/spi-builder-workspace/.derivedData/ModuleCache.noindex/Session.modulevalidation -Xcc -fmodules-prune-interval\=86400 -Xcc -fmodules-prune-after\=345600 -emit-const-values -const-gather-protocols-list /Users/admin/builder/spi-builder-workspace/.derivedData/Build/Intermediates.noindex/MNSwitchi.build/Debug-watchos/MNSwitchi-t.build/Objects-normal/arm64/MNSwitchi_const_extract_protocols.json -Xcc -I/Users/admin/builder/spi-builder-workspace/.derivedData/Build/Products/Debug-watchos/include -Xcc -I/Users/admin/builder/spi-builder-workspace/.derivedData/Build/Intermediates.noindex/MNSwitchi.build/Debug-watchos/MNSwitchi-t.build/DerivedSources-normal/arm64 -Xcc -I/Users/admin/builder/spi-builder-workspace/.derivedData/Build/Intermediates.noindex/MNSwitchi.build/Debug-watchos/MNSwitchi-t.build/DerivedSources/arm64 -Xcc -I/Users/admin/builder/spi-builder-workspace/.derivedData/Build/Intermediates.noindex/MNSwitchi.build/Debug-watchos/MNSwitchi-t.build/DerivedSources -Xcc -DSWIFT_PACKAGE -Xcc -DDEBUG\=1 -emit-objc-header -emit-objc-header-path /Users/admin/builder/spi-builder-workspace/.derivedData/Build/Intermediates.noindex/MNSwitchi.build/Debug-watchos/MNSwitchi-t.build/Objects-normal/arm64/MNSwitchi-Swift.h -working-directory /Users/admin/builder/spi-builder-workspace/.swiftpm/xcode -experimental-emit-module-separately -disable-cmo
SwiftEmitModule normal arm64_32 Emitting\ module\ for\ MNSwitchi (in target 'MNSwitchi' from project 'MNSwitchi')
/Users/admin/builder/spi-builder-workspace/Sources/MNSwitchi/UI/MNSwitchi.swift:5:27: error: 'UIButton' is unavailable in watchOS
  3 | public class MNSwitchiView: UIView {
  4 |
  5 |     lazy var firstButton: UIButton = {
    |                           `- error: 'UIButton' is unavailable in watchOS
  6 |
  7 |         let button = UIButton(type: .system)
/Applications/Xcode-27.0.0-Release.Candidate.app/Contents/Developer/Platforms/WatchOS.platform/Developer/SDKs/WatchOS27.0.sdk/System/Library/Frameworks/UIKit.framework/Headers/UIButton.h:49:12: note: 'UIButton' has been explicitly marked unavailable here
 47 |
 48 | UIKIT_EXTERN API_AVAILABLE(ios(2.0)) API_UNAVAILABLE(watchos) NS_SWIFT_UI_ACTOR
 49 | @interface UIButton : UIControl <NSCoding>
    |            `- note: 'UIButton' has been explicitly marked unavailable here
 50 |
 51 | - (instancetype)initWithFrame:(CGRect)frame NS_DESIGNATED_INITIALIZER;
/Users/admin/builder/spi-builder-workspace/Sources/MNSwitchi/UI/MNSwitchi.swift:7:22: error: 'UIButton' is unavailable in watchOS
  5 |     lazy var firstButton: UIButton = {
  6 |
  7 |         let button = UIButton(type: .system)
    |                      `- error: 'UIButton' is unavailable in watchOS
  8 |         button.tag = 0
  9 |
/Applications/Xcode-27.0.0-Release.Candidate.app/Contents/Developer/Platforms/WatchOS.platform/Developer/SDKs/WatchOS27.0.sdk/System/Library/Frameworks/UIKit.framework/Headers/UIButton.h:49:12: note: 'UIButton' has been explicitly marked unavailable here
 47 |
 48 | UIKIT_EXTERN API_AVAILABLE(ios(2.0)) API_UNAVAILABLE(watchos) NS_SWIFT_UI_ACTOR
 49 | @interface UIButton : UIControl <NSCoding>
    |            `- note: 'UIButton' has been explicitly marked unavailable here
 50 |
 51 | - (instancetype)initWithFrame:(CGRect)frame NS_DESIGNATED_INITIALIZER;
/Users/admin/builder/spi-builder-workspace/Sources/MNSwitchi/UI/MNSwitchi.swift:13:28: error: 'UIButton' is unavailable in watchOS
 11 |     }()
 12 |
 13 |     lazy var secondButton: UIButton = {
    |                            `- error: 'UIButton' is unavailable in watchOS
 14 |
 15 |         let button = UIButton(type: .system)
/Applications/Xcode-27.0.0-Release.Candidate.app/Contents/Developer/Platforms/WatchOS.platform/Developer/SDKs/WatchOS27.0.sdk/System/Library/Frameworks/UIKit.framework/Headers/UIButton.h:49:12: note: 'UIButton' has been explicitly marked unavailable here
 47 |
 48 | UIKIT_EXTERN API_AVAILABLE(ios(2.0)) API_UNAVAILABLE(watchos) NS_SWIFT_UI_ACTOR
 49 | @interface UIButton : UIControl <NSCoding>
    |            `- note: 'UIButton' has been explicitly marked unavailable here
 50 |
 51 | - (instancetype)initWithFrame:(CGRect)frame NS_DESIGNATED_INITIALIZER;
/Users/admin/builder/spi-builder-workspace/Sources/MNSwitchi/UI/MNSwitchi.swift:15:22: error: 'UIButton' is unavailable in watchOS
 13 |     lazy var secondButton: UIButton = {
 14 |
 15 |         let button = UIButton(type: .system)
    |                      `- error: 'UIButton' is unavailable in watchOS
 16 |         button.tag = 1
 17 |
/Applications/Xcode-27.0.0-Release.Candidate.app/Contents/Developer/Platforms/WatchOS.platform/Developer/SDKs/WatchOS27.0.sdk/System/Library/Frameworks/UIKit.framework/Headers/UIButton.h:49:12: note: 'UIButton' has been explicitly marked unavailable here
 47 |
 48 | UIKIT_EXTERN API_AVAILABLE(ios(2.0)) API_UNAVAILABLE(watchos) NS_SWIFT_UI_ACTOR
 49 | @interface UIButton : UIControl <NSCoding>
    |            `- note: 'UIButton' has been explicitly marked unavailable here
 50 |
 51 | - (instancetype)initWithFrame:(CGRect)frame NS_DESIGNATED_INITIALIZER;
/Users/admin/builder/spi-builder-workspace/Sources/MNSwitchi/UI/MNSwitchi.swift:21:25: error: 'UIStackView' is unavailable in watchOS
 19 |     }()
 20 |
 21 |     lazy var stackView: UIStackView = {
    |                         `- error: 'UIStackView' is unavailable in watchOS
 22 |
 23 |         let stackView = UIStackView(frame: self.frame)
/Applications/Xcode-27.0.0-Release.Candidate.app/Contents/Developer/Platforms/WatchOS.platform/Developer/SDKs/WatchOS27.0.sdk/System/Library/Frameworks/UIKit.framework/Headers/UIStackView.h:124:12: note: 'UIStackView' has been explicitly marked unavailable here
122 | NS_HEADER_AUDIT_BEGIN(nullability, sendability)
123 | UIKIT_EXTERN API_AVAILABLE(ios(9.0)) API_UNAVAILABLE(watchos) NS_SWIFT_UI_ACTOR
124 | @interface UIStackView : UIView
    |            `- note: 'UIStackView' has been explicitly marked unavailable here
125 |
126 | - (instancetype)initWithFrame:(CGRect)frame NS_DESIGNATED_INITIALIZER;
/Users/admin/builder/spi-builder-workspace/Sources/MNSwitchi/UI/MNSwitchi.swift:23:25: error: 'UIStackView' is unavailable in watchOS
 21 |     lazy var stackView: UIStackView = {
 22 |
 23 |         let stackView = UIStackView(frame: self.frame)
    |                         `- error: 'UIStackView' is unavailable in watchOS
 24 |         stackView.axis = .horizontal
 25 |         stackView.alignment = .fill
/Applications/Xcode-27.0.0-Release.Candidate.app/Contents/Developer/Platforms/WatchOS.platform/Developer/SDKs/WatchOS27.0.sdk/System/Library/Frameworks/UIKit.framework/Headers/UIStackView.h:124:12: note: 'UIStackView' has been explicitly marked unavailable here
122 | NS_HEADER_AUDIT_BEGIN(nullability, sendability)
123 | UIKIT_EXTERN API_AVAILABLE(ios(9.0)) API_UNAVAILABLE(watchos) NS_SWIFT_UI_ACTOR
124 | @interface UIStackView : UIView
    |            `- note: 'UIStackView' has been explicitly marked unavailable here
125 |
126 | - (instancetype)initWithFrame:(CGRect)frame NS_DESIGNATED_INITIALIZER;
/Users/admin/builder/spi-builder-workspace/Sources/MNSwitchi/UI/MNSwitchi.swift:31:28: error: 'UIView' is unavailable in watchOS
 29 |     }()
 30 |
 31 |     lazy var selectedView: UIView = {
    |                            `- error: 'UIView' is unavailable in watchOS
 32 |
 33 |         let view = UIView(frame: .zero)
/Applications/Xcode-27.0.0-Release.Candidate.app/Contents/Developer/Platforms/WatchOS.platform/Developer/SDKs/WatchOS27.0.sdk/System/Library/Frameworks/UIKit.framework/Headers/UIView.h:152:12: note: 'UIView' has been explicitly marked unavailable here
150 |
151 | UIKIT_EXTERN API_AVAILABLE(ios(2.0)) API_UNAVAILABLE(watchos) NS_SWIFT_UI_ACTOR
152 | @interface UIView : UIResponder <NSCoding, UIAppearance, UIAppearanceContainer, UIDynamicItem, UITraitEnvironment, UICoordinateSpace, UIFocusItem, UIFocusItemContainer, CALayerDelegate>
    |            `- note: 'UIView' has been explicitly marked unavailable here
153 |
154 | @property(class, nonatomic, readonly) Class layerClass;                        // default is [CALayer class]. Used when creating the underlying layer for the view.
/Users/admin/builder/spi-builder-workspace/Sources/MNSwitchi/UI/MNSwitchi.swift:33:20: error: 'UIView' is unavailable in watchOS
 31 |     lazy var selectedView: UIView = {
 32 |
 33 |         let view = UIView(frame: .zero)
    |                    `- error: 'UIView' is unavailable in watchOS
 34 |         return view
 35 |     }()
/Applications/Xcode-27.0.0-Release.Candidate.app/Contents/Developer/Platforms/WatchOS.platform/Developer/SDKs/WatchOS27.0.sdk/System/Library/Frameworks/UIKit.framework/Headers/UIView.h:152:12: note: 'UIView' has been explicitly marked unavailable here
150 |
151 | UIKIT_EXTERN API_AVAILABLE(ios(2.0)) API_UNAVAILABLE(watchos) NS_SWIFT_UI_ACTOR
152 | @interface UIView : UIResponder <NSCoding, UIAppearance, UIAppearanceContainer, UIDynamicItem, UITraitEnvironment, UICoordinateSpace, UIFocusItem, UIFocusItemContainer, CALayerDelegate>
    |            `- note: 'UIView' has been explicitly marked unavailable here
153 |
154 | @property(class, nonatomic, readonly) Class layerClass;                        // default is [CALayer class]. Used when creating the underlying layer for the view.
/Users/admin/builder/spi-builder-workspace/Sources/MNSwitchi/UI/MNSwitchi.swift:89:51: error: 'UIButton' is unavailable in watchOS
 87 |     }
 88 |
 89 |     @objc private func buttonWasPressed(_ sender: UIButton) {
    |                                                   `- error: 'UIButton' is unavailable in watchOS
 90 |
 91 |         self.firstButton.isSelected = sender.tag == 0
/Applications/Xcode-27.0.0-Release.Candidate.app/Contents/Developer/Platforms/WatchOS.platform/Developer/SDKs/WatchOS27.0.sdk/System/Library/Frameworks/UIKit.framework/Headers/UIButton.h:49:12: note: 'UIButton' has been explicitly marked unavailable here
 47 |
 48 | UIKIT_EXTERN API_AVAILABLE(ios(2.0)) API_UNAVAILABLE(watchos) NS_SWIFT_UI_ACTOR
 49 | @interface UIButton : UIControl <NSCoding>
    |            `- note: 'UIButton' has been explicitly marked unavailable here
 50 |
 51 | - (instancetype)initWithFrame:(CGRect)frame NS_DESIGNATED_INITIALIZER;
/Users/admin/builder/spi-builder-workspace/Sources/MNSwitchi/UI/MNSwitchi.swift:105:37: error: 'UIButton' is unavailable in watchOS
103 |     }
104 |
105 |     private func animate(to button: UIButton) {
    |                                     `- error: 'UIButton' is unavailable in watchOS
106 |
107 |         let animation = UIViewPropertyAnimator(duration: 0.2,
/Applications/Xcode-27.0.0-Release.Candidate.app/Contents/Developer/Platforms/WatchOS.platform/Developer/SDKs/WatchOS27.0.sdk/System/Library/Frameworks/UIKit.framework/Headers/UIButton.h:49:12: note: 'UIButton' has been explicitly marked unavailable here
 47 |
 48 | UIKIT_EXTERN API_AVAILABLE(ios(2.0)) API_UNAVAILABLE(watchos) NS_SWIFT_UI_ACTOR
 49 | @interface UIButton : UIControl <NSCoding>
    |            `- note: 'UIButton' has been explicitly marked unavailable here
 50 |
 51 | - (instancetype)initWithFrame:(CGRect)frame NS_DESIGNATED_INITIALIZER;
SwiftCompile normal arm64_32 (in target 'MNSwitchi' from project 'MNSwitchi')
    cd /Users/admin/builder/spi-builder-workspace/.swiftpm/xcode

/Users/admin/builder/spi-builder-workspace/Sources/MNSwitchi/UI/MNSwitchi.swift:3:29: error: 'UIView' is unavailable in watchOS
  1 | import UIKit
  2 |
  3 | public class MNSwitchiView: UIView {
    |                             `- error: 'UIView' is unavailable in watchOS
  4 |
  5 |     lazy var firstButton: UIButton = {
/Applications/Xcode-27.0.0-Release.Candidate.app/Contents/Developer/Platforms/WatchOS.platform/Developer/SDKs/WatchOS27.0.sdk/System/Library/Frameworks/UIKit.framework/Headers/UIView.h:152:12: note: 'UIView' has been explicitly marked unavailable here
150 |
151 | UIKIT_EXTERN API_AVAILABLE(ios(2.0)) API_UNAVAILABLE(watchos) NS_SWIFT_UI_ACTOR
152 | @interface UIView : UIResponder <NSCoding, UIAppearance, UIAppearanceContainer, UIDynamicItem, UITraitEnvironment, UICoordinateSpace, UIFocusItem, UIFocusItemContainer, CALayerDelegate>
    |            `- note: 'UIView' has been explicitly marked unavailable here
153 |
154 | @property(class, nonatomic, readonly) Class layerClass;                        // default is [CALayer class]. Used when creating the underlying layer for the view.
Failed frontend command:
/Applications/Xcode-27.0.0-Release.Candidate.app/Contents/Developer/Toolchains/XcodeDefault.xctoolchain/usr/bin/swift-frontend -frontend -emit-module -experimental-skip-non-inlinable-function-bodies-without-types /Users/admin/builder/spi-builder-workspace/Sources/MNSwitchi/Data/MNSwitchiAppearance.swift /Users/admin/builder/spi-builder-workspace/Sources/MNSwitchi/Data/MNSwitchiContent.swift /Users/admin/builder/spi-builder-workspace/Sources/MNSwitchi/Data/MNSwitchiOptions.swift /Users/admin/builder/spi-builder-workspace/Sources/MNSwitchi/UI/MNSwitchi.swift -target arm64_32-apple-watchos9.0 -disable-cross-import-overlay-search -load-resolved-plugin /Applications/Xcode-27.0.0-Release.Candidate.app/Contents/Developer/Platforms/WatchOS.platform/Developer/usr/lib/swift/host/plugins/libFoundationMacros.dylib\#/Applications/Xcode-27.0.0-Release.Candidate.app/Contents/Developer/Platforms/WatchOS.platform/Developer/usr/bin/swift-plugin-server\#FoundationMacros -load-resolved-plugin /Applications/Xcode-27.0.0-Release.Candidate.app/Contents/Developer/Platforms/WatchOS.platform/Developer/usr/lib/swift/host/plugins/libObservationMacros.dylib\#/Applications/Xcode-27.0.0-Release.Candidate.app/Contents/Developer/Platforms/WatchOS.platform/Developer/usr/bin/swift-plugin-server\#ObservationMacros -load-resolved-plugin /Applications/Xcode-27.0.0-Release.Candidate.app/Contents/Developer/Platforms/WatchOS.platform/Developer/usr/lib/swift/host/plugins/libSwiftMacros.dylib\#/Applications/Xcode-27.0.0-Release.Candidate.app/Contents/Developer/Platforms/WatchOS.platform/Developer/usr/bin/swift-plugin-server\#SwiftMacros -load-resolved-plugin /Applications/Xcode-27.0.0-Release.Candidate.app/Contents/Developer/Platforms/WatchOS.platform/Developer/usr/lib/swift/host/plugins/libSwiftUIMacros.dylib\#/Applications/Xcode-27.0.0-Release.Candidate.app/Contents/Developer/Platforms/WatchOS.platform/Developer/usr/bin/swift-plugin-server\#SwiftUIMacros -disable-implicit-swift-modules -Xcc -fno-implicit-modules -Xcc -fno-implicit-module-maps -explicit-swift-module-map-file /Users/admin/builder/spi-builder-workspace/.derivedData/Build/Intermediates.noindex/MNSwitchi.build/Debug-watchos/MNSwitchi-t.build/Objects-normal/arm64_32/MNSwitchi-dependencies-1.json -enable-objc-interop -sdk /Applications/Xcode-27.0.0-Release.Candidate.app/Contents/Developer/Platforms/WatchOS.platform/Developer/SDKs/WatchOS27.0.sdk -I /Users/admin/builder/spi-builder-workspace/.derivedData/Build/Products/Debug-watchos -Isystem /Applications/Xcode-27.0.0-Release.Candidate.app/Contents/Developer/Platforms/WatchOS.platform/Developer/usr/lib -F /Users/admin/builder/spi-builder-workspace/.derivedData/Build/Products/Debug-watchos -F /Applications/Xcode-27.0.0-Release.Candidate.app/Contents/Developer/Platforms/WatchOS.platform/Developer/Library/Frameworks -F /Applications/Xcode-27.0.0-Release.Candidate.app/Contents/Developer/Platforms/WatchOS.platform/Developer/SDKs/WatchOS27.0.sdk/Developer/Library/Frameworks -module-cache-path /Users/admin/builder/spi-builder-workspace/.derivedData/Build/Intermediates.noindex/SwiftExplicitPrecompiledModules -no-color-diagnostics -Xcc -fno-color-diagnostics -enable-testing -g -debug-info-format\=dwarf -dwarf-version\=4 -profile-generate -profile-coverage-mapping -swift-version 5 -Onone -D SWIFT_PACKAGE -D DEBUG -D SWIFT_MODULE_RESOURCE_BUNDLE_UNAVAILABLE -D Xcode -serialize-debugging-options -enable-experimental-feature DebugDescriptionMacro -empty-abi-descriptor -validate-clang-modules-once -clang-build-session-file /Users/admin/builder/spi-builder-workspace/.derivedData/ModuleCache.noindex/Session.modulevalidation -Xcc -working-directory -Xcc /Users/admin/builder/spi-builder-workspace/.swiftpm/xcode -enable-anonymous-context-mangled-names -file-compilation-dir /Users/admin/builder/spi-builder-workspace/.swiftpm/xcode -Xcc -D_LIBCPP_HARDENING_MODE\=_LIBCPP_HARDENING_MODE_DEBUG -Xcc -ivfsstatcache -Xcc /Users/admin/builder/spi-builder-workspace/.derivedData/SDKStatCaches.noindex/watchos27.0-24R360-e829b21a6f8c9b70876ba0858053c04477534ef55a1706bf4c1112bbb242f0a2.sdkstatcache -Xcc -fmodules-prune-interval\=86400 -Xcc -fmodules-prune-after\=345600 -Xcc -I/Users/admin/builder/spi-builder-workspace/.derivedData/Build/Products/Debug-watchos/include -Xcc -I/Users/admin/builder/spi-builder-workspace/.derivedData/Build/Intermediates.noindex/MNSwitchi.build/Debug-watchos/MNSwitchi-t.build/DerivedSources-normal/arm64_32 -Xcc -I/Users/admin/builder/spi-builder-workspace/.derivedData/Build/Intermediates.noindex/MNSwitchi.build/Debug-watchos/MNSwitchi-t.build/DerivedSources/arm64_32 -Xcc -I/Users/admin/builder/spi-builder-workspace/.derivedData/Build/Intermediates.noindex/MNSwitchi.build/Debug-watchos/MNSwitchi-t.build/DerivedSources -Xcc -DSWIFT_PACKAGE -Xcc -DDEBUG\=1 -no-auto-bridging-header-chaining -module-name MNSwitchi -const-gather-protocols-file /Users/admin/builder/spi-builder-workspace/.derivedData/Build/Intermediates.noindex/MNSwitchi.build/Debug-watchos/MNSwitchi-t.build/Objects-normal/arm64_32/MNSwitchi_const_extract_protocols.json -disable-clang-spi -clang-target arm64_32-apple-watchos27.0 -target-sdk-version 27.0 -target-sdk-name watchos27.0 -in-process-plugin-server-path /Applications/Xcode-27.0.0-Release.Candidate.app/Contents/Developer/Toolchains/XcodeDefault.xctoolchain/usr/lib/swift/host/libSwiftInProcPluginServer.dylib -emit-module-doc-path /Users/admin/builder/spi-builder-workspace/.derivedData/Build/Intermediates.noindex/MNSwitchi.build/Debug-watchos/MNSwitchi-t.build/Objects-normal/arm64_32/MNSwitchi.swiftdoc -emit-module-source-info-path /Users/admin/builder/spi-builder-workspace/.derivedData/Build/Intermediates.noindex/MNSwitchi.build/Debug-watchos/MNSwitchi-t.build/Objects-normal/arm64_32/MNSwitchi.swiftsourceinfo -emit-objc-header-path /Users/admin/builder/spi-builder-workspace/.derivedData/Build/Intermediates.noindex/MNSwitchi.build/Debug-watchos/MNSwitchi-t.build/Objects-normal/arm64_32/MNSwitchi-Swift.h -serialize-diagnostics-path /Users/admin/builder/spi-builder-workspace/.derivedData/Build/Intermediates.noindex/MNSwitchi.build/Debug-watchos/MNSwitchi-t.build/Objects-normal/arm64_32/MNSwitchi-primary-emit-module.dia -emit-dependencies-path /Users/admin/builder/spi-builder-workspace/.derivedData/Build/Intermediates.noindex/MNSwitchi.build/Debug-watchos/MNSwitchi-t.build/Objects-normal/arm64_32/MNSwitchi-primary-emit-module.d -parse-as-library -o /Users/admin/builder/spi-builder-workspace/.derivedData/Build/Intermediates.noindex/MNSwitchi.build/Debug-watchos/MNSwitchi-t.build/Objects-normal/arm64_32/MNSwitchi.swiftmodule -emit-abi-descriptor-path /Users/admin/builder/spi-builder-workspace/.derivedData/Build/Intermediates.noindex/MNSwitchi.build/Debug-watchos/MNSwitchi-t.build/Objects-normal/arm64_32/MNSwitchi.abi.json
SwiftCompile normal arm64_32 Compiling\ MNSwitchiContent.swift /Users/admin/builder/spi-builder-workspace/Sources/MNSwitchi/Data/MNSwitchiContent.swift (in target 'MNSwitchi' from project 'MNSwitchi')
SwiftCompile normal arm64_32 /Users/admin/builder/spi-builder-workspace/Sources/MNSwitchi/Data/MNSwitchiContent.swift (in target 'MNSwitchi' from project 'MNSwitchi')
    cd /Users/admin/builder/spi-builder-workspace/.swiftpm/xcode
    builtin-SwiftPerFileCompile MNSwitchiContent.swift
SwiftCompile normal arm64_32 Compiling\ MNSwitchiOptions.swift /Users/admin/builder/spi-builder-workspace/Sources/MNSwitchi/Data/MNSwitchiOptions.swift (in target 'MNSwitchi' from project 'MNSwitchi')
SwiftCompile normal arm64_32 /Users/admin/builder/spi-builder-workspace/Sources/MNSwitchi/Data/MNSwitchiOptions.swift (in target 'MNSwitchi' from project 'MNSwitchi')
    cd /Users/admin/builder/spi-builder-workspace/.swiftpm/xcode
    builtin-SwiftPerFileCompile MNSwitchiOptions.swift
SwiftCompile normal arm64_32 Compiling\ MNSwitchiAppearance.swift /Users/admin/builder/spi-builder-workspace/Sources/MNSwitchi/Data/MNSwitchiAppearance.swift (in target 'MNSwitchi' from project 'MNSwitchi')
SwiftCompile normal arm64_32 /Users/admin/builder/spi-builder-workspace/Sources/MNSwitchi/Data/MNSwitchiAppearance.swift (in target 'MNSwitchi' from project 'MNSwitchi')
    cd /Users/admin/builder/spi-builder-workspace/.swiftpm/xcode
    builtin-SwiftPerFileCompile MNSwitchiAppearance.swift
SwiftCompile normal arm64_32 Compiling\ MNSwitchi.swift /Users/admin/builder/spi-builder-workspace/Sources/MNSwitchi/UI/MNSwitchi.swift (in target 'MNSwitchi' from project 'MNSwitchi')
/Users/admin/builder/spi-builder-workspace/Sources/MNSwitchi/UI/MNSwitchi.swift:5:27: error: 'UIButton' is unavailable in watchOS
  3 | public class MNSwitchiView: UIView {
  4 |
  5 |     lazy var firstButton: UIButton = {
    |                           `- error: 'UIButton' is unavailable in watchOS
  6 |
  7 |         let button = UIButton(type: .system)
/Applications/Xcode-27.0.0-Release.Candidate.app/Contents/Developer/Platforms/WatchOS.platform/Developer/SDKs/WatchOS27.0.sdk/System/Library/Frameworks/UIKit.framework/Headers/UIButton.h:49:12: note: 'UIButton' has been explicitly marked unavailable here
 47 |
 48 | UIKIT_EXTERN API_AVAILABLE(ios(2.0)) API_UNAVAILABLE(watchos) NS_SWIFT_UI_ACTOR
 49 | @interface UIButton : UIControl <NSCoding>
    |            `- note: 'UIButton' has been explicitly marked unavailable here
 50 |
 51 | - (instancetype)initWithFrame:(CGRect)frame NS_DESIGNATED_INITIALIZER;
/Users/admin/builder/spi-builder-workspace/Sources/MNSwitchi/UI/MNSwitchi.swift:7:22: error: 'UIButton' is unavailable in watchOS
  5 |     lazy var firstButton: UIButton = {
  6 |
  7 |         let button = UIButton(type: .system)
    |                      `- error: 'UIButton' is unavailable in watchOS
  8 |         button.tag = 0
  9 |
/Applications/Xcode-27.0.0-Release.Candidate.app/Contents/Developer/Platforms/WatchOS.platform/Developer/SDKs/WatchOS27.0.sdk/System/Library/Frameworks/UIKit.framework/Headers/UIButton.h:49:12: note: 'UIButton' has been explicitly marked unavailable here
 47 |
 48 | UIKIT_EXTERN API_AVAILABLE(ios(2.0)) API_UNAVAILABLE(watchos) NS_SWIFT_UI_ACTOR
 49 | @interface UIButton : UIControl <NSCoding>
    |            `- note: 'UIButton' has been explicitly marked unavailable here
 50 |
 51 | - (instancetype)initWithFrame:(CGRect)frame NS_DESIGNATED_INITIALIZER;
/Users/admin/builder/spi-builder-workspace/Sources/MNSwitchi/UI/MNSwitchi.swift:13:28: error: 'UIButton' is unavailable in watchOS
 11 |     }()
 12 |
 13 |     lazy var secondButton: UIButton = {
    |                            `- error: 'UIButton' is unavailable in watchOS
 14 |
 15 |         let button = UIButton(type: .system)
/Applications/Xcode-27.0.0-Release.Candidate.app/Contents/Developer/Platforms/WatchOS.platform/Developer/SDKs/WatchOS27.0.sdk/System/Library/Frameworks/UIKit.framework/Headers/UIButton.h:49:12: note: 'UIButton' has been explicitly marked unavailable here
 47 |
 48 | UIKIT_EXTERN API_AVAILABLE(ios(2.0)) API_UNAVAILABLE(watchos) NS_SWIFT_UI_ACTOR
 49 | @interface UIButton : UIControl <NSCoding>
    |            `- note: 'UIButton' has been explicitly marked unavailable here
 50 |
 51 | - (instancetype)initWithFrame:(CGRect)frame NS_DESIGNATED_INITIALIZER;
/Users/admin/builder/spi-builder-workspace/Sources/MNSwitchi/UI/MNSwitchi.swift:15:22: error: 'UIButton' is unavailable in watchOS
 13 |     lazy var secondButton: UIButton = {
 14 |
 15 |         let button = UIButton(type: .system)
    |                      `- error: 'UIButton' is unavailable in watchOS
 16 |         button.tag = 1
 17 |
/Applications/Xcode-27.0.0-Release.Candidate.app/Contents/Developer/Platforms/WatchOS.platform/Developer/SDKs/WatchOS27.0.sdk/System/Library/Frameworks/UIKit.framework/Headers/UIButton.h:49:12: note: 'UIButton' has been explicitly marked unavailable here
 47 |
 48 | UIKIT_EXTERN API_AVAILABLE(ios(2.0)) API_UNAVAILABLE(watchos) NS_SWIFT_UI_ACTOR
 49 | @interface UIButton : UIControl <NSCoding>
    |            `- note: 'UIButton' has been explicitly marked unavailable here
 50 |
 51 | - (instancetype)initWithFrame:(CGRect)frame NS_DESIGNATED_INITIALIZER;
/Users/admin/builder/spi-builder-workspace/Sources/MNSwitchi/UI/MNSwitchi.swift:21:25: error: 'UIStackView' is unavailable in watchOS
 19 |     }()
 20 |
 21 |     lazy var stackView: UIStackView = {
    |                         `- error: 'UIStackView' is unavailable in watchOS
 22 |
 23 |         let stackView = UIStackView(frame: self.frame)
/Applications/Xcode-27.0.0-Release.Candidate.app/Contents/Developer/Platforms/WatchOS.platform/Developer/SDKs/WatchOS27.0.sdk/System/Library/Frameworks/UIKit.framework/Headers/UIStackView.h:124:12: note: 'UIStackView' has been explicitly marked unavailable here
122 | NS_HEADER_AUDIT_BEGIN(nullability, sendability)
123 | UIKIT_EXTERN API_AVAILABLE(ios(9.0)) API_UNAVAILABLE(watchos) NS_SWIFT_UI_ACTOR
124 | @interface UIStackView : UIView
    |            `- note: 'UIStackView' has been explicitly marked unavailable here
125 |
126 | - (instancetype)initWithFrame:(CGRect)frame NS_DESIGNATED_INITIALIZER;
/Users/admin/builder/spi-builder-workspace/Sources/MNSwitchi/UI/MNSwitchi.swift:23:25: error: 'UIStackView' is unavailable in watchOS
 21 |     lazy var stackView: UIStackView = {
 22 |
 23 |         let stackView = UIStackView(frame: self.frame)
    |                         `- error: 'UIStackView' is unavailable in watchOS
 24 |         stackView.axis = .horizontal
 25 |         stackView.alignment = .fill
/Applications/Xcode-27.0.0-Release.Candidate.app/Contents/Developer/Platforms/WatchOS.platform/Developer/SDKs/WatchOS27.0.sdk/System/Library/Frameworks/UIKit.framework/Headers/UIStackView.h:124:12: note: 'UIStackView' has been explicitly marked unavailable here
122 | NS_HEADER_AUDIT_BEGIN(nullability, sendability)
123 | UIKIT_EXTERN API_AVAILABLE(ios(9.0)) API_UNAVAILABLE(watchos) NS_SWIFT_UI_ACTOR
124 | @interface UIStackView : UIView
    |            `- note: 'UIStackView' has been explicitly marked unavailable here
125 |
126 | - (instancetype)initWithFrame:(CGRect)frame NS_DESIGNATED_INITIALIZER;
/Users/admin/builder/spi-builder-workspace/Sources/MNSwitchi/UI/MNSwitchi.swift:31:28: error: 'UIView' is unavailable in watchOS
 29 |     }()
 30 |
 31 |     lazy var selectedView: UIView = {
    |                            `- error: 'UIView' is unavailable in watchOS
 32 |
 33 |         let view = UIView(frame: .zero)
/Applications/Xcode-27.0.0-Release.Candidate.app/Contents/Developer/Platforms/WatchOS.platform/Developer/SDKs/WatchOS27.0.sdk/System/Library/Frameworks/UIKit.framework/Headers/UIView.h:152:12: note: 'UIView' has been explicitly marked unavailable here
150 |
151 | UIKIT_EXTERN API_AVAILABLE(ios(2.0)) API_UNAVAILABLE(watchos) NS_SWIFT_UI_ACTOR
152 | @interface UIView : UIResponder <NSCoding, UIAppearance, UIAppearanceContainer, UIDynamicItem, UITraitEnvironment, UICoordinateSpace, UIFocusItem, UIFocusItemContainer, CALayerDelegate>
    |            `- note: 'UIView' has been explicitly marked unavailable here
153 |
154 | @property(class, nonatomic, readonly) Class layerClass;                        // default is [CALayer class]. Used when creating the underlying layer for the view.
SwiftCompile normal arm64_32 /Users/admin/builder/spi-builder-workspace/Sources/MNSwitchi/UI/MNSwitchi.swift (in target 'MNSwitchi' from project 'MNSwitchi')
    cd /Users/admin/builder/spi-builder-workspace/.swiftpm/xcode
    builtin-SwiftPerFileCompile MNSwitchi.swift
SwiftCompile normal arm64 Compiling\ MNSwitchiAppearance.swift /Users/admin/builder/spi-builder-workspace/Sources/MNSwitchi/Data/MNSwitchiAppearance.swift (in target 'MNSwitchi' from project 'MNSwitchi')
SwiftCompile normal arm64 /Users/admin/builder/spi-builder-workspace/Sources/MNSwitchi/Data/MNSwitchiAppearance.swift (in target 'MNSwitchi' from project 'MNSwitchi')
    cd /Users/admin/builder/spi-builder-workspace/.swiftpm/xcode
    builtin-SwiftPerFileCompile MNSwitchiAppearance.swift
SwiftEmitModule normal arm64 Emitting\ module\ for\ MNSwitchi (in target 'MNSwitchi' from project 'MNSwitchi')
/Users/admin/builder/spi-builder-workspace/Sources/MNSwitchi/UI/MNSwitchi.swift:5:27: error: 'UIButton' is unavailable in watchOS
  3 | public class MNSwitchiView: UIView {
  4 |
  5 |     lazy var firstButton: UIButton = {
    |                           `- error: 'UIButton' is unavailable in watchOS
  6 |
  7 |         let button = UIButton(type: .system)
/Applications/Xcode-27.0.0-Release.Candidate.app/Contents/Developer/Platforms/WatchOS.platform/Developer/SDKs/WatchOS27.0.sdk/System/Library/Frameworks/UIKit.framework/Headers/UIButton.h:49:12: note: 'UIButton' has been explicitly marked unavailable here
 47 |
 48 | UIKIT_EXTERN API_AVAILABLE(ios(2.0)) API_UNAVAILABLE(watchos) NS_SWIFT_UI_ACTOR
 49 | @interface UIButton : UIControl <NSCoding>
    |            `- note: 'UIButton' has been explicitly marked unavailable here
 50 |
 51 | - (instancetype)initWithFrame:(CGRect)frame NS_DESIGNATED_INITIALIZER;
/Users/admin/builder/spi-builder-workspace/Sources/MNSwitchi/UI/MNSwitchi.swift:7:22: error: 'UIButton' is unavailable in watchOS
  5 |     lazy var firstButton: UIButton = {
  6 |
  7 |         let button = UIButton(type: .system)
    |                      `- error: 'UIButton' is unavailable in watchOS
  8 |         button.tag = 0
  9 |
/Applications/Xcode-27.0.0-Release.Candidate.app/Contents/Developer/Platforms/WatchOS.platform/Developer/SDKs/WatchOS27.0.sdk/System/Library/Frameworks/UIKit.framework/Headers/UIButton.h:49:12: note: 'UIButton' has been explicitly marked unavailable here
 47 |
 48 | UIKIT_EXTERN API_AVAILABLE(ios(2.0)) API_UNAVAILABLE(watchos) NS_SWIFT_UI_ACTOR
 49 | @interface UIButton : UIControl <NSCoding>
    |            `- note: 'UIButton' has been explicitly marked unavailable here
 50 |
 51 | - (instancetype)initWithFrame:(CGRect)frame NS_DESIGNATED_INITIALIZER;
/Users/admin/builder/spi-builder-workspace/Sources/MNSwitchi/UI/MNSwitchi.swift:13:28: error: 'UIButton' is unavailable in watchOS
 11 |     }()
 12 |
 13 |     lazy var secondButton: UIButton = {
    |                            `- error: 'UIButton' is unavailable in watchOS
 14 |
 15 |         let button = UIButton(type: .system)
/Applications/Xcode-27.0.0-Release.Candidate.app/Contents/Developer/Platforms/WatchOS.platform/Developer/SDKs/WatchOS27.0.sdk/System/Library/Frameworks/UIKit.framework/Headers/UIButton.h:49:12: note: 'UIButton' has been explicitly marked unavailable here
 47 |
 48 | UIKIT_EXTERN API_AVAILABLE(ios(2.0)) API_UNAVAILABLE(watchos) NS_SWIFT_UI_ACTOR
 49 | @interface UIButton : UIControl <NSCoding>
    |            `- note: 'UIButton' has been explicitly marked unavailable here
 50 |
 51 | - (instancetype)initWithFrame:(CGRect)frame NS_DESIGNATED_INITIALIZER;
/Users/admin/builder/spi-builder-workspace/Sources/MNSwitchi/UI/MNSwitchi.swift:15:22: error: 'UIButton' is unavailable in watchOS
 13 |     lazy var secondButton: UIButton = {
 14 |
 15 |         let button = UIButton(type: .system)
    |                      `- error: 'UIButton' is unavailable in watchOS
 16 |         button.tag = 1
 17 |
/Applications/Xcode-27.0.0-Release.Candidate.app/Contents/Developer/Platforms/WatchOS.platform/Developer/SDKs/WatchOS27.0.sdk/System/Library/Frameworks/UIKit.framework/Headers/UIButton.h:49:12: note: 'UIButton' has been explicitly marked unavailable here
 47 |
 48 | UIKIT_EXTERN API_AVAILABLE(ios(2.0)) API_UNAVAILABLE(watchos) NS_SWIFT_UI_ACTOR
 49 | @interface UIButton : UIControl <NSCoding>
    |            `- note: 'UIButton' has been explicitly marked unavailable here
 50 |
 51 | - (instancetype)initWithFrame:(CGRect)frame NS_DESIGNATED_INITIALIZER;
/Users/admin/builder/spi-builder-workspace/Sources/MNSwitchi/UI/MNSwitchi.swift:21:25: error: 'UIStackView' is unavailable in watchOS
 19 |     }()
 20 |
 21 |     lazy var stackView: UIStackView = {
    |                         `- error: 'UIStackView' is unavailable in watchOS
 22 |
 23 |         let stackView = UIStackView(frame: self.frame)
/Applications/Xcode-27.0.0-Release.Candidate.app/Contents/Developer/Platforms/WatchOS.platform/Developer/SDKs/WatchOS27.0.sdk/System/Library/Frameworks/UIKit.framework/Headers/UIStackView.h:124:12: note: 'UIStackView' has been explicitly marked unavailable here
122 | NS_HEADER_AUDIT_BEGIN(nullability, sendability)
123 | UIKIT_EXTERN API_AVAILABLE(ios(9.0)) API_UNAVAILABLE(watchos) NS_SWIFT_UI_ACTOR
124 | @interface UIStackView : UIView
    |            `- note: 'UIStackView' has been explicitly marked unavailable here
125 |
126 | - (instancetype)initWithFrame:(CGRect)frame NS_DESIGNATED_INITIALIZER;
/Users/admin/builder/spi-builder-workspace/Sources/MNSwitchi/UI/MNSwitchi.swift:23:25: error: 'UIStackView' is unavailable in watchOS
 21 |     lazy var stackView: UIStackView = {
 22 |
 23 |         let stackView = UIStackView(frame: self.frame)
    |                         `- error: 'UIStackView' is unavailable in watchOS
 24 |         stackView.axis = .horizontal
 25 |         stackView.alignment = .fill
/Applications/Xcode-27.0.0-Release.Candidate.app/Contents/Developer/Platforms/WatchOS.platform/Developer/SDKs/WatchOS27.0.sdk/System/Library/Frameworks/UIKit.framework/Headers/UIStackView.h:124:12: note: 'UIStackView' has been explicitly marked unavailable here
122 | NS_HEADER_AUDIT_BEGIN(nullability, sendability)
123 | UIKIT_EXTERN API_AVAILABLE(ios(9.0)) API_UNAVAILABLE(watchos) NS_SWIFT_UI_ACTOR
124 | @interface UIStackView : UIView
    |            `- note: 'UIStackView' has been explicitly marked unavailable here
125 |
126 | - (instancetype)initWithFrame:(CGRect)frame NS_DESIGNATED_INITIALIZER;
/Users/admin/builder/spi-builder-workspace/Sources/MNSwitchi/UI/MNSwitchi.swift:31:28: error: 'UIView' is unavailable in watchOS
 29 |     }()
 30 |
 31 |     lazy var selectedView: UIView = {
    |                            `- error: 'UIView' is unavailable in watchOS
 32 |
 33 |         let view = UIView(frame: .zero)
/Applications/Xcode-27.0.0-Release.Candidate.app/Contents/Developer/Platforms/WatchOS.platform/Developer/SDKs/WatchOS27.0.sdk/System/Library/Frameworks/UIKit.framework/Headers/UIView.h:152:12: note: 'UIView' has been explicitly marked unavailable here
150 |
151 | UIKIT_EXTERN API_AVAILABLE(ios(2.0)) API_UNAVAILABLE(watchos) NS_SWIFT_UI_ACTOR
152 | @interface UIView : UIResponder <NSCoding, UIAppearance, UIAppearanceContainer, UIDynamicItem, UITraitEnvironment, UICoordinateSpace, UIFocusItem, UIFocusItemContainer, CALayerDelegate>
    |            `- note: 'UIView' has been explicitly marked unavailable here
153 |
154 | @property(class, nonatomic, readonly) Class layerClass;                        // default is [CALayer class]. Used when creating the underlying layer for the view.
/Users/admin/builder/spi-builder-workspace/Sources/MNSwitchi/UI/MNSwitchi.swift:33:20: error: 'UIView' is unavailable in watchOS
 31 |     lazy var selectedView: UIView = {
 32 |
 33 |         let view = UIView(frame: .zero)
    |                    `- error: 'UIView' is unavailable in watchOS
 34 |         return view
 35 |     }()
/Applications/Xcode-27.0.0-Release.Candidate.app/Contents/Developer/Platforms/WatchOS.platform/Developer/SDKs/WatchOS27.0.sdk/System/Library/Frameworks/UIKit.framework/Headers/UIView.h:152:12: note: 'UIView' has been explicitly marked unavailable here
150 |
151 | UIKIT_EXTERN API_AVAILABLE(ios(2.0)) API_UNAVAILABLE(watchos) NS_SWIFT_UI_ACTOR
152 | @interface UIView : UIResponder <NSCoding, UIAppearance, UIAppearanceContainer, UIDynamicItem, UITraitEnvironment, UICoordinateSpace, UIFocusItem, UIFocusItemContainer, CALayerDelegate>
    |            `- note: 'UIView' has been explicitly marked unavailable here
153 |
154 | @property(class, nonatomic, readonly) Class layerClass;                        // default is [CALayer class]. Used when creating the underlying layer for the view.
/Users/admin/builder/spi-builder-workspace/Sources/MNSwitchi/UI/MNSwitchi.swift:89:51: error: 'UIButton' is unavailable in watchOS
 87 |     }
 88 |
 89 |     @objc private func buttonWasPressed(_ sender: UIButton) {
    |                                                   `- error: 'UIButton' is unavailable in watchOS
 90 |
 91 |         self.firstButton.isSelected = sender.tag == 0
/Applications/Xcode-27.0.0-Release.Candidate.app/Contents/Developer/Platforms/WatchOS.platform/Developer/SDKs/WatchOS27.0.sdk/System/Library/Frameworks/UIKit.framework/Headers/UIButton.h:49:12: note: 'UIButton' has been explicitly marked unavailable here
 47 |
 48 | UIKIT_EXTERN API_AVAILABLE(ios(2.0)) API_UNAVAILABLE(watchos) NS_SWIFT_UI_ACTOR
 49 | @interface UIButton : UIControl <NSCoding>
    |            `- note: 'UIButton' has been explicitly marked unavailable here
 50 |
 51 | - (instancetype)initWithFrame:(CGRect)frame NS_DESIGNATED_INITIALIZER;
SwiftCompile normal arm64 (in target 'MNSwitchi' from project 'MNSwitchi')
    cd /Users/admin/builder/spi-builder-workspace/.swiftpm/xcode

SwiftCompile normal arm64 Compiling\ MNSwitchi.swift /Users/admin/builder/spi-builder-workspace/Sources/MNSwitchi/UI/MNSwitchi.swift (in target 'MNSwitchi' from project 'MNSwitchi')
/Users/admin/builder/spi-builder-workspace/Sources/MNSwitchi/UI/MNSwitchi.swift:5:27: error: 'UIButton' is unavailable in watchOS
  3 | public class MNSwitchiView: UIView {
  4 |
  5 |     lazy var firstButton: UIButton = {
    |                           `- error: 'UIButton' is unavailable in watchOS
  6 |
  7 |         let button = UIButton(type: .system)
/Applications/Xcode-27.0.0-Release.Candidate.app/Contents/Developer/Platforms/WatchOS.platform/Developer/SDKs/WatchOS27.0.sdk/System/Library/Frameworks/UIKit.framework/Headers/UIButton.h:49:12: note: 'UIButton' has been explicitly marked unavailable here
 47 |
 48 | UIKIT_EXTERN API_AVAILABLE(ios(2.0)) API_UNAVAILABLE(watchos) NS_SWIFT_UI_ACTOR
 49 | @interface UIButton : UIControl <NSCoding>
    |            `- note: 'UIButton' has been explicitly marked unavailable here
 50 |
 51 | - (instancetype)initWithFrame:(CGRect)frame NS_DESIGNATED_INITIALIZER;
/Users/admin/builder/spi-builder-workspace/Sources/MNSwitchi/UI/MNSwitchi.swift:7:22: error: 'UIButton' is unavailable in watchOS
  5 |     lazy var firstButton: UIButton = {
  6 |
  7 |         let button = UIButton(type: .system)
    |                      `- error: 'UIButton' is unavailable in watchOS
  8 |         button.tag = 0
  9 |
/Applications/Xcode-27.0.0-Release.Candidate.app/Contents/Developer/Platforms/WatchOS.platform/Developer/SDKs/WatchOS27.0.sdk/System/Library/Frameworks/UIKit.framework/Headers/UIButton.h:49:12: note: 'UIButton' has been explicitly marked unavailable here
 47 |
 48 | UIKIT_EXTERN API_AVAILABLE(ios(2.0)) API_UNAVAILABLE(watchos) NS_SWIFT_UI_ACTOR
 49 | @interface UIButton : UIControl <NSCoding>
    |            `- note: 'UIButton' has been explicitly marked unavailable here
 50 |
 51 | - (instancetype)initWithFrame:(CGRect)frame NS_DESIGNATED_INITIALIZER;
/Users/admin/builder/spi-builder-workspace/Sources/MNSwitchi/UI/MNSwitchi.swift:13:28: error: 'UIButton' is unavailable in watchOS
 11 |     }()
 12 |
 13 |     lazy var secondButton: UIButton = {
    |                            `- error: 'UIButton' is unavailable in watchOS
 14 |
 15 |         let button = UIButton(type: .system)
/Applications/Xcode-27.0.0-Release.Candidate.app/Contents/Developer/Platforms/WatchOS.platform/Developer/SDKs/WatchOS27.0.sdk/System/Library/Frameworks/UIKit.framework/Headers/UIButton.h:49:12: note: 'UIButton' has been explicitly marked unavailable here
 47 |
 48 | UIKIT_EXTERN API_AVAILABLE(ios(2.0)) API_UNAVAILABLE(watchos) NS_SWIFT_UI_ACTOR
 49 | @interface UIButton : UIControl <NSCoding>
    |            `- note: 'UIButton' has been explicitly marked unavailable here
 50 |
 51 | - (instancetype)initWithFrame:(CGRect)frame NS_DESIGNATED_INITIALIZER;
/Users/admin/builder/spi-builder-workspace/Sources/MNSwitchi/UI/MNSwitchi.swift:15:22: error: 'UIButton' is unavailable in watchOS
 13 |     lazy var secondButton: UIButton = {
 14 |
 15 |         let button = UIButton(type: .system)
    |                      `- error: 'UIButton' is unavailable in watchOS
 16 |         button.tag = 1
 17 |
/Applications/Xcode-27.0.0-Release.Candidate.app/Contents/Developer/Platforms/WatchOS.platform/Developer/SDKs/WatchOS27.0.sdk/System/Library/Frameworks/UIKit.framework/Headers/UIButton.h:49:12: note: 'UIButton' has been explicitly marked unavailable here
 47 |
 48 | UIKIT_EXTERN API_AVAILABLE(ios(2.0)) API_UNAVAILABLE(watchos) NS_SWIFT_UI_ACTOR
 49 | @interface UIButton : UIControl <NSCoding>
    |            `- note: 'UIButton' has been explicitly marked unavailable here
 50 |
 51 | - (instancetype)initWithFrame:(CGRect)frame NS_DESIGNATED_INITIALIZER;
/Users/admin/builder/spi-builder-workspace/Sources/MNSwitchi/UI/MNSwitchi.swift:21:25: error: 'UIStackView' is unavailable in watchOS
 19 |     }()
 20 |
 21 |     lazy var stackView: UIStackView = {
    |                         `- error: 'UIStackView' is unavailable in watchOS
 22 |
 23 |         let stackView = UIStackView(frame: self.frame)
/Applications/Xcode-27.0.0-Release.Candidate.app/Contents/Developer/Platforms/WatchOS.platform/Developer/SDKs/WatchOS27.0.sdk/System/Library/Frameworks/UIKit.framework/Headers/UIStackView.h:124:12: note: 'UIStackView' has been explicitly marked unavailable here
122 | NS_HEADER_AUDIT_BEGIN(nullability, sendability)
123 | UIKIT_EXTERN API_AVAILABLE(ios(9.0)) API_UNAVAILABLE(watchos) NS_SWIFT_UI_ACTOR
124 | @interface UIStackView : UIView
    |            `- note: 'UIStackView' has been explicitly marked unavailable here
125 |
126 | - (instancetype)initWithFrame:(CGRect)frame NS_DESIGNATED_INITIALIZER;
/Users/admin/builder/spi-builder-workspace/Sources/MNSwitchi/UI/MNSwitchi.swift:23:25: error: 'UIStackView' is unavailable in watchOS
 21 |     lazy var stackView: UIStackView = {
 22 |
 23 |         let stackView = UIStackView(frame: self.frame)
    |                         `- error: 'UIStackView' is unavailable in watchOS
 24 |         stackView.axis = .horizontal
 25 |         stackView.alignment = .fill
/Applications/Xcode-27.0.0-Release.Candidate.app/Contents/Developer/Platforms/WatchOS.platform/Developer/SDKs/WatchOS27.0.sdk/System/Library/Frameworks/UIKit.framework/Headers/UIStackView.h:124:12: note: 'UIStackView' has been explicitly marked unavailable here
122 | NS_HEADER_AUDIT_BEGIN(nullability, sendability)
123 | UIKIT_EXTERN API_AVAILABLE(ios(9.0)) API_UNAVAILABLE(watchos) NS_SWIFT_UI_ACTOR
124 | @interface UIStackView : UIView
    |            `- note: 'UIStackView' has been explicitly marked unavailable here
125 |
126 | - (instancetype)initWithFrame:(CGRect)frame NS_DESIGNATED_INITIALIZER;
/Users/admin/builder/spi-builder-workspace/Sources/MNSwitchi/UI/MNSwitchi.swift:31:28: error: 'UIView' is unavailable in watchOS
 29 |     }()
 30 |
 31 |     lazy var selectedView: UIView = {
    |                            `- error: 'UIView' is unavailable in watchOS
 32 |
 33 |         let view = UIView(frame: .zero)
/Applications/Xcode-27.0.0-Release.Candidate.app/Contents/Developer/Platforms/WatchOS.platform/Developer/SDKs/WatchOS27.0.sdk/System/Library/Frameworks/UIKit.framework/Headers/UIView.h:152:12: note: 'UIView' has been explicitly marked unavailable here
150 |
151 | UIKIT_EXTERN API_AVAILABLE(ios(2.0)) API_UNAVAILABLE(watchos) NS_SWIFT_UI_ACTOR
152 | @interface UIView : UIResponder <NSCoding, UIAppearance, UIAppearanceContainer, UIDynamicItem, UITraitEnvironment, UICoordinateSpace, UIFocusItem, UIFocusItemContainer, CALayerDelegate>
    |            `- note: 'UIView' has been explicitly marked unavailable here
153 |
154 | @property(class, nonatomic, readonly) Class layerClass;                        // default is [CALayer class]. Used when creating the underlying layer for the view.
SwiftCompile normal arm64 /Users/admin/builder/spi-builder-workspace/Sources/MNSwitchi/UI/MNSwitchi.swift (in target 'MNSwitchi' from project 'MNSwitchi')
    cd /Users/admin/builder/spi-builder-workspace/.swiftpm/xcode
    builtin-SwiftPerFileCompile MNSwitchi.swift
SwiftCompile normal arm64 Compiling\ MNSwitchiOptions.swift /Users/admin/builder/spi-builder-workspace/Sources/MNSwitchi/Data/MNSwitchiOptions.swift (in target 'MNSwitchi' from project 'MNSwitchi')
SwiftCompile normal arm64 /Users/admin/builder/spi-builder-workspace/Sources/MNSwitchi/Data/MNSwitchiOptions.swift (in target 'MNSwitchi' from project 'MNSwitchi')
    cd /Users/admin/builder/spi-builder-workspace/.swiftpm/xcode
    builtin-SwiftPerFileCompile MNSwitchiOptions.swift
SwiftCompile normal arm64 Compiling\ MNSwitchiContent.swift /Users/admin/builder/spi-builder-workspace/Sources/MNSwitchi/Data/MNSwitchiContent.swift (in target 'MNSwitchi' from project 'MNSwitchi')
SwiftCompile normal arm64 /Users/admin/builder/spi-builder-workspace/Sources/MNSwitchi/Data/MNSwitchiContent.swift (in target 'MNSwitchi' from project 'MNSwitchi')
    cd /Users/admin/builder/spi-builder-workspace/.swiftpm/xcode
    builtin-SwiftPerFileCompile MNSwitchiContent.swift
PruneExplicitPrecompiledModules /Users/admin/builder/spi-builder-workspace/.derivedData/Build/Intermediates.noindex/SwiftExplicitPrecompiledModules
PruneExplicitPrecompiledModules /Users/admin/builder/spi-builder-workspace/.derivedData/SDKExplicitPrecompiledModules
PruneExplicitPrecompiledModules /Users/admin/builder/spi-builder-workspace/.derivedData/Build/Intermediates.noindex/ExplicitPrecompiledModules
2026-09-15 19:09:05.266 xcodebuild[785:4766] [MT] IDERunDestination: Supported platforms for the buildables in the current scheme is empty.
** BUILD FAILED **
The following build commands failed:
	SwiftCompile normal arm64_32 (in target 'MNSwitchi' from project 'MNSwitchi')
	SwiftEmitModule normal arm64_32 Emitting\ module\ for\ MNSwitchi (in target 'MNSwitchi' from project 'MNSwitchi')
	Building workspace MNSwitchi with scheme MNSwitchi
(3 failures)
BUILD FAILURE 6.4 watchOS