The Swift Package Index logo.Swift Package Index

Build Information

Failed to build BluetoothConnector, reference master (90670c), with Swift 6.2 for watchOS using Xcode 26.3 on 20 Jul 2026 16:02:00 UTC.

Build Command

env DEVELOPER_DIR=/Applications/Xcode-26.3.0.app xcrun xcodebuild -IDEClonedSourcePackagesDirPathOverride=$PWD/.dependencies -skipMacroValidation -skipPackagePluginValidation -derivedDataPath $PWD/.derivedData build -scheme BluetoothConnector -destination generic/platform=watchOS

Build Log

SwiftDriver ArgumentParser normal arm64 com.apple.xcode.tools.swift.compiler (in target 'ArgumentParser' from project 'swift-argument-parser')
    cd /Users/admin/builder/spi-builder-workspace/.swiftpm/xcode
    builtin-SwiftDriver -- /Applications/Xcode-26.3.0.app/Contents/Developer/Toolchains/XcodeDefault.xctoolchain/usr/bin/swiftc -module-name ArgumentParser -Onone -enforce-exclusivity\=checked @/Users/admin/builder/spi-builder-workspace/.derivedData/Build/Intermediates.noindex/swift-argument-parser.build/Debug-watchos/ArgumentParser.build/Objects-normal/arm64/ArgumentParser.SwiftFileList -DSWIFT_PACKAGE -DDEBUG -DSWIFT_MODULE_RESOURCE_BUNDLE_UNAVAILABLE -DXcode -plugin-path /Applications/Xcode-26.3.0.app/Contents/Developer/Toolchains/XcodeDefault.xctoolchain/usr/lib/swift/host/plugins/testing -enable-experimental-feature DebugDescriptionMacro -sdk /Applications/Xcode-26.3.0.app/Contents/Developer/Platforms/WatchOS.platform/Developer/SDKs/WatchOS26.2.sdk -target arm64-apple-watchos5.0 -g -module-cache-path /Users/admin/builder/spi-builder-workspace/.derivedData/ModuleCache.noindex -Xfrontend -serialize-debugging-options -profile-coverage-mapping -profile-generate -enable-testing -suppress-warnings -index-store-path /Users/admin/builder/spi-builder-workspace/.derivedData/Index.noindex/DataStore -Xcc -D_LIBCPP_HARDENING_MODE\=_LIBCPP_HARDENING_MODE_DEBUG -swift-version 5 -I /Users/admin/builder/spi-builder-workspace/.derivedData/Build/Products/Debug-watchos -Isystem /Applications/Xcode-26.3.0.app/Contents/Developer/Platforms/WatchOS.platform/Developer/usr/lib -F /Users/admin/builder/spi-builder-workspace/.derivedData/Build/Products/Debug-watchos/PackageFrameworks -F /Users/admin/builder/spi-builder-workspace/.derivedData/Build/Products/Debug-watchos -F /Applications/Xcode-26.3.0.app/Contents/Developer/Platforms/WatchOS.platform/Developer/Library/Frameworks -F /Applications/Xcode-26.3.0.app/Contents/Developer/Platforms/WatchOS.platform/Developer/SDKs/WatchOS26.2.sdk/Developer/Library/Frameworks -c -j10 -enable-batch-mode -incremental -Xcc -ivfsstatcache -Xcc /Users/admin/builder/spi-builder-workspace/.derivedData/SDKStatCaches.noindex/watchos26.2-23S303-dc75598d0054f22ec865fa860f139d721753b489057de6bda919edfa1c59a62b.sdkstatcache -output-file-map /Users/admin/builder/spi-builder-workspace/.derivedData/Build/Intermediates.noindex/swift-argument-parser.build/Debug-watchos/ArgumentParser.build/Objects-normal/arm64/ArgumentParser-OutputFileMap.json -use-frontend-parseable-output -save-temps -no-color-diagnostics -explicit-module-build -module-cache-path /Users/admin/builder/spi-builder-workspace/.derivedData/Build/Intermediates.noindex/SwiftExplicitPrecompiledModules -clang-scanner-module-cache-path /Users/admin/builder/spi-builder-workspace/.derivedData/ModuleCache.noindex -sdk-module-cache-path /Users/admin/builder/spi-builder-workspace/.derivedData/ModuleCache.noindex -serialize-diagnostics -emit-dependencies -emit-module -emit-module-path /Users/admin/builder/spi-builder-workspace/.derivedData/Build/Intermediates.noindex/swift-argument-parser.build/Debug-watchos/ArgumentParser.build/Objects-normal/arm64/ArgumentParser.swiftmodule -validate-clang-modules-once -clang-build-session-file /Users/admin/builder/spi-builder-workspace/.derivedData/ModuleCache.noindex/Session.modulevalidation -Xcc -I/Users/admin/builder/spi-builder-workspace/.derivedData/Build/Intermediates.noindex/swift-argument-parser.build/Debug-watchos/ArgumentParser.build/swift-overrides.hmap -emit-const-values -Xfrontend -const-gather-protocols-file -Xfrontend /Users/admin/builder/spi-builder-workspace/.derivedData/Build/Intermediates.noindex/swift-argument-parser.build/Debug-watchos/ArgumentParser.build/Objects-normal/arm64/ArgumentParser_const_extract_protocols.json -Xcc -I/Users/admin/builder/spi-builder-workspace/.derivedData/Build/Products/Debug-watchos/include -Xcc -I/Users/admin/builder/spi-builder-workspace/.derivedData/Build/Intermediates.noindex/swift-argument-parser.build/Debug-watchos/ArgumentParser.build/DerivedSources-normal/arm64 -Xcc -I/Users/admin/builder/spi-builder-workspace/.derivedData/Build/Intermediates.noindex/swift-argument-parser.build/Debug-watchos/ArgumentParser.build/DerivedSources/arm64 -Xcc -I/Users/admin/builder/spi-builder-workspace/.derivedData/Build/Intermediates.noindex/swift-argument-parser.build/Debug-watchos/ArgumentParser.build/DerivedSources -Xcc -DSWIFT_PACKAGE -Xcc -DDEBUG\=1 -emit-objc-header -emit-objc-header-path /Users/admin/builder/spi-builder-workspace/.derivedData/Build/Intermediates.noindex/swift-argument-parser.build/Debug-watchos/ArgumentParser.build/Objects-normal/arm64/ArgumentParser-Swift.h -working-directory /Users/admin/builder/spi-builder-workspace/.swiftpm/xcode -experimental-emit-module-separately -disable-cmo
SwiftDriver ArgumentParser normal arm64_32 com.apple.xcode.tools.swift.compiler (in target 'ArgumentParser' from project 'swift-argument-parser')
    cd /Users/admin/builder/spi-builder-workspace/.swiftpm/xcode
    builtin-SwiftDriver -- /Applications/Xcode-26.3.0.app/Contents/Developer/Toolchains/XcodeDefault.xctoolchain/usr/bin/swiftc -module-name ArgumentParser -Onone -enforce-exclusivity\=checked @/Users/admin/builder/spi-builder-workspace/.derivedData/Build/Intermediates.noindex/swift-argument-parser.build/Debug-watchos/ArgumentParser.build/Objects-normal/arm64_32/ArgumentParser.SwiftFileList -DSWIFT_PACKAGE -DDEBUG -DSWIFT_MODULE_RESOURCE_BUNDLE_UNAVAILABLE -DXcode -plugin-path /Applications/Xcode-26.3.0.app/Contents/Developer/Toolchains/XcodeDefault.xctoolchain/usr/lib/swift/host/plugins/testing -enable-experimental-feature DebugDescriptionMacro -sdk /Applications/Xcode-26.3.0.app/Contents/Developer/Platforms/WatchOS.platform/Developer/SDKs/WatchOS26.2.sdk -target arm64_32-apple-watchos5.0 -g -module-cache-path /Users/admin/builder/spi-builder-workspace/.derivedData/ModuleCache.noindex -Xfrontend -serialize-debugging-options -profile-coverage-mapping -profile-generate -enable-testing -suppress-warnings -index-store-path /Users/admin/builder/spi-builder-workspace/.derivedData/Index.noindex/DataStore -Xcc -D_LIBCPP_HARDENING_MODE\=_LIBCPP_HARDENING_MODE_DEBUG -swift-version 5 -I /Users/admin/builder/spi-builder-workspace/.derivedData/Build/Products/Debug-watchos -Isystem /Applications/Xcode-26.3.0.app/Contents/Developer/Platforms/WatchOS.platform/Developer/usr/lib -F /Users/admin/builder/spi-builder-workspace/.derivedData/Build/Products/Debug-watchos/PackageFrameworks -F /Users/admin/builder/spi-builder-workspace/.derivedData/Build/Products/Debug-watchos -F /Applications/Xcode-26.3.0.app/Contents/Developer/Platforms/WatchOS.platform/Developer/Library/Frameworks -F /Applications/Xcode-26.3.0.app/Contents/Developer/Platforms/WatchOS.platform/Developer/SDKs/WatchOS26.2.sdk/Developer/Library/Frameworks -c -j10 -enable-batch-mode -incremental -Xcc -ivfsstatcache -Xcc /Users/admin/builder/spi-builder-workspace/.derivedData/SDKStatCaches.noindex/watchos26.2-23S303-dc75598d0054f22ec865fa860f139d721753b489057de6bda919edfa1c59a62b.sdkstatcache -output-file-map /Users/admin/builder/spi-builder-workspace/.derivedData/Build/Intermediates.noindex/swift-argument-parser.build/Debug-watchos/ArgumentParser.build/Objects-normal/arm64_32/ArgumentParser-OutputFileMap.json -use-frontend-parseable-output -save-temps -no-color-diagnostics -explicit-module-build -module-cache-path /Users/admin/builder/spi-builder-workspace/.derivedData/Build/Intermediates.noindex/SwiftExplicitPrecompiledModules -clang-scanner-module-cache-path /Users/admin/builder/spi-builder-workspace/.derivedData/ModuleCache.noindex -sdk-module-cache-path /Users/admin/builder/spi-builder-workspace/.derivedData/ModuleCache.noindex -serialize-diagnostics -emit-dependencies -emit-module -emit-module-path /Users/admin/builder/spi-builder-workspace/.derivedData/Build/Intermediates.noindex/swift-argument-parser.build/Debug-watchos/ArgumentParser.build/Objects-normal/arm64_32/ArgumentParser.swiftmodule -validate-clang-modules-once -clang-build-session-file /Users/admin/builder/spi-builder-workspace/.derivedData/ModuleCache.noindex/Session.modulevalidation -Xcc -I/Users/admin/builder/spi-builder-workspace/.derivedData/Build/Intermediates.noindex/swift-argument-parser.build/Debug-watchos/ArgumentParser.build/swift-overrides.hmap -emit-const-values -Xfrontend -const-gather-protocols-file -Xfrontend /Users/admin/builder/spi-builder-workspace/.derivedData/Build/Intermediates.noindex/swift-argument-parser.build/Debug-watchos/ArgumentParser.build/Objects-normal/arm64_32/ArgumentParser_const_extract_protocols.json -Xcc -I/Users/admin/builder/spi-builder-workspace/.derivedData/Build/Products/Debug-watchos/include -Xcc -I/Users/admin/builder/spi-builder-workspace/.derivedData/Build/Intermediates.noindex/swift-argument-parser.build/Debug-watchos/ArgumentParser.build/DerivedSources-normal/arm64_32 -Xcc -I/Users/admin/builder/spi-builder-workspace/.derivedData/Build/Intermediates.noindex/swift-argument-parser.build/Debug-watchos/ArgumentParser.build/DerivedSources/arm64_32 -Xcc -I/Users/admin/builder/spi-builder-workspace/.derivedData/Build/Intermediates.noindex/swift-argument-parser.build/Debug-watchos/ArgumentParser.build/DerivedSources -Xcc -DSWIFT_PACKAGE -Xcc -DDEBUG\=1 -emit-objc-header -emit-objc-header-path /Users/admin/builder/spi-builder-workspace/.derivedData/Build/Intermediates.noindex/swift-argument-parser.build/Debug-watchos/ArgumentParser.build/Objects-normal/arm64_32/ArgumentParser-Swift.h -working-directory /Users/admin/builder/spi-builder-workspace/.swiftpm/xcode -experimental-emit-module-separately -disable-cmo
SwiftDriverJobDiscovery normal arm64 Compiling ToolInfo.swift (in target 'ArgumentParserToolInfo' from project 'swift-argument-parser')
SwiftDriver\ Compilation ArgumentParserToolInfo normal arm64 com.apple.xcode.tools.swift.compiler (in target 'ArgumentParserToolInfo' from project 'swift-argument-parser')
    cd /Users/admin/builder/spi-builder-workspace/.swiftpm/xcode
    builtin-Swift-Compilation -- /Applications/Xcode-26.3.0.app/Contents/Developer/Toolchains/XcodeDefault.xctoolchain/usr/bin/swiftc -module-name ArgumentParserToolInfo -Onone -enforce-exclusivity\=checked @/Users/admin/builder/spi-builder-workspace/.derivedData/Build/Intermediates.noindex/swift-argument-parser.build/Debug-watchos/ArgumentParserToolInfo.build/Objects-normal/arm64/ArgumentParserToolInfo.SwiftFileList -DSWIFT_PACKAGE -DDEBUG -DSWIFT_MODULE_RESOURCE_BUNDLE_UNAVAILABLE -DXcode -plugin-path /Applications/Xcode-26.3.0.app/Contents/Developer/Toolchains/XcodeDefault.xctoolchain/usr/lib/swift/host/plugins/testing -enable-experimental-feature DebugDescriptionMacro -sdk /Applications/Xcode-26.3.0.app/Contents/Developer/Platforms/WatchOS.platform/Developer/SDKs/WatchOS26.2.sdk -target arm64-apple-watchos5.0 -g -module-cache-path /Users/admin/builder/spi-builder-workspace/.derivedData/ModuleCache.noindex -Xfrontend -serialize-debugging-options -profile-coverage-mapping -profile-generate -enable-testing -suppress-warnings -index-store-path /Users/admin/builder/spi-builder-workspace/.derivedData/Index.noindex/DataStore -Xcc -D_LIBCPP_HARDENING_MODE\=_LIBCPP_HARDENING_MODE_DEBUG -swift-version 5 -I /Users/admin/builder/spi-builder-workspace/.derivedData/Build/Products/Debug-watchos -Isystem /Applications/Xcode-26.3.0.app/Contents/Developer/Platforms/WatchOS.platform/Developer/usr/lib -F /Users/admin/builder/spi-builder-workspace/.derivedData/Build/Products/Debug-watchos -F /Applications/Xcode-26.3.0.app/Contents/Developer/Platforms/WatchOS.platform/Developer/Library/Frameworks -F /Applications/Xcode-26.3.0.app/Contents/Developer/Platforms/WatchOS.platform/Developer/SDKs/WatchOS26.2.sdk/Developer/Library/Frameworks -parse-as-library -c -j10 -enable-batch-mode -incremental -Xcc -ivfsstatcache -Xcc /Users/admin/builder/spi-builder-workspace/.derivedData/SDKStatCaches.noindex/watchos26.2-23S303-dc75598d0054f22ec865fa860f139d721753b489057de6bda919edfa1c59a62b.sdkstatcache -output-file-map /Users/admin/builder/spi-builder-workspace/.derivedData/Build/Intermediates.noindex/swift-argument-parser.build/Debug-watchos/ArgumentParserToolInfo.build/Objects-normal/arm64/ArgumentParserToolInfo-OutputFileMap.json -use-frontend-parseable-output -save-temps -no-color-diagnostics -explicit-module-build -module-cache-path /Users/admin/builder/spi-builder-workspace/.derivedData/Build/Intermediates.noindex/SwiftExplicitPrecompiledModules -clang-scanner-module-cache-path /Users/admin/builder/spi-builder-workspace/.derivedData/ModuleCache.noindex -sdk-module-cache-path /Users/admin/builder/spi-builder-workspace/.derivedData/ModuleCache.noindex -serialize-diagnostics -emit-dependencies -emit-module -emit-module-path /Users/admin/builder/spi-builder-workspace/.derivedData/Build/Intermediates.noindex/swift-argument-parser.build/Debug-watchos/ArgumentParserToolInfo.build/Objects-normal/arm64/ArgumentParserToolInfo.swiftmodule -validate-clang-modules-once -clang-build-session-file /Users/admin/builder/spi-builder-workspace/.derivedData/ModuleCache.noindex/Session.modulevalidation -Xcc -I/Users/admin/builder/spi-builder-workspace/.derivedData/Build/Intermediates.noindex/swift-argument-parser.build/Debug-watchos/ArgumentParserToolInfo.build/swift-overrides.hmap -emit-const-values -Xfrontend -const-gather-protocols-file -Xfrontend /Users/admin/builder/spi-builder-workspace/.derivedData/Build/Intermediates.noindex/swift-argument-parser.build/Debug-watchos/ArgumentParserToolInfo.build/Objects-normal/arm64/ArgumentParserToolInfo_const_extract_protocols.json -Xcc -I/Users/admin/builder/spi-builder-workspace/.derivedData/Build/Products/Debug-watchos/include -Xcc -I/Users/admin/builder/spi-builder-workspace/.derivedData/Build/Intermediates.noindex/swift-argument-parser.build/Debug-watchos/ArgumentParserToolInfo.build/DerivedSources-normal/arm64 -Xcc -I/Users/admin/builder/spi-builder-workspace/.derivedData/Build/Intermediates.noindex/swift-argument-parser.build/Debug-watchos/ArgumentParserToolInfo.build/DerivedSources/arm64 -Xcc -I/Users/admin/builder/spi-builder-workspace/.derivedData/Build/Intermediates.noindex/swift-argument-parser.build/Debug-watchos/ArgumentParserToolInfo.build/DerivedSources -Xcc -DSWIFT_PACKAGE -Xcc -DDEBUG\=1 -emit-objc-header -emit-objc-header-path /Users/admin/builder/spi-builder-workspace/.derivedData/Build/Intermediates.noindex/swift-argument-parser.build/Debug-watchos/ArgumentParserToolInfo.build/Objects-normal/arm64/ArgumentParserToolInfo-Swift.h -working-directory /Users/admin/builder/spi-builder-workspace/.swiftpm/xcode -experimental-emit-module-separately -disable-cmo
SwiftDriverJobDiscovery normal armv7k Compiling ToolInfo.swift (in target 'ArgumentParserToolInfo' from project 'swift-argument-parser')
SwiftDriver\ Compilation ArgumentParserToolInfo normal armv7k com.apple.xcode.tools.swift.compiler (in target 'ArgumentParserToolInfo' from project 'swift-argument-parser')
    cd /Users/admin/builder/spi-builder-workspace/.swiftpm/xcode
    builtin-Swift-Compilation -- /Applications/Xcode-26.3.0.app/Contents/Developer/Toolchains/XcodeDefault.xctoolchain/usr/bin/swiftc -module-name ArgumentParserToolInfo -Onone -enforce-exclusivity\=checked @/Users/admin/builder/spi-builder-workspace/.derivedData/Build/Intermediates.noindex/swift-argument-parser.build/Debug-watchos/ArgumentParserToolInfo.build/Objects-normal/armv7k/ArgumentParserToolInfo.SwiftFileList -DSWIFT_PACKAGE -DDEBUG -DSWIFT_MODULE_RESOURCE_BUNDLE_UNAVAILABLE -DXcode -plugin-path /Applications/Xcode-26.3.0.app/Contents/Developer/Toolchains/XcodeDefault.xctoolchain/usr/lib/swift/host/plugins/testing -enable-experimental-feature DebugDescriptionMacro -sdk /Applications/Xcode-26.3.0.app/Contents/Developer/Platforms/WatchOS.platform/Developer/SDKs/WatchOS26.2.sdk -target armv7k-apple-watchos5.0 -g -module-cache-path /Users/admin/builder/spi-builder-workspace/.derivedData/ModuleCache.noindex -Xfrontend -serialize-debugging-options -profile-coverage-mapping -profile-generate -enable-testing -suppress-warnings -index-store-path /Users/admin/builder/spi-builder-workspace/.derivedData/Index.noindex/DataStore -Xcc -D_LIBCPP_HARDENING_MODE\=_LIBCPP_HARDENING_MODE_DEBUG -swift-version 5 -I /Users/admin/builder/spi-builder-workspace/.derivedData/Build/Products/Debug-watchos -Isystem /Applications/Xcode-26.3.0.app/Contents/Developer/Platforms/WatchOS.platform/Developer/usr/lib -F /Users/admin/builder/spi-builder-workspace/.derivedData/Build/Products/Debug-watchos -F /Applications/Xcode-26.3.0.app/Contents/Developer/Platforms/WatchOS.platform/Developer/Library/Frameworks -F /Applications/Xcode-26.3.0.app/Contents/Developer/Platforms/WatchOS.platform/Developer/SDKs/WatchOS26.2.sdk/Developer/Library/Frameworks -parse-as-library -c -j10 -enable-batch-mode -incremental -Xcc -ivfsstatcache -Xcc /Users/admin/builder/spi-builder-workspace/.derivedData/SDKStatCaches.noindex/watchos26.2-23S303-dc75598d0054f22ec865fa860f139d721753b489057de6bda919edfa1c59a62b.sdkstatcache -output-file-map /Users/admin/builder/spi-builder-workspace/.derivedData/Build/Intermediates.noindex/swift-argument-parser.build/Debug-watchos/ArgumentParserToolInfo.build/Objects-normal/armv7k/ArgumentParserToolInfo-OutputFileMap.json -use-frontend-parseable-output -save-temps -no-color-diagnostics -explicit-module-build -module-cache-path /Users/admin/builder/spi-builder-workspace/.derivedData/Build/Intermediates.noindex/SwiftExplicitPrecompiledModules -clang-scanner-module-cache-path /Users/admin/builder/spi-builder-workspace/.derivedData/ModuleCache.noindex -sdk-module-cache-path /Users/admin/builder/spi-builder-workspace/.derivedData/ModuleCache.noindex -serialize-diagnostics -emit-dependencies -emit-module -emit-module-path /Users/admin/builder/spi-builder-workspace/.derivedData/Build/Intermediates.noindex/swift-argument-parser.build/Debug-watchos/ArgumentParserToolInfo.build/Objects-normal/armv7k/ArgumentParserToolInfo.swiftmodule -validate-clang-modules-once -clang-build-session-file /Users/admin/builder/spi-builder-workspace/.derivedData/ModuleCache.noindex/Session.modulevalidation -Xcc -I/Users/admin/builder/spi-builder-workspace/.derivedData/Build/Intermediates.noindex/swift-argument-parser.build/Debug-watchos/ArgumentParserToolInfo.build/swift-overrides.hmap -emit-const-values -Xfrontend -const-gather-protocols-file -Xfrontend /Users/admin/builder/spi-builder-workspace/.derivedData/Build/Intermediates.noindex/swift-argument-parser.build/Debug-watchos/ArgumentParserToolInfo.build/Objects-normal/armv7k/ArgumentParserToolInfo_const_extract_protocols.json -Xcc -I/Users/admin/builder/spi-builder-workspace/.derivedData/Build/Products/Debug-watchos/include -Xcc -I/Users/admin/builder/spi-builder-workspace/.derivedData/Build/Intermediates.noindex/swift-argument-parser.build/Debug-watchos/ArgumentParserToolInfo.build/DerivedSources-normal/armv7k -Xcc -I/Users/admin/builder/spi-builder-workspace/.derivedData/Build/Intermediates.noindex/swift-argument-parser.build/Debug-watchos/ArgumentParserToolInfo.build/DerivedSources/armv7k -Xcc -I/Users/admin/builder/spi-builder-workspace/.derivedData/Build/Intermediates.noindex/swift-argument-parser.build/Debug-watchos/ArgumentParserToolInfo.build/DerivedSources -Xcc -DSWIFT_PACKAGE -Xcc -DDEBUG\=1 -emit-objc-header -emit-objc-header-path /Users/admin/builder/spi-builder-workspace/.derivedData/Build/Intermediates.noindex/swift-argument-parser.build/Debug-watchos/ArgumentParserToolInfo.build/Objects-normal/armv7k/ArgumentParserToolInfo-Swift.h -working-directory /Users/admin/builder/spi-builder-workspace/.swiftpm/xcode -experimental-emit-module-separately -disable-cmo
Ld /Users/admin/builder/spi-builder-workspace/.derivedData/Build/Intermediates.noindex/swift-argument-parser.build/Debug-watchos/ArgumentParserToolInfo.build/Objects-normal/arm64/Binary/ArgumentParserToolInfo.o normal arm64 (in target 'ArgumentParserToolInfo' from project 'swift-argument-parser')
    cd /Users/admin/builder/spi-builder-workspace/.dependencies/checkouts/swift-argument-parser
    /Applications/Xcode-26.3.0.app/Contents/Developer/Toolchains/XcodeDefault.xctoolchain/usr/bin/clang -Xlinker -reproducible -target arm64-apple-watchos5.0 -r -isysroot /Applications/Xcode-26.3.0.app/Contents/Developer/Platforms/WatchOS.platform/Developer/SDKs/WatchOS26.2.sdk -O0 -w -L/Users/admin/builder/spi-builder-workspace/.derivedData/Build/Intermediates.noindex/EagerLinkingTBDs/Debug-watchos -L/Users/admin/builder/spi-builder-workspace/.derivedData/Build/Products/Debug-watchos -L/Applications/Xcode-26.3.0.app/Contents/Developer/Platforms/WatchOS.platform/Developer/usr/lib -F/Users/admin/builder/spi-builder-workspace/.derivedData/Build/Intermediates.noindex/EagerLinkingTBDs/Debug-watchos -F/Users/admin/builder/spi-builder-workspace/.derivedData/Build/Products/Debug-watchos -iframework /Applications/Xcode-26.3.0.app/Contents/Developer/Platforms/WatchOS.platform/Developer/Library/Frameworks -iframework /Applications/Xcode-26.3.0.app/Contents/Developer/Platforms/WatchOS.platform/Developer/SDKs/WatchOS26.2.sdk/Developer/Library/Frameworks -filelist /Users/admin/builder/spi-builder-workspace/.derivedData/Build/Intermediates.noindex/swift-argument-parser.build/Debug-watchos/ArgumentParserToolInfo.build/Objects-normal/arm64/ArgumentParserToolInfo.LinkFileList -nostdlib -Xlinker -object_path_lto -Xlinker /Users/admin/builder/spi-builder-workspace/.derivedData/Build/Intermediates.noindex/swift-argument-parser.build/Debug-watchos/ArgumentParserToolInfo.build/Objects-normal/arm64/ArgumentParserToolInfo_lto.o -rdynamic -Xlinker -no_deduplicate -Xlinker -debug_variant -Xlinker -dependency_info -Xlinker /Users/admin/builder/spi-builder-workspace/.derivedData/Build/Intermediates.noindex/swift-argument-parser.build/Debug-watchos/ArgumentParserToolInfo.build/Objects-normal/arm64/ArgumentParserToolInfo_dependency_info.dat -fobjc-link-runtime -L/Applications/Xcode-26.3.0.app/Contents/Developer/Toolchains/XcodeDefault.xctoolchain/usr/lib/swift/watchos -L/usr/lib/swift -Xlinker -add_ast_path -Xlinker /Users/admin/builder/spi-builder-workspace/.derivedData/Build/Intermediates.noindex/swift-argument-parser.build/Debug-watchos/ArgumentParserToolInfo.build/Objects-normal/arm64/ArgumentParserToolInfo.swiftmodule @/Users/admin/builder/spi-builder-workspace/.derivedData/Build/Intermediates.noindex/swift-argument-parser.build/Debug-watchos/ArgumentParserToolInfo.build/Objects-normal/arm64/ArgumentParserToolInfo-linker-args.resp -o /Users/admin/builder/spi-builder-workspace/.derivedData/Build/Intermediates.noindex/swift-argument-parser.build/Debug-watchos/ArgumentParserToolInfo.build/Objects-normal/arm64/Binary/ArgumentParserToolInfo.o
Ld /Users/admin/builder/spi-builder-workspace/.derivedData/Build/Intermediates.noindex/swift-argument-parser.build/Debug-watchos/ArgumentParserToolInfo.build/Objects-normal/armv7k/Binary/ArgumentParserToolInfo.o normal armv7k (in target 'ArgumentParserToolInfo' from project 'swift-argument-parser')
    cd /Users/admin/builder/spi-builder-workspace/.dependencies/checkouts/swift-argument-parser
    /Applications/Xcode-26.3.0.app/Contents/Developer/Toolchains/XcodeDefault.xctoolchain/usr/bin/clang -Xlinker -reproducible -target armv7k-apple-watchos5.0 -r -isysroot /Applications/Xcode-26.3.0.app/Contents/Developer/Platforms/WatchOS.platform/Developer/SDKs/WatchOS26.2.sdk -O0 -w -L/Users/admin/builder/spi-builder-workspace/.derivedData/Build/Intermediates.noindex/EagerLinkingTBDs/Debug-watchos -L/Users/admin/builder/spi-builder-workspace/.derivedData/Build/Products/Debug-watchos -L/Applications/Xcode-26.3.0.app/Contents/Developer/Platforms/WatchOS.platform/Developer/usr/lib -F/Users/admin/builder/spi-builder-workspace/.derivedData/Build/Intermediates.noindex/EagerLinkingTBDs/Debug-watchos -F/Users/admin/builder/spi-builder-workspace/.derivedData/Build/Products/Debug-watchos -iframework /Applications/Xcode-26.3.0.app/Contents/Developer/Platforms/WatchOS.platform/Developer/Library/Frameworks -iframework /Applications/Xcode-26.3.0.app/Contents/Developer/Platforms/WatchOS.platform/Developer/SDKs/WatchOS26.2.sdk/Developer/Library/Frameworks -filelist /Users/admin/builder/spi-builder-workspace/.derivedData/Build/Intermediates.noindex/swift-argument-parser.build/Debug-watchos/ArgumentParserToolInfo.build/Objects-normal/armv7k/ArgumentParserToolInfo.LinkFileList -nostdlib -Xlinker -object_path_lto -Xlinker /Users/admin/builder/spi-builder-workspace/.derivedData/Build/Intermediates.noindex/swift-argument-parser.build/Debug-watchos/ArgumentParserToolInfo.build/Objects-normal/armv7k/ArgumentParserToolInfo_lto.o -rdynamic -Xlinker -no_deduplicate -Xlinker -debug_variant -Xlinker -dependency_info -Xlinker /Users/admin/builder/spi-builder-workspace/.derivedData/Build/Intermediates.noindex/swift-argument-parser.build/Debug-watchos/ArgumentParserToolInfo.build/Objects-normal/armv7k/ArgumentParserToolInfo_dependency_info.dat -fobjc-link-runtime -L/Applications/Xcode-26.3.0.app/Contents/Developer/Toolchains/XcodeDefault.xctoolchain/usr/lib/swift/watchos -L/usr/lib/swift -Xlinker -add_ast_path -Xlinker /Users/admin/builder/spi-builder-workspace/.derivedData/Build/Intermediates.noindex/swift-argument-parser.build/Debug-watchos/ArgumentParserToolInfo.build/Objects-normal/armv7k/ArgumentParserToolInfo.swiftmodule @/Users/admin/builder/spi-builder-workspace/.derivedData/Build/Intermediates.noindex/swift-argument-parser.build/Debug-watchos/ArgumentParserToolInfo.build/Objects-normal/armv7k/ArgumentParserToolInfo-linker-args.resp -o /Users/admin/builder/spi-builder-workspace/.derivedData/Build/Intermediates.noindex/swift-argument-parser.build/Debug-watchos/ArgumentParserToolInfo.build/Objects-normal/armv7k/Binary/ArgumentParserToolInfo.o
SwiftDriverJobDiscovery normal arm64_32 Compiling ToolInfo.swift (in target 'ArgumentParserToolInfo' from project 'swift-argument-parser')
SwiftDriver\ Compilation ArgumentParserToolInfo normal arm64_32 com.apple.xcode.tools.swift.compiler (in target 'ArgumentParserToolInfo' from project 'swift-argument-parser')
    cd /Users/admin/builder/spi-builder-workspace/.swiftpm/xcode
    builtin-Swift-Compilation -- /Applications/Xcode-26.3.0.app/Contents/Developer/Toolchains/XcodeDefault.xctoolchain/usr/bin/swiftc -module-name ArgumentParserToolInfo -Onone -enforce-exclusivity\=checked @/Users/admin/builder/spi-builder-workspace/.derivedData/Build/Intermediates.noindex/swift-argument-parser.build/Debug-watchos/ArgumentParserToolInfo.build/Objects-normal/arm64_32/ArgumentParserToolInfo.SwiftFileList -DSWIFT_PACKAGE -DDEBUG -DSWIFT_MODULE_RESOURCE_BUNDLE_UNAVAILABLE -DXcode -plugin-path /Applications/Xcode-26.3.0.app/Contents/Developer/Toolchains/XcodeDefault.xctoolchain/usr/lib/swift/host/plugins/testing -enable-experimental-feature DebugDescriptionMacro -sdk /Applications/Xcode-26.3.0.app/Contents/Developer/Platforms/WatchOS.platform/Developer/SDKs/WatchOS26.2.sdk -target arm64_32-apple-watchos5.0 -g -module-cache-path /Users/admin/builder/spi-builder-workspace/.derivedData/ModuleCache.noindex -Xfrontend -serialize-debugging-options -profile-coverage-mapping -profile-generate -enable-testing -suppress-warnings -index-store-path /Users/admin/builder/spi-builder-workspace/.derivedData/Index.noindex/DataStore -Xcc -D_LIBCPP_HARDENING_MODE\=_LIBCPP_HARDENING_MODE_DEBUG -swift-version 5 -I /Users/admin/builder/spi-builder-workspace/.derivedData/Build/Products/Debug-watchos -Isystem /Applications/Xcode-26.3.0.app/Contents/Developer/Platforms/WatchOS.platform/Developer/usr/lib -F /Users/admin/builder/spi-builder-workspace/.derivedData/Build/Products/Debug-watchos -F /Applications/Xcode-26.3.0.app/Contents/Developer/Platforms/WatchOS.platform/Developer/Library/Frameworks -F /Applications/Xcode-26.3.0.app/Contents/Developer/Platforms/WatchOS.platform/Developer/SDKs/WatchOS26.2.sdk/Developer/Library/Frameworks -parse-as-library -c -j10 -enable-batch-mode -incremental -Xcc -ivfsstatcache -Xcc /Users/admin/builder/spi-builder-workspace/.derivedData/SDKStatCaches.noindex/watchos26.2-23S303-dc75598d0054f22ec865fa860f139d721753b489057de6bda919edfa1c59a62b.sdkstatcache -output-file-map /Users/admin/builder/spi-builder-workspace/.derivedData/Build/Intermediates.noindex/swift-argument-parser.build/Debug-watchos/ArgumentParserToolInfo.build/Objects-normal/arm64_32/ArgumentParserToolInfo-OutputFileMap.json -use-frontend-parseable-output -save-temps -no-color-diagnostics -explicit-module-build -module-cache-path /Users/admin/builder/spi-builder-workspace/.derivedData/Build/Intermediates.noindex/SwiftExplicitPrecompiledModules -clang-scanner-module-cache-path /Users/admin/builder/spi-builder-workspace/.derivedData/ModuleCache.noindex -sdk-module-cache-path /Users/admin/builder/spi-builder-workspace/.derivedData/ModuleCache.noindex -serialize-diagnostics -emit-dependencies -emit-module -emit-module-path /Users/admin/builder/spi-builder-workspace/.derivedData/Build/Intermediates.noindex/swift-argument-parser.build/Debug-watchos/ArgumentParserToolInfo.build/Objects-normal/arm64_32/ArgumentParserToolInfo.swiftmodule -validate-clang-modules-once -clang-build-session-file /Users/admin/builder/spi-builder-workspace/.derivedData/ModuleCache.noindex/Session.modulevalidation -Xcc -I/Users/admin/builder/spi-builder-workspace/.derivedData/Build/Intermediates.noindex/swift-argument-parser.build/Debug-watchos/ArgumentParserToolInfo.build/swift-overrides.hmap -emit-const-values -Xfrontend -const-gather-protocols-file -Xfrontend /Users/admin/builder/spi-builder-workspace/.derivedData/Build/Intermediates.noindex/swift-argument-parser.build/Debug-watchos/ArgumentParserToolInfo.build/Objects-normal/arm64_32/ArgumentParserToolInfo_const_extract_protocols.json -Xcc -I/Users/admin/builder/spi-builder-workspace/.derivedData/Build/Products/Debug-watchos/include -Xcc -I/Users/admin/builder/spi-builder-workspace/.derivedData/Build/Intermediates.noindex/swift-argument-parser.build/Debug-watchos/ArgumentParserToolInfo.build/DerivedSources-normal/arm64_32 -Xcc -I/Users/admin/builder/spi-builder-workspace/.derivedData/Build/Intermediates.noindex/swift-argument-parser.build/Debug-watchos/ArgumentParserToolInfo.build/DerivedSources/arm64_32 -Xcc -I/Users/admin/builder/spi-builder-workspace/.derivedData/Build/Intermediates.noindex/swift-argument-parser.build/Debug-watchos/ArgumentParserToolInfo.build/DerivedSources -Xcc -DSWIFT_PACKAGE -Xcc -DDEBUG\=1 -emit-objc-header -emit-objc-header-path /Users/admin/builder/spi-builder-workspace/.derivedData/Build/Intermediates.noindex/swift-argument-parser.build/Debug-watchos/ArgumentParserToolInfo.build/Objects-normal/arm64_32/ArgumentParserToolInfo-Swift.h -working-directory /Users/admin/builder/spi-builder-workspace/.swiftpm/xcode -experimental-emit-module-separately -disable-cmo
SwiftExplicitDependencyGeneratePcm arm64_32 /Users/admin/builder/spi-builder-workspace/.derivedData/ModuleCache.noindex/ptrauth-F18G3AZ9IODJJKSCG3V4PZ9QF.pcm
SwiftExplicitDependencyGeneratePcm arm64_32 /Users/admin/builder/spi-builder-workspace/.derivedData/ModuleCache.noindex/_AvailabilityInternal-AT45JBTV7ZIGO40P4HOV38OTX.pcm
SwiftExplicitDependencyGeneratePcm arm64_32 /Users/admin/builder/spi-builder-workspace/.derivedData/ModuleCache.noindex/_Builtin_stdarg-3DKNO61VH3IRYCOYDXNL008WT.pcm
SwiftExplicitDependencyGeneratePcm arm64_32 /Users/admin/builder/spi-builder-workspace/.derivedData/ModuleCache.noindex/_Builtin_stdbool-BKC6HA5TVF8P9O7Q30CRXJ02T.pcm
SwiftExplicitDependencyGeneratePcm arm64_32 /Users/admin/builder/spi-builder-workspace/.derivedData/ModuleCache.noindex/ptrcheck-AA5GJME3GXGO73H210XMPC07G.pcm
SwiftExplicitDependencyGeneratePcm arm64_32 /Users/admin/builder/spi-builder-workspace/.derivedData/ModuleCache.noindex/_Builtin_stddef-3Z25006GJEEIO9SU5HVXBBBAT.pcm
SwiftExplicitDependencyGeneratePcm arm64 /Users/admin/builder/spi-builder-workspace/.derivedData/ModuleCache.noindex/ptrcheck-BZQSFWKT9QTVPI5QDZ5NVKV9.pcm
SwiftExplicitDependencyGeneratePcm arm64 /Users/admin/builder/spi-builder-workspace/.derivedData/ModuleCache.noindex/ptrauth-2QN0W8EE9P0TVYCIGO0RALCET.pcm
Ld /Users/admin/builder/spi-builder-workspace/.derivedData/Build/Intermediates.noindex/swift-argument-parser.build/Debug-watchos/ArgumentParserToolInfo.build/Objects-normal/arm64_32/Binary/ArgumentParserToolInfo.o normal arm64_32 (in target 'ArgumentParserToolInfo' from project 'swift-argument-parser')
    cd /Users/admin/builder/spi-builder-workspace/.dependencies/checkouts/swift-argument-parser
    /Applications/Xcode-26.3.0.app/Contents/Developer/Toolchains/XcodeDefault.xctoolchain/usr/bin/clang -Xlinker -reproducible -target arm64_32-apple-watchos5.0 -r -isysroot /Applications/Xcode-26.3.0.app/Contents/Developer/Platforms/WatchOS.platform/Developer/SDKs/WatchOS26.2.sdk -O0 -w -L/Users/admin/builder/spi-builder-workspace/.derivedData/Build/Intermediates.noindex/EagerLinkingTBDs/Debug-watchos -L/Users/admin/builder/spi-builder-workspace/.derivedData/Build/Products/Debug-watchos -L/Applications/Xcode-26.3.0.app/Contents/Developer/Platforms/WatchOS.platform/Developer/usr/lib -F/Users/admin/builder/spi-builder-workspace/.derivedData/Build/Intermediates.noindex/EagerLinkingTBDs/Debug-watchos -F/Users/admin/builder/spi-builder-workspace/.derivedData/Build/Products/Debug-watchos -iframework /Applications/Xcode-26.3.0.app/Contents/Developer/Platforms/WatchOS.platform/Developer/Library/Frameworks -iframework /Applications/Xcode-26.3.0.app/Contents/Developer/Platforms/WatchOS.platform/Developer/SDKs/WatchOS26.2.sdk/Developer/Library/Frameworks -filelist /Users/admin/builder/spi-builder-workspace/.derivedData/Build/Intermediates.noindex/swift-argument-parser.build/Debug-watchos/ArgumentParserToolInfo.build/Objects-normal/arm64_32/ArgumentParserToolInfo.LinkFileList -nostdlib -Xlinker -object_path_lto -Xlinker /Users/admin/builder/spi-builder-workspace/.derivedData/Build/Intermediates.noindex/swift-argument-parser.build/Debug-watchos/ArgumentParserToolInfo.build/Objects-normal/arm64_32/ArgumentParserToolInfo_lto.o -rdynamic -Xlinker -no_deduplicate -Xlinker -debug_variant -Xlinker -dependency_info -Xlinker /Users/admin/builder/spi-builder-workspace/.derivedData/Build/Intermediates.noindex/swift-argument-parser.build/Debug-watchos/ArgumentParserToolInfo.build/Objects-normal/arm64_32/ArgumentParserToolInfo_dependency_info.dat -fobjc-link-runtime -L/Applications/Xcode-26.3.0.app/Contents/Developer/Toolchains/XcodeDefault.xctoolchain/usr/lib/swift/watchos -L/usr/lib/swift -Xlinker -add_ast_path -Xlinker /Users/admin/builder/spi-builder-workspace/.derivedData/Build/Intermediates.noindex/swift-argument-parser.build/Debug-watchos/ArgumentParserToolInfo.build/Objects-normal/arm64_32/ArgumentParserToolInfo.swiftmodule @/Users/admin/builder/spi-builder-workspace/.derivedData/Build/Intermediates.noindex/swift-argument-parser.build/Debug-watchos/ArgumentParserToolInfo.build/Objects-normal/arm64_32/ArgumentParserToolInfo-linker-args.resp -o /Users/admin/builder/spi-builder-workspace/.derivedData/Build/Intermediates.noindex/swift-argument-parser.build/Debug-watchos/ArgumentParserToolInfo.build/Objects-normal/arm64_32/Binary/ArgumentParserToolInfo.o
SwiftExplicitDependencyGeneratePcm arm64 /Users/admin/builder/spi-builder-workspace/.derivedData/ModuleCache.noindex/_Builtin_stdarg-41VMB7R3H5MIU0RJWRTVECF73.pcm
SwiftExplicitDependencyGeneratePcm armv7k /Users/admin/builder/spi-builder-workspace/.derivedData/ModuleCache.noindex/_Builtin_stdarg-1BUNRX2QJIKYWJ1962CPXCMS2.pcm
SwiftExplicitDependencyGeneratePcm armv7k /Users/admin/builder/spi-builder-workspace/.derivedData/ModuleCache.noindex/ptrauth-9IB0Q37XD4KBICFV9JN0WA751.pcm
SwiftExplicitDependencyGeneratePcm arm64 /Users/admin/builder/spi-builder-workspace/.derivedData/ModuleCache.noindex/_Builtin_float-BH8TSRPG6J1WAF94R6BGWMCH7.pcm
SwiftExplicitDependencyGeneratePcm arm64 /Users/admin/builder/spi-builder-workspace/.derivedData/ModuleCache.noindex/_AvailabilityInternal-AHCR9CD21F4JF161R0D7SVS8U.pcm
SwiftExplicitDependencyGeneratePcm arm64_32 /Users/admin/builder/spi-builder-workspace/.derivedData/ModuleCache.noindex/_Builtin_float-84HIG4SRMTELEAL8REICO3HZ8.pcm
SwiftExplicitDependencyGeneratePcm armv7k /Users/admin/builder/spi-builder-workspace/.derivedData/ModuleCache.noindex/_Builtin_stdbool-3SSVOWQSYKMDF9LAAICA6FU9H.pcm
SwiftExplicitDependencyGeneratePcm armv7k /Users/admin/builder/spi-builder-workspace/.derivedData/ModuleCache.noindex/_Builtin_float-3ADR5SOKJ0KGO3UK7SNQTCDOV.pcm
SwiftExplicitDependencyGeneratePcm arm64 /Users/admin/builder/spi-builder-workspace/.derivedData/ModuleCache.noindex/_Builtin_stddef-BFZNESQOB31O3W68M3ZQ64Q5W.pcm
SwiftExplicitDependencyGeneratePcm armv7k /Users/admin/builder/spi-builder-workspace/.derivedData/ModuleCache.noindex/_Builtin_stddef-BOED5FAOPQQQ8EQJ4TOKIV54N.pcm
SwiftExplicitDependencyGeneratePcm arm64_32 /Users/admin/builder/spi-builder-workspace/.derivedData/ModuleCache.noindex/_DarwinFoundation1-CO2PQHYUB6SXX1609DCI88KWW.pcm
SwiftExplicitDependencyGeneratePcm arm64 /Users/admin/builder/spi-builder-workspace/.derivedData/ModuleCache.noindex/_Builtin_stdbool-3NJZE36R00VOGM327EIZI9T3M.pcm
SwiftExplicitDependencyGeneratePcm armv7k /Users/admin/builder/spi-builder-workspace/.derivedData/ModuleCache.noindex/_AvailabilityInternal-EY3BO3AT1IVA0A77O3J98LWL9.pcm
SwiftExplicitDependencyGeneratePcm armv7k /Users/admin/builder/spi-builder-workspace/.derivedData/ModuleCache.noindex/ptrcheck-7LSYX6ETTNTOSEGXFGUGJ6PK3.pcm
SwiftExplicitDependencyGeneratePcm arm64 /Users/admin/builder/spi-builder-workspace/.derivedData/ModuleCache.noindex/_DarwinFoundation1-62SI4S8RO7TETG2MCQSI4A3XV.pcm
SwiftExplicitDependencyGeneratePcm armv7k /Users/admin/builder/spi-builder-workspace/.derivedData/ModuleCache.noindex/_DarwinFoundation1-40Y0GY8OI3OSKKP8R25QSVVE3.pcm
SwiftExplicitDependencyGeneratePcm arm64_32 /Users/admin/builder/spi-builder-workspace/.derivedData/ModuleCache.noindex/_DarwinFoundation2-6JM2KNJ9H81ZXHOMC1GP42DUU.pcm
SwiftExplicitDependencyGeneratePcm arm64_32 /Users/admin/builder/spi-builder-workspace/.derivedData/ModuleCache.noindex/_Builtin_limits-16SFP6KSMIWQ8B99YQSPO00CA.pcm
SwiftExplicitDependencyGeneratePcm arm64 /Users/admin/builder/spi-builder-workspace/.derivedData/ModuleCache.noindex/_DarwinFoundation2-3OGFNC97XNG95QAEKS0YO8UBN.pcm
SwiftExplicitDependencyGeneratePcm arm64 /Users/admin/builder/spi-builder-workspace/.derivedData/ModuleCache.noindex/_Builtin_limits-9VZV7C5F1EZGAP8H0JA8WSO4Q.pcm
SwiftExplicitDependencyGeneratePcm armv7k /Users/admin/builder/spi-builder-workspace/.derivedData/ModuleCache.noindex/_DarwinFoundation2-BT0IZXKWGRC26OHMXRQP4KCL7.pcm
SwiftExplicitDependencyGeneratePcm armv7k /Users/admin/builder/spi-builder-workspace/.derivedData/ModuleCache.noindex/_Builtin_limits-6NBGT2WJSUPAB4EVSOZY77RUO.pcm
SwiftExplicitDependencyGeneratePcm arm64_32 /Users/admin/builder/spi-builder-workspace/.derivedData/ModuleCache.noindex/sys_types-6IGHFPLJZ2RML3741F56ZZ5ZT.pcm
SwiftExplicitDependencyGeneratePcm arm64_32 /Users/admin/builder/spi-builder-workspace/.derivedData/ModuleCache.noindex/_Builtin_stdint-3BQE5BZTYE88T0M371GAOOGVD.pcm
SwiftExplicitDependencyGeneratePcm arm64 /Users/admin/builder/spi-builder-workspace/.derivedData/ModuleCache.noindex/sys_types-PSIKW7TKZEXDG48ELPF5NJDG.pcm
SwiftExplicitDependencyGeneratePcm arm64 /Users/admin/builder/spi-builder-workspace/.derivedData/ModuleCache.noindex/_Builtin_stdint-8ZJTN8FQ97QD3ZI7LN5FDVJTO.pcm
SwiftExplicitDependencyGeneratePcm armv7k /Users/admin/builder/spi-builder-workspace/.derivedData/ModuleCache.noindex/sys_types-4V3MXF0AZ6FFESLHZ4XDAQWO.pcm
SwiftExplicitDependencyGeneratePcm armv7k /Users/admin/builder/spi-builder-workspace/.derivedData/ModuleCache.noindex/_Builtin_stdint-2A9H3A0UDJUS1JZ3QYPEVPIQY.pcm
SwiftExplicitDependencyGeneratePcm arm64_32 /Users/admin/builder/spi-builder-workspace/.derivedData/ModuleCache.noindex/_DarwinFoundation3-63S8DE4XS2Z7PX40IJT7E3C7Z.pcm
SwiftExplicitDependencyGeneratePcm arm64 /Users/admin/builder/spi-builder-workspace/.derivedData/ModuleCache.noindex/_DarwinFoundation3-ILL00H0NKGBSR66IVDH0VQYU.pcm
SwiftExplicitDependencyGeneratePcm armv7k /Users/admin/builder/spi-builder-workspace/.derivedData/ModuleCache.noindex/_DarwinFoundation3-5HWJ90APJV29HBJZ1GCG2496G.pcm
SwiftExplicitDependencyGeneratePcm arm64_32 /Users/admin/builder/spi-builder-workspace/.derivedData/ModuleCache.noindex/_Builtin_inttypes-5P80S42MS2VPUGI7EDKPUDHF8.pcm
SwiftExplicitDependencyGeneratePcm armv7k /Users/admin/builder/spi-builder-workspace/.derivedData/ModuleCache.noindex/_Builtin_inttypes-4MDQH1XLLJELBM7URYV2B5YSC.pcm
SwiftExplicitDependencyGeneratePcm arm64 /Users/admin/builder/spi-builder-workspace/.derivedData/ModuleCache.noindex/_Builtin_inttypes-897GQ8ARCL7XJYWFZ8GL6MRYP.pcm
SwiftExplicitDependencyGeneratePcm arm64_32 /Users/admin/builder/spi-builder-workspace/.derivedData/ModuleCache.noindex/Darwin-BG4OSZX6KQ5RMFPXQBYF68CTW.pcm
SwiftExplicitDependencyGeneratePcm armv7k /Users/admin/builder/spi-builder-workspace/.derivedData/ModuleCache.noindex/Darwin-807D2OYS88E3OZYDM6JOFU63R.pcm
SwiftExplicitDependencyGeneratePcm arm64 /Users/admin/builder/spi-builder-workspace/.derivedData/ModuleCache.noindex/Darwin-1Q936C34TTHGDXQO7XAUROOJA.pcm
CreateUniversalBinary /Users/admin/builder/spi-builder-workspace/.derivedData/Build/Products/Debug-watchos/ArgumentParserToolInfo.o normal arm64\ armv7k\ arm64_32 (in target 'ArgumentParserToolInfo' from project 'swift-argument-parser')
    cd /Users/admin/builder/spi-builder-workspace/.dependencies/checkouts/swift-argument-parser
    /Applications/Xcode-26.3.0.app/Contents/Developer/Toolchains/XcodeDefault.xctoolchain/usr/bin/lipo -create /Users/admin/builder/spi-builder-workspace/.derivedData/Build/Intermediates.noindex/swift-argument-parser.build/Debug-watchos/ArgumentParserToolInfo.build/Objects-normal/arm64/Binary/ArgumentParserToolInfo.o /Users/admin/builder/spi-builder-workspace/.derivedData/Build/Intermediates.noindex/swift-argument-parser.build/Debug-watchos/ArgumentParserToolInfo.build/Objects-normal/armv7k/Binary/ArgumentParserToolInfo.o /Users/admin/builder/spi-builder-workspace/.derivedData/Build/Intermediates.noindex/swift-argument-parser.build/Debug-watchos/ArgumentParserToolInfo.build/Objects-normal/arm64_32/Binary/ArgumentParserToolInfo.o -output /Users/admin/builder/spi-builder-workspace/.derivedData/Build/Products/Debug-watchos/ArgumentParserToolInfo.o
ExtractAppIntentsMetadata (in target 'ArgumentParserToolInfo' from project 'swift-argument-parser')
    cd /Users/admin/builder/spi-builder-workspace/.dependencies/checkouts/swift-argument-parser
    /Applications/Xcode-26.3.0.app/Contents/Developer/Toolchains/XcodeDefault.xctoolchain/usr/bin/appintentsmetadataprocessor --toolchain-dir /var/run/com.apple.security.cryptexd/mnt/com.apple.MobileAsset.MetalToolchain-v17.3.7003.10.DL00mA/Metal.xctoolchain --module-name ArgumentParserToolInfo --sdk-root /Applications/Xcode-26.3.0.app/Contents/Developer/Platforms/WatchOS.platform/Developer/SDKs/WatchOS26.2.sdk --xcode-version 17C529 --platform-family watchOS --deployment-target 5.0 --bundle-identifier swift-argument-parser.ArgumentParserToolInfo --output /Users/admin/builder/spi-builder-workspace/.derivedData/Build/Products/Debug-watchos/ArgumentParserToolInfo.appintents --target-triple arm64-apple-watchos5.0 --target-triple armv7k-apple-watchos5.0 --target-triple arm64_32-apple-watchos5.0 --binary-file /Users/admin/builder/spi-builder-workspace/.derivedData/Build/Products/Debug-watchos/ArgumentParserToolInfo.o --dependency-file /Users/admin/builder/spi-builder-workspace/.derivedData/Build/Intermediates.noindex/swift-argument-parser.build/Debug-watchos/ArgumentParserToolInfo.build/Objects-normal/arm64/ArgumentParserToolInfo_dependency_info.dat --dependency-file /Users/admin/builder/spi-builder-workspace/.derivedData/Build/Intermediates.noindex/swift-argument-parser.build/Debug-watchos/ArgumentParserToolInfo.build/Objects-normal/armv7k/ArgumentParserToolInfo_dependency_info.dat --dependency-file /Users/admin/builder/spi-builder-workspace/.derivedData/Build/Intermediates.noindex/swift-argument-parser.build/Debug-watchos/ArgumentParserToolInfo.build/Objects-normal/arm64_32/ArgumentParserToolInfo_dependency_info.dat --stringsdata-file /Users/admin/builder/spi-builder-workspace/.derivedData/Build/Intermediates.noindex/swift-argument-parser.build/Debug-watchos/ArgumentParserToolInfo.build/Objects-normal/arm64/ExtractedAppShortcutsMetadata.stringsdata --stringsdata-file /Users/admin/builder/spi-builder-workspace/.derivedData/Build/Intermediates.noindex/swift-argument-parser.build/Debug-watchos/ArgumentParserToolInfo.build/Objects-normal/armv7k/ExtractedAppShortcutsMetadata.stringsdata --stringsdata-file /Users/admin/builder/spi-builder-workspace/.derivedData/Build/Intermediates.noindex/swift-argument-parser.build/Debug-watchos/ArgumentParserToolInfo.build/Objects-normal/arm64_32/ExtractedAppShortcutsMetadata.stringsdata --source-file-list /Users/admin/builder/spi-builder-workspace/.derivedData/Build/Intermediates.noindex/swift-argument-parser.build/Debug-watchos/ArgumentParserToolInfo.build/Objects-normal/arm64/ArgumentParserToolInfo.SwiftFileList --source-file-list /Users/admin/builder/spi-builder-workspace/.derivedData/Build/Intermediates.noindex/swift-argument-parser.build/Debug-watchos/ArgumentParserToolInfo.build/Objects-normal/armv7k/ArgumentParserToolInfo.SwiftFileList --source-file-list /Users/admin/builder/spi-builder-workspace/.derivedData/Build/Intermediates.noindex/swift-argument-parser.build/Debug-watchos/ArgumentParserToolInfo.build/Objects-normal/arm64_32/ArgumentParserToolInfo.SwiftFileList --metadata-file-list /Users/admin/builder/spi-builder-workspace/.derivedData/Build/Intermediates.noindex/swift-argument-parser.build/Debug-watchos/ArgumentParserToolInfo.build/ArgumentParserToolInfo.DependencyMetadataFileList --static-metadata-file-list /Users/admin/builder/spi-builder-workspace/.derivedData/Build/Intermediates.noindex/swift-argument-parser.build/Debug-watchos/ArgumentParserToolInfo.build/ArgumentParserToolInfo.DependencyStaticMetadataFileList --swift-const-vals-list /Users/admin/builder/spi-builder-workspace/.derivedData/Build/Intermediates.noindex/swift-argument-parser.build/Debug-watchos/ArgumentParserToolInfo.build/Objects-normal/arm64/ArgumentParserToolInfo.SwiftConstValuesFileList --swift-const-vals-list /Users/admin/builder/spi-builder-workspace/.derivedData/Build/Intermediates.noindex/swift-argument-parser.build/Debug-watchos/ArgumentParserToolInfo.build/Objects-normal/armv7k/ArgumentParserToolInfo.SwiftConstValuesFileList --swift-const-vals-list /Users/admin/builder/spi-builder-workspace/.derivedData/Build/Intermediates.noindex/swift-argument-parser.build/Debug-watchos/ArgumentParserToolInfo.build/Objects-normal/arm64_32/ArgumentParserToolInfo.SwiftConstValuesFileList --force --compile-time-extraction --deployment-aware-processing --validate-assistant-intents --no-app-shortcuts-localization
2026-07-20 12:01:53.212 appintentsmetadataprocessor[851:4974] Starting appintentsmetadataprocessor export
2026-07-20 12:01:53.401 appintentsmetadataprocessor[851:4974] Extracted no relevant App Intents symbols, skipping writing output
SwiftExplicitDependencyGeneratePcm arm64_32 /Users/admin/builder/spi-builder-workspace/.derivedData/ModuleCache.noindex/ObjectiveC-9KTD33TZNGA5QTXFI4KAPE371.pcm
SwiftExplicitDependencyGeneratePcm armv7k /Users/admin/builder/spi-builder-workspace/.derivedData/ModuleCache.noindex/ObjectiveC-4CQ5LI5YKFEYJ8H8HPCH9G099.pcm
SwiftExplicitDependencyGeneratePcm arm64 /Users/admin/builder/spi-builder-workspace/.derivedData/ModuleCache.noindex/ObjectiveC-37W1UNZNZ4YH6ABUCK6IEO2J9.pcm
SwiftExplicitDependencyGeneratePcm arm64_32 /Users/admin/builder/spi-builder-workspace/.derivedData/ModuleCache.noindex/os_object-ALRYPD0OHC28AP9369CHARNVP.pcm
SwiftExplicitDependencyGeneratePcm armv7k /Users/admin/builder/spi-builder-workspace/.derivedData/ModuleCache.noindex/os_object-E84PXTBAMJI81QC5FZTYLFR98.pcm
SwiftExplicitDependencyGeneratePcm arm64 /Users/admin/builder/spi-builder-workspace/.derivedData/ModuleCache.noindex/os_object-DRZ7BVJZ2VFERICRWLPK5364U.pcm
SwiftExplicitDependencyGeneratePcm arm64_32 /Users/admin/builder/spi-builder-workspace/.derivedData/ModuleCache.noindex/os_workgroup-64SV4PY2RENI38K8AWXSNZGP4.pcm
SwiftExplicitDependencyGeneratePcm armv7k /Users/admin/builder/spi-builder-workspace/.derivedData/ModuleCache.noindex/os_workgroup-B9HJ4ISAXW2FK4B2SQIP0Z57R.pcm
SwiftExplicitDependencyGeneratePcm arm64 /Users/admin/builder/spi-builder-workspace/.derivedData/ModuleCache.noindex/os_workgroup-6BREPCR4VCHTN4PMBYLH980XX.pcm
SwiftExplicitDependencyGeneratePcm arm64_32 /Users/admin/builder/spi-builder-workspace/.derivedData/ModuleCache.noindex/Dispatch-7NPQOE4OBRBM1BEMDFSP6YJGX.pcm
SwiftExplicitDependencyGeneratePcm armv7k /Users/admin/builder/spi-builder-workspace/.derivedData/ModuleCache.noindex/Dispatch-2J7BPNW30WH7PKCVV5A9BSWM1.pcm
SwiftExplicitDependencyGeneratePcm arm64 /Users/admin/builder/spi-builder-workspace/.derivedData/ModuleCache.noindex/Dispatch-66SS49U6CUEWDJTBRTD18XSDA.pcm
SwiftExplicitDependencyGeneratePcm arm64_32 /Users/admin/builder/spi-builder-workspace/.derivedData/ModuleCache.noindex/CoreFoundation-49QYZP0L3TRUW2BGG8XU46RE3.pcm
SwiftExplicitDependencyGeneratePcm armv7k /Users/admin/builder/spi-builder-workspace/.derivedData/ModuleCache.noindex/CoreFoundation-A8XUN758TDJ329VZ8QU37XPWR.pcm
SwiftExplicitDependencyGeneratePcm arm64 /Users/admin/builder/spi-builder-workspace/.derivedData/ModuleCache.noindex/CoreFoundation-2EP3F4MDNDOADDMLCKHDXDGO7.pcm
SwiftExplicitDependencyGeneratePcm arm64_32 /Users/admin/builder/spi-builder-workspace/.derivedData/ModuleCache.noindex/Security-ABA704VPND58UNN0MT65M6DVY.pcm
SwiftExplicitDependencyGeneratePcm armv7k /Users/admin/builder/spi-builder-workspace/.derivedData/ModuleCache.noindex/Security-BYRCL0DGQRC9Y0HHKP7Z9NCKB.pcm
SwiftExplicitDependencyGeneratePcm arm64 /Users/admin/builder/spi-builder-workspace/.derivedData/ModuleCache.noindex/Security-B42SJFBK2DJZOYUQWKB0QYS6H.pcm
SwiftExplicitDependencyGeneratePcm arm64_32 /Users/admin/builder/spi-builder-workspace/.derivedData/ModuleCache.noindex/Foundation-B8L3FYSTPFSJBY5DQS91H0KA4.pcm
SwiftExplicitDependencyGeneratePcm armv7k /Users/admin/builder/spi-builder-workspace/.derivedData/ModuleCache.noindex/Foundation-E8B7YLXHTXYPGURYR02VP1WBB.pcm
SwiftExplicitDependencyGeneratePcm arm64 /Users/admin/builder/spi-builder-workspace/.derivedData/ModuleCache.noindex/Foundation-BYKXZRWSAU4LR8PP2AQSPDYD3.pcm
SwiftEmitModule normal arm64_32 Emitting\ module\ for\ ArgumentParser (in target 'ArgumentParser' from project 'swift-argument-parser')
EmitSwiftModule normal arm64_32 (in target 'ArgumentParser' from project 'swift-argument-parser')
    cd /Users/admin/builder/spi-builder-workspace/.swiftpm/xcode

SwiftCompile normal arm64_32 Compiling\ InputOrigin.swift,\ Name.swift,\ Parsed.swift,\ ParsedValues.swift /Users/admin/builder/spi-builder-workspace/.dependencies/checkouts/swift-argument-parser/Sources/ArgumentParser/Parsing/InputOrigin.swift /Users/admin/builder/spi-builder-workspace/.dependencies/checkouts/swift-argument-parser/Sources/ArgumentParser/Parsing/Name.swift /Users/admin/builder/spi-builder-workspace/.dependencies/checkouts/swift-argument-parser/Sources/ArgumentParser/Parsing/Parsed.swift /Users/admin/builder/spi-builder-workspace/.dependencies/checkouts/swift-argument-parser/Sources/ArgumentParser/Parsing/ParsedValues.swift (in target 'ArgumentParser' from project 'swift-argument-parser')
SwiftCompile normal arm64_32 /Users/admin/builder/spi-builder-workspace/.dependencies/checkouts/swift-argument-parser/Sources/ArgumentParser/Parsing/InputOrigin.swift (in target 'ArgumentParser' from project 'swift-argument-parser')
    cd /Users/admin/builder/spi-builder-workspace/.swiftpm/xcode

SwiftCompile normal arm64_32 /Users/admin/builder/spi-builder-workspace/.dependencies/checkouts/swift-argument-parser/Sources/ArgumentParser/Parsing/Name.swift (in target 'ArgumentParser' from project 'swift-argument-parser')
    cd /Users/admin/builder/spi-builder-workspace/.swiftpm/xcode

SwiftCompile normal arm64_32 /Users/admin/builder/spi-builder-workspace/.dependencies/checkouts/swift-argument-parser/Sources/ArgumentParser/Parsing/Parsed.swift (in target 'ArgumentParser' from project 'swift-argument-parser')
    cd /Users/admin/builder/spi-builder-workspace/.swiftpm/xcode

SwiftCompile normal arm64_32 /Users/admin/builder/spi-builder-workspace/.dependencies/checkouts/swift-argument-parser/Sources/ArgumentParser/Parsing/ParsedValues.swift (in target 'ArgumentParser' from project 'swift-argument-parser')
    cd /Users/admin/builder/spi-builder-workspace/.swiftpm/xcode

SwiftCompile normal arm64_32 Compiling\ Flag.swift,\ NameSpecification.swift,\ Option.swift,\ OptionGroup.swift /Users/admin/builder/spi-builder-workspace/.dependencies/checkouts/swift-argument-parser/Sources/ArgumentParser/Parsable\ Properties/Flag.swift /Users/admin/builder/spi-builder-workspace/.dependencies/checkouts/swift-argument-parser/Sources/ArgumentParser/Parsable\ Properties/NameSpecification.swift /Users/admin/builder/spi-builder-workspace/.dependencies/checkouts/swift-argument-parser/Sources/ArgumentParser/Parsable\ Properties/Option.swift /Users/admin/builder/spi-builder-workspace/.dependencies/checkouts/swift-argument-parser/Sources/ArgumentParser/Parsable\ Properties/OptionGroup.swift (in target 'ArgumentParser' from project 'swift-argument-parser')
SwiftCompile normal arm64_32 /Users/admin/builder/spi-builder-workspace/.dependencies/checkouts/swift-argument-parser/Sources/ArgumentParser/Parsable\ Properties/Flag.swift (in target 'ArgumentParser' from project 'swift-argument-parser')
    cd /Users/admin/builder/spi-builder-workspace/.swiftpm/xcode

SwiftCompile normal arm64_32 /Users/admin/builder/spi-builder-workspace/.dependencies/checkouts/swift-argument-parser/Sources/ArgumentParser/Parsable\ Properties/NameSpecification.swift (in target 'ArgumentParser' from project 'swift-argument-parser')
    cd /Users/admin/builder/spi-builder-workspace/.swiftpm/xcode

SwiftCompile normal arm64_32 /Users/admin/builder/spi-builder-workspace/.dependencies/checkouts/swift-argument-parser/Sources/ArgumentParser/Parsable\ Properties/Option.swift (in target 'ArgumentParser' from project 'swift-argument-parser')
    cd /Users/admin/builder/spi-builder-workspace/.swiftpm/xcode

SwiftCompile normal arm64_32 /Users/admin/builder/spi-builder-workspace/.dependencies/checkouts/swift-argument-parser/Sources/ArgumentParser/Parsable\ Properties/OptionGroup.swift (in target 'ArgumentParser' from project 'swift-argument-parser')
    cd /Users/admin/builder/spi-builder-workspace/.swiftpm/xcode

SwiftCompile normal arm64_32 Compiling\ ArgumentHelp.swift,\ ArgumentVisibility.swift,\ CompletionKind.swift,\ Errors.swift /Users/admin/builder/spi-builder-workspace/.dependencies/checkouts/swift-argument-parser/Sources/ArgumentParser/Parsable\ Properties/ArgumentHelp.swift /Users/admin/builder/spi-builder-workspace/.dependencies/checkouts/swift-argument-parser/Sources/ArgumentParser/Parsable\ Properties/ArgumentVisibility.swift /Users/admin/builder/spi-builder-workspace/.dependencies/checkouts/swift-argument-parser/Sources/ArgumentParser/Parsable\ Properties/CompletionKind.swift /Users/admin/builder/spi-builder-workspace/.dependencies/checkouts/swift-argument-parser/Sources/ArgumentParser/Parsable\ Properties/Errors.swift (in target 'ArgumentParser' from project 'swift-argument-parser')
SwiftCompile normal arm64_32 /Users/admin/builder/spi-builder-workspace/.dependencies/checkouts/swift-argument-parser/Sources/ArgumentParser/Parsable\ Properties/ArgumentHelp.swift (in target 'ArgumentParser' from project 'swift-argument-parser')
    cd /Users/admin/builder/spi-builder-workspace/.swiftpm/xcode

SwiftCompile normal arm64_32 /Users/admin/builder/spi-builder-workspace/.dependencies/checkouts/swift-argument-parser/Sources/ArgumentParser/Parsable\ Properties/ArgumentVisibility.swift (in target 'ArgumentParser' from project 'swift-argument-parser')
    cd /Users/admin/builder/spi-builder-workspace/.swiftpm/xcode

SwiftCompile normal arm64_32 /Users/admin/builder/spi-builder-workspace/.dependencies/checkouts/swift-argument-parser/Sources/ArgumentParser/Parsable\ Properties/CompletionKind.swift (in target 'ArgumentParser' from project 'swift-argument-parser')
    cd /Users/admin/builder/spi-builder-workspace/.swiftpm/xcode

SwiftCompile normal arm64_32 /Users/admin/builder/spi-builder-workspace/.dependencies/checkouts/swift-argument-parser/Sources/ArgumentParser/Parsable\ Properties/Errors.swift (in target 'ArgumentParser' from project 'swift-argument-parser')
    cd /Users/admin/builder/spi-builder-workspace/.swiftpm/xcode

SwiftCompile normal arm64_32 Compiling\ HelpGenerator.swift,\ MessageInfo.swift,\ UsageGenerator.swift,\ CollectionExtensions.swift /Users/admin/builder/spi-builder-workspace/.dependencies/checkouts/swift-argument-parser/Sources/ArgumentParser/Usage/HelpGenerator.swift /Users/admin/builder/spi-builder-workspace/.dependencies/checkouts/swift-argument-parser/Sources/ArgumentParser/Usage/MessageInfo.swift /Users/admin/builder/spi-builder-workspace/.dependencies/checkouts/swift-argument-parser/Sources/ArgumentParser/Usage/UsageGenerator.swift /Users/admin/builder/spi-builder-workspace/.dependencies/checkouts/swift-argument-parser/Sources/ArgumentParser/Utilities/CollectionExtensions.swift (in target 'ArgumentParser' from project 'swift-argument-parser')
SwiftCompile normal arm64_32 /Users/admin/builder/spi-builder-workspace/.dependencies/checkouts/swift-argument-parser/Sources/ArgumentParser/Usage/HelpGenerator.swift (in target 'ArgumentParser' from project 'swift-argument-parser')
    cd /Users/admin/builder/spi-builder-workspace/.swiftpm/xcode

SwiftCompile normal arm64_32 /Users/admin/builder/spi-builder-workspace/.dependencies/checkouts/swift-argument-parser/Sources/ArgumentParser/Usage/MessageInfo.swift (in target 'ArgumentParser' from project 'swift-argument-parser')
    cd /Users/admin/builder/spi-builder-workspace/.swiftpm/xcode

SwiftCompile normal arm64_32 /Users/admin/builder/spi-builder-workspace/.dependencies/checkouts/swift-argument-parser/Sources/ArgumentParser/Usage/UsageGenerator.swift (in target 'ArgumentParser' from project 'swift-argument-parser')
    cd /Users/admin/builder/spi-builder-workspace/.swiftpm/xcode

SwiftCompile normal arm64_32 /Users/admin/builder/spi-builder-workspace/.dependencies/checkouts/swift-argument-parser/Sources/ArgumentParser/Utilities/CollectionExtensions.swift (in target 'ArgumentParser' from project 'swift-argument-parser')
    cd /Users/admin/builder/spi-builder-workspace/.swiftpm/xcode

SwiftCompile normal arm64_32 Compiling\ ParserError.swift,\ SplitArguments.swift,\ DumpHelpGenerator.swift,\ HelpCommand.swift /Users/admin/builder/spi-builder-workspace/.dependencies/checkouts/swift-argument-parser/Sources/ArgumentParser/Parsing/ParserError.swift /Users/admin/builder/spi-builder-workspace/.dependencies/checkouts/swift-argument-parser/Sources/ArgumentParser/Parsing/SplitArguments.swift /Users/admin/builder/spi-builder-workspace/.dependencies/checkouts/swift-argument-parser/Sources/ArgumentParser/Usage/DumpHelpGenerator.swift /Users/admin/builder/spi-builder-workspace/.dependencies/checkouts/swift-argument-parser/Sources/ArgumentParser/Usage/HelpCommand.swift (in target 'ArgumentParser' from project 'swift-argument-parser')
SwiftCompile normal arm64_32 /Users/admin/builder/spi-builder-workspace/.dependencies/checkouts/swift-argument-parser/Sources/ArgumentParser/Parsing/ParserError.swift (in target 'ArgumentParser' from project 'swift-argument-parser')
    cd /Users/admin/builder/spi-builder-workspace/.swiftpm/xcode

SwiftCompile normal arm64_32 /Users/admin/builder/spi-builder-workspace/.dependencies/checkouts/swift-argument-parser/Sources/ArgumentParser/Parsing/SplitArguments.swift (in target 'ArgumentParser' from project 'swift-argument-parser')
    cd /Users/admin/builder/spi-builder-workspace/.swiftpm/xcode

SwiftCompile normal arm64_32 /Users/admin/builder/spi-builder-workspace/.dependencies/checkouts/swift-argument-parser/Sources/ArgumentParser/Usage/DumpHelpGenerator.swift (in target 'ArgumentParser' from project 'swift-argument-parser')
    cd /Users/admin/builder/spi-builder-workspace/.swiftpm/xcode

SwiftCompile normal arm64_32 /Users/admin/builder/spi-builder-workspace/.dependencies/checkouts/swift-argument-parser/Sources/ArgumentParser/Usage/HelpCommand.swift (in target 'ArgumentParser' from project 'swift-argument-parser')
    cd /Users/admin/builder/spi-builder-workspace/.swiftpm/xcode

SwiftCompile normal arm64_32 Compiling\ Platform.swift,\ SequenceExtensions.swift,\ StringExtensions.swift,\ Tree.swift /Users/admin/builder/spi-builder-workspace/.dependencies/checkouts/swift-argument-parser/Sources/ArgumentParser/Utilities/Platform.swift /Users/admin/builder/spi-builder-workspace/.dependencies/checkouts/swift-argument-parser/Sources/ArgumentParser/Utilities/SequenceExtensions.swift /Users/admin/builder/spi-builder-workspace/.dependencies/checkouts/swift-argument-parser/Sources/ArgumentParser/Utilities/StringExtensions.swift /Users/admin/builder/spi-builder-workspace/.dependencies/checkouts/swift-argument-parser/Sources/ArgumentParser/Utilities/Tree.swift (in target 'ArgumentParser' from project 'swift-argument-parser')
SwiftCompile normal arm64_32 /Users/admin/builder/spi-builder-workspace/.dependencies/checkouts/swift-argument-parser/Sources/ArgumentParser/Utilities/Platform.swift (in target 'ArgumentParser' from project 'swift-argument-parser')
    cd /Users/admin/builder/spi-builder-workspace/.swiftpm/xcode

SwiftCompile normal arm64_32 /Users/admin/builder/spi-builder-workspace/.dependencies/checkouts/swift-argument-parser/Sources/ArgumentParser/Utilities/SequenceExtensions.swift (in target 'ArgumentParser' from project 'swift-argument-parser')
    cd /Users/admin/builder/spi-builder-workspace/.swiftpm/xcode

SwiftCompile normal arm64_32 /Users/admin/builder/spi-builder-workspace/.dependencies/checkouts/swift-argument-parser/Sources/ArgumentParser/Utilities/StringExtensions.swift (in target 'ArgumentParser' from project 'swift-argument-parser')
    cd /Users/admin/builder/spi-builder-workspace/.swiftpm/xcode

SwiftCompile normal arm64_32 /Users/admin/builder/spi-builder-workspace/.dependencies/checkouts/swift-argument-parser/Sources/ArgumentParser/Utilities/Tree.swift (in target 'ArgumentParser' from project 'swift-argument-parser')
    cd /Users/admin/builder/spi-builder-workspace/.swiftpm/xcode

SwiftCompile normal arm64_32 Compiling\ BashCompletionsGenerator.swift,\ CompletionsGenerator.swift,\ FishCompletionsGenerator.swift,\ ZshCompletionsGenerator.swift,\ Argument.swift /Users/admin/builder/spi-builder-workspace/.dependencies/checkouts/swift-argument-parser/Sources/ArgumentParser/Completions/BashCompletionsGenerator.swift /Users/admin/builder/spi-builder-workspace/.dependencies/checkouts/swift-argument-parser/Sources/ArgumentParser/Completions/CompletionsGenerator.swift /Users/admin/builder/spi-builder-workspace/.dependencies/checkouts/swift-argument-parser/Sources/ArgumentParser/Completions/FishCompletionsGenerator.swift /Users/admin/builder/spi-builder-workspace/.dependencies/checkouts/swift-argument-parser/Sources/ArgumentParser/Completions/ZshCompletionsGenerator.swift /Users/admin/builder/spi-builder-workspace/.dependencies/checkouts/swift-argument-parser/Sources/ArgumentParser/Parsable\ Properties/Argument.swift (in target 'ArgumentParser' from project 'swift-argument-parser')
SwiftCompile normal arm64_32 /Users/admin/builder/spi-builder-workspace/.dependencies/checkouts/swift-argument-parser/Sources/ArgumentParser/Completions/BashCompletionsGenerator.swift (in target 'ArgumentParser' from project 'swift-argument-parser')
    cd /Users/admin/builder/spi-builder-workspace/.swiftpm/xcode

SwiftCompile normal arm64_32 /Users/admin/builder/spi-builder-workspace/.dependencies/checkouts/swift-argument-parser/Sources/ArgumentParser/Completions/CompletionsGenerator.swift (in target 'ArgumentParser' from project 'swift-argument-parser')
    cd /Users/admin/builder/spi-builder-workspace/.swiftpm/xcode

SwiftCompile normal arm64_32 /Users/admin/builder/spi-builder-workspace/.dependencies/checkouts/swift-argument-parser/Sources/ArgumentParser/Completions/FishCompletionsGenerator.swift (in target 'ArgumentParser' from project 'swift-argument-parser')
    cd /Users/admin/builder/spi-builder-workspace/.swiftpm/xcode

SwiftCompile normal arm64_32 /Users/admin/builder/spi-builder-workspace/.dependencies/checkouts/swift-argument-parser/Sources/ArgumentParser/Completions/ZshCompletionsGenerator.swift (in target 'ArgumentParser' from project 'swift-argument-parser')
    cd /Users/admin/builder/spi-builder-workspace/.swiftpm/xcode

SwiftCompile normal arm64_32 /Users/admin/builder/spi-builder-workspace/.dependencies/checkouts/swift-argument-parser/Sources/ArgumentParser/Parsable\ Properties/Argument.swift (in target 'ArgumentParser' from project 'swift-argument-parser')
    cd /Users/admin/builder/spi-builder-workspace/.swiftpm/xcode

SwiftEmitModule normal armv7k Emitting\ module\ for\ ArgumentParser (in target 'ArgumentParser' from project 'swift-argument-parser')
EmitSwiftModule normal armv7k (in target 'ArgumentParser' from project 'swift-argument-parser')
    cd /Users/admin/builder/spi-builder-workspace/.swiftpm/xcode

SwiftEmitModule normal arm64 Emitting\ module\ for\ ArgumentParser (in target 'ArgumentParser' from project 'swift-argument-parser')
EmitSwiftModule normal arm64 (in target 'ArgumentParser' from project 'swift-argument-parser')
    cd /Users/admin/builder/spi-builder-workspace/.swiftpm/xcode

SwiftCompile normal arm64 Compiling\ InputOrigin.swift,\ Name.swift,\ Parsed.swift,\ ParsedValues.swift /Users/admin/builder/spi-builder-workspace/.dependencies/checkouts/swift-argument-parser/Sources/ArgumentParser/Parsing/InputOrigin.swift /Users/admin/builder/spi-builder-workspace/.dependencies/checkouts/swift-argument-parser/Sources/ArgumentParser/Parsing/Name.swift /Users/admin/builder/spi-builder-workspace/.dependencies/checkouts/swift-argument-parser/Sources/ArgumentParser/Parsing/Parsed.swift /Users/admin/builder/spi-builder-workspace/.dependencies/checkouts/swift-argument-parser/Sources/ArgumentParser/Parsing/ParsedValues.swift (in target 'ArgumentParser' from project 'swift-argument-parser')
SwiftCompile normal arm64 /Users/admin/builder/spi-builder-workspace/.dependencies/checkouts/swift-argument-parser/Sources/ArgumentParser/Parsing/InputOrigin.swift (in target 'ArgumentParser' from project 'swift-argument-parser')
    cd /Users/admin/builder/spi-builder-workspace/.swiftpm/xcode

SwiftCompile normal arm64 /Users/admin/builder/spi-builder-workspace/.dependencies/checkouts/swift-argument-parser/Sources/ArgumentParser/Parsing/Name.swift (in target 'ArgumentParser' from project 'swift-argument-parser')
    cd /Users/admin/builder/spi-builder-workspace/.swiftpm/xcode

SwiftCompile normal arm64 /Users/admin/builder/spi-builder-workspace/.dependencies/checkouts/swift-argument-parser/Sources/ArgumentParser/Parsing/Parsed.swift (in target 'ArgumentParser' from project 'swift-argument-parser')
    cd /Users/admin/builder/spi-builder-workspace/.swiftpm/xcode

SwiftCompile normal arm64 /Users/admin/builder/spi-builder-workspace/.dependencies/checkouts/swift-argument-parser/Sources/ArgumentParser/Parsing/ParsedValues.swift (in target 'ArgumentParser' from project 'swift-argument-parser')
    cd /Users/admin/builder/spi-builder-workspace/.swiftpm/xcode

SwiftDriverJobDiscovery normal arm64_32 Compiling ArgumentHelp.swift, ArgumentVisibility.swift, CompletionKind.swift, Errors.swift (in target 'ArgumentParser' from project 'swift-argument-parser')
SwiftCompile normal arm64 Compiling\ ParserError.swift,\ SplitArguments.swift,\ DumpHelpGenerator.swift,\ HelpCommand.swift /Users/admin/builder/spi-builder-workspace/.dependencies/checkouts/swift-argument-parser/Sources/ArgumentParser/Parsing/ParserError.swift /Users/admin/builder/spi-builder-workspace/.dependencies/checkouts/swift-argument-parser/Sources/ArgumentParser/Parsing/SplitArguments.swift /Users/admin/builder/spi-builder-workspace/.dependencies/checkouts/swift-argument-parser/Sources/ArgumentParser/Usage/DumpHelpGenerator.swift /Users/admin/builder/spi-builder-workspace/.dependencies/checkouts/swift-argument-parser/Sources/ArgumentParser/Usage/HelpCommand.swift (in target 'ArgumentParser' from project 'swift-argument-parser')
SwiftCompile normal arm64 /Users/admin/builder/spi-builder-workspace/.dependencies/checkouts/swift-argument-parser/Sources/ArgumentParser/Parsing/ParserError.swift (in target 'ArgumentParser' from project 'swift-argument-parser')
    cd /Users/admin/builder/spi-builder-workspace/.swiftpm/xcode

SwiftCompile normal arm64 /Users/admin/builder/spi-builder-workspace/.dependencies/checkouts/swift-argument-parser/Sources/ArgumentParser/Parsing/SplitArguments.swift (in target 'ArgumentParser' from project 'swift-argument-parser')
    cd /Users/admin/builder/spi-builder-workspace/.swiftpm/xcode

SwiftCompile normal arm64 /Users/admin/builder/spi-builder-workspace/.dependencies/checkouts/swift-argument-parser/Sources/ArgumentParser/Usage/DumpHelpGenerator.swift (in target 'ArgumentParser' from project 'swift-argument-parser')
    cd /Users/admin/builder/spi-builder-workspace/.swiftpm/xcode

SwiftCompile normal arm64 /Users/admin/builder/spi-builder-workspace/.dependencies/checkouts/swift-argument-parser/Sources/ArgumentParser/Usage/HelpCommand.swift (in target 'ArgumentParser' from project 'swift-argument-parser')
    cd /Users/admin/builder/spi-builder-workspace/.swiftpm/xcode

SwiftDriverJobDiscovery normal arm64_32 Compiling InputOrigin.swift, Name.swift, Parsed.swift, ParsedValues.swift (in target 'ArgumentParser' from project 'swift-argument-parser')
SwiftCompile normal armv7k Compiling\ HelpGenerator.swift,\ MessageInfo.swift,\ UsageGenerator.swift,\ CollectionExtensions.swift /Users/admin/builder/spi-builder-workspace/.dependencies/checkouts/swift-argument-parser/Sources/ArgumentParser/Usage/HelpGenerator.swift /Users/admin/builder/spi-builder-workspace/.dependencies/checkouts/swift-argument-parser/Sources/ArgumentParser/Usage/MessageInfo.swift /Users/admin/builder/spi-builder-workspace/.dependencies/checkouts/swift-argument-parser/Sources/ArgumentParser/Usage/UsageGenerator.swift /Users/admin/builder/spi-builder-workspace/.dependencies/checkouts/swift-argument-parser/Sources/ArgumentParser/Utilities/CollectionExtensions.swift (in target 'ArgumentParser' from project 'swift-argument-parser')
SwiftCompile normal armv7k /Users/admin/builder/spi-builder-workspace/.dependencies/checkouts/swift-argument-parser/Sources/ArgumentParser/Usage/HelpGenerator.swift (in target 'ArgumentParser' from project 'swift-argument-parser')
    cd /Users/admin/builder/spi-builder-workspace/.swiftpm/xcode

SwiftCompile normal armv7k /Users/admin/builder/spi-builder-workspace/.dependencies/checkouts/swift-argument-parser/Sources/ArgumentParser/Usage/MessageInfo.swift (in target 'ArgumentParser' from project 'swift-argument-parser')
    cd /Users/admin/builder/spi-builder-workspace/.swiftpm/xcode

SwiftCompile normal armv7k /Users/admin/builder/spi-builder-workspace/.dependencies/checkouts/swift-argument-parser/Sources/ArgumentParser/Usage/UsageGenerator.swift (in target 'ArgumentParser' from project 'swift-argument-parser')
    cd /Users/admin/builder/spi-builder-workspace/.swiftpm/xcode

SwiftCompile normal armv7k /Users/admin/builder/spi-builder-workspace/.dependencies/checkouts/swift-argument-parser/Sources/ArgumentParser/Utilities/CollectionExtensions.swift (in target 'ArgumentParser' from project 'swift-argument-parser')
    cd /Users/admin/builder/spi-builder-workspace/.swiftpm/xcode

SwiftDriverJobDiscovery normal arm64_32 Emitting module for ArgumentParser (in target 'ArgumentParser' from project 'swift-argument-parser')
SwiftDriver\ Compilation\ Requirements ArgumentParser normal arm64_32 com.apple.xcode.tools.swift.compiler (in target 'ArgumentParser' from project 'swift-argument-parser')
    cd /Users/admin/builder/spi-builder-workspace/.swiftpm/xcode
    builtin-Swift-Compilation-Requirements -- /Applications/Xcode-26.3.0.app/Contents/Developer/Toolchains/XcodeDefault.xctoolchain/usr/bin/swiftc -module-name ArgumentParser -Onone -enforce-exclusivity\=checked @/Users/admin/builder/spi-builder-workspace/.derivedData/Build/Intermediates.noindex/swift-argument-parser.build/Debug-watchos/ArgumentParser.build/Objects-normal/arm64_32/ArgumentParser.SwiftFileList -DSWIFT_PACKAGE -DDEBUG -DSWIFT_MODULE_RESOURCE_BUNDLE_UNAVAILABLE -DXcode -plugin-path /Applications/Xcode-26.3.0.app/Contents/Developer/Toolchains/XcodeDefault.xctoolchain/usr/lib/swift/host/plugins/testing -enable-experimental-feature DebugDescriptionMacro -sdk /Applications/Xcode-26.3.0.app/Contents/Developer/Platforms/WatchOS.platform/Developer/SDKs/WatchOS26.2.sdk -target arm64_32-apple-watchos5.0 -g -module-cache-path /Users/admin/builder/spi-builder-workspace/.derivedData/ModuleCache.noindex -Xfrontend -serialize-debugging-options -profile-coverage-mapping -profile-generate -enable-testing -suppress-warnings -index-store-path /Users/admin/builder/spi-builder-workspace/.derivedData/Index.noindex/DataStore -Xcc -D_LIBCPP_HARDENING_MODE\=_LIBCPP_HARDENING_MODE_DEBUG -swift-version 5 -I /Users/admin/builder/spi-builder-workspace/.derivedData/Build/Products/Debug-watchos -Isystem /Applications/Xcode-26.3.0.app/Contents/Developer/Platforms/WatchOS.platform/Developer/usr/lib -F /Users/admin/builder/spi-builder-workspace/.derivedData/Build/Products/Debug-watchos/PackageFrameworks -F /Users/admin/builder/spi-builder-workspace/.derivedData/Build/Products/Debug-watchos -F /Applications/Xcode-26.3.0.app/Contents/Developer/Platforms/WatchOS.platform/Developer/Library/Frameworks -F /Applications/Xcode-26.3.0.app/Contents/Developer/Platforms/WatchOS.platform/Developer/SDKs/WatchOS26.2.sdk/Developer/Library/Frameworks -c -j10 -enable-batch-mode -incremental -Xcc -ivfsstatcache -Xcc /Users/admin/builder/spi-builder-workspace/.derivedData/SDKStatCaches.noindex/watchos26.2-23S303-dc75598d0054f22ec865fa860f139d721753b489057de6bda919edfa1c59a62b.sdkstatcache -output-file-map /Users/admin/builder/spi-builder-workspace/.derivedData/Build/Intermediates.noindex/swift-argument-parser.build/Debug-watchos/ArgumentParser.build/Objects-normal/arm64_32/ArgumentParser-OutputFileMap.json -use-frontend-parseable-output -save-temps -no-color-diagnostics -explicit-module-build -module-cache-path /Users/admin/builder/spi-builder-workspace/.derivedData/Build/Intermediates.noindex/SwiftExplicitPrecompiledModules -clang-scanner-module-cache-path /Users/admin/builder/spi-builder-workspace/.derivedData/ModuleCache.noindex -sdk-module-cache-path /Users/admin/builder/spi-builder-workspace/.derivedData/ModuleCache.noindex -serialize-diagnostics -emit-dependencies -emit-module -emit-module-path /Users/admin/builder/spi-builder-workspace/.derivedData/Build/Intermediates.noindex/swift-argument-parser.build/Debug-watchos/ArgumentParser.build/Objects-normal/arm64_32/ArgumentParser.swiftmodule -validate-clang-modules-once -clang-build-session-file /Users/admin/builder/spi-builder-workspace/.derivedData/ModuleCache.noindex/Session.modulevalidation -Xcc -I/Users/admin/builder/spi-builder-workspace/.derivedData/Build/Intermediates.noindex/swift-argument-parser.build/Debug-watchos/ArgumentParser.build/swift-overrides.hmap -emit-const-values -Xfrontend -const-gather-protocols-file -Xfrontend /Users/admin/builder/spi-builder-workspace/.derivedData/Build/Intermediates.noindex/swift-argument-parser.build/Debug-watchos/ArgumentParser.build/Objects-normal/arm64_32/ArgumentParser_const_extract_protocols.json -Xcc -I/Users/admin/builder/spi-builder-workspace/.derivedData/Build/Products/Debug-watchos/include -Xcc -I/Users/admin/builder/spi-builder-workspace/.derivedData/Build/Intermediates.noindex/swift-argument-parser.build/Debug-watchos/ArgumentParser.build/DerivedSources-normal/arm64_32 -Xcc -I/Users/admin/builder/spi-builder-workspace/.derivedData/Build/Intermediates.noindex/swift-argument-parser.build/Debug-watchos/ArgumentParser.build/DerivedSources/arm64_32 -Xcc -I/Users/admin/builder/spi-builder-workspace/.derivedData/Build/Intermediates.noindex/swift-argument-parser.build/Debug-watchos/ArgumentParser.build/DerivedSources -Xcc -DSWIFT_PACKAGE -Xcc -DDEBUG\=1 -emit-objc-header -emit-objc-header-path /Users/admin/builder/spi-builder-workspace/.derivedData/Build/Intermediates.noindex/swift-argument-parser.build/Debug-watchos/ArgumentParser.build/Objects-normal/arm64_32/ArgumentParser-Swift.h -working-directory /Users/admin/builder/spi-builder-workspace/.swiftpm/xcode -experimental-emit-module-separately -disable-cmo
SwiftDriverJobDiscovery normal armv7k Emitting module for ArgumentParser (in target 'ArgumentParser' from project 'swift-argument-parser')
SwiftDriver\ Compilation\ Requirements ArgumentParser normal armv7k com.apple.xcode.tools.swift.compiler (in target 'ArgumentParser' from project 'swift-argument-parser')
    cd /Users/admin/builder/spi-builder-workspace/.swiftpm/xcode
    builtin-Swift-Compilation-Requirements -- /Applications/Xcode-26.3.0.app/Contents/Developer/Toolchains/XcodeDefault.xctoolchain/usr/bin/swiftc -module-name ArgumentParser -Onone -enforce-exclusivity\=checked @/Users/admin/builder/spi-builder-workspace/.derivedData/Build/Intermediates.noindex/swift-argument-parser.build/Debug-watchos/ArgumentParser.build/Objects-normal/armv7k/ArgumentParser.SwiftFileList -DSWIFT_PACKAGE -DDEBUG -DSWIFT_MODULE_RESOURCE_BUNDLE_UNAVAILABLE -DXcode -plugin-path /Applications/Xcode-26.3.0.app/Contents/Developer/Toolchains/XcodeDefault.xctoolchain/usr/lib/swift/host/plugins/testing -enable-experimental-feature DebugDescriptionMacro -sdk /Applications/Xcode-26.3.0.app/Contents/Developer/Platforms/WatchOS.platform/Developer/SDKs/WatchOS26.2.sdk -target armv7k-apple-watchos5.0 -g -module-cache-path /Users/admin/builder/spi-builder-workspace/.derivedData/ModuleCache.noindex -Xfrontend -serialize-debugging-options -profile-coverage-mapping -profile-generate -enable-testing -suppress-warnings -index-store-path /Users/admin/builder/spi-builder-workspace/.derivedData/Index.noindex/DataStore -Xcc -D_LIBCPP_HARDENING_MODE\=_LIBCPP_HARDENING_MODE_DEBUG -swift-version 5 -I /Users/admin/builder/spi-builder-workspace/.derivedData/Build/Products/Debug-watchos -Isystem /Applications/Xcode-26.3.0.app/Contents/Developer/Platforms/WatchOS.platform/Developer/usr/lib -F /Users/admin/builder/spi-builder-workspace/.derivedData/Build/Products/Debug-watchos/PackageFrameworks -F /Users/admin/builder/spi-builder-workspace/.derivedData/Build/Products/Debug-watchos -F /Applications/Xcode-26.3.0.app/Contents/Developer/Platforms/WatchOS.platform/Developer/Library/Frameworks -F /Applications/Xcode-26.3.0.app/Contents/Developer/Platforms/WatchOS.platform/Developer/SDKs/WatchOS26.2.sdk/Developer/Library/Frameworks -c -j10 -enable-batch-mode -incremental -Xcc -ivfsstatcache -Xcc /Users/admin/builder/spi-builder-workspace/.derivedData/SDKStatCaches.noindex/watchos26.2-23S303-dc75598d0054f22ec865fa860f139d721753b489057de6bda919edfa1c59a62b.sdkstatcache -output-file-map /Users/admin/builder/spi-builder-workspace/.derivedData/Build/Intermediates.noindex/swift-argument-parser.build/Debug-watchos/ArgumentParser.build/Objects-normal/armv7k/ArgumentParser-OutputFileMap.json -use-frontend-parseable-output -save-temps -no-color-diagnostics -explicit-module-build -module-cache-path /Users/admin/builder/spi-builder-workspace/.derivedData/Build/Intermediates.noindex/SwiftExplicitPrecompiledModules -clang-scanner-module-cache-path /Users/admin/builder/spi-builder-workspace/.derivedData/ModuleCache.noindex -sdk-module-cache-path /Users/admin/builder/spi-builder-workspace/.derivedData/ModuleCache.noindex -serialize-diagnostics -emit-dependencies -emit-module -emit-module-path /Users/admin/builder/spi-builder-workspace/.derivedData/Build/Intermediates.noindex/swift-argument-parser.build/Debug-watchos/ArgumentParser.build/Objects-normal/armv7k/ArgumentParser.swiftmodule -validate-clang-modules-once -clang-build-session-file /Users/admin/builder/spi-builder-workspace/.derivedData/ModuleCache.noindex/Session.modulevalidation -Xcc -I/Users/admin/builder/spi-builder-workspace/.derivedData/Build/Intermediates.noindex/swift-argument-parser.build/Debug-watchos/ArgumentParser.build/swift-overrides.hmap -emit-const-values -Xfrontend -const-gather-protocols-file -Xfrontend /Users/admin/builder/spi-builder-workspace/.derivedData/Build/Intermediates.noindex/swift-argument-parser.build/Debug-watchos/ArgumentParser.build/Objects-normal/armv7k/ArgumentParser_const_extract_protocols.json -Xcc -I/Users/admin/builder/spi-builder-workspace/.derivedData/Build/Products/Debug-watchos/include -Xcc -I/Users/admin/builder/spi-builder-workspace/.derivedData/Build/Intermediates.noindex/swift-argument-parser.build/Debug-watchos/ArgumentParser.build/DerivedSources-normal/armv7k -Xcc -I/Users/admin/builder/spi-builder-workspace/.derivedData/Build/Intermediates.noindex/swift-argument-parser.build/Debug-watchos/ArgumentParser.build/DerivedSources/armv7k -Xcc -I/Users/admin/builder/spi-builder-workspace/.derivedData/Build/Intermediates.noindex/swift-argument-parser.build/Debug-watchos/ArgumentParser.build/DerivedSources -Xcc -DSWIFT_PACKAGE -Xcc -DDEBUG\=1 -emit-objc-header -emit-objc-header-path /Users/admin/builder/spi-builder-workspace/.derivedData/Build/Intermediates.noindex/swift-argument-parser.build/Debug-watchos/ArgumentParser.build/Objects-normal/armv7k/ArgumentParser-Swift.h -working-directory /Users/admin/builder/spi-builder-workspace/.swiftpm/xcode -experimental-emit-module-separately -disable-cmo
Copy /Users/admin/builder/spi-builder-workspace/.derivedData/Build/Products/Debug-watchos/ArgumentParser.swiftmodule/arm64_32-apple-watchos.swiftmodule /Users/admin/builder/spi-builder-workspace/.derivedData/Build/Intermediates.noindex/swift-argument-parser.build/Debug-watchos/ArgumentParser.build/Objects-normal/arm64_32/ArgumentParser.swiftmodule (in target 'ArgumentParser' from project 'swift-argument-parser')
    cd /Users/admin/builder/spi-builder-workspace/.dependencies/checkouts/swift-argument-parser
    builtin-copy -exclude .DS_Store -exclude CVS -exclude .svn -exclude .git -exclude .hg -resolve-src-symlinks -rename /Users/admin/builder/spi-builder-workspace/.derivedData/Build/Intermediates.noindex/swift-argument-parser.build/Debug-watchos/ArgumentParser.build/Objects-normal/arm64_32/ArgumentParser.swiftmodule /Users/admin/builder/spi-builder-workspace/.derivedData/Build/Products/Debug-watchos/ArgumentParser.swiftmodule/arm64_32-apple-watchos.swiftmodule
Copy /Users/admin/builder/spi-builder-workspace/.derivedData/Build/Products/Debug-watchos/ArgumentParser.swiftmodule/armv7k-apple-watchos.swiftmodule /Users/admin/builder/spi-builder-workspace/.derivedData/Build/Intermediates.noindex/swift-argument-parser.build/Debug-watchos/ArgumentParser.build/Objects-normal/armv7k/ArgumentParser.swiftmodule (in target 'ArgumentParser' from project 'swift-argument-parser')
    cd /Users/admin/builder/spi-builder-workspace/.dependencies/checkouts/swift-argument-parser
    builtin-copy -exclude .DS_Store -exclude CVS -exclude .svn -exclude .git -exclude .hg -resolve-src-symlinks -rename /Users/admin/builder/spi-builder-workspace/.derivedData/Build/Intermediates.noindex/swift-argument-parser.build/Debug-watchos/ArgumentParser.build/Objects-normal/armv7k/ArgumentParser.swiftmodule /Users/admin/builder/spi-builder-workspace/.derivedData/Build/Products/Debug-watchos/ArgumentParser.swiftmodule/armv7k-apple-watchos.swiftmodule
Copy /Users/admin/builder/spi-builder-workspace/.derivedData/Build/Products/Debug-watchos/ArgumentParser.swiftmodule/armv7k-apple-watchos.swiftdoc /Users/admin/builder/spi-builder-workspace/.derivedData/Build/Intermediates.noindex/swift-argument-parser.build/Debug-watchos/ArgumentParser.build/Objects-normal/armv7k/ArgumentParser.swiftdoc (in target 'ArgumentParser' from project 'swift-argument-parser')
    cd /Users/admin/builder/spi-builder-workspace/.dependencies/checkouts/swift-argument-parser
    builtin-copy -exclude .DS_Store -exclude CVS -exclude .svn -exclude .git -exclude .hg -resolve-src-symlinks -rename /Users/admin/builder/spi-builder-workspace/.derivedData/Build/Intermediates.noindex/swift-argument-parser.build/Debug-watchos/ArgumentParser.build/Objects-normal/armv7k/ArgumentParser.swiftdoc /Users/admin/builder/spi-builder-workspace/.derivedData/Build/Products/Debug-watchos/ArgumentParser.swiftmodule/armv7k-apple-watchos.swiftdoc
Copy /Users/admin/builder/spi-builder-workspace/.derivedData/Build/Products/Debug-watchos/ArgumentParser.swiftmodule/armv7k-apple-watchos.abi.json /Users/admin/builder/spi-builder-workspace/.derivedData/Build/Intermediates.noindex/swift-argument-parser.build/Debug-watchos/ArgumentParser.build/Objects-normal/armv7k/ArgumentParser.abi.json (in target 'ArgumentParser' from project 'swift-argument-parser')
    cd /Users/admin/builder/spi-builder-workspace/.dependencies/checkouts/swift-argument-parser
    builtin-copy -exclude .DS_Store -exclude CVS -exclude .svn -exclude .git -exclude .hg -resolve-src-symlinks -rename /Users/admin/builder/spi-builder-workspace/.derivedData/Build/Intermediates.noindex/swift-argument-parser.build/Debug-watchos/ArgumentParser.build/Objects-normal/armv7k/ArgumentParser.abi.json /Users/admin/builder/spi-builder-workspace/.derivedData/Build/Products/Debug-watchos/ArgumentParser.swiftmodule/armv7k-apple-watchos.abi.json
Copy /Users/admin/builder/spi-builder-workspace/.derivedData/Build/Products/Debug-watchos/ArgumentParser.swiftmodule/arm64_32-apple-watchos.swiftdoc /Users/admin/builder/spi-builder-workspace/.derivedData/Build/Intermediates.noindex/swift-argument-parser.build/Debug-watchos/ArgumentParser.build/Objects-normal/arm64_32/ArgumentParser.swiftdoc (in target 'ArgumentParser' from project 'swift-argument-parser')
    cd /Users/admin/builder/spi-builder-workspace/.dependencies/checkouts/swift-argument-parser
    builtin-copy -exclude .DS_Store -exclude CVS -exclude .svn -exclude .git -exclude .hg -resolve-src-symlinks -rename /Users/admin/builder/spi-builder-workspace/.derivedData/Build/Intermediates.noindex/swift-argument-parser.build/Debug-watchos/ArgumentParser.build/Objects-normal/arm64_32/ArgumentParser.swiftdoc /Users/admin/builder/spi-builder-workspace/.derivedData/Build/Products/Debug-watchos/ArgumentParser.swiftmodule/arm64_32-apple-watchos.swiftdoc
Copy /Users/admin/builder/spi-builder-workspace/.derivedData/Build/Products/Debug-watchos/ArgumentParser.swiftmodule/arm64_32-apple-watchos.abi.json /Users/admin/builder/spi-builder-workspace/.derivedData/Build/Intermediates.noindex/swift-argument-parser.build/Debug-watchos/ArgumentParser.build/Objects-normal/arm64_32/ArgumentParser.abi.json (in target 'ArgumentParser' from project 'swift-argument-parser')
    cd /Users/admin/builder/spi-builder-workspace/.dependencies/checkouts/swift-argument-parser
    builtin-copy -exclude .DS_Store -exclude CVS -exclude .svn -exclude .git -exclude .hg -resolve-src-symlinks -rename /Users/admin/builder/spi-builder-workspace/.derivedData/Build/Intermediates.noindex/swift-argument-parser.build/Debug-watchos/ArgumentParser.build/Objects-normal/arm64_32/ArgumentParser.abi.json /Users/admin/builder/spi-builder-workspace/.derivedData/Build/Products/Debug-watchos/ArgumentParser.swiftmodule/arm64_32-apple-watchos.abi.json
Copy /Users/admin/builder/spi-builder-workspace/.derivedData/Build/Products/Debug-watchos/ArgumentParser.swiftmodule/Project/armv7k-apple-watchos.swiftsourceinfo /Users/admin/builder/spi-builder-workspace/.derivedData/Build/Intermediates.noindex/swift-argument-parser.build/Debug-watchos/ArgumentParser.build/Objects-normal/armv7k/ArgumentParser.swiftsourceinfo (in target 'ArgumentParser' from project 'swift-argument-parser')
    cd /Users/admin/builder/spi-builder-workspace/.dependencies/checkouts/swift-argument-parser
    builtin-copy -exclude .DS_Store -exclude CVS -exclude .svn -exclude .git -exclude .hg -resolve-src-symlinks -rename /Users/admin/builder/spi-builder-workspace/.derivedData/Build/Intermediates.noindex/swift-argument-parser.build/Debug-watchos/ArgumentParser.build/Objects-normal/armv7k/ArgumentParser.swiftsourceinfo /Users/admin/builder/spi-builder-workspace/.derivedData/Build/Products/Debug-watchos/ArgumentParser.swiftmodule/Project/armv7k-apple-watchos.swiftsourceinfo
Copy /Users/admin/builder/spi-builder-workspace/.derivedData/Build/Products/Debug-watchos/ArgumentParser.swiftmodule/Project/arm64_32-apple-watchos.swiftsourceinfo /Users/admin/builder/spi-builder-workspace/.derivedData/Build/Intermediates.noindex/swift-argument-parser.build/Debug-watchos/ArgumentParser.build/Objects-normal/arm64_32/ArgumentParser.swiftsourceinfo (in target 'ArgumentParser' from project 'swift-argument-parser')
    cd /Users/admin/builder/spi-builder-workspace/.dependencies/checkouts/swift-argument-parser
    builtin-copy -exclude .DS_Store -exclude CVS -exclude .svn -exclude .git -exclude .hg -resolve-src-symlinks -rename /Users/admin/builder/spi-builder-workspace/.derivedData/Build/Intermediates.noindex/swift-argument-parser.build/Debug-watchos/ArgumentParser.build/Objects-normal/arm64_32/ArgumentParser.swiftsourceinfo /Users/admin/builder/spi-builder-workspace/.derivedData/Build/Products/Debug-watchos/ArgumentParser.swiftmodule/Project/arm64_32-apple-watchos.swiftsourceinfo
SwiftCompile normal arm64 Compiling\ AsyncParsableCommand.swift,\ CommandConfiguration.swift,\ EnumerableFlag.swift,\ ExpressibleByArgument.swift /Users/admin/builder/spi-builder-workspace/.dependencies/checkouts/swift-argument-parser/Sources/ArgumentParser/Parsable\ Types/AsyncParsableCommand.swift /Users/admin/builder/spi-builder-workspace/.dependencies/checkouts/swift-argument-parser/Sources/ArgumentParser/Parsable\ Types/CommandConfiguration.swift /Users/admin/builder/spi-builder-workspace/.dependencies/checkouts/swift-argument-parser/Sources/ArgumentParser/Parsable\ Types/EnumerableFlag.swift /Users/admin/builder/spi-builder-workspace/.dependencies/checkouts/swift-argument-parser/Sources/ArgumentParser/Parsable\ Types/ExpressibleByArgument.swift (in target 'ArgumentParser' from project 'swift-argument-parser')
SwiftCompile normal arm64 /Users/admin/builder/spi-builder-workspace/.dependencies/checkouts/swift-argument-parser/Sources/ArgumentParser/Parsable\ Types/AsyncParsableCommand.swift (in target 'ArgumentParser' from project 'swift-argument-parser')
    cd /Users/admin/builder/spi-builder-workspace/.swiftpm/xcode

SwiftCompile normal arm64 /Users/admin/builder/spi-builder-workspace/.dependencies/checkouts/swift-argument-parser/Sources/ArgumentParser/Parsable\ Types/CommandConfiguration.swift (in target 'ArgumentParser' from project 'swift-argument-parser')
    cd /Users/admin/builder/spi-builder-workspace/.swiftpm/xcode

SwiftCompile normal arm64 /Users/admin/builder/spi-builder-workspace/.dependencies/checkouts/swift-argument-parser/Sources/ArgumentParser/Parsable\ Types/EnumerableFlag.swift (in target 'ArgumentParser' from project 'swift-argument-parser')
    cd /Users/admin/builder/spi-builder-workspace/.swiftpm/xcode

SwiftCompile normal arm64 /Users/admin/builder/spi-builder-workspace/.dependencies/checkouts/swift-argument-parser/Sources/ArgumentParser/Parsable\ Types/ExpressibleByArgument.swift (in target 'ArgumentParser' from project 'swift-argument-parser')
    cd /Users/admin/builder/spi-builder-workspace/.swiftpm/xcode

SwiftCompile normal armv7k Compiling\ InputOrigin.swift,\ Name.swift,\ Parsed.swift,\ ParsedValues.swift /Users/admin/builder/spi-builder-workspace/.dependencies/checkouts/swift-argument-parser/Sources/ArgumentParser/Parsing/InputOrigin.swift /Users/admin/builder/spi-builder-workspace/.dependencies/checkouts/swift-argument-parser/Sources/ArgumentParser/Parsing/Name.swift /Users/admin/builder/spi-builder-workspace/.dependencies/checkouts/swift-argument-parser/Sources/ArgumentParser/Parsing/Parsed.swift /Users/admin/builder/spi-builder-workspace/.dependencies/checkouts/swift-argument-parser/Sources/ArgumentParser/Parsing/ParsedValues.swift (in target 'ArgumentParser' from project 'swift-argument-parser')
SwiftCompile normal armv7k /Users/admin/builder/spi-builder-workspace/.dependencies/checkouts/swift-argument-parser/Sources/ArgumentParser/Parsing/InputOrigin.swift (in target 'ArgumentParser' from project 'swift-argument-parser')
    cd /Users/admin/builder/spi-builder-workspace/.swiftpm/xcode

SwiftCompile normal armv7k /Users/admin/builder/spi-builder-workspace/.dependencies/checkouts/swift-argument-parser/Sources/ArgumentParser/Parsing/Name.swift (in target 'ArgumentParser' from project 'swift-argument-parser')
    cd /Users/admin/builder/spi-builder-workspace/.swiftpm/xcode

SwiftCompile normal armv7k /Users/admin/builder/spi-builder-workspace/.dependencies/checkouts/swift-argument-parser/Sources/ArgumentParser/Parsing/Parsed.swift (in target 'ArgumentParser' from project 'swift-argument-parser')
    cd /Users/admin/builder/spi-builder-workspace/.swiftpm/xcode

SwiftCompile normal armv7k /Users/admin/builder/spi-builder-workspace/.dependencies/checkouts/swift-argument-parser/Sources/ArgumentParser/Parsing/ParsedValues.swift (in target 'ArgumentParser' from project 'swift-argument-parser')
    cd /Users/admin/builder/spi-builder-workspace/.swiftpm/xcode

SwiftDriverJobDiscovery normal arm64 Compiling InputOrigin.swift, Name.swift, Parsed.swift, ParsedValues.swift (in target 'ArgumentParser' from project 'swift-argument-parser')
SwiftCompile normal armv7k Compiling\ ParsableArguments.swift,\ ParsableArgumentsValidation.swift,\ ParsableCommand.swift,\ ArgumentDecoder.swift /Users/admin/builder/spi-builder-workspace/.dependencies/checkouts/swift-argument-parser/Sources/ArgumentParser/Parsable\ Types/ParsableArguments.swift /Users/admin/builder/spi-builder-workspace/.dependencies/checkouts/swift-argument-parser/Sources/ArgumentParser/Parsable\ Types/ParsableArgumentsValidation.swift /Users/admin/builder/spi-builder-workspace/.dependencies/checkouts/swift-argument-parser/Sources/ArgumentParser/Parsable\ Types/ParsableCommand.swift /Users/admin/builder/spi-builder-workspace/.dependencies/checkouts/swift-argument-parser/Sources/ArgumentParser/Parsing/ArgumentDecoder.swift (in target 'ArgumentParser' from project 'swift-argument-parser')
SwiftCompile normal armv7k /Users/admin/builder/spi-builder-workspace/.dependencies/checkouts/swift-argument-parser/Sources/ArgumentParser/Parsable\ Types/ParsableArguments.swift (in target 'ArgumentParser' from project 'swift-argument-parser')
    cd /Users/admin/builder/spi-builder-workspace/.swiftpm/xcode

SwiftCompile normal armv7k /Users/admin/builder/spi-builder-workspace/.dependencies/checkouts/swift-argument-parser/Sources/ArgumentParser/Parsable\ Types/ParsableArgumentsValidation.swift (in target 'ArgumentParser' from project 'swift-argument-parser')
    cd /Users/admin/builder/spi-builder-workspace/.swiftpm/xcode

SwiftCompile normal armv7k /Users/admin/builder/spi-builder-workspace/.dependencies/checkouts/swift-argument-parser/Sources/ArgumentParser/Parsable\ Types/ParsableCommand.swift (in target 'ArgumentParser' from project 'swift-argument-parser')
    cd /Users/admin/builder/spi-builder-workspace/.swiftpm/xcode

SwiftCompile normal armv7k /Users/admin/builder/spi-builder-workspace/.dependencies/checkouts/swift-argument-parser/Sources/ArgumentParser/Parsing/ArgumentDecoder.swift (in target 'ArgumentParser' from project 'swift-argument-parser')
    cd /Users/admin/builder/spi-builder-workspace/.swiftpm/xcode

SwiftDriverJobDiscovery normal arm64 Emitting module for ArgumentParser (in target 'ArgumentParser' from project 'swift-argument-parser')
SwiftDriver\ Compilation\ Requirements ArgumentParser normal arm64 com.apple.xcode.tools.swift.compiler (in target 'ArgumentParser' from project 'swift-argument-parser')
    cd /Users/admin/builder/spi-builder-workspace/.swiftpm/xcode
    builtin-Swift-Compilation-Requirements -- /Applications/Xcode-26.3.0.app/Contents/Developer/Toolchains/XcodeDefault.xctoolchain/usr/bin/swiftc -module-name ArgumentParser -Onone -enforce-exclusivity\=checked @/Users/admin/builder/spi-builder-workspace/.derivedData/Build/Intermediates.noindex/swift-argument-parser.build/Debug-watchos/ArgumentParser.build/Objects-normal/arm64/ArgumentParser.SwiftFileList -DSWIFT_PACKAGE -DDEBUG -DSWIFT_MODULE_RESOURCE_BUNDLE_UNAVAILABLE -DXcode -plugin-path /Applications/Xcode-26.3.0.app/Contents/Developer/Toolchains/XcodeDefault.xctoolchain/usr/lib/swift/host/plugins/testing -enable-experimental-feature DebugDescriptionMacro -sdk /Applications/Xcode-26.3.0.app/Contents/Developer/Platforms/WatchOS.platform/Developer/SDKs/WatchOS26.2.sdk -target arm64-apple-watchos5.0 -g -module-cache-path /Users/admin/builder/spi-builder-workspace/.derivedData/ModuleCache.noindex -Xfrontend -serialize-debugging-options -profile-coverage-mapping -profile-generate -enable-testing -suppress-warnings -index-store-path /Users/admin/builder/spi-builder-workspace/.derivedData/Index.noindex/DataStore -Xcc -D_LIBCPP_HARDENING_MODE\=_LIBCPP_HARDENING_MODE_DEBUG -swift-version 5 -I /Users/admin/builder/spi-builder-workspace/.derivedData/Build/Products/Debug-watchos -Isystem /Applications/Xcode-26.3.0.app/Contents/Developer/Platforms/WatchOS.platform/Developer/usr/lib -F /Users/admin/builder/spi-builder-workspace/.derivedData/Build/Products/Debug-watchos/PackageFrameworks -F /Users/admin/builder/spi-builder-workspace/.derivedData/Build/Products/Debug-watchos -F /Applications/Xcode-26.3.0.app/Contents/Developer/Platforms/WatchOS.platform/Developer/Library/Frameworks -F /Applications/Xcode-26.3.0.app/Contents/Developer/Platforms/WatchOS.platform/Developer/SDKs/WatchOS26.2.sdk/Developer/Library/Frameworks -c -j10 -enable-batch-mode -incremental -Xcc -ivfsstatcache -Xcc /Users/admin/builder/spi-builder-workspace/.derivedData/SDKStatCaches.noindex/watchos26.2-23S303-dc75598d0054f22ec865fa860f139d721753b489057de6bda919edfa1c59a62b.sdkstatcache -output-file-map /Users/admin/builder/spi-builder-workspace/.derivedData/Build/Intermediates.noindex/swift-argument-parser.build/Debug-watchos/ArgumentParser.build/Objects-normal/arm64/ArgumentParser-OutputFileMap.json -use-frontend-parseable-output -save-temps -no-color-diagnostics -explicit-module-build -module-cache-path /Users/admin/builder/spi-builder-workspace/.derivedData/Build/Intermediates.noindex/SwiftExplicitPrecompiledModules -clang-scanner-module-cache-path /Users/admin/builder/spi-builder-workspace/.derivedData/ModuleCache.noindex -sdk-module-cache-path /Users/admin/builder/spi-builder-workspace/.derivedData/ModuleCache.noindex -serialize-diagnostics -emit-dependencies -emit-module -emit-module-path /Users/admin/builder/spi-builder-workspace/.derivedData/Build/Intermediates.noindex/swift-argument-parser.build/Debug-watchos/ArgumentParser.build/Objects-normal/arm64/ArgumentParser.swiftmodule -validate-clang-modules-once -clang-build-session-file /Users/admin/builder/spi-builder-workspace/.derivedData/ModuleCache.noindex/Session.modulevalidation -Xcc -I/Users/admin/builder/spi-builder-workspace/.derivedData/Build/Intermediates.noindex/swift-argument-parser.build/Debug-watchos/ArgumentParser.build/swift-overrides.hmap -emit-const-values -Xfrontend -const-gather-protocols-file -Xfrontend /Users/admin/builder/spi-builder-workspace/.derivedData/Build/Intermediates.noindex/swift-argument-parser.build/Debug-watchos/ArgumentParser.build/Objects-normal/arm64/ArgumentParser_const_extract_protocols.json -Xcc -I/Users/admin/builder/spi-builder-workspace/.derivedData/Build/Products/Debug-watchos/include -Xcc -I/Users/admin/builder/spi-builder-workspace/.derivedData/Build/Intermediates.noindex/swift-argument-parser.build/Debug-watchos/ArgumentParser.build/DerivedSources-normal/arm64 -Xcc -I/Users/admin/builder/spi-builder-workspace/.derivedData/Build/Intermediates.noindex/swift-argument-parser.build/Debug-watchos/ArgumentParser.build/DerivedSources/arm64 -Xcc -I/Users/admin/builder/spi-builder-workspace/.derivedData/Build/Intermediates.noindex/swift-argument-parser.build/Debug-watchos/ArgumentParser.build/DerivedSources -Xcc -DSWIFT_PACKAGE -Xcc -DDEBUG\=1 -emit-objc-header -emit-objc-header-path /Users/admin/builder/spi-builder-workspace/.derivedData/Build/Intermediates.noindex/swift-argument-parser.build/Debug-watchos/ArgumentParser.build/Objects-normal/arm64/ArgumentParser-Swift.h -working-directory /Users/admin/builder/spi-builder-workspace/.swiftpm/xcode -experimental-emit-module-separately -disable-cmo
SwiftDriverJobDiscovery normal arm64_32 Compiling Flag.swift, NameSpecification.swift, Option.swift, OptionGroup.swift (in target 'ArgumentParser' from project 'swift-argument-parser')
SwiftCompile normal arm64 Compiling\ BashCompletionsGenerator.swift,\ CompletionsGenerator.swift,\ FishCompletionsGenerator.swift,\ ZshCompletionsGenerator.swift,\ Argument.swift /Users/admin/builder/spi-builder-workspace/.dependencies/checkouts/swift-argument-parser/Sources/ArgumentParser/Completions/BashCompletionsGenerator.swift /Users/admin/builder/spi-builder-workspace/.dependencies/checkouts/swift-argument-parser/Sources/ArgumentParser/Completions/CompletionsGenerator.swift /Users/admin/builder/spi-builder-workspace/.dependencies/checkouts/swift-argument-parser/Sources/ArgumentParser/Completions/FishCompletionsGenerator.swift /Users/admin/builder/spi-builder-workspace/.dependencies/checkouts/swift-argument-parser/Sources/ArgumentParser/Completions/ZshCompletionsGenerator.swift /Users/admin/builder/spi-builder-workspace/.dependencies/checkouts/swift-argument-parser/Sources/ArgumentParser/Parsable\ Properties/Argument.swift (in target 'ArgumentParser' from project 'swift-argument-parser')
SwiftCompile normal arm64 /Users/admin/builder/spi-builder-workspace/.dependencies/checkouts/swift-argument-parser/Sources/ArgumentParser/Completions/BashCompletionsGenerator.swift (in target 'ArgumentParser' from project 'swift-argument-parser')
    cd /Users/admin/builder/spi-builder-workspace/.swiftpm/xcode

SwiftCompile normal arm64 /Users/admin/builder/spi-builder-workspace/.dependencies/checkouts/swift-argument-parser/Sources/ArgumentParser/Completions/CompletionsGenerator.swift (in target 'ArgumentParser' from project 'swift-argument-parser')
    cd /Users/admin/builder/spi-builder-workspace/.swiftpm/xcode

SwiftCompile normal arm64 /Users/admin/builder/spi-builder-workspace/.dependencies/checkouts/swift-argument-parser/Sources/ArgumentParser/Completions/FishCompletionsGenerator.swift (in target 'ArgumentParser' from project 'swift-argument-parser')
    cd /Users/admin/builder/spi-builder-workspace/.swiftpm/xcode

SwiftCompile normal arm64 /Users/admin/builder/spi-builder-workspace/.dependencies/checkouts/swift-argument-parser/Sources/ArgumentParser/Completions/ZshCompletionsGenerator.swift (in target 'ArgumentParser' from project 'swift-argument-parser')
    cd /Users/admin/builder/spi-builder-workspace/.swiftpm/xcode

SwiftCompile normal arm64 /Users/admin/builder/spi-builder-workspace/.dependencies/checkouts/swift-argument-parser/Sources/ArgumentParser/Parsable\ Properties/Argument.swift (in target 'ArgumentParser' from project 'swift-argument-parser')
    cd /Users/admin/builder/spi-builder-workspace/.swiftpm/xcode

SwiftMergeGeneratedHeaders /Users/admin/builder/spi-builder-workspace/.derivedData/Build/Intermediates.noindex/GeneratedModuleMaps-watchos/ArgumentParser-Swift.h /Users/admin/builder/spi-builder-workspace/.derivedData/Build/Intermediates.noindex/swift-argument-parser.build/Debug-watchos/ArgumentParser.build/Objects-normal/arm64/ArgumentParser-Swift.h /Users/admin/builder/spi-builder-workspace/.derivedData/Build/Intermediates.noindex/swift-argument-parser.build/Debug-watchos/ArgumentParser.build/Objects-normal/arm64_32/ArgumentParser-Swift.h /Users/admin/builder/spi-builder-workspace/.derivedData/Build/Intermediates.noindex/swift-argument-parser.build/Debug-watchos/ArgumentParser.build/Objects-normal/armv7k/ArgumentParser-Swift.h (in target 'ArgumentParser' from project 'swift-argument-parser')
    cd /Users/admin/builder/spi-builder-workspace/.dependencies/checkouts/swift-argument-parser
    builtin-swiftHeaderTool -arch arm64 /Users/admin/builder/spi-builder-workspace/.derivedData/Build/Intermediates.noindex/swift-argument-parser.build/Debug-watchos/ArgumentParser.build/Objects-normal/arm64/ArgumentParser-Swift.h -arch arm64_32 /Users/admin/builder/spi-builder-workspace/.derivedData/Build/Intermediates.noindex/swift-argument-parser.build/Debug-watchos/ArgumentParser.build/Objects-normal/arm64_32/ArgumentParser-Swift.h -arch armv7k /Users/admin/builder/spi-builder-workspace/.derivedData/Build/Intermediates.noindex/swift-argument-parser.build/Debug-watchos/ArgumentParser.build/Objects-normal/armv7k/ArgumentParser-Swift.h -o /Users/admin/builder/spi-builder-workspace/.derivedData/Build/Intermediates.noindex/GeneratedModuleMaps-watchos/ArgumentParser-Swift.h
SwiftDriverJobDiscovery normal arm64 Compiling AsyncParsableCommand.swift, CommandConfiguration.swift, EnumerableFlag.swift, ExpressibleByArgument.swift (in target 'ArgumentParser' from project 'swift-argument-parser')
Copy /Users/admin/builder/spi-builder-workspace/.derivedData/Build/Products/Debug-watchos/ArgumentParser.swiftmodule/arm64-apple-watchos.swiftmodule /Users/admin/builder/spi-builder-workspace/.derivedData/Build/Intermediates.noindex/swift-argument-parser.build/Debug-watchos/ArgumentParser.build/Objects-normal/arm64/ArgumentParser.swiftmodule (in target 'ArgumentParser' from project 'swift-argument-parser')
    cd /Users/admin/builder/spi-builder-workspace/.dependencies/checkouts/swift-argument-parser
    builtin-copy -exclude .DS_Store -exclude CVS -exclude .svn -exclude .git -exclude .hg -resolve-src-symlinks -rename /Users/admin/builder/spi-builder-workspace/.derivedData/Build/Intermediates.noindex/swift-argument-parser.build/Debug-watchos/ArgumentParser.build/Objects-normal/arm64/ArgumentParser.swiftmodule /Users/admin/builder/spi-builder-workspace/.derivedData/Build/Products/Debug-watchos/ArgumentParser.swiftmodule/arm64-apple-watchos.swiftmodule
Copy /Users/admin/builder/spi-builder-workspace/.derivedData/Build/Products/Debug-watchos/ArgumentParser.swiftmodule/arm64-apple-watchos.swiftdoc /Users/admin/builder/spi-builder-workspace/.derivedData/Build/Intermediates.noindex/swift-argument-parser.build/Debug-watchos/ArgumentParser.build/Objects-normal/arm64/ArgumentParser.swiftdoc (in target 'ArgumentParser' from project 'swift-argument-parser')
    cd /Users/admin/builder/spi-builder-workspace/.dependencies/checkouts/swift-argument-parser
    builtin-copy -exclude .DS_Store -exclude CVS -exclude .svn -exclude .git -exclude .hg -resolve-src-symlinks -rename /Users/admin/builder/spi-builder-workspace/.derivedData/Build/Intermediates.noindex/swift-argument-parser.build/Debug-watchos/ArgumentParser.build/Objects-normal/arm64/ArgumentParser.swiftdoc /Users/admin/builder/spi-builder-workspace/.derivedData/Build/Products/Debug-watchos/ArgumentParser.swiftmodule/arm64-apple-watchos.swiftdoc
Copy /Users/admin/builder/spi-builder-workspace/.derivedData/Build/Products/Debug-watchos/ArgumentParser.swiftmodule/arm64-apple-watchos.abi.json /Users/admin/builder/spi-builder-workspace/.derivedData/Build/Intermediates.noindex/swift-argument-parser.build/Debug-watchos/ArgumentParser.build/Objects-normal/arm64/ArgumentParser.abi.json (in target 'ArgumentParser' from project 'swift-argument-parser')
    cd /Users/admin/builder/spi-builder-workspace/.dependencies/checkouts/swift-argument-parser
    builtin-copy -exclude .DS_Store -exclude CVS -exclude .svn -exclude .git -exclude .hg -resolve-src-symlinks -rename /Users/admin/builder/spi-builder-workspace/.derivedData/Build/Intermediates.noindex/swift-argument-parser.build/Debug-watchos/ArgumentParser.build/Objects-normal/arm64/ArgumentParser.abi.json /Users/admin/builder/spi-builder-workspace/.derivedData/Build/Products/Debug-watchos/ArgumentParser.swiftmodule/arm64-apple-watchos.abi.json
Copy /Users/admin/builder/spi-builder-workspace/.derivedData/Build/Products/Debug-watchos/ArgumentParser.swiftmodule/Project/arm64-apple-watchos.swiftsourceinfo /Users/admin/builder/spi-builder-workspace/.derivedData/Build/Intermediates.noindex/swift-argument-parser.build/Debug-watchos/ArgumentParser.build/Objects-normal/arm64/ArgumentParser.swiftsourceinfo (in target 'ArgumentParser' from project 'swift-argument-parser')
    cd /Users/admin/builder/spi-builder-workspace/.dependencies/checkouts/swift-argument-parser
    builtin-copy -exclude .DS_Store -exclude CVS -exclude .svn -exclude .git -exclude .hg -resolve-src-symlinks -rename /Users/admin/builder/spi-builder-workspace/.derivedData/Build/Intermediates.noindex/swift-argument-parser.build/Debug-watchos/ArgumentParser.build/Objects-normal/arm64/ArgumentParser.swiftsourceinfo /Users/admin/builder/spi-builder-workspace/.derivedData/Build/Products/Debug-watchos/ArgumentParser.swiftmodule/Project/arm64-apple-watchos.swiftsourceinfo
SwiftCompile normal arm64 Compiling\ ParsableArguments.swift,\ ParsableArgumentsValidation.swift,\ ParsableCommand.swift,\ ArgumentDecoder.swift /Users/admin/builder/spi-builder-workspace/.dependencies/checkouts/swift-argument-parser/Sources/ArgumentParser/Parsable\ Types/ParsableArguments.swift /Users/admin/builder/spi-builder-workspace/.dependencies/checkouts/swift-argument-parser/Sources/ArgumentParser/Parsable\ Types/ParsableArgumentsValidation.swift /Users/admin/builder/spi-builder-workspace/.dependencies/checkouts/swift-argument-parser/Sources/ArgumentParser/Parsable\ Types/ParsableCommand.swift /Users/admin/builder/spi-builder-workspace/.dependencies/checkouts/swift-argument-parser/Sources/ArgumentParser/Parsing/ArgumentDecoder.swift (in target 'ArgumentParser' from project 'swift-argument-parser')
SwiftCompile normal arm64 /Users/admin/builder/spi-builder-workspace/.dependencies/checkouts/swift-argument-parser/Sources/ArgumentParser/Parsable\ Types/ParsableArguments.swift (in target 'ArgumentParser' from project 'swift-argument-parser')
    cd /Users/admin/builder/spi-builder-workspace/.swiftpm/xcode

SwiftCompile normal arm64 /Users/admin/builder/spi-builder-workspace/.dependencies/checkouts/swift-argument-parser/Sources/ArgumentParser/Parsable\ Types/ParsableArgumentsValidation.swift (in target 'ArgumentParser' from project 'swift-argument-parser')
    cd /Users/admin/builder/spi-builder-workspace/.swiftpm/xcode

SwiftCompile normal arm64 /Users/admin/builder/spi-builder-workspace/.dependencies/checkouts/swift-argument-parser/Sources/ArgumentParser/Parsable\ Types/ParsableCommand.swift (in target 'ArgumentParser' from project 'swift-argument-parser')
    cd /Users/admin/builder/spi-builder-workspace/.swiftpm/xcode

SwiftCompile normal arm64 /Users/admin/builder/spi-builder-workspace/.dependencies/checkouts/swift-argument-parser/Sources/ArgumentParser/Parsing/ArgumentDecoder.swift (in target 'ArgumentParser' from project 'swift-argument-parser')
    cd /Users/admin/builder/spi-builder-workspace/.swiftpm/xcode

SwiftDriverJobDiscovery normal arm64_32 Compiling BashCompletionsGenerator.swift, CompletionsGenerator.swift, FishCompletionsGenerator.swift, ZshCompletionsGenerator.swift, Argument.swift (in target 'ArgumentParser' from project 'swift-argument-parser')
SwiftCompile normal armv7k Compiling\ AsyncParsableCommand.swift,\ CommandConfiguration.swift,\ EnumerableFlag.swift,\ ExpressibleByArgument.swift /Users/admin/builder/spi-builder-workspace/.dependencies/checkouts/swift-argument-parser/Sources/ArgumentParser/Parsable\ Types/AsyncParsableCommand.swift /Users/admin/builder/spi-builder-workspace/.dependencies/checkouts/swift-argument-parser/Sources/ArgumentParser/Parsable\ Types/CommandConfiguration.swift /Users/admin/builder/spi-builder-workspace/.dependencies/checkouts/swift-argument-parser/Sources/ArgumentParser/Parsable\ Types/EnumerableFlag.swift /Users/admin/builder/spi-builder-workspace/.dependencies/checkouts/swift-argument-parser/Sources/ArgumentParser/Parsable\ Types/ExpressibleByArgument.swift (in target 'ArgumentParser' from project 'swift-argument-parser')
SwiftCompile normal armv7k /Users/admin/builder/spi-builder-workspace/.dependencies/checkouts/swift-argument-parser/Sources/ArgumentParser/Parsable\ Types/AsyncParsableCommand.swift (in target 'ArgumentParser' from project 'swift-argument-parser')
    cd /Users/admin/builder/spi-builder-workspace/.swiftpm/xcode

SwiftCompile normal armv7k /Users/admin/builder/spi-builder-workspace/.dependencies/checkouts/swift-argument-parser/Sources/ArgumentParser/Parsable\ Types/CommandConfiguration.swift (in target 'ArgumentParser' from project 'swift-argument-parser')
    cd /Users/admin/builder/spi-builder-workspace/.swiftpm/xcode

SwiftCompile normal armv7k /Users/admin/builder/spi-builder-workspace/.dependencies/checkouts/swift-argument-parser/Sources/ArgumentParser/Parsable\ Types/EnumerableFlag.swift (in target 'ArgumentParser' from project 'swift-argument-parser')
    cd /Users/admin/builder/spi-builder-workspace/.swiftpm/xcode

SwiftCompile normal armv7k /Users/admin/builder/spi-builder-workspace/.dependencies/checkouts/swift-argument-parser/Sources/ArgumentParser/Parsable\ Types/ExpressibleByArgument.swift (in target 'ArgumentParser' from project 'swift-argument-parser')
    cd /Users/admin/builder/spi-builder-workspace/.swiftpm/xcode

SwiftCompile normal armv7k Compiling\ ParserError.swift,\ SplitArguments.swift,\ DumpHelpGenerator.swift,\ HelpCommand.swift /Users/admin/builder/spi-builder-workspace/.dependencies/checkouts/swift-argument-parser/Sources/ArgumentParser/Parsing/ParserError.swift /Users/admin/builder/spi-builder-workspace/.dependencies/checkouts/swift-argument-parser/Sources/ArgumentParser/Parsing/SplitArguments.swift /Users/admin/builder/spi-builder-workspace/.dependencies/checkouts/swift-argument-parser/Sources/ArgumentParser/Usage/DumpHelpGenerator.swift /Users/admin/builder/spi-builder-workspace/.dependencies/checkouts/swift-argument-parser/Sources/ArgumentParser/Usage/HelpCommand.swift (in target 'ArgumentParser' from project 'swift-argument-parser')
SwiftCompile normal armv7k /Users/admin/builder/spi-builder-workspace/.dependencies/checkouts/swift-argument-parser/Sources/ArgumentParser/Parsing/ParserError.swift (in target 'ArgumentParser' from project 'swift-argument-parser')
    cd /Users/admin/builder/spi-builder-workspace/.swiftpm/xcode

SwiftCompile normal armv7k /Users/admin/builder/spi-builder-workspace/.dependencies/checkouts/swift-argument-parser/Sources/ArgumentParser/Parsing/SplitArguments.swift (in target 'ArgumentParser' from project 'swift-argument-parser')
    cd /Users/admin/builder/spi-builder-workspace/.swiftpm/xcode

SwiftCompile normal armv7k /Users/admin/builder/spi-builder-workspace/.dependencies/checkouts/swift-argument-parser/Sources/ArgumentParser/Usage/DumpHelpGenerator.swift (in target 'ArgumentParser' from project 'swift-argument-parser')
    cd /Users/admin/builder/spi-builder-workspace/.swiftpm/xcode

SwiftCompile normal armv7k /Users/admin/builder/spi-builder-workspace/.dependencies/checkouts/swift-argument-parser/Sources/ArgumentParser/Usage/HelpCommand.swift (in target 'ArgumentParser' from project 'swift-argument-parser')
    cd /Users/admin/builder/spi-builder-workspace/.swiftpm/xcode

SwiftDriverJobDiscovery normal arm64_32 Compiling Platform.swift, SequenceExtensions.swift, StringExtensions.swift, Tree.swift (in target 'ArgumentParser' from project 'swift-argument-parser')
SwiftCompile normal arm64 Compiling\ Platform.swift,\ SequenceExtensions.swift,\ StringExtensions.swift,\ Tree.swift /Users/admin/builder/spi-builder-workspace/.dependencies/checkouts/swift-argument-parser/Sources/ArgumentParser/Utilities/Platform.swift /Users/admin/builder/spi-builder-workspace/.dependencies/checkouts/swift-argument-parser/Sources/ArgumentParser/Utilities/SequenceExtensions.swift /Users/admin/builder/spi-builder-workspace/.dependencies/checkouts/swift-argument-parser/Sources/ArgumentParser/Utilities/StringExtensions.swift /Users/admin/builder/spi-builder-workspace/.dependencies/checkouts/swift-argument-parser/Sources/ArgumentParser/Utilities/Tree.swift (in target 'ArgumentParser' from project 'swift-argument-parser')
SwiftCompile normal arm64 /Users/admin/builder/spi-builder-workspace/.dependencies/checkouts/swift-argument-parser/Sources/ArgumentParser/Utilities/Platform.swift (in target 'ArgumentParser' from project 'swift-argument-parser')
    cd /Users/admin/builder/spi-builder-workspace/.swiftpm/xcode

SwiftCompile normal arm64 /Users/admin/builder/spi-builder-workspace/.dependencies/checkouts/swift-argument-parser/Sources/ArgumentParser/Utilities/SequenceExtensions.swift (in target 'ArgumentParser' from project 'swift-argument-parser')
    cd /Users/admin/builder/spi-builder-workspace/.swiftpm/xcode

SwiftCompile normal arm64 /Users/admin/builder/spi-builder-workspace/.dependencies/checkouts/swift-argument-parser/Sources/ArgumentParser/Utilities/StringExtensions.swift (in target 'ArgumentParser' from project 'swift-argument-parser')
    cd /Users/admin/builder/spi-builder-workspace/.swiftpm/xcode

SwiftCompile normal arm64 /Users/admin/builder/spi-builder-workspace/.dependencies/checkouts/swift-argument-parser/Sources/ArgumentParser/Utilities/Tree.swift (in target 'ArgumentParser' from project 'swift-argument-parser')
    cd /Users/admin/builder/spi-builder-workspace/.swiftpm/xcode

SwiftDriverJobDiscovery normal armv7k Compiling InputOrigin.swift, Name.swift, Parsed.swift, ParsedValues.swift (in target 'ArgumentParser' from project 'swift-argument-parser')
SwiftCompile normal armv7k Compiling\ ArgumentHelp.swift,\ ArgumentVisibility.swift,\ CompletionKind.swift,\ Errors.swift /Users/admin/builder/spi-builder-workspace/.dependencies/checkouts/swift-argument-parser/Sources/ArgumentParser/Parsable\ Properties/ArgumentHelp.swift /Users/admin/builder/spi-builder-workspace/.dependencies/checkouts/swift-argument-parser/Sources/ArgumentParser/Parsable\ Properties/ArgumentVisibility.swift /Users/admin/builder/spi-builder-workspace/.dependencies/checkouts/swift-argument-parser/Sources/ArgumentParser/Parsable\ Properties/CompletionKind.swift /Users/admin/builder/spi-builder-workspace/.dependencies/checkouts/swift-argument-parser/Sources/ArgumentParser/Parsable\ Properties/Errors.swift (in target 'ArgumentParser' from project 'swift-argument-parser')
SwiftCompile normal armv7k /Users/admin/builder/spi-builder-workspace/.dependencies/checkouts/swift-argument-parser/Sources/ArgumentParser/Parsable\ Properties/ArgumentHelp.swift (in target 'ArgumentParser' from project 'swift-argument-parser')
    cd /Users/admin/builder/spi-builder-workspace/.swiftpm/xcode

SwiftCompile normal armv7k /Users/admin/builder/spi-builder-workspace/.dependencies/checkouts/swift-argument-parser/Sources/ArgumentParser/Parsable\ Properties/ArgumentVisibility.swift (in target 'ArgumentParser' from project 'swift-argument-parser')
    cd /Users/admin/builder/spi-builder-workspace/.swiftpm/xcode

SwiftCompile normal armv7k /Users/admin/builder/spi-builder-workspace/.dependencies/checkouts/swift-argument-parser/Sources/ArgumentParser/Parsable\ Properties/CompletionKind.swift (in target 'ArgumentParser' from project 'swift-argument-parser')
    cd /Users/admin/builder/spi-builder-workspace/.swiftpm/xcode

SwiftCompile normal armv7k /Users/admin/builder/spi-builder-workspace/.dependencies/checkouts/swift-argument-parser/Sources/ArgumentParser/Parsable\ Properties/Errors.swift (in target 'ArgumentParser' from project 'swift-argument-parser')
    cd /Users/admin/builder/spi-builder-workspace/.swiftpm/xcode

SwiftDriverJobDiscovery normal armv7k Compiling AsyncParsableCommand.swift, CommandConfiguration.swift, EnumerableFlag.swift, ExpressibleByArgument.swift (in target 'ArgumentParser' from project 'swift-argument-parser')
SwiftCompile normal arm64_32 Compiling\ ArgumentDefinition.swift,\ ArgumentSet.swift,\ CommandParser.swift,\ InputKey.swift /Users/admin/builder/spi-builder-workspace/.dependencies/checkouts/swift-argument-parser/Sources/ArgumentParser/Parsing/ArgumentDefinition.swift /Users/admin/builder/spi-builder-workspace/.dependencies/checkouts/swift-argument-parser/Sources/ArgumentParser/Parsing/ArgumentSet.swift /Users/admin/builder/spi-builder-workspace/.dependencies/checkouts/swift-argument-parser/Sources/ArgumentParser/Parsing/CommandParser.swift /Users/admin/builder/spi-builder-workspace/.dependencies/checkouts/swift-argument-parser/Sources/ArgumentParser/Parsing/InputKey.swift (in target 'ArgumentParser' from project 'swift-argument-parser')
SwiftCompile normal arm64_32 /Users/admin/builder/spi-builder-workspace/.dependencies/checkouts/swift-argument-parser/Sources/ArgumentParser/Parsing/ArgumentDefinition.swift (in target 'ArgumentParser' from project 'swift-argument-parser')
    cd /Users/admin/builder/spi-builder-workspace/.swiftpm/xcode

SwiftCompile normal arm64_32 /Users/admin/builder/spi-builder-workspace/.dependencies/checkouts/swift-argument-parser/Sources/ArgumentParser/Parsing/ArgumentSet.swift (in target 'ArgumentParser' from project 'swift-argument-parser')
    cd /Users/admin/builder/spi-builder-workspace/.swiftpm/xcode

SwiftCompile normal arm64_32 /Users/admin/builder/spi-builder-workspace/.dependencies/checkouts/swift-argument-parser/Sources/ArgumentParser/Parsing/CommandParser.swift (in target 'ArgumentParser' from project 'swift-argument-parser')
    cd /Users/admin/builder/spi-builder-workspace/.swiftpm/xcode

SwiftCompile normal arm64_32 /Users/admin/builder/spi-builder-workspace/.dependencies/checkouts/swift-argument-parser/Sources/ArgumentParser/Parsing/InputKey.swift (in target 'ArgumentParser' from project 'swift-argument-parser')
    cd /Users/admin/builder/spi-builder-workspace/.swiftpm/xcode

SwiftDriverJobDiscovery normal armv7k Compiling ArgumentHelp.swift, ArgumentVisibility.swift, CompletionKind.swift, Errors.swift (in target 'ArgumentParser' from project 'swift-argument-parser')
SwiftCompile normal arm64 Compiling\ HelpGenerator.swift,\ MessageInfo.swift,\ UsageGenerator.swift,\ CollectionExtensions.swift /Users/admin/builder/spi-builder-workspace/.dependencies/checkouts/swift-argument-parser/Sources/ArgumentParser/Usage/HelpGenerator.swift /Users/admin/builder/spi-builder-workspace/.dependencies/checkouts/swift-argument-parser/Sources/ArgumentParser/Usage/MessageInfo.swift /Users/admin/builder/spi-builder-workspace/.dependencies/checkouts/swift-argument-parser/Sources/ArgumentParser/Usage/UsageGenerator.swift /Users/admin/builder/spi-builder-workspace/.dependencies/checkouts/swift-argument-parser/Sources/ArgumentParser/Utilities/CollectionExtensions.swift (in target 'ArgumentParser' from project 'swift-argument-parser')
SwiftCompile normal arm64 /Users/admin/builder/spi-builder-workspace/.dependencies/checkouts/swift-argument-parser/Sources/ArgumentParser/Usage/HelpGenerator.swift (in target 'ArgumentParser' from project 'swift-argument-parser')
    cd /Users/admin/builder/spi-builder-workspace/.swiftpm/xcode

SwiftCompile normal arm64 /Users/admin/builder/spi-builder-workspace/.dependencies/checkouts/swift-argument-parser/Sources/ArgumentParser/Usage/MessageInfo.swift (in target 'ArgumentParser' from project 'swift-argument-parser')
    cd /Users/admin/builder/spi-builder-workspace/.swiftpm/xcode

SwiftCompile normal arm64 /Users/admin/builder/spi-builder-workspace/.dependencies/checkouts/swift-argument-parser/Sources/ArgumentParser/Usage/UsageGenerator.swift (in target 'ArgumentParser' from project 'swift-argument-parser')
    cd /Users/admin/builder/spi-builder-workspace/.swiftpm/xcode

SwiftCompile normal arm64 /Users/admin/builder/spi-builder-workspace/.dependencies/checkouts/swift-argument-parser/Sources/ArgumentParser/Utilities/CollectionExtensions.swift (in target 'ArgumentParser' from project 'swift-argument-parser')
    cd /Users/admin/builder/spi-builder-workspace/.swiftpm/xcode

SwiftDriverJobDiscovery normal arm64 Compiling BashCompletionsGenerator.swift, CompletionsGenerator.swift, FishCompletionsGenerator.swift, ZshCompletionsGenerator.swift, Argument.swift (in target 'ArgumentParser' from project 'swift-argument-parser')
SwiftCompile normal armv7k Compiling\ BashCompletionsGenerator.swift,\ CompletionsGenerator.swift,\ FishCompletionsGenerator.swift,\ ZshCompletionsGenerator.swift,\ Argument.swift /Users/admin/builder/spi-builder-workspace/.dependencies/checkouts/swift-argument-parser/Sources/ArgumentParser/Completions/BashCompletionsGenerator.swift /Users/admin/builder/spi-builder-workspace/.dependencies/checkouts/swift-argument-parser/Sources/ArgumentParser/Completions/CompletionsGenerator.swift /Users/admin/builder/spi-builder-workspace/.dependencies/checkouts/swift-argument-parser/Sources/ArgumentParser/Completions/FishCompletionsGenerator.swift /Users/admin/builder/spi-builder-workspace/.dependencies/checkouts/swift-argument-parser/Sources/ArgumentParser/Completions/ZshCompletionsGenerator.swift /Users/admin/builder/spi-builder-workspace/.dependencies/checkouts/swift-argument-parser/Sources/ArgumentParser/Parsable\ Properties/Argument.swift (in target 'ArgumentParser' from project 'swift-argument-parser')
SwiftCompile normal armv7k /Users/admin/builder/spi-builder-workspace/.dependencies/checkouts/swift-argument-parser/Sources/ArgumentParser/Completions/BashCompletionsGenerator.swift (in target 'ArgumentParser' from project 'swift-argument-parser')
    cd /Users/admin/builder/spi-builder-workspace/.swiftpm/xcode

SwiftCompile normal armv7k /Users/admin/builder/spi-builder-workspace/.dependencies/checkouts/swift-argument-parser/Sources/ArgumentParser/Completions/CompletionsGenerator.swift (in target 'ArgumentParser' from project 'swift-argument-parser')
    cd /Users/admin/builder/spi-builder-workspace/.swiftpm/xcode

SwiftCompile normal armv7k /Users/admin/builder/spi-builder-workspace/.dependencies/checkouts/swift-argument-parser/Sources/ArgumentParser/Completions/FishCompletionsGenerator.swift (in target 'ArgumentParser' from project 'swift-argument-parser')
    cd /Users/admin/builder/spi-builder-workspace/.swiftpm/xcode

SwiftCompile normal armv7k /Users/admin/builder/spi-builder-workspace/.dependencies/checkouts/swift-argument-parser/Sources/ArgumentParser/Completions/ZshCompletionsGenerator.swift (in target 'ArgumentParser' from project 'swift-argument-parser')
    cd /Users/admin/builder/spi-builder-workspace/.swiftpm/xcode

SwiftCompile normal armv7k /Users/admin/builder/spi-builder-workspace/.dependencies/checkouts/swift-argument-parser/Sources/ArgumentParser/Parsable\ Properties/Argument.swift (in target 'ArgumentParser' from project 'swift-argument-parser')
    cd /Users/admin/builder/spi-builder-workspace/.swiftpm/xcode

SwiftDriverJobDiscovery normal armv7k Compiling ParsableArguments.swift, ParsableArgumentsValidation.swift, ParsableCommand.swift, ArgumentDecoder.swift (in target 'ArgumentParser' from project 'swift-argument-parser')
SwiftCompile normal arm64 Compiling\ ArgumentHelp.swift,\ ArgumentVisibility.swift,\ CompletionKind.swift,\ Errors.swift /Users/admin/builder/spi-builder-workspace/.dependencies/checkouts/swift-argument-parser/Sources/ArgumentParser/Parsable\ Properties/ArgumentHelp.swift /Users/admin/builder/spi-builder-workspace/.dependencies/checkouts/swift-argument-parser/Sources/ArgumentParser/Parsable\ Properties/ArgumentVisibility.swift /Users/admin/builder/spi-builder-workspace/.dependencies/checkouts/swift-argument-parser/Sources/ArgumentParser/Parsable\ Properties/CompletionKind.swift /Users/admin/builder/spi-builder-workspace/.dependencies/checkouts/swift-argument-parser/Sources/ArgumentParser/Parsable\ Properties/Errors.swift (in target 'ArgumentParser' from project 'swift-argument-parser')
SwiftCompile normal arm64 /Users/admin/builder/spi-builder-workspace/.dependencies/checkouts/swift-argument-parser/Sources/ArgumentParser/Parsable\ Properties/ArgumentHelp.swift (in target 'ArgumentParser' from project 'swift-argument-parser')
    cd /Users/admin/builder/spi-builder-workspace/.swiftpm/xcode

SwiftCompile normal arm64 /Users/admin/builder/spi-builder-workspace/.dependencies/checkouts/swift-argument-parser/Sources/ArgumentParser/Parsable\ Properties/ArgumentVisibility.swift (in target 'ArgumentParser' from project 'swift-argument-parser')
    cd /Users/admin/builder/spi-builder-workspace/.swiftpm/xcode

SwiftCompile normal arm64 /Users/admin/builder/spi-builder-workspace/.dependencies/checkouts/swift-argument-parser/Sources/ArgumentParser/Parsable\ Properties/CompletionKind.swift (in target 'ArgumentParser' from project 'swift-argument-parser')
    cd /Users/admin/builder/spi-builder-workspace/.swiftpm/xcode

SwiftCompile normal arm64 /Users/admin/builder/spi-builder-workspace/.dependencies/checkouts/swift-argument-parser/Sources/ArgumentParser/Parsable\ Properties/Errors.swift (in target 'ArgumentParser' from project 'swift-argument-parser')
    cd /Users/admin/builder/spi-builder-workspace/.swiftpm/xcode

SwiftDriverJobDiscovery normal arm64 Compiling ParsableArguments.swift, ParsableArgumentsValidation.swift, ParsableCommand.swift, ArgumentDecoder.swift (in target 'ArgumentParser' from project 'swift-argument-parser')
SwiftCompile normal arm64 Compiling\ Flag.swift,\ NameSpecification.swift,\ Option.swift,\ OptionGroup.swift /Users/admin/builder/spi-builder-workspace/.dependencies/checkouts/swift-argument-parser/Sources/ArgumentParser/Parsable\ Properties/Flag.swift /Users/admin/builder/spi-builder-workspace/.dependencies/checkouts/swift-argument-parser/Sources/ArgumentParser/Parsable\ Properties/NameSpecification.swift /Users/admin/builder/spi-builder-workspace/.dependencies/checkouts/swift-argument-parser/Sources/ArgumentParser/Parsable\ Properties/Option.swift /Users/admin/builder/spi-builder-workspace/.dependencies/checkouts/swift-argument-parser/Sources/ArgumentParser/Parsable\ Properties/OptionGroup.swift (in target 'ArgumentParser' from project 'swift-argument-parser')
SwiftCompile normal arm64 /Users/admin/builder/spi-builder-workspace/.dependencies/checkouts/swift-argument-parser/Sources/ArgumentParser/Parsable\ Properties/Flag.swift (in target 'ArgumentParser' from project 'swift-argument-parser')
    cd /Users/admin/builder/spi-builder-workspace/.swiftpm/xcode

SwiftCompile normal arm64 /Users/admin/builder/spi-builder-workspace/.dependencies/checkouts/swift-argument-parser/Sources/ArgumentParser/Parsable\ Properties/NameSpecification.swift (in target 'ArgumentParser' from project 'swift-argument-parser')
    cd /Users/admin/builder/spi-builder-workspace/.swiftpm/xcode

SwiftCompile normal arm64 /Users/admin/builder/spi-builder-workspace/.dependencies/checkouts/swift-argument-parser/Sources/ArgumentParser/Parsable\ Properties/Option.swift (in target 'ArgumentParser' from project 'swift-argument-parser')
    cd /Users/admin/builder/spi-builder-workspace/.swiftpm/xcode

SwiftCompile normal arm64 /Users/admin/builder/spi-builder-workspace/.dependencies/checkouts/swift-argument-parser/Sources/ArgumentParser/Parsable\ Properties/OptionGroup.swift (in target 'ArgumentParser' from project 'swift-argument-parser')
    cd /Users/admin/builder/spi-builder-workspace/.swiftpm/xcode

SwiftDriverJobDiscovery normal arm64_32 Compiling ParserError.swift, SplitArguments.swift, DumpHelpGenerator.swift, HelpCommand.swift (in target 'ArgumentParser' from project 'swift-argument-parser')
SwiftCompile normal armv7k Compiling\ Platform.swift,\ SequenceExtensions.swift,\ StringExtensions.swift,\ Tree.swift /Users/admin/builder/spi-builder-workspace/.dependencies/checkouts/swift-argument-parser/Sources/ArgumentParser/Utilities/Platform.swift /Users/admin/builder/spi-builder-workspace/.dependencies/checkouts/swift-argument-parser/Sources/ArgumentParser/Utilities/SequenceExtensions.swift /Users/admin/builder/spi-builder-workspace/.dependencies/checkouts/swift-argument-parser/Sources/ArgumentParser/Utilities/StringExtensions.swift /Users/admin/builder/spi-builder-workspace/.dependencies/checkouts/swift-argument-parser/Sources/ArgumentParser/Utilities/Tree.swift (in target 'ArgumentParser' from project 'swift-argument-parser')
SwiftCompile normal armv7k /Users/admin/builder/spi-builder-workspace/.dependencies/checkouts/swift-argument-parser/Sources/ArgumentParser/Utilities/Platform.swift (in target 'ArgumentParser' from project 'swift-argument-parser')
    cd /Users/admin/builder/spi-builder-workspace/.swiftpm/xcode

SwiftCompile normal armv7k /Users/admin/builder/spi-builder-workspace/.dependencies/checkouts/swift-argument-parser/Sources/ArgumentParser/Utilities/SequenceExtensions.swift (in target 'ArgumentParser' from project 'swift-argument-parser')
    cd /Users/admin/builder/spi-builder-workspace/.swiftpm/xcode

SwiftCompile normal armv7k /Users/admin/builder/spi-builder-workspace/.dependencies/checkouts/swift-argument-parser/Sources/ArgumentParser/Utilities/StringExtensions.swift (in target 'ArgumentParser' from project 'swift-argument-parser')
    cd /Users/admin/builder/spi-builder-workspace/.swiftpm/xcode

SwiftCompile normal armv7k /Users/admin/builder/spi-builder-workspace/.dependencies/checkouts/swift-argument-parser/Sources/ArgumentParser/Utilities/Tree.swift (in target 'ArgumentParser' from project 'swift-argument-parser')
    cd /Users/admin/builder/spi-builder-workspace/.swiftpm/xcode

SwiftDriverJobDiscovery normal arm64_32 Compiling HelpGenerator.swift, MessageInfo.swift, UsageGenerator.swift, CollectionExtensions.swift (in target 'ArgumentParser' from project 'swift-argument-parser')
SwiftCompile normal arm64 Compiling\ ArgumentDefinition.swift,\ ArgumentSet.swift,\ CommandParser.swift,\ InputKey.swift /Users/admin/builder/spi-builder-workspace/.dependencies/checkouts/swift-argument-parser/Sources/ArgumentParser/Parsing/ArgumentDefinition.swift /Users/admin/builder/spi-builder-workspace/.dependencies/checkouts/swift-argument-parser/Sources/ArgumentParser/Parsing/ArgumentSet.swift /Users/admin/builder/spi-builder-workspace/.dependencies/checkouts/swift-argument-parser/Sources/ArgumentParser/Parsing/CommandParser.swift /Users/admin/builder/spi-builder-workspace/.dependencies/checkouts/swift-argument-parser/Sources/ArgumentParser/Parsing/InputKey.swift (in target 'ArgumentParser' from project 'swift-argument-parser')
SwiftCompile normal arm64 /Users/admin/builder/spi-builder-workspace/.dependencies/checkouts/swift-argument-parser/Sources/ArgumentParser/Parsing/ArgumentDefinition.swift (in target 'ArgumentParser' from project 'swift-argument-parser')
    cd /Users/admin/builder/spi-builder-workspace/.swiftpm/xcode

SwiftCompile normal arm64 /Users/admin/builder/spi-builder-workspace/.dependencies/checkouts/swift-argument-parser/Sources/ArgumentParser/Parsing/ArgumentSet.swift (in target 'ArgumentParser' from project 'swift-argument-parser')
    cd /Users/admin/builder/spi-builder-workspace/.swiftpm/xcode

SwiftCompile normal arm64 /Users/admin/builder/spi-builder-workspace/.dependencies/checkouts/swift-argument-parser/Sources/ArgumentParser/Parsing/CommandParser.swift (in target 'ArgumentParser' from project 'swift-argument-parser')
    cd /Users/admin/builder/spi-builder-workspace/.swiftpm/xcode

SwiftCompile normal arm64 /Users/admin/builder/spi-builder-workspace/.dependencies/checkouts/swift-argument-parser/Sources/ArgumentParser/Parsing/InputKey.swift (in target 'ArgumentParser' from project 'swift-argument-parser')
    cd /Users/admin/builder/spi-builder-workspace/.swiftpm/xcode

SwiftDriverJobDiscovery normal arm64 Compiling Platform.swift, SequenceExtensions.swift, StringExtensions.swift, Tree.swift (in target 'ArgumentParser' from project 'swift-argument-parser')
SwiftCompile normal arm64_32 Compiling\ AsyncParsableCommand.swift,\ CommandConfiguration.swift,\ EnumerableFlag.swift,\ ExpressibleByArgument.swift /Users/admin/builder/spi-builder-workspace/.dependencies/checkouts/swift-argument-parser/Sources/ArgumentParser/Parsable\ Types/AsyncParsableCommand.swift /Users/admin/builder/spi-builder-workspace/.dependencies/checkouts/swift-argument-parser/Sources/ArgumentParser/Parsable\ Types/CommandConfiguration.swift /Users/admin/builder/spi-builder-workspace/.dependencies/checkouts/swift-argument-parser/Sources/ArgumentParser/Parsable\ Types/EnumerableFlag.swift /Users/admin/builder/spi-builder-workspace/.dependencies/checkouts/swift-argument-parser/Sources/ArgumentParser/Parsable\ Types/ExpressibleByArgument.swift (in target 'ArgumentParser' from project 'swift-argument-parser')
SwiftCompile normal arm64_32 /Users/admin/builder/spi-builder-workspace/.dependencies/checkouts/swift-argument-parser/Sources/ArgumentParser/Parsable\ Types/AsyncParsableCommand.swift (in target 'ArgumentParser' from project 'swift-argument-parser')
    cd /Users/admin/builder/spi-builder-workspace/.swiftpm/xcode

SwiftCompile normal arm64_32 /Users/admin/builder/spi-builder-workspace/.dependencies/checkouts/swift-argument-parser/Sources/ArgumentParser/Parsable\ Types/CommandConfiguration.swift (in target 'ArgumentParser' from project 'swift-argument-parser')
    cd /Users/admin/builder/spi-builder-workspace/.swiftpm/xcode

SwiftCompile normal arm64_32 /Users/admin/builder/spi-builder-workspace/.dependencies/checkouts/swift-argument-parser/Sources/ArgumentParser/Parsable\ Types/EnumerableFlag.swift (in target 'ArgumentParser' from project 'swift-argument-parser')
    cd /Users/admin/builder/spi-builder-workspace/.swiftpm/xcode

SwiftCompile normal arm64_32 /Users/admin/builder/spi-builder-workspace/.dependencies/checkouts/swift-argument-parser/Sources/ArgumentParser/Parsable\ Types/ExpressibleByArgument.swift (in target 'ArgumentParser' from project 'swift-argument-parser')
    cd /Users/admin/builder/spi-builder-workspace/.swiftpm/xcode

SwiftDriverJobDiscovery normal arm64 Compiling ParserError.swift, SplitArguments.swift, DumpHelpGenerator.swift, HelpCommand.swift (in target 'ArgumentParser' from project 'swift-argument-parser')
SwiftCompile normal armv7k Compiling\ ArgumentDefinition.swift,\ ArgumentSet.swift,\ CommandParser.swift,\ InputKey.swift /Users/admin/builder/spi-builder-workspace/.dependencies/checkouts/swift-argument-parser/Sources/ArgumentParser/Parsing/ArgumentDefinition.swift /Users/admin/builder/spi-builder-workspace/.dependencies/checkouts/swift-argument-parser/Sources/ArgumentParser/Parsing/ArgumentSet.swift /Users/admin/builder/spi-builder-workspace/.dependencies/checkouts/swift-argument-parser/Sources/ArgumentParser/Parsing/CommandParser.swift /Users/admin/builder/spi-builder-workspace/.dependencies/checkouts/swift-argument-parser/Sources/ArgumentParser/Parsing/InputKey.swift (in target 'ArgumentParser' from project 'swift-argument-parser')
SwiftCompile normal armv7k /Users/admin/builder/spi-builder-workspace/.dependencies/checkouts/swift-argument-parser/Sources/ArgumentParser/Parsing/ArgumentDefinition.swift (in target 'ArgumentParser' from project 'swift-argument-parser')
    cd /Users/admin/builder/spi-builder-workspace/.swiftpm/xcode

SwiftCompile normal armv7k /Users/admin/builder/spi-builder-workspace/.dependencies/checkouts/swift-argument-parser/Sources/ArgumentParser/Parsing/ArgumentSet.swift (in target 'ArgumentParser' from project 'swift-argument-parser')
    cd /Users/admin/builder/spi-builder-workspace/.swiftpm/xcode

SwiftCompile normal armv7k /Users/admin/builder/spi-builder-workspace/.dependencies/checkouts/swift-argument-parser/Sources/ArgumentParser/Parsing/CommandParser.swift (in target 'ArgumentParser' from project 'swift-argument-parser')
    cd /Users/admin/builder/spi-builder-workspace/.swiftpm/xcode

SwiftCompile normal armv7k /Users/admin/builder/spi-builder-workspace/.dependencies/checkouts/swift-argument-parser/Sources/ArgumentParser/Parsing/InputKey.swift (in target 'ArgumentParser' from project 'swift-argument-parser')
    cd /Users/admin/builder/spi-builder-workspace/.swiftpm/xcode

SwiftDriverJobDiscovery normal arm64 Compiling ArgumentHelp.swift, ArgumentVisibility.swift, CompletionKind.swift, Errors.swift (in target 'ArgumentParser' from project 'swift-argument-parser')
SwiftCompile normal arm64_32 Compiling\ ParsableArguments.swift,\ ParsableArgumentsValidation.swift,\ ParsableCommand.swift,\ ArgumentDecoder.swift /Users/admin/builder/spi-builder-workspace/.dependencies/checkouts/swift-argument-parser/Sources/ArgumentParser/Parsable\ Types/ParsableArguments.swift /Users/admin/builder/spi-builder-workspace/.dependencies/checkouts/swift-argument-parser/Sources/ArgumentParser/Parsable\ Types/ParsableArgumentsValidation.swift /Users/admin/builder/spi-builder-workspace/.dependencies/checkouts/swift-argument-parser/Sources/ArgumentParser/Parsable\ Types/ParsableCommand.swift /Users/admin/builder/spi-builder-workspace/.dependencies/checkouts/swift-argument-parser/Sources/ArgumentParser/Parsing/ArgumentDecoder.swift (in target 'ArgumentParser' from project 'swift-argument-parser')
SwiftCompile normal arm64_32 /Users/admin/builder/spi-builder-workspace/.dependencies/checkouts/swift-argument-parser/Sources/ArgumentParser/Parsable\ Types/ParsableArguments.swift (in target 'ArgumentParser' from project 'swift-argument-parser')
    cd /Users/admin/builder/spi-builder-workspace/.swiftpm/xcode

SwiftCompile normal arm64_32 /Users/admin/builder/spi-builder-workspace/.dependencies/checkouts/swift-argument-parser/Sources/ArgumentParser/Parsable\ Types/ParsableArgumentsValidation.swift (in target 'ArgumentParser' from project 'swift-argument-parser')
    cd /Users/admin/builder/spi-builder-workspace/.swiftpm/xcode

SwiftCompile normal arm64_32 /Users/admin/builder/spi-builder-workspace/.dependencies/checkouts/swift-argument-parser/Sources/ArgumentParser/Parsable\ Types/ParsableCommand.swift (in target 'ArgumentParser' from project 'swift-argument-parser')
    cd /Users/admin/builder/spi-builder-workspace/.swiftpm/xcode

SwiftCompile normal arm64_32 /Users/admin/builder/spi-builder-workspace/.dependencies/checkouts/swift-argument-parser/Sources/ArgumentParser/Parsing/ArgumentDecoder.swift (in target 'ArgumentParser' from project 'swift-argument-parser')
    cd /Users/admin/builder/spi-builder-workspace/.swiftpm/xcode

SwiftDriverJobDiscovery normal arm64_32 Compiling AsyncParsableCommand.swift, CommandConfiguration.swift, EnumerableFlag.swift, ExpressibleByArgument.swift (in target 'ArgumentParser' from project 'swift-argument-parser')
SwiftCompile normal armv7k Compiling\ Flag.swift,\ NameSpecification.swift,\ Option.swift,\ OptionGroup.swift /Users/admin/builder/spi-builder-workspace/.dependencies/checkouts/swift-argument-parser/Sources/ArgumentParser/Parsable\ Properties/Flag.swift /Users/admin/builder/spi-builder-workspace/.dependencies/checkouts/swift-argument-parser/Sources/ArgumentParser/Parsable\ Properties/NameSpecification.swift /Users/admin/builder/spi-builder-workspace/.dependencies/checkouts/swift-argument-parser/Sources/ArgumentParser/Parsable\ Properties/Option.swift /Users/admin/builder/spi-builder-workspace/.dependencies/checkouts/swift-argument-parser/Sources/ArgumentParser/Parsable\ Properties/OptionGroup.swift (in target 'ArgumentParser' from project 'swift-argument-parser')
SwiftCompile normal armv7k /Users/admin/builder/spi-builder-workspace/.dependencies/checkouts/swift-argument-parser/Sources/ArgumentParser/Parsable\ Properties/Flag.swift (in target 'ArgumentParser' from project 'swift-argument-parser')
    cd /Users/admin/builder/spi-builder-workspace/.swiftpm/xcode

SwiftCompile normal armv7k /Users/admin/builder/spi-builder-workspace/.dependencies/checkouts/swift-argument-parser/Sources/ArgumentParser/Parsable\ Properties/NameSpecification.swift (in target 'ArgumentParser' from project 'swift-argument-parser')
    cd /Users/admin/builder/spi-builder-workspace/.swiftpm/xcode

SwiftCompile normal armv7k /Users/admin/builder/spi-builder-workspace/.dependencies/checkouts/swift-argument-parser/Sources/ArgumentParser/Parsable\ Properties/Option.swift (in target 'ArgumentParser' from project 'swift-argument-parser')
    cd /Users/admin/builder/spi-builder-workspace/.swiftpm/xcode

SwiftCompile normal armv7k /Users/admin/builder/spi-builder-workspace/.dependencies/checkouts/swift-argument-parser/Sources/ArgumentParser/Parsable\ Properties/OptionGroup.swift (in target 'ArgumentParser' from project 'swift-argument-parser')
    cd /Users/admin/builder/spi-builder-workspace/.swiftpm/xcode

SwiftDriverJobDiscovery normal armv7k Compiling HelpGenerator.swift, MessageInfo.swift, UsageGenerator.swift, CollectionExtensions.swift (in target 'ArgumentParser' from project 'swift-argument-parser')
SwiftDriverJobDiscovery normal armv7k Compiling Platform.swift, SequenceExtensions.swift, StringExtensions.swift, Tree.swift (in target 'ArgumentParser' from project 'swift-argument-parser')
SwiftDriver BluetoothConnector normal armv7k com.apple.xcode.tools.swift.compiler (in target 'BluetoothConnector' from project 'BluetoothConnector')
    cd /Users/admin/builder/spi-builder-workspace/.swiftpm/xcode
    builtin-SwiftDriver -- /Applications/Xcode-26.3.0.app/Contents/Developer/Toolchains/XcodeDefault.xctoolchain/usr/bin/swiftc -module-name BluetoothConnector -Onone -enforce-exclusivity\=checked @/Users/admin/builder/spi-builder-workspace/.derivedData/Build/Intermediates.noindex/BluetoothConnector.build/Debug-watchos/BluetoothConnector.build/Objects-normal/armv7k/BluetoothConnector.SwiftFileList -DSWIFT_PACKAGE -DDEBUG -DXcode -plugin-path /Applications/Xcode-26.3.0.app/Contents/Developer/Toolchains/XcodeDefault.xctoolchain/usr/lib/swift/host/plugins/testing -enable-experimental-feature DebugDescriptionMacro -sdk /Applications/Xcode-26.3.0.app/Contents/Developer/Platforms/WatchOS.platform/Developer/SDKs/WatchOS26.2.sdk -target armv7k-apple-watchos5.0 -g -module-cache-path /Users/admin/builder/spi-builder-workspace/.derivedData/ModuleCache.noindex -Xfrontend -serialize-debugging-options -profile-coverage-mapping -profile-generate -enable-testing -index-store-path /Users/admin/builder/spi-builder-workspace/.derivedData/Index.noindex/DataStore -Xcc -D_LIBCPP_HARDENING_MODE\=_LIBCPP_HARDENING_MODE_DEBUG -swift-version 5 -I /Users/admin/builder/spi-builder-workspace/.derivedData/Build/Products/Debug-watchos -Isystem /Applications/Xcode-26.3.0.app/Contents/Developer/Platforms/WatchOS.platform/Developer/usr/lib -F /Users/admin/builder/spi-builder-workspace/.derivedData/Build/Products/Debug-watchos/PackageFrameworks -F /Users/admin/builder/spi-builder-workspace/.derivedData/Build/Products/Debug-watchos/PackageFrameworks -F /Users/admin/builder/spi-builder-workspace/.derivedData/Build/Products/Debug-watchos -F /Applications/Xcode-26.3.0.app/Contents/Developer/Platforms/WatchOS.platform/Developer/Library/Frameworks -F /Applications/Xcode-26.3.0.app/Contents/Developer/Platforms/WatchOS.platform/Developer/SDKs/WatchOS26.2.sdk/Developer/Library/Frameworks -c -j10 -enable-batch-mode -incremental -Xcc -ivfsstatcache -Xcc /Users/admin/builder/spi-builder-workspace/.derivedData/SDKStatCaches.noindex/watchos26.2-23S303-dc75598d0054f22ec865fa860f139d721753b489057de6bda919edfa1c59a62b.sdkstatcache -output-file-map /Users/admin/builder/spi-builder-workspace/.derivedData/Build/Intermediates.noindex/BluetoothConnector.build/Debug-watchos/BluetoothConnector.build/Objects-normal/armv7k/BluetoothConnector-OutputFileMap.json -use-frontend-parseable-output -save-temps -no-color-diagnostics -explicit-module-build -module-cache-path /Users/admin/builder/spi-builder-workspace/.derivedData/Build/Intermediates.noindex/SwiftExplicitPrecompiledModules -clang-scanner-module-cache-path /Users/admin/builder/spi-builder-workspace/.derivedData/ModuleCache.noindex -sdk-module-cache-path /Users/admin/builder/spi-builder-workspace/.derivedData/ModuleCache.noindex -serialize-diagnostics -emit-dependencies -emit-module -emit-module-path /Users/admin/builder/spi-builder-workspace/.derivedData/Build/Intermediates.noindex/BluetoothConnector.build/Debug-watchos/BluetoothConnector.build/Objects-normal/armv7k/BluetoothConnector.swiftmodule -validate-clang-modules-once -clang-build-session-file /Users/admin/builder/spi-builder-workspace/.derivedData/ModuleCache.noindex/Session.modulevalidation -package-name spi_builder_workspace -emit-const-values -Xfrontend -const-gather-protocols-file -Xfrontend /Users/admin/builder/spi-builder-workspace/.derivedData/Build/Intermediates.noindex/BluetoothConnector.build/Debug-watchos/BluetoothConnector.build/Objects-normal/armv7k/BluetoothConnector_const_extract_protocols.json -Xcc -I/Users/admin/builder/spi-builder-workspace/.derivedData/Build/Products/Debug-watchos/include -Xcc -I/Users/admin/builder/spi-builder-workspace/.derivedData/Build/Intermediates.noindex/BluetoothConnector.build/Debug-watchos/BluetoothConnector.build/DerivedSources-normal/armv7k -Xcc -I/Users/admin/builder/spi-builder-workspace/.derivedData/Build/Intermediates.noindex/BluetoothConnector.build/Debug-watchos/BluetoothConnector.build/DerivedSources/armv7k -Xcc -I/Users/admin/builder/spi-builder-workspace/.derivedData/Build/Intermediates.noindex/BluetoothConnector.build/Debug-watchos/BluetoothConnector.build/DerivedSources -Xcc -DSWIFT_PACKAGE -Xcc -DDEBUG\=1 -working-directory /Users/admin/builder/spi-builder-workspace/.swiftpm/xcode -experimental-emit-module-separately -disable-cmo
/Users/admin/builder/spi-builder-workspace/Sources/BluetoothConnector/main.swift:1:8: error: Unable to find module dependency: 'IOBluetooth'
import IOBluetooth
       ^ (in target 'BluetoothConnector' from project 'BluetoothConnector')
/Users/admin/builder/spi-builder-workspace/Sources/BluetoothConnector/main.swift:1:8: note: A dependency of main module 'BluetoothConnector'
import IOBluetooth
       ^ (in target 'BluetoothConnector' from project 'BluetoothConnector')
SwiftDriver BluetoothConnector normal arm64 com.apple.xcode.tools.swift.compiler (in target 'BluetoothConnector' from project 'BluetoothConnector')
    cd /Users/admin/builder/spi-builder-workspace/.swiftpm/xcode
    builtin-SwiftDriver -- /Applications/Xcode-26.3.0.app/Contents/Developer/Toolchains/XcodeDefault.xctoolchain/usr/bin/swiftc -module-name BluetoothConnector -Onone -enforce-exclusivity\=checked @/Users/admin/builder/spi-builder-workspace/.derivedData/Build/Intermediates.noindex/BluetoothConnector.build/Debug-watchos/BluetoothConnector.build/Objects-normal/arm64/BluetoothConnector.SwiftFileList -DSWIFT_PACKAGE -DDEBUG -DXcode -plugin-path /Applications/Xcode-26.3.0.app/Contents/Developer/Toolchains/XcodeDefault.xctoolchain/usr/lib/swift/host/plugins/testing -enable-experimental-feature DebugDescriptionMacro -sdk /Applications/Xcode-26.3.0.app/Contents/Developer/Platforms/WatchOS.platform/Developer/SDKs/WatchOS26.2.sdk -target arm64-apple-watchos5.0 -g -module-cache-path /Users/admin/builder/spi-builder-workspace/.derivedData/ModuleCache.noindex -Xfrontend -serialize-debugging-options -profile-coverage-mapping -profile-generate -enable-testing -index-store-path /Users/admin/builder/spi-builder-workspace/.derivedData/Index.noindex/DataStore -Xcc -D_LIBCPP_HARDENING_MODE\=_LIBCPP_HARDENING_MODE_DEBUG -swift-version 5 -I /Users/admin/builder/spi-builder-workspace/.derivedData/Build/Products/Debug-watchos -Isystem /Applications/Xcode-26.3.0.app/Contents/Developer/Platforms/WatchOS.platform/Developer/usr/lib -F /Users/admin/builder/spi-builder-workspace/.derivedData/Build/Products/Debug-watchos/PackageFrameworks -F /Users/admin/builder/spi-builder-workspace/.derivedData/Build/Products/Debug-watchos/PackageFrameworks -F /Users/admin/builder/spi-builder-workspace/.derivedData/Build/Products/Debug-watchos -F /Applications/Xcode-26.3.0.app/Contents/Developer/Platforms/WatchOS.platform/Developer/Library/Frameworks -F /Applications/Xcode-26.3.0.app/Contents/Developer/Platforms/WatchOS.platform/Developer/SDKs/WatchOS26.2.sdk/Developer/Library/Frameworks -c -j10 -enable-batch-mode -incremental -Xcc -ivfsstatcache -Xcc /Users/admin/builder/spi-builder-workspace/.derivedData/SDKStatCaches.noindex/watchos26.2-23S303-dc75598d0054f22ec865fa860f139d721753b489057de6bda919edfa1c59a62b.sdkstatcache -output-file-map /Users/admin/builder/spi-builder-workspace/.derivedData/Build/Intermediates.noindex/BluetoothConnector.build/Debug-watchos/BluetoothConnector.build/Objects-normal/arm64/BluetoothConnector-OutputFileMap.json -use-frontend-parseable-output -save-temps -no-color-diagnostics -explicit-module-build -module-cache-path /Users/admin/builder/spi-builder-workspace/.derivedData/Build/Intermediates.noindex/SwiftExplicitPrecompiledModules -clang-scanner-module-cache-path /Users/admin/builder/spi-builder-workspace/.derivedData/ModuleCache.noindex -sdk-module-cache-path /Users/admin/builder/spi-builder-workspace/.derivedData/ModuleCache.noindex -serialize-diagnostics -emit-dependencies -emit-module -emit-module-path /Users/admin/builder/spi-builder-workspace/.derivedData/Build/Intermediates.noindex/BluetoothConnector.build/Debug-watchos/BluetoothConnector.build/Objects-normal/arm64/BluetoothConnector.swiftmodule -validate-clang-modules-once -clang-build-session-file /Users/admin/builder/spi-builder-workspace/.derivedData/ModuleCache.noindex/Session.modulevalidation -package-name spi_builder_workspace -emit-const-values -Xfrontend -const-gather-protocols-file -Xfrontend /Users/admin/builder/spi-builder-workspace/.derivedData/Build/Intermediates.noindex/BluetoothConnector.build/Debug-watchos/BluetoothConnector.build/Objects-normal/arm64/BluetoothConnector_const_extract_protocols.json -Xcc -I/Users/admin/builder/spi-builder-workspace/.derivedData/Build/Products/Debug-watchos/include -Xcc -I/Users/admin/builder/spi-builder-workspace/.derivedData/Build/Intermediates.noindex/BluetoothConnector.build/Debug-watchos/BluetoothConnector.build/DerivedSources-normal/arm64 -Xcc -I/Users/admin/builder/spi-builder-workspace/.derivedData/Build/Intermediates.noindex/BluetoothConnector.build/Debug-watchos/BluetoothConnector.build/DerivedSources/arm64 -Xcc -I/Users/admin/builder/spi-builder-workspace/.derivedData/Build/Intermediates.noindex/BluetoothConnector.build/Debug-watchos/BluetoothConnector.build/DerivedSources -Xcc -DSWIFT_PACKAGE -Xcc -DDEBUG\=1 -working-directory /Users/admin/builder/spi-builder-workspace/.swiftpm/xcode -experimental-emit-module-separately -disable-cmo
/Users/admin/builder/spi-builder-workspace/Sources/BluetoothConnector/main.swift:1:8: error: Unable to find module dependency: 'IOBluetooth'
import IOBluetooth
       ^ (in target 'BluetoothConnector' from project 'BluetoothConnector')
/Users/admin/builder/spi-builder-workspace/Sources/BluetoothConnector/main.swift:1:8: note: A dependency of main module 'BluetoothConnector'
import IOBluetooth
       ^ (in target 'BluetoothConnector' from project 'BluetoothConnector')
SwiftDriverJobDiscovery normal armv7k Compiling ParserError.swift, SplitArguments.swift, DumpHelpGenerator.swift, HelpCommand.swift (in target 'ArgumentParser' from project 'swift-argument-parser')
SwiftDriver BluetoothConnector normal arm64_32 com.apple.xcode.tools.swift.compiler (in target 'BluetoothConnector' from project 'BluetoothConnector')
    cd /Users/admin/builder/spi-builder-workspace/.swiftpm/xcode
    builtin-SwiftDriver -- /Applications/Xcode-26.3.0.app/Contents/Developer/Toolchains/XcodeDefault.xctoolchain/usr/bin/swiftc -module-name BluetoothConnector -Onone -enforce-exclusivity\=checked @/Users/admin/builder/spi-builder-workspace/.derivedData/Build/Intermediates.noindex/BluetoothConnector.build/Debug-watchos/BluetoothConnector.build/Objects-normal/arm64_32/BluetoothConnector.SwiftFileList -DSWIFT_PACKAGE -DDEBUG -DXcode -plugin-path /Applications/Xcode-26.3.0.app/Contents/Developer/Toolchains/XcodeDefault.xctoolchain/usr/lib/swift/host/plugins/testing -enable-experimental-feature DebugDescriptionMacro -sdk /Applications/Xcode-26.3.0.app/Contents/Developer/Platforms/WatchOS.platform/Developer/SDKs/WatchOS26.2.sdk -target arm64_32-apple-watchos5.0 -g -module-cache-path /Users/admin/builder/spi-builder-workspace/.derivedData/ModuleCache.noindex -Xfrontend -serialize-debugging-options -profile-coverage-mapping -profile-generate -enable-testing -index-store-path /Users/admin/builder/spi-builder-workspace/.derivedData/Index.noindex/DataStore -Xcc -D_LIBCPP_HARDENING_MODE\=_LIBCPP_HARDENING_MODE_DEBUG -swift-version 5 -I /Users/admin/builder/spi-builder-workspace/.derivedData/Build/Products/Debug-watchos -Isystem /Applications/Xcode-26.3.0.app/Contents/Developer/Platforms/WatchOS.platform/Developer/usr/lib -F /Users/admin/builder/spi-builder-workspace/.derivedData/Build/Products/Debug-watchos/PackageFrameworks -F /Users/admin/builder/spi-builder-workspace/.derivedData/Build/Products/Debug-watchos/PackageFrameworks -F /Users/admin/builder/spi-builder-workspace/.derivedData/Build/Products/Debug-watchos -F /Applications/Xcode-26.3.0.app/Contents/Developer/Platforms/WatchOS.platform/Developer/Library/Frameworks -F /Applications/Xcode-26.3.0.app/Contents/Developer/Platforms/WatchOS.platform/Developer/SDKs/WatchOS26.2.sdk/Developer/Library/Frameworks -c -j10 -enable-batch-mode -incremental -Xcc -ivfsstatcache -Xcc /Users/admin/builder/spi-builder-workspace/.derivedData/SDKStatCaches.noindex/watchos26.2-23S303-dc75598d0054f22ec865fa860f139d721753b489057de6bda919edfa1c59a62b.sdkstatcache -output-file-map /Users/admin/builder/spi-builder-workspace/.derivedData/Build/Intermediates.noindex/BluetoothConnector.build/Debug-watchos/BluetoothConnector.build/Objects-normal/arm64_32/BluetoothConnector-OutputFileMap.json -use-frontend-parseable-output -save-temps -no-color-diagnostics -explicit-module-build -module-cache-path /Users/admin/builder/spi-builder-workspace/.derivedData/Build/Intermediates.noindex/SwiftExplicitPrecompiledModules -clang-scanner-module-cache-path /Users/admin/builder/spi-builder-workspace/.derivedData/ModuleCache.noindex -sdk-module-cache-path /Users/admin/builder/spi-builder-workspace/.derivedData/ModuleCache.noindex -serialize-diagnostics -emit-dependencies -emit-module -emit-module-path /Users/admin/builder/spi-builder-workspace/.derivedData/Build/Intermediates.noindex/BluetoothConnector.build/Debug-watchos/BluetoothConnector.build/Objects-normal/arm64_32/BluetoothConnector.swiftmodule -validate-clang-modules-once -clang-build-session-file /Users/admin/builder/spi-builder-workspace/.derivedData/ModuleCache.noindex/Session.modulevalidation -package-name spi_builder_workspace -emit-const-values -Xfrontend -const-gather-protocols-file -Xfrontend /Users/admin/builder/spi-builder-workspace/.derivedData/Build/Intermediates.noindex/BluetoothConnector.build/Debug-watchos/BluetoothConnector.build/Objects-normal/arm64_32/BluetoothConnector_const_extract_protocols.json -Xcc -I/Users/admin/builder/spi-builder-workspace/.derivedData/Build/Products/Debug-watchos/include -Xcc -I/Users/admin/builder/spi-builder-workspace/.derivedData/Build/Intermediates.noindex/BluetoothConnector.build/Debug-watchos/BluetoothConnector.build/DerivedSources-normal/arm64_32 -Xcc -I/Users/admin/builder/spi-builder-workspace/.derivedData/Build/Intermediates.noindex/BluetoothConnector.build/Debug-watchos/BluetoothConnector.build/DerivedSources/arm64_32 -Xcc -I/Users/admin/builder/spi-builder-workspace/.derivedData/Build/Intermediates.noindex/BluetoothConnector.build/Debug-watchos/BluetoothConnector.build/DerivedSources -Xcc -DSWIFT_PACKAGE -Xcc -DDEBUG\=1 -working-directory /Users/admin/builder/spi-builder-workspace/.swiftpm/xcode -experimental-emit-module-separately -disable-cmo
/Users/admin/builder/spi-builder-workspace/Sources/BluetoothConnector/main.swift:1:8: error: Unable to find module dependency: 'IOBluetooth'
import IOBluetooth
       ^ (in target 'BluetoothConnector' from project 'BluetoothConnector')
/Users/admin/builder/spi-builder-workspace/Sources/BluetoothConnector/main.swift:1:8: note: A dependency of main module 'BluetoothConnector'
import IOBluetooth
       ^ (in target 'BluetoothConnector' from project 'BluetoothConnector')
SwiftDriverJobDiscovery normal arm64 Compiling HelpGenerator.swift, MessageInfo.swift, UsageGenerator.swift, CollectionExtensions.swift (in target 'ArgumentParser' from project 'swift-argument-parser')
SwiftDriverJobDiscovery normal arm64 Compiling Flag.swift, NameSpecification.swift, Option.swift, OptionGroup.swift (in target 'ArgumentParser' from project 'swift-argument-parser')
RegisterExecutionPolicyException /Users/admin/builder/spi-builder-workspace/.derivedData/Build/Products/Debug-watchos/ArgumentParserToolInfo.o (in target 'ArgumentParserToolInfo' from project 'swift-argument-parser')
    cd /Users/admin/builder/spi-builder-workspace/.dependencies/checkouts/swift-argument-parser
    builtin-RegisterExecutionPolicyException /Users/admin/builder/spi-builder-workspace/.derivedData/Build/Products/Debug-watchos/ArgumentParserToolInfo.o
2026-07-20 12:01:47.829 xcodebuild[757:4501] [MT] IDERunDestination: Supported platforms for the buildables in the current scheme is empty.
/Users/admin/builder/spi-builder-workspace/Sources/BluetoothConnector/main.swift:1:8: error: Unable to find module dependency: 'IOBluetooth'
import IOBluetooth
       ^
/Users/admin/builder/spi-builder-workspace/Sources/BluetoothConnector/main.swift:1:8: note: a dependency of main module 'BluetoothConnector'
import IOBluetooth
       ^
/Users/admin/builder/spi-builder-workspace/Sources/BluetoothConnector/main.swift:1:8: error: Unable to find module dependency: 'IOBluetooth'
import IOBluetooth
       ^
/Users/admin/builder/spi-builder-workspace/Sources/BluetoothConnector/main.swift:1:8: note: a dependency of main module 'BluetoothConnector'
import IOBluetooth
       ^
/Users/admin/builder/spi-builder-workspace/Sources/BluetoothConnector/main.swift:1:8: error: Unable to find module dependency: 'IOBluetooth'
import IOBluetooth
       ^
/Users/admin/builder/spi-builder-workspace/Sources/BluetoothConnector/main.swift:1:8: note: a dependency of main module 'BluetoothConnector'
import IOBluetooth
       ^
** BUILD FAILED **
The following build commands failed:
	SwiftDriver BluetoothConnector normal armv7k com.apple.xcode.tools.swift.compiler (in target 'BluetoothConnector' from project 'BluetoothConnector')
	SwiftDriver BluetoothConnector normal arm64 com.apple.xcode.tools.swift.compiler (in target 'BluetoothConnector' from project 'BluetoothConnector')
	SwiftDriver BluetoothConnector normal arm64_32 com.apple.xcode.tools.swift.compiler (in target 'BluetoothConnector' from project 'BluetoothConnector')
	Building workspace spi-builder-workspace with scheme BluetoothConnector
(4 failures)
Command line invocation:
    /Applications/Xcode-26.3.0.app/Contents/Developer/usr/bin/xcodebuild -IDEClonedSourcePackagesDirPathOverride=/Users/admin/builder/spi-builder-workspace/.dependencies -resolvePackageDependencies
Resolve Package Graph
Resolved source packages:
  BluetoothConnector: /Users/admin/builder/spi-builder-workspace
  swift-argument-parser: https://github.com/apple/swift-argument-parser.git @ 1.2.3
resolved source packages: BluetoothConnector, swift-argument-parser
2026-07-20 12:01:56.555 xcodebuild[906:5299] [MT] IDERunDestination: Supported platforms for the buildables in the current scheme is empty.
{
  "dependencies" : [
    {
      "identity" : "swift-argument-parser",
      "requirement" : {
        "exact" : [
          "1.2.3"
        ]
      },
      "type" : "sourceControl",
      "url" : "https://github.com/apple/swift-argument-parser.git"
    }
  ],
  "manifest_display_name" : "BluetoothConnector",
  "name" : "BluetoothConnector",
  "path" : "/Users/admin/builder/spi-builder-workspace",
  "platforms" : [
    {
      "name" : "macos",
      "version" : "10.13"
    }
  ],
  "products" : [
    {
      "name" : "BluetoothConnector",
      "targets" : [
        "BluetoothConnector"
      ],
      "type" : {
        "executable" : null
      }
    }
  ],
  "targets" : [
    {
      "c99name" : "BluetoothConnectorTests",
      "module_type" : "SwiftTarget",
      "name" : "BluetoothConnectorTests",
      "path" : "Tests/BluetoothConnectorTests",
      "product_dependencies" : [
        "ArgumentParser"
      ],
      "sources" : [
        "BluetoothConnectorTests.swift"
      ],
      "target_dependencies" : [
        "BluetoothConnector"
      ],
      "type" : "test"
    },
    {
      "c99name" : "BluetoothConnector",
      "module_type" : "SwiftTarget",
      "name" : "BluetoothConnector",
      "path" : "Sources/BluetoothConnector",
      "product_dependencies" : [
        "ArgumentParser"
      ],
      "product_memberships" : [
        "BluetoothConnector"
      ],
      "sources" : [
        "main.swift"
      ],
      "type" : "executable"
    }
  ],
  "tools_version" : "5.9"
}
{
  "workspace" : {
    "name" : "spi-builder-workspace",
    "schemes" : [
      "BluetoothConnector"
    ]
  }
}
2026-07-20 12:01:58.000 xcodebuild[917:5393] [MT] IDERunDestination: Supported platforms for the buildables in the current scheme is empty.
Running build ...
env DEVELOPER_DIR=/Applications/Xcode-26.3.0.app xcrun xcodebuild -IDEClonedSourcePackagesDirPathOverride=$PWD/.dependencies -skipMacroValidation -skipPackagePluginValidation -derivedDataPath $PWD/.derivedData build -scheme BluetoothConnector -destination generic/platform=watchOS
Command line invocation:
    /Applications/Xcode-26.3.0.app/Contents/Developer/usr/bin/xcodebuild -IDEClonedSourcePackagesDirPathOverride=/Users/admin/builder/spi-builder-workspace/.dependencies -skipMacroValidation -skipPackagePluginValidation -derivedDataPath /Users/admin/builder/spi-builder-workspace/.derivedData build -scheme BluetoothConnector -destination generic/platform=watchOS
Resolve Package Graph
Resolved source packages:
  BluetoothConnector: /Users/admin/builder/spi-builder-workspace
  swift-argument-parser: https://github.com/apple/swift-argument-parser.git @ 1.2.3
ComputePackagePrebuildTargetDependencyGraph
Prepare packages
CreateBuildRequest
SendProjectDescription
CreateBuildOperation
ComputeTargetDependencyGraph
note: Building targets in dependency order
note: Target dependency graph (4 targets)
    Target 'BluetoothConnector' in project 'BluetoothConnector'
        ➜ Explicit dependency on target 'ArgumentParser' in project 'swift-argument-parser'
    Target 'ArgumentParser' in project 'swift-argument-parser'
        ➜ Explicit dependency on target 'ArgumentParser' in project 'swift-argument-parser'
        ➜ Explicit dependency on target 'ArgumentParserToolInfo' in project 'swift-argument-parser'
    Target 'ArgumentParser' in project 'swift-argument-parser'
        ➜ Explicit dependency on target 'ArgumentParserToolInfo' in project 'swift-argument-parser'
    Target 'ArgumentParserToolInfo' in project 'swift-argument-parser' (no dependencies)
GatherProvisioningInputs
CreateBuildDescription
ClangStatCache /Applications/Xcode-26.3.0.app/Contents/Developer/Toolchains/XcodeDefault.xctoolchain/usr/bin/clang-stat-cache /Applications/Xcode-26.3.0.app/Contents/Developer/Platforms/WatchOS.platform/Developer/SDKs/WatchOS26.2.sdk /Users/admin/builder/spi-builder-workspace/.derivedData/SDKStatCaches.noindex/watchos26.2-23S303-dc75598d0054f22ec865fa860f139d721753b489057de6bda919edfa1c59a62b.sdkstatcache
    cd /Users/admin/builder/spi-builder-workspace/.swiftpm/xcode
    /Applications/Xcode-26.3.0.app/Contents/Developer/Toolchains/XcodeDefault.xctoolchain/usr/bin/clang-stat-cache /Applications/Xcode-26.3.0.app/Contents/Developer/Platforms/WatchOS.platform/Developer/SDKs/WatchOS26.2.sdk -o /Users/admin/builder/spi-builder-workspace/.derivedData/SDKStatCaches.noindex/watchos26.2-23S303-dc75598d0054f22ec865fa860f139d721753b489057de6bda919edfa1c59a62b.sdkstatcache
SwiftDriver BluetoothConnector normal armv7k com.apple.xcode.tools.swift.compiler (in target 'BluetoothConnector' from project 'BluetoothConnector')
    cd /Users/admin/builder/spi-builder-workspace/.swiftpm/xcode
    builtin-SwiftDriver -- /Applications/Xcode-26.3.0.app/Contents/Developer/Toolchains/XcodeDefault.xctoolchain/usr/bin/swiftc -module-name BluetoothConnector -Onone -enforce-exclusivity\=checked @/Users/admin/builder/spi-builder-workspace/.derivedData/Build/Intermediates.noindex/BluetoothConnector.build/Debug-watchos/BluetoothConnector.build/Objects-normal/armv7k/BluetoothConnector.SwiftFileList -DSWIFT_PACKAGE -DDEBUG -DXcode -plugin-path /Applications/Xcode-26.3.0.app/Contents/Developer/Toolchains/XcodeDefault.xctoolchain/usr/lib/swift/host/plugins/testing -enable-experimental-feature DebugDescriptionMacro -sdk /Applications/Xcode-26.3.0.app/Contents/Developer/Platforms/WatchOS.platform/Developer/SDKs/WatchOS26.2.sdk -target armv7k-apple-watchos5.0 -g -module-cache-path /Users/admin/builder/spi-builder-workspace/.derivedData/ModuleCache.noindex -Xfrontend -serialize-debugging-options -profile-coverage-mapping -profile-generate -enable-testing -index-store-path /Users/admin/builder/spi-builder-workspace/.derivedData/Index.noindex/DataStore -Xcc -D_LIBCPP_HARDENING_MODE\=_LIBCPP_HARDENING_MODE_DEBUG -swift-version 5 -I /Users/admin/builder/spi-builder-workspace/.derivedData/Build/Products/Debug-watchos -Isystem /Applications/Xcode-26.3.0.app/Contents/Developer/Platforms/WatchOS.platform/Developer/usr/lib -F /Users/admin/builder/spi-builder-workspace/.derivedData/Build/Products/Debug-watchos/PackageFrameworks -F /Users/admin/builder/spi-builder-workspace/.derivedData/Build/Products/Debug-watchos/PackageFrameworks -F /Users/admin/builder/spi-builder-workspace/.derivedData/Build/Products/Debug-watchos -F /Applications/Xcode-26.3.0.app/Contents/Developer/Platforms/WatchOS.platform/Developer/Library/Frameworks -F /Applications/Xcode-26.3.0.app/Contents/Developer/Platforms/WatchOS.platform/Developer/SDKs/WatchOS26.2.sdk/Developer/Library/Frameworks -c -j10 -enable-batch-mode -incremental -Xcc -ivfsstatcache -Xcc /Users/admin/builder/spi-builder-workspace/.derivedData/SDKStatCaches.noindex/watchos26.2-23S303-dc75598d0054f22ec865fa860f139d721753b489057de6bda919edfa1c59a62b.sdkstatcache -output-file-map /Users/admin/builder/spi-builder-workspace/.derivedData/Build/Intermediates.noindex/BluetoothConnector.build/Debug-watchos/BluetoothConnector.build/Objects-normal/armv7k/BluetoothConnector-OutputFileMap.json -use-frontend-parseable-output -save-temps -no-color-diagnostics -explicit-module-build -module-cache-path /Users/admin/builder/spi-builder-workspace/.derivedData/Build/Intermediates.noindex/SwiftExplicitPrecompiledModules -clang-scanner-module-cache-path /Users/admin/builder/spi-builder-workspace/.derivedData/ModuleCache.noindex -sdk-module-cache-path /Users/admin/builder/spi-builder-workspace/.derivedData/ModuleCache.noindex -serialize-diagnostics -emit-dependencies -emit-module -emit-module-path /Users/admin/builder/spi-builder-workspace/.derivedData/Build/Intermediates.noindex/BluetoothConnector.build/Debug-watchos/BluetoothConnector.build/Objects-normal/armv7k/BluetoothConnector.swiftmodule -validate-clang-modules-once -clang-build-session-file /Users/admin/builder/spi-builder-workspace/.derivedData/ModuleCache.noindex/Session.modulevalidation -package-name spi_builder_workspace -emit-const-values -Xfrontend -const-gather-protocols-file -Xfrontend /Users/admin/builder/spi-builder-workspace/.derivedData/Build/Intermediates.noindex/BluetoothConnector.build/Debug-watchos/BluetoothConnector.build/Objects-normal/armv7k/BluetoothConnector_const_extract_protocols.json -Xcc -I/Users/admin/builder/spi-builder-workspace/.derivedData/Build/Products/Debug-watchos/include -Xcc -I/Users/admin/builder/spi-builder-workspace/.derivedData/Build/Intermediates.noindex/BluetoothConnector.build/Debug-watchos/BluetoothConnector.build/DerivedSources-normal/armv7k -Xcc -I/Users/admin/builder/spi-builder-workspace/.derivedData/Build/Intermediates.noindex/BluetoothConnector.build/Debug-watchos/BluetoothConnector.build/DerivedSources/armv7k -Xcc -I/Users/admin/builder/spi-builder-workspace/.derivedData/Build/Intermediates.noindex/BluetoothConnector.build/Debug-watchos/BluetoothConnector.build/DerivedSources -Xcc -DSWIFT_PACKAGE -Xcc -DDEBUG\=1 -working-directory /Users/admin/builder/spi-builder-workspace/.swiftpm/xcode -experimental-emit-module-separately -disable-cmo
/Users/admin/builder/spi-builder-workspace/Sources/BluetoothConnector/main.swift:1:8: error: Unable to find module dependency: 'IOBluetooth'
import IOBluetooth
       ^ (in target 'BluetoothConnector' from project 'BluetoothConnector')
/Users/admin/builder/spi-builder-workspace/Sources/BluetoothConnector/main.swift:1:8: note: A dependency of main module 'BluetoothConnector'
import IOBluetooth
       ^ (in target 'BluetoothConnector' from project 'BluetoothConnector')
SwiftDriver BluetoothConnector normal arm64 com.apple.xcode.tools.swift.compiler (in target 'BluetoothConnector' from project 'BluetoothConnector')
    cd /Users/admin/builder/spi-builder-workspace/.swiftpm/xcode
    builtin-SwiftDriver -- /Applications/Xcode-26.3.0.app/Contents/Developer/Toolchains/XcodeDefault.xctoolchain/usr/bin/swiftc -module-name BluetoothConnector -Onone -enforce-exclusivity\=checked @/Users/admin/builder/spi-builder-workspace/.derivedData/Build/Intermediates.noindex/BluetoothConnector.build/Debug-watchos/BluetoothConnector.build/Objects-normal/arm64/BluetoothConnector.SwiftFileList -DSWIFT_PACKAGE -DDEBUG -DXcode -plugin-path /Applications/Xcode-26.3.0.app/Contents/Developer/Toolchains/XcodeDefault.xctoolchain/usr/lib/swift/host/plugins/testing -enable-experimental-feature DebugDescriptionMacro -sdk /Applications/Xcode-26.3.0.app/Contents/Developer/Platforms/WatchOS.platform/Developer/SDKs/WatchOS26.2.sdk -target arm64-apple-watchos5.0 -g -module-cache-path /Users/admin/builder/spi-builder-workspace/.derivedData/ModuleCache.noindex -Xfrontend -serialize-debugging-options -profile-coverage-mapping -profile-generate -enable-testing -index-store-path /Users/admin/builder/spi-builder-workspace/.derivedData/Index.noindex/DataStore -Xcc -D_LIBCPP_HARDENING_MODE\=_LIBCPP_HARDENING_MODE_DEBUG -swift-version 5 -I /Users/admin/builder/spi-builder-workspace/.derivedData/Build/Products/Debug-watchos -Isystem /Applications/Xcode-26.3.0.app/Contents/Developer/Platforms/WatchOS.platform/Developer/usr/lib -F /Users/admin/builder/spi-builder-workspace/.derivedData/Build/Products/Debug-watchos/PackageFrameworks -F /Users/admin/builder/spi-builder-workspace/.derivedData/Build/Products/Debug-watchos/PackageFrameworks -F /Users/admin/builder/spi-builder-workspace/.derivedData/Build/Products/Debug-watchos -F /Applications/Xcode-26.3.0.app/Contents/Developer/Platforms/WatchOS.platform/Developer/Library/Frameworks -F /Applications/Xcode-26.3.0.app/Contents/Developer/Platforms/WatchOS.platform/Developer/SDKs/WatchOS26.2.sdk/Developer/Library/Frameworks -c -j10 -enable-batch-mode -incremental -Xcc -ivfsstatcache -Xcc /Users/admin/builder/spi-builder-workspace/.derivedData/SDKStatCaches.noindex/watchos26.2-23S303-dc75598d0054f22ec865fa860f139d721753b489057de6bda919edfa1c59a62b.sdkstatcache -output-file-map /Users/admin/builder/spi-builder-workspace/.derivedData/Build/Intermediates.noindex/BluetoothConnector.build/Debug-watchos/BluetoothConnector.build/Objects-normal/arm64/BluetoothConnector-OutputFileMap.json -use-frontend-parseable-output -save-temps -no-color-diagnostics -explicit-module-build -module-cache-path /Users/admin/builder/spi-builder-workspace/.derivedData/Build/Intermediates.noindex/SwiftExplicitPrecompiledModules -clang-scanner-module-cache-path /Users/admin/builder/spi-builder-workspace/.derivedData/ModuleCache.noindex -sdk-module-cache-path /Users/admin/builder/spi-builder-workspace/.derivedData/ModuleCache.noindex -serialize-diagnostics -emit-dependencies -emit-module -emit-module-path /Users/admin/builder/spi-builder-workspace/.derivedData/Build/Intermediates.noindex/BluetoothConnector.build/Debug-watchos/BluetoothConnector.build/Objects-normal/arm64/BluetoothConnector.swiftmodule -validate-clang-modules-once -clang-build-session-file /Users/admin/builder/spi-builder-workspace/.derivedData/ModuleCache.noindex/Session.modulevalidation -package-name spi_builder_workspace -emit-const-values -Xfrontend -const-gather-protocols-file -Xfrontend /Users/admin/builder/spi-builder-workspace/.derivedData/Build/Intermediates.noindex/BluetoothConnector.build/Debug-watchos/BluetoothConnector.build/Objects-normal/arm64/BluetoothConnector_const_extract_protocols.json -Xcc -I/Users/admin/builder/spi-builder-workspace/.derivedData/Build/Products/Debug-watchos/include -Xcc -I/Users/admin/builder/spi-builder-workspace/.derivedData/Build/Intermediates.noindex/BluetoothConnector.build/Debug-watchos/BluetoothConnector.build/DerivedSources-normal/arm64 -Xcc -I/Users/admin/builder/spi-builder-workspace/.derivedData/Build/Intermediates.noindex/BluetoothConnector.build/Debug-watchos/BluetoothConnector.build/DerivedSources/arm64 -Xcc -I/Users/admin/builder/spi-builder-workspace/.derivedData/Build/Intermediates.noindex/BluetoothConnector.build/Debug-watchos/BluetoothConnector.build/DerivedSources -Xcc -DSWIFT_PACKAGE -Xcc -DDEBUG\=1 -working-directory /Users/admin/builder/spi-builder-workspace/.swiftpm/xcode -experimental-emit-module-separately -disable-cmo
/Users/admin/builder/spi-builder-workspace/Sources/BluetoothConnector/main.swift:1:8: error: Unable to find module dependency: 'IOBluetooth'
import IOBluetooth
       ^ (in target 'BluetoothConnector' from project 'BluetoothConnector')
/Users/admin/builder/spi-builder-workspace/Sources/BluetoothConnector/main.swift:1:8: note: A dependency of main module 'BluetoothConnector'
import IOBluetooth
       ^ (in target 'BluetoothConnector' from project 'BluetoothConnector')
SwiftDriver BluetoothConnector normal arm64_32 com.apple.xcode.tools.swift.compiler (in target 'BluetoothConnector' from project 'BluetoothConnector')
    cd /Users/admin/builder/spi-builder-workspace/.swiftpm/xcode
    builtin-SwiftDriver -- /Applications/Xcode-26.3.0.app/Contents/Developer/Toolchains/XcodeDefault.xctoolchain/usr/bin/swiftc -module-name BluetoothConnector -Onone -enforce-exclusivity\=checked @/Users/admin/builder/spi-builder-workspace/.derivedData/Build/Intermediates.noindex/BluetoothConnector.build/Debug-watchos/BluetoothConnector.build/Objects-normal/arm64_32/BluetoothConnector.SwiftFileList -DSWIFT_PACKAGE -DDEBUG -DXcode -plugin-path /Applications/Xcode-26.3.0.app/Contents/Developer/Toolchains/XcodeDefault.xctoolchain/usr/lib/swift/host/plugins/testing -enable-experimental-feature DebugDescriptionMacro -sdk /Applications/Xcode-26.3.0.app/Contents/Developer/Platforms/WatchOS.platform/Developer/SDKs/WatchOS26.2.sdk -target arm64_32-apple-watchos5.0 -g -module-cache-path /Users/admin/builder/spi-builder-workspace/.derivedData/ModuleCache.noindex -Xfrontend -serialize-debugging-options -profile-coverage-mapping -profile-generate -enable-testing -index-store-path /Users/admin/builder/spi-builder-workspace/.derivedData/Index.noindex/DataStore -Xcc -D_LIBCPP_HARDENING_MODE\=_LIBCPP_HARDENING_MODE_DEBUG -swift-version 5 -I /Users/admin/builder/spi-builder-workspace/.derivedData/Build/Products/Debug-watchos -Isystem /Applications/Xcode-26.3.0.app/Contents/Developer/Platforms/WatchOS.platform/Developer/usr/lib -F /Users/admin/builder/spi-builder-workspace/.derivedData/Build/Products/Debug-watchos/PackageFrameworks -F /Users/admin/builder/spi-builder-workspace/.derivedData/Build/Products/Debug-watchos/PackageFrameworks -F /Users/admin/builder/spi-builder-workspace/.derivedData/Build/Products/Debug-watchos -F /Applications/Xcode-26.3.0.app/Contents/Developer/Platforms/WatchOS.platform/Developer/Library/Frameworks -F /Applications/Xcode-26.3.0.app/Contents/Developer/Platforms/WatchOS.platform/Developer/SDKs/WatchOS26.2.sdk/Developer/Library/Frameworks -c -j10 -enable-batch-mode -incremental -Xcc -ivfsstatcache -Xcc /Users/admin/builder/spi-builder-workspace/.derivedData/SDKStatCaches.noindex/watchos26.2-23S303-dc75598d0054f22ec865fa860f139d721753b489057de6bda919edfa1c59a62b.sdkstatcache -output-file-map /Users/admin/builder/spi-builder-workspace/.derivedData/Build/Intermediates.noindex/BluetoothConnector.build/Debug-watchos/BluetoothConnector.build/Objects-normal/arm64_32/BluetoothConnector-OutputFileMap.json -use-frontend-parseable-output -save-temps -no-color-diagnostics -explicit-module-build -module-cache-path /Users/admin/builder/spi-builder-workspace/.derivedData/Build/Intermediates.noindex/SwiftExplicitPrecompiledModules -clang-scanner-module-cache-path /Users/admin/builder/spi-builder-workspace/.derivedData/ModuleCache.noindex -sdk-module-cache-path /Users/admin/builder/spi-builder-workspace/.derivedData/ModuleCache.noindex -serialize-diagnostics -emit-dependencies -emit-module -emit-module-path /Users/admin/builder/spi-builder-workspace/.derivedData/Build/Intermediates.noindex/BluetoothConnector.build/Debug-watchos/BluetoothConnector.build/Objects-normal/arm64_32/BluetoothConnector.swiftmodule -validate-clang-modules-once -clang-build-session-file /Users/admin/builder/spi-builder-workspace/.derivedData/ModuleCache.noindex/Session.modulevalidation -package-name spi_builder_workspace -emit-const-values -Xfrontend -const-gather-protocols-file -Xfrontend /Users/admin/builder/spi-builder-workspace/.derivedData/Build/Intermediates.noindex/BluetoothConnector.build/Debug-watchos/BluetoothConnector.build/Objects-normal/arm64_32/BluetoothConnector_const_extract_protocols.json -Xcc -I/Users/admin/builder/spi-builder-workspace/.derivedData/Build/Products/Debug-watchos/include -Xcc -I/Users/admin/builder/spi-builder-workspace/.derivedData/Build/Intermediates.noindex/BluetoothConnector.build/Debug-watchos/BluetoothConnector.build/DerivedSources-normal/arm64_32 -Xcc -I/Users/admin/builder/spi-builder-workspace/.derivedData/Build/Intermediates.noindex/BluetoothConnector.build/Debug-watchos/BluetoothConnector.build/DerivedSources/arm64_32 -Xcc -I/Users/admin/builder/spi-builder-workspace/.derivedData/Build/Intermediates.noindex/BluetoothConnector.build/Debug-watchos/BluetoothConnector.build/DerivedSources -Xcc -DSWIFT_PACKAGE -Xcc -DDEBUG\=1 -working-directory /Users/admin/builder/spi-builder-workspace/.swiftpm/xcode -experimental-emit-module-separately -disable-cmo
/Users/admin/builder/spi-builder-workspace/Sources/BluetoothConnector/main.swift:1:8: error: Unable to find module dependency: 'IOBluetooth'
import IOBluetooth
       ^ (in target 'BluetoothConnector' from project 'BluetoothConnector')
/Users/admin/builder/spi-builder-workspace/Sources/BluetoothConnector/main.swift:1:8: note: A dependency of main module 'BluetoothConnector'
import IOBluetooth
       ^ (in target 'BluetoothConnector' from project 'BluetoothConnector')
SwiftDriver ArgumentParser normal arm64 com.apple.xcode.tools.swift.compiler (in target 'ArgumentParser' from project 'swift-argument-parser')
    cd /Users/admin/builder/spi-builder-workspace/.swiftpm/xcode
    builtin-SwiftDriver -- /Applications/Xcode-26.3.0.app/Contents/Developer/Toolchains/XcodeDefault.xctoolchain/usr/bin/swiftc -module-name ArgumentParser -Onone -enforce-exclusivity\=checked @/Users/admin/builder/spi-builder-workspace/.derivedData/Build/Intermediates.noindex/swift-argument-parser.build/Debug-watchos/ArgumentParser.build/Objects-normal/arm64/ArgumentParser.SwiftFileList -DSWIFT_PACKAGE -DDEBUG -DSWIFT_MODULE_RESOURCE_BUNDLE_UNAVAILABLE -DXcode -plugin-path /Applications/Xcode-26.3.0.app/Contents/Developer/Toolchains/XcodeDefault.xctoolchain/usr/lib/swift/host/plugins/testing -enable-experimental-feature DebugDescriptionMacro -sdk /Applications/Xcode-26.3.0.app/Contents/Developer/Platforms/WatchOS.platform/Developer/SDKs/WatchOS26.2.sdk -target arm64-apple-watchos5.0 -g -module-cache-path /Users/admin/builder/spi-builder-workspace/.derivedData/ModuleCache.noindex -Xfrontend -serialize-debugging-options -profile-coverage-mapping -profile-generate -enable-testing -suppress-warnings -index-store-path /Users/admin/builder/spi-builder-workspace/.derivedData/Index.noindex/DataStore -Xcc -D_LIBCPP_HARDENING_MODE\=_LIBCPP_HARDENING_MODE_DEBUG -swift-version 5 -I /Users/admin/builder/spi-builder-workspace/.derivedData/Build/Products/Debug-watchos -Isystem /Applications/Xcode-26.3.0.app/Contents/Developer/Platforms/WatchOS.platform/Developer/usr/lib -F /Users/admin/builder/spi-builder-workspace/.derivedData/Build/Products/Debug-watchos/PackageFrameworks -F /Users/admin/builder/spi-builder-workspace/.derivedData/Build/Products/Debug-watchos -F /Applications/Xcode-26.3.0.app/Contents/Developer/Platforms/WatchOS.platform/Developer/Library/Frameworks -F /Applications/Xcode-26.3.0.app/Contents/Developer/Platforms/WatchOS.platform/Developer/SDKs/WatchOS26.2.sdk/Developer/Library/Frameworks -c -j10 -enable-batch-mode -incremental -Xcc -ivfsstatcache -Xcc /Users/admin/builder/spi-builder-workspace/.derivedData/SDKStatCaches.noindex/watchos26.2-23S303-dc75598d0054f22ec865fa860f139d721753b489057de6bda919edfa1c59a62b.sdkstatcache -output-file-map /Users/admin/builder/spi-builder-workspace/.derivedData/Build/Intermediates.noindex/swift-argument-parser.build/Debug-watchos/ArgumentParser.build/Objects-normal/arm64/ArgumentParser-OutputFileMap.json -use-frontend-parseable-output -save-temps -no-color-diagnostics -explicit-module-build -module-cache-path /Users/admin/builder/spi-builder-workspace/.derivedData/Build/Intermediates.noindex/SwiftExplicitPrecompiledModules -clang-scanner-module-cache-path /Users/admin/builder/spi-builder-workspace/.derivedData/ModuleCache.noindex -sdk-module-cache-path /Users/admin/builder/spi-builder-workspace/.derivedData/ModuleCache.noindex -serialize-diagnostics -emit-dependencies -emit-module -emit-module-path /Users/admin/builder/spi-builder-workspace/.derivedData/Build/Intermediates.noindex/swift-argument-parser.build/Debug-watchos/ArgumentParser.build/Objects-normal/arm64/ArgumentParser.swiftmodule -validate-clang-modules-once -clang-build-session-file /Users/admin/builder/spi-builder-workspace/.derivedData/ModuleCache.noindex/Session.modulevalidation -Xcc -I/Users/admin/builder/spi-builder-workspace/.derivedData/Build/Intermediates.noindex/swift-argument-parser.build/Debug-watchos/ArgumentParser.build/swift-overrides.hmap -emit-const-values -Xfrontend -const-gather-protocols-file -Xfrontend /Users/admin/builder/spi-builder-workspace/.derivedData/Build/Intermediates.noindex/swift-argument-parser.build/Debug-watchos/ArgumentParser.build/Objects-normal/arm64/ArgumentParser_const_extract_protocols.json -Xcc -I/Users/admin/builder/spi-builder-workspace/.derivedData/Build/Products/Debug-watchos/include -Xcc -I/Users/admin/builder/spi-builder-workspace/.derivedData/Build/Intermediates.noindex/swift-argument-parser.build/Debug-watchos/ArgumentParser.build/DerivedSources-normal/arm64 -Xcc -I/Users/admin/builder/spi-builder-workspace/.derivedData/Build/Intermediates.noindex/swift-argument-parser.build/Debug-watchos/ArgumentParser.build/DerivedSources/arm64 -Xcc -I/Users/admin/builder/spi-builder-workspace/.derivedData/Build/Intermediates.noindex/swift-argument-parser.build/Debug-watchos/ArgumentParser.build/DerivedSources -Xcc -DSWIFT_PACKAGE -Xcc -DDEBUG\=1 -emit-objc-header -emit-objc-header-path /Users/admin/builder/spi-builder-workspace/.derivedData/Build/Intermediates.noindex/swift-argument-parser.build/Debug-watchos/ArgumentParser.build/Objects-normal/arm64/ArgumentParser-Swift.h -working-directory /Users/admin/builder/spi-builder-workspace/.swiftpm/xcode -experimental-emit-module-separately -disable-cmo
SwiftDriver ArgumentParser normal armv7k com.apple.xcode.tools.swift.compiler (in target 'ArgumentParser' from project 'swift-argument-parser')
    cd /Users/admin/builder/spi-builder-workspace/.swiftpm/xcode
    builtin-SwiftDriver -- /Applications/Xcode-26.3.0.app/Contents/Developer/Toolchains/XcodeDefault.xctoolchain/usr/bin/swiftc -module-name ArgumentParser -Onone -enforce-exclusivity\=checked @/Users/admin/builder/spi-builder-workspace/.derivedData/Build/Intermediates.noindex/swift-argument-parser.build/Debug-watchos/ArgumentParser.build/Objects-normal/armv7k/ArgumentParser.SwiftFileList -DSWIFT_PACKAGE -DDEBUG -DSWIFT_MODULE_RESOURCE_BUNDLE_UNAVAILABLE -DXcode -plugin-path /Applications/Xcode-26.3.0.app/Contents/Developer/Toolchains/XcodeDefault.xctoolchain/usr/lib/swift/host/plugins/testing -enable-experimental-feature DebugDescriptionMacro -sdk /Applications/Xcode-26.3.0.app/Contents/Developer/Platforms/WatchOS.platform/Developer/SDKs/WatchOS26.2.sdk -target armv7k-apple-watchos5.0 -g -module-cache-path /Users/admin/builder/spi-builder-workspace/.derivedData/ModuleCache.noindex -Xfrontend -serialize-debugging-options -profile-coverage-mapping -profile-generate -enable-testing -suppress-warnings -index-store-path /Users/admin/builder/spi-builder-workspace/.derivedData/Index.noindex/DataStore -Xcc -D_LIBCPP_HARDENING_MODE\=_LIBCPP_HARDENING_MODE_DEBUG -swift-version 5 -I /Users/admin/builder/spi-builder-workspace/.derivedData/Build/Products/Debug-watchos -Isystem /Applications/Xcode-26.3.0.app/Contents/Developer/Platforms/WatchOS.platform/Developer/usr/lib -F /Users/admin/builder/spi-builder-workspace/.derivedData/Build/Products/Debug-watchos/PackageFrameworks -F /Users/admin/builder/spi-builder-workspace/.derivedData/Build/Products/Debug-watchos -F /Applications/Xcode-26.3.0.app/Contents/Developer/Platforms/WatchOS.platform/Developer/Library/Frameworks -F /Applications/Xcode-26.3.0.app/Contents/Developer/Platforms/WatchOS.platform/Developer/SDKs/WatchOS26.2.sdk/Developer/Library/Frameworks -c -j10 -enable-batch-mode -incremental -Xcc -ivfsstatcache -Xcc /Users/admin/builder/spi-builder-workspace/.derivedData/SDKStatCaches.noindex/watchos26.2-23S303-dc75598d0054f22ec865fa860f139d721753b489057de6bda919edfa1c59a62b.sdkstatcache -output-file-map /Users/admin/builder/spi-builder-workspace/.derivedData/Build/Intermediates.noindex/swift-argument-parser.build/Debug-watchos/ArgumentParser.build/Objects-normal/armv7k/ArgumentParser-OutputFileMap.json -use-frontend-parseable-output -save-temps -no-color-diagnostics -explicit-module-build -module-cache-path /Users/admin/builder/spi-builder-workspace/.derivedData/Build/Intermediates.noindex/SwiftExplicitPrecompiledModules -clang-scanner-module-cache-path /Users/admin/builder/spi-builder-workspace/.derivedData/ModuleCache.noindex -sdk-module-cache-path /Users/admin/builder/spi-builder-workspace/.derivedData/ModuleCache.noindex -serialize-diagnostics -emit-dependencies -emit-module -emit-module-path /Users/admin/builder/spi-builder-workspace/.derivedData/Build/Intermediates.noindex/swift-argument-parser.build/Debug-watchos/ArgumentParser.build/Objects-normal/armv7k/ArgumentParser.swiftmodule -validate-clang-modules-once -clang-build-session-file /Users/admin/builder/spi-builder-workspace/.derivedData/ModuleCache.noindex/Session.modulevalidation -Xcc -I/Users/admin/builder/spi-builder-workspace/.derivedData/Build/Intermediates.noindex/swift-argument-parser.build/Debug-watchos/ArgumentParser.build/swift-overrides.hmap -emit-const-values -Xfrontend -const-gather-protocols-file -Xfrontend /Users/admin/builder/spi-builder-workspace/.derivedData/Build/Intermediates.noindex/swift-argument-parser.build/Debug-watchos/ArgumentParser.build/Objects-normal/armv7k/ArgumentParser_const_extract_protocols.json -Xcc -I/Users/admin/builder/spi-builder-workspace/.derivedData/Build/Products/Debug-watchos/include -Xcc -I/Users/admin/builder/spi-builder-workspace/.derivedData/Build/Intermediates.noindex/swift-argument-parser.build/Debug-watchos/ArgumentParser.build/DerivedSources-normal/armv7k -Xcc -I/Users/admin/builder/spi-builder-workspace/.derivedData/Build/Intermediates.noindex/swift-argument-parser.build/Debug-watchos/ArgumentParser.build/DerivedSources/armv7k -Xcc -I/Users/admin/builder/spi-builder-workspace/.derivedData/Build/Intermediates.noindex/swift-argument-parser.build/Debug-watchos/ArgumentParser.build/DerivedSources -Xcc -DSWIFT_PACKAGE -Xcc -DDEBUG\=1 -emit-objc-header -emit-objc-header-path /Users/admin/builder/spi-builder-workspace/.derivedData/Build/Intermediates.noindex/swift-argument-parser.build/Debug-watchos/ArgumentParser.build/Objects-normal/armv7k/ArgumentParser-Swift.h -working-directory /Users/admin/builder/spi-builder-workspace/.swiftpm/xcode -experimental-emit-module-separately -disable-cmo
SwiftDriver ArgumentParser normal arm64_32 com.apple.xcode.tools.swift.compiler (in target 'ArgumentParser' from project 'swift-argument-parser')
    cd /Users/admin/builder/spi-builder-workspace/.swiftpm/xcode
    builtin-SwiftDriver -- /Applications/Xcode-26.3.0.app/Contents/Developer/Toolchains/XcodeDefault.xctoolchain/usr/bin/swiftc -module-name ArgumentParser -Onone -enforce-exclusivity\=checked @/Users/admin/builder/spi-builder-workspace/.derivedData/Build/Intermediates.noindex/swift-argument-parser.build/Debug-watchos/ArgumentParser.build/Objects-normal/arm64_32/ArgumentParser.SwiftFileList -DSWIFT_PACKAGE -DDEBUG -DSWIFT_MODULE_RESOURCE_BUNDLE_UNAVAILABLE -DXcode -plugin-path /Applications/Xcode-26.3.0.app/Contents/Developer/Toolchains/XcodeDefault.xctoolchain/usr/lib/swift/host/plugins/testing -enable-experimental-feature DebugDescriptionMacro -sdk /Applications/Xcode-26.3.0.app/Contents/Developer/Platforms/WatchOS.platform/Developer/SDKs/WatchOS26.2.sdk -target arm64_32-apple-watchos5.0 -g -module-cache-path /Users/admin/builder/spi-builder-workspace/.derivedData/ModuleCache.noindex -Xfrontend -serialize-debugging-options -profile-coverage-mapping -profile-generate -enable-testing -suppress-warnings -index-store-path /Users/admin/builder/spi-builder-workspace/.derivedData/Index.noindex/DataStore -Xcc -D_LIBCPP_HARDENING_MODE\=_LIBCPP_HARDENING_MODE_DEBUG -swift-version 5 -I /Users/admin/builder/spi-builder-workspace/.derivedData/Build/Products/Debug-watchos -Isystem /Applications/Xcode-26.3.0.app/Contents/Developer/Platforms/WatchOS.platform/Developer/usr/lib -F /Users/admin/builder/spi-builder-workspace/.derivedData/Build/Products/Debug-watchos/PackageFrameworks -F /Users/admin/builder/spi-builder-workspace/.derivedData/Build/Products/Debug-watchos -F /Applications/Xcode-26.3.0.app/Contents/Developer/Platforms/WatchOS.platform/Developer/Library/Frameworks -F /Applications/Xcode-26.3.0.app/Contents/Developer/Platforms/WatchOS.platform/Developer/SDKs/WatchOS26.2.sdk/Developer/Library/Frameworks -c -j10 -enable-batch-mode -incremental -Xcc -ivfsstatcache -Xcc /Users/admin/builder/spi-builder-workspace/.derivedData/SDKStatCaches.noindex/watchos26.2-23S303-dc75598d0054f22ec865fa860f139d721753b489057de6bda919edfa1c59a62b.sdkstatcache -output-file-map /Users/admin/builder/spi-builder-workspace/.derivedData/Build/Intermediates.noindex/swift-argument-parser.build/Debug-watchos/ArgumentParser.build/Objects-normal/arm64_32/ArgumentParser-OutputFileMap.json -use-frontend-parseable-output -save-temps -no-color-diagnostics -explicit-module-build -module-cache-path /Users/admin/builder/spi-builder-workspace/.derivedData/Build/Intermediates.noindex/SwiftExplicitPrecompiledModules -clang-scanner-module-cache-path /Users/admin/builder/spi-builder-workspace/.derivedData/ModuleCache.noindex -sdk-module-cache-path /Users/admin/builder/spi-builder-workspace/.derivedData/ModuleCache.noindex -serialize-diagnostics -emit-dependencies -emit-module -emit-module-path /Users/admin/builder/spi-builder-workspace/.derivedData/Build/Intermediates.noindex/swift-argument-parser.build/Debug-watchos/ArgumentParser.build/Objects-normal/arm64_32/ArgumentParser.swiftmodule -validate-clang-modules-once -clang-build-session-file /Users/admin/builder/spi-builder-workspace/.derivedData/ModuleCache.noindex/Session.modulevalidation -Xcc -I/Users/admin/builder/spi-builder-workspace/.derivedData/Build/Intermediates.noindex/swift-argument-parser.build/Debug-watchos/ArgumentParser.build/swift-overrides.hmap -emit-const-values -Xfrontend -const-gather-protocols-file -Xfrontend /Users/admin/builder/spi-builder-workspace/.derivedData/Build/Intermediates.noindex/swift-argument-parser.build/Debug-watchos/ArgumentParser.build/Objects-normal/arm64_32/ArgumentParser_const_extract_protocols.json -Xcc -I/Users/admin/builder/spi-builder-workspace/.derivedData/Build/Products/Debug-watchos/include -Xcc -I/Users/admin/builder/spi-builder-workspace/.derivedData/Build/Intermediates.noindex/swift-argument-parser.build/Debug-watchos/ArgumentParser.build/DerivedSources-normal/arm64_32 -Xcc -I/Users/admin/builder/spi-builder-workspace/.derivedData/Build/Intermediates.noindex/swift-argument-parser.build/Debug-watchos/ArgumentParser.build/DerivedSources/arm64_32 -Xcc -I/Users/admin/builder/spi-builder-workspace/.derivedData/Build/Intermediates.noindex/swift-argument-parser.build/Debug-watchos/ArgumentParser.build/DerivedSources -Xcc -DSWIFT_PACKAGE -Xcc -DDEBUG\=1 -emit-objc-header -emit-objc-header-path /Users/admin/builder/spi-builder-workspace/.derivedData/Build/Intermediates.noindex/swift-argument-parser.build/Debug-watchos/ArgumentParser.build/Objects-normal/arm64_32/ArgumentParser-Swift.h -working-directory /Users/admin/builder/spi-builder-workspace/.swiftpm/xcode -experimental-emit-module-separately -disable-cmo
2026-07-20 12:01:59.219 xcodebuild[922:5440] [MT] IDERunDestination: Supported platforms for the buildables in the current scheme is empty.
/Users/admin/builder/spi-builder-workspace/Sources/BluetoothConnector/main.swift:1:8: error: Unable to find module dependency: 'IOBluetooth'
import IOBluetooth
       ^
/Users/admin/builder/spi-builder-workspace/Sources/BluetoothConnector/main.swift:1:8: note: a dependency of main module 'BluetoothConnector'
import IOBluetooth
       ^
/Users/admin/builder/spi-builder-workspace/Sources/BluetoothConnector/main.swift:1:8: error: Unable to find module dependency: 'IOBluetooth'
import IOBluetooth
       ^
/Users/admin/builder/spi-builder-workspace/Sources/BluetoothConnector/main.swift:1:8: note: a dependency of main module 'BluetoothConnector'
import IOBluetooth
       ^
/Users/admin/builder/spi-builder-workspace/Sources/BluetoothConnector/main.swift:1:8: error: Unable to find module dependency: 'IOBluetooth'
import IOBluetooth
       ^
/Users/admin/builder/spi-builder-workspace/Sources/BluetoothConnector/main.swift:1:8: note: a dependency of main module 'BluetoothConnector'
import IOBluetooth
       ^
** BUILD FAILED **
The following build commands failed:
	SwiftDriver BluetoothConnector normal armv7k com.apple.xcode.tools.swift.compiler (in target 'BluetoothConnector' from project 'BluetoothConnector')
	SwiftDriver BluetoothConnector normal arm64 com.apple.xcode.tools.swift.compiler (in target 'BluetoothConnector' from project 'BluetoothConnector')
	SwiftDriver BluetoothConnector normal arm64_32 com.apple.xcode.tools.swift.compiler (in target 'BluetoothConnector' from project 'BluetoothConnector')
	Building workspace spi-builder-workspace with scheme BluetoothConnector
(4 failures)
BUILD FAILURE 6.2 watchOS