Build Information
Failed to build swift-distributed-actors, reference main (50e789), with Swift 6.3 for Wasm on 16 Jul 2026 15:28:32 UTC.
Build Command
bash -c docker run --pull=always --rm -v "checkouts-54344844-0":/host -w "$PWD" -e JAVA_HOME="/root/.sdkman/candidates/java/current" -e SPI_BUILD="1" -e SPI_PROCESSING="1" registry.gitlab.com/saguaro1/spi-images:wasm-6.3-latest swift build --swift-sdk swift-6.3.2-RELEASE_wasm 2>&1Build Log
========================================
RunAll
========================================
Builder version: 333316120c8b89ed7d21f1b34865290794301d91
Interrupt handler set up.
========================================
Checkout
========================================
Clone URL: https://github.com/akbashev/swift-distributed-actors.git
Reference: main
Initialized empty Git repository in /host/spi-builder-workspace/.git/
hint: Using 'master' as the name for the initial branch. This default branch name
hint: is subject to change. To configure the initial branch name to use in all
hint: of your new repositories, which will suppress this warning, call:
hint:
hint: git config --global init.defaultBranch <name>
hint:
hint: Names commonly chosen instead of 'master' are 'main', 'trunk' and
hint: 'development'. The just-created branch can be renamed via this command:
hint:
hint: git branch -m <name>
From https://github.com/akbashev/swift-distributed-actors
* branch main -> FETCH_HEAD
* [new branch] main -> origin/main
HEAD is now at 50e789f Membership without protocols - 0.4.0 dependency update (#1239)
Cloned https://github.com/akbashev/swift-distributed-actors.git
Revision (git rev-parse @):
50e789fbb6db9a9869a60b1915e659bd752e1d42
SPI manifest file found: $PWD/.spi.yml
SUCCESS checkout https://github.com/akbashev/swift-distributed-actors.git at main
========================================
Build
========================================
Selected platform: wasm
Swift version: 6.3
Building package at path: $PWD
https://github.com/akbashev/swift-distributed-actors.git
Running build ...
bash -c docker run --pull=always --rm -v "checkouts-54344844-0":/host -w "$PWD" -e JAVA_HOME="/root/.sdkman/candidates/java/current" -e SPI_BUILD="1" -e SPI_PROCESSING="1" registry.gitlab.com/saguaro1/spi-images:wasm-6.3-latest swift build --swift-sdk swift-6.3.2-RELEASE_wasm 2>&1
wasm-6.3-latest: Pulling from saguaro1/spi-images
Digest: sha256:501b6bfc4ca8a27c305c68f9d5c778f996de82635741ab45476a03ffa6fa26d2
Status: Image is up to date for registry.gitlab.com/saguaro1/spi-images:wasm-6.3-latest
Fetching https://github.com/apple/swift-argument-parser
Fetching https://github.com/apple/swift-metrics
Fetching https://github.com/apple/swift-async-algorithms
Fetching https://github.com/apple/swift-log
Fetching https://github.com/apple/swift-service-discovery
Fetching https://github.com/apple/swift-collections
[1/3400] Fetching swift-metrics
[375/11172] Fetching swift-metrics, swift-log
[1235/12431] Fetching swift-metrics, swift-log, swift-service-discovery
[3531/30455] Fetching swift-metrics, swift-log, swift-service-discovery, swift-argument-parser
[8621/37054] Fetching swift-metrics, swift-log, swift-service-discovery, swift-argument-parser, swift-async-algorithms
[20424/63157] Fetching swift-metrics, swift-log, swift-service-discovery, swift-argument-parser, swift-async-algorithms, swift-collections
Fetched https://github.com/apple/swift-service-discovery from cache (0.53s)
Fetched https://github.com/apple/swift-log from cache (0.53s)
[13403/54126] Fetching swift-metrics, swift-argument-parser, swift-async-algorithms, swift-collections
Fetching https://github.com/swift-server/swift-backtrace
Fetching https://github.com/apple/swift-protobuf
Fetched https://github.com/apple/swift-argument-parser from cache (0.73s)
Fetching https://github.com/apple/swift-nio-ssl
[21224/36102] Fetching swift-metrics, swift-async-algorithms, swift-collections
[35059/36733] Fetching swift-metrics, swift-async-algorithms, swift-collections, swift-backtrace
Fetched https://github.com/apple/swift-metrics from cache (1.08s)
Fetched https://github.com/apple/swift-async-algorithms from cache (1.08s)
Fetching https://github.com/apple/swift-atomics
Fetching https://github.com/apple/swift-nio-extras
Fetched https://github.com/apple/swift-collections from cache (1.09s)
Fetching https://github.com/apple/swift-nio
[1/51764] Fetching swift-protobuf
[3107/67361] Fetching swift-protobuf, swift-nio-ssl
[6532/73959] Fetching swift-protobuf, swift-nio-ssl, swift-nio-extras
[11789/75827] Fetching swift-protobuf, swift-nio-ssl, swift-nio-extras, swift-atomics
Fetched https://github.com/apple/swift-nio-extras from cache (0.53s)
Fetching https://github.com/apple/swift-cluster-membership
[13122/69229] Fetching swift-protobuf, swift-nio-ssl, swift-atomics
Fetched https://github.com/apple/swift-atomics from cache (0.56s)
[12913/67361] Fetching swift-protobuf, swift-nio-ssl
[21996/151888] Fetching swift-protobuf, swift-nio-ssl, swift-nio
[61525/155181] Fetching swift-protobuf, swift-nio-ssl, swift-nio, swift-cluster-membership
Fetched https://github.com/apple/swift-cluster-membership from cache (0.51s)
[81588/151888] Fetching swift-protobuf, swift-nio-ssl, swift-nio
Fetched https://github.com/apple/swift-nio-ssl from cache (1.43s)
[69752/136291] Fetching swift-protobuf, swift-nio
Fetched https://github.com/apple/swift-nio from cache (3.83s)
Fetched https://github.com/swift-server/swift-backtrace from cache (4.64s)
Fetched https://github.com/apple/swift-protobuf from cache (4.68s)
Computing version for https://github.com/apple/swift-cluster-membership
Computed https://github.com/apple/swift-cluster-membership at 0.4.0 (5.44s)
Fetching https://github.com/swift-server/swift-service-lifecycle.git
[1/2775] Fetching swift-service-lifecycle
Fetched https://github.com/swift-server/swift-service-lifecycle.git from cache (0.42s)
Computing version for https://github.com/apple/swift-metrics
Computed https://github.com/apple/swift-metrics at 2.11.0 (0.61s)
Computing version for https://github.com/apple/swift-service-discovery
Computed https://github.com/apple/swift-service-discovery at 1.5.0 (0.19s)
Computing version for https://github.com/apple/swift-log
Computed https://github.com/apple/swift-log at 1.14.0 (0.20s)
Computing version for https://github.com/apple/swift-atomics
Computed https://github.com/apple/swift-atomics at 1.3.1 (0.21s)
Computing version for https://github.com/apple/swift-nio
Computed https://github.com/apple/swift-nio at 2.101.3 (0.34s)
Fetching https://github.com/apple/swift-system.git
[1/6198] Fetching swift-system
Fetched https://github.com/apple/swift-system.git from cache (0.57s)
Computing version for https://github.com/swift-server/swift-service-lifecycle.git
Computed https://github.com/swift-server/swift-service-lifecycle.git at 2.11.0 (0.74s)
Computing version for https://github.com/apple/swift-async-algorithms
Computed https://github.com/apple/swift-async-algorithms at 1.1.5 (0.23s)
Computing version for https://github.com/apple/swift-collections
Computed https://github.com/apple/swift-collections at 1.6.0 (0.27s)
Computing version for https://github.com/swift-server/swift-backtrace
Computed https://github.com/swift-server/swift-backtrace at 1.3.5 (0.86s)
Computing version for https://github.com/apple/swift-argument-parser
Computed https://github.com/apple/swift-argument-parser at 1.8.2 (0.15s)
Computing version for https://github.com/apple/swift-system.git
Computed https://github.com/apple/swift-system.git at 1.7.4 (0.17s)
Computing version for https://github.com/apple/swift-nio-ssl
Computed https://github.com/apple/swift-nio-ssl at 2.37.2 (0.18s)
Computing version for https://github.com/apple/swift-nio-extras
Computed https://github.com/apple/swift-nio-extras at 1.34.3 (0.25s)
Fetching https://github.com/apple/swift-asn1.git
Fetching https://github.com/apple/swift-nio-http2.git
Fetching https://github.com/apple/swift-http-structured-headers.git
Fetching https://github.com/apple/swift-algorithms.git
Fetching https://github.com/apple/swift-certificates.git
Fetching https://github.com/apple/swift-http-types.git
[1/1249] Fetching swift-http-structured-headers
[838/2468] Fetching swift-http-structured-headers, swift-http-types
[1726/8544] Fetching swift-http-structured-headers, swift-http-types, swift-algorithms
[5605/15936] Fetching swift-http-structured-headers, swift-http-types, swift-algorithms, swift-certificates
Fetched https://github.com/apple/swift-http-types.git from cache (0.46s)
[6184/14717] Fetching swift-http-structured-headers, swift-algorithms, swift-certificates
[14718/26873] Fetching swift-http-structured-headers, swift-algorithms, swift-certificates, swift-nio-http2
Fetched https://github.com/apple/swift-algorithms.git from cache (0.55s)
Fetched https://github.com/apple/swift-certificates.git from cache (0.55s)
[1493/13405] Fetching swift-http-structured-headers, swift-nio-http2
[2709/15319] Fetching swift-http-structured-headers, swift-nio-http2, swift-asn1
Fetched https://github.com/apple/swift-http-structured-headers.git from cache (1.35s)
Fetched https://github.com/apple/swift-asn1.git from cache (1.35s)
Fetched https://github.com/apple/swift-nio-http2.git from cache (1.36s)
Computing version for https://github.com/apple/swift-algorithms.git
Computed https://github.com/apple/swift-algorithms.git at 1.2.1 (1.52s)
Fetching https://github.com/apple/swift-numerics.git
[1/6441] Fetching swift-numerics
Fetched https://github.com/apple/swift-numerics.git from cache (0.52s)
Computing version for https://github.com/apple/swift-http-types.git
Computed https://github.com/apple/swift-http-types.git at 1.6.0 (0.67s)
Computing version for https://github.com/apple/swift-numerics.git
Computed https://github.com/apple/swift-numerics.git at 1.1.1 (0.13s)
Computing version for https://github.com/apple/swift-asn1.git
Computed https://github.com/apple/swift-asn1.git at 1.7.1 (0.17s)
Computing version for https://github.com/apple/swift-http-structured-headers.git
Computed https://github.com/apple/swift-http-structured-headers.git at 1.7.0 (0.14s)
Computing version for https://github.com/apple/swift-certificates.git
Computed https://github.com/apple/swift-certificates.git at 1.19.3 (0.20s)
Fetching https://github.com/apple/swift-crypto.git
[1/17803] Fetching swift-crypto
Fetched https://github.com/apple/swift-crypto.git from cache (1.27s)
Computing version for https://github.com/apple/swift-crypto.git
Computed https://github.com/apple/swift-crypto.git at 4.5.1 (1.52s)
Computing version for https://github.com/apple/swift-nio-http2.git
Computed https://github.com/apple/swift-nio-http2.git at 1.44.0 (0.17s)
Computing version for https://github.com/apple/swift-protobuf
Computed https://github.com/apple/swift-protobuf at 1.38.1 (0.21s)
Creating working copy for https://github.com/apple/swift-http-structured-headers.git
Working copy of https://github.com/apple/swift-http-structured-headers.git resolved at 1.7.0
Creating working copy for https://github.com/apple/swift-numerics.git
Working copy of https://github.com/apple/swift-numerics.git resolved at 1.1.1
Creating working copy for https://github.com/apple/swift-metrics
Working copy of https://github.com/apple/swift-metrics resolved at 2.11.0
Creating working copy for https://github.com/swift-server/swift-service-lifecycle.git
Working copy of https://github.com/swift-server/swift-service-lifecycle.git resolved at 2.11.0
Creating working copy for https://github.com/apple/swift-http-types.git
Working copy of https://github.com/apple/swift-http-types.git resolved at 1.6.0
Creating working copy for https://github.com/apple/swift-algorithms.git
Working copy of https://github.com/apple/swift-algorithms.git resolved at 1.2.1
Creating working copy for https://github.com/apple/swift-nio-ssl
Working copy of https://github.com/apple/swift-nio-ssl resolved at 2.37.2
Creating working copy for https://github.com/apple/swift-service-discovery
Working copy of https://github.com/apple/swift-service-discovery resolved at 1.5.0
Creating working copy for https://github.com/apple/swift-certificates.git
Working copy of https://github.com/apple/swift-certificates.git resolved at 1.19.3
Creating working copy for https://github.com/apple/swift-crypto.git
Working copy of https://github.com/apple/swift-crypto.git resolved at 4.5.1
Creating working copy for https://github.com/apple/swift-system.git
Working copy of https://github.com/apple/swift-system.git resolved at 1.7.4
Creating working copy for https://github.com/apple/swift-protobuf
Working copy of https://github.com/apple/swift-protobuf resolved at 1.38.1
Creating working copy for https://github.com/apple/swift-nio-http2.git
Working copy of https://github.com/apple/swift-nio-http2.git resolved at 1.44.0
Creating working copy for https://github.com/apple/swift-asn1.git
Working copy of https://github.com/apple/swift-asn1.git resolved at 1.7.1
Creating working copy for https://github.com/apple/swift-nio
Working copy of https://github.com/apple/swift-nio resolved at 2.101.3
Creating working copy for https://github.com/apple/swift-nio-extras
Working copy of https://github.com/apple/swift-nio-extras resolved at 1.34.3
Creating working copy for https://github.com/apple/swift-async-algorithms
Working copy of https://github.com/apple/swift-async-algorithms resolved at 1.1.5
Creating working copy for https://github.com/apple/swift-cluster-membership
Working copy of https://github.com/apple/swift-cluster-membership resolved at 0.4.0
Creating working copy for https://github.com/swift-server/swift-backtrace
Working copy of https://github.com/swift-server/swift-backtrace resolved at 1.3.5
Creating working copy for https://github.com/apple/swift-atomics
Working copy of https://github.com/apple/swift-atomics resolved at 1.3.1
Creating working copy for https://github.com/apple/swift-argument-parser
Working copy of https://github.com/apple/swift-argument-parser resolved at 1.8.2
Creating working copy for https://github.com/apple/swift-collections
Working copy of https://github.com/apple/swift-collections resolved at 1.6.0
Creating working copy for https://github.com/apple/swift-log
Working copy of https://github.com/apple/swift-log resolved at 1.14.0
[1/1] Compiling plugin MultiNodeTestPlugin
[2/2] Compiling plugin GenerateManual
[3/3] Compiling plugin GenerateDoccReference
[4/4] Compiling plugin SwiftProtobufPlugin
Building for debugging...
[4/513] Write sources
[26/513] Compiling _AtomicsShims.c
[27/513] Write sources
[37/513] Compiling CNIOWindows shim.c
[37/513] Compiling CNIOWindows WSAStartup.c
[39/513] Compiling CNIOWASI CNIOWASI.c
[40/513] Compiling CNIOOpenBSD shim.c
[41/513] Compiling CNIOPosix event_loop_id.c
[42/513] Compiling CNIOLinux shim.c
[43/513] Compiling CNIOLinux liburing_shims.c
[44/513] Compiling CNIOFreeBSD shim.c
[45/513] Write swift-version-24593BA9C3E375BF.txt
[46/513] Compiling CNIODarwin shim.c
[47/513] Compiling CNIOLLHTTP c_nio_http.c
[48/513] Compiling fiat_p256_adx_sqr.S
[49/513] Compiling CNIOLLHTTP c_nio_api.c
[50/513] Compiling fiat_curve25519_adx_square.S
[51/513] Compiling fiat_p256_adx_mul.S
[52/634] Compiling CNIOBoringSSLShims shims.c
[54/639] Emitting module CoreMetrics
[55/639] Emitting module Logging
[55/640] Compiling CNIOLLHTTP c_nio_llhttp.c
[57/642] Compiling SwiftProtobuf AsyncMessageSequence.swift
[58/642] Compiling SwiftProtobuf BinaryDecoder.swift
[59/642] Compiling SwiftProtobuf JSONEncoder.swift
[60/642] Compiling SwiftProtobuf JSONEncodingError.swift
[62/644] Compiling SwiftProtobuf BinaryDecodingError.swift
[63/644] Compiling SwiftProtobuf BinaryDecodingOptions.swift
error: emit-module command failed with exit code 1 (use -v to see invocation)
[64/644] Emitting module DistributedActorsConcurrencyHelpers
/host/spi-builder-workspace/Sources/DistributedActorsConcurrencyHelpers/lock.swift:42:49: error: cannot find type 'pthread_mutex_t' in scope
40 | @available(*, noasync, message: "Locks are bad in async code; If you truly must, use DispatchSemaphore")
41 | public final class Lock {
42 | fileprivate let mutex: UnsafeMutablePointer<pthread_mutex_t> = UnsafeMutablePointer.allocate(capacity: 1)
| `- error: cannot find type 'pthread_mutex_t' in scope
43 |
44 | /// Create a new lock.
/host/spi-builder-workspace/Sources/DistributedActorsConcurrencyHelpers/lock.swift:113:44: error: cannot find type 'pthread_cond_t' in scope
111 | private var _value: T
112 | private let mutex: Lock
113 | private let cond: UnsafeMutablePointer<pthread_cond_t> = UnsafeMutablePointer.allocate(capacity: 1)
| `- error: cannot find type 'pthread_cond_t' in scope
114 |
115 | /// Create the lock, and initialize the state variable to `value`.
[65/644] Compiling DistributedActorsConcurrencyHelpers lock.swift
/host/spi-builder-workspace/Sources/DistributedActorsConcurrencyHelpers/lock.swift:42:49: error: cannot find type 'pthread_mutex_t' in scope
40 | @available(*, noasync, message: "Locks are bad in async code; If you truly must, use DispatchSemaphore")
41 | public final class Lock {
42 | fileprivate let mutex: UnsafeMutablePointer<pthread_mutex_t> = UnsafeMutablePointer.allocate(capacity: 1)
| `- error: cannot find type 'pthread_mutex_t' in scope
43 |
44 | /// Create a new lock.
/host/spi-builder-workspace/Sources/DistributedActorsConcurrencyHelpers/lock.swift:113:44: error: cannot find type 'pthread_cond_t' in scope
111 | private var _value: T
112 | private let mutex: Lock
113 | private let cond: UnsafeMutablePointer<pthread_cond_t> = UnsafeMutablePointer.allocate(capacity: 1)
| `- error: cannot find type 'pthread_cond_t' in scope
114 |
115 | /// Create the lock, and initialize the state variable to `value`.
/host/spi-builder-workspace/Sources/DistributedActorsConcurrencyHelpers/lock.swift:46:20: error: cannot find 'pthread_mutexattr_t' in scope
44 | /// Create a new lock.
45 | public init() {
46 | var attr = pthread_mutexattr_t()
| `- error: cannot find 'pthread_mutexattr_t' in scope
47 | pthread_mutexattr_init(&attr)
48 | pthread_mutexattr_settype(&attr, .init(PTHREAD_MUTEX_ERRORCHECK))
/host/spi-builder-workspace/Sources/DistributedActorsConcurrencyHelpers/lock.swift:47:9: error: cannot find 'pthread_mutexattr_init' in scope
45 | public init() {
46 | var attr = pthread_mutexattr_t()
47 | pthread_mutexattr_init(&attr)
| `- error: cannot find 'pthread_mutexattr_init' in scope
48 | pthread_mutexattr_settype(&attr, .init(PTHREAD_MUTEX_ERRORCHECK))
49 |
/host/spi-builder-workspace/Sources/DistributedActorsConcurrencyHelpers/lock.swift:48:9: error: cannot find 'pthread_mutexattr_settype' in scope
46 | var attr = pthread_mutexattr_t()
47 | pthread_mutexattr_init(&attr)
48 | pthread_mutexattr_settype(&attr, .init(PTHREAD_MUTEX_ERRORCHECK))
| `- error: cannot find 'pthread_mutexattr_settype' in scope
49 |
50 | let err = pthread_mutex_init(self.mutex, &attr)
/host/spi-builder-workspace/Sources/DistributedActorsConcurrencyHelpers/lock.swift:48:48: error: cannot find 'PTHREAD_MUTEX_ERRORCHECK' in scope
46 | var attr = pthread_mutexattr_t()
47 | pthread_mutexattr_init(&attr)
48 | pthread_mutexattr_settype(&attr, .init(PTHREAD_MUTEX_ERRORCHECK))
| `- error: cannot find 'PTHREAD_MUTEX_ERRORCHECK' in scope
49 |
50 | let err = pthread_mutex_init(self.mutex, &attr)
/host/spi-builder-workspace/Sources/DistributedActorsConcurrencyHelpers/lock.swift:48:43: error: cannot infer contextual base in reference to member 'init'
46 | var attr = pthread_mutexattr_t()
47 | pthread_mutexattr_init(&attr)
48 | pthread_mutexattr_settype(&attr, .init(PTHREAD_MUTEX_ERRORCHECK))
| `- error: cannot infer contextual base in reference to member 'init'
49 |
50 | let err = pthread_mutex_init(self.mutex, &attr)
/host/spi-builder-workspace/Sources/DistributedActorsConcurrencyHelpers/lock.swift:50:19: error: cannot find 'pthread_mutex_init' in scope
48 | pthread_mutexattr_settype(&attr, .init(PTHREAD_MUTEX_ERRORCHECK))
49 |
50 | let err = pthread_mutex_init(self.mutex, &attr)
| `- error: cannot find 'pthread_mutex_init' in scope
51 | precondition(err == 0, "\(#function) failed in pthread_mutex with error \(err)")
52 | }
/host/spi-builder-workspace/Sources/DistributedActorsConcurrencyHelpers/lock.swift:55:19: error: cannot find 'pthread_mutex_destroy' in scope
53 |
54 | deinit {
55 | let err = pthread_mutex_destroy(self.mutex)
| `- error: cannot find 'pthread_mutex_destroy' in scope
56 | precondition(err == 0, "\(#function) failed in pthread_mutex with error \(err)")
57 | mutex.deallocate()
/host/spi-builder-workspace/Sources/DistributedActorsConcurrencyHelpers/lock.swift:65:19: error: cannot find 'pthread_mutex_lock' in scope
63 | /// `unlock`, to simplify lock handling.
64 | public func lock() {
65 | let err = pthread_mutex_lock(self.mutex)
| `- error: cannot find 'pthread_mutex_lock' in scope
66 | if err != 0 {
67 | fatalError("\(#function) failed in pthread_mutex with error \(err)")
/host/spi-builder-workspace/Sources/DistributedActorsConcurrencyHelpers/lock.swift:76:19: error: cannot find 'pthread_mutex_unlock' in scope
74 | /// `lock`, to simplify lock handling.
75 | public func unlock() {
76 | let err = pthread_mutex_unlock(self.mutex)
| `- error: cannot find 'pthread_mutex_unlock' in scope
77 | precondition(err == 0, "\(#function) failed in pthread_mutex with error \(err)")
78 | }
/host/spi-builder-workspace/Sources/DistributedActorsConcurrencyHelpers/lock.swift:121:19: error: cannot find 'pthread_cond_init' in scope
119 | self._value = value
120 | self.mutex = Lock()
121 | let err = pthread_cond_init(self.cond, nil)
| `- error: cannot find 'pthread_cond_init' in scope
122 | precondition(err == 0, "\(#function) failed in pthread_mutex with error \(err)")
123 | }
/host/spi-builder-workspace/Sources/DistributedActorsConcurrencyHelpers/lock.swift:121:48: error: 'nil' requires a contextual type
119 | self._value = value
120 | self.mutex = Lock()
121 | let err = pthread_cond_init(self.cond, nil)
| `- error: 'nil' requires a contextual type
122 | precondition(err == 0, "\(#function) failed in pthread_mutex with error \(err)")
123 | }
/host/spi-builder-workspace/Sources/DistributedActorsConcurrencyHelpers/lock.swift:126:19: error: cannot find 'pthread_cond_destroy' in scope
124 |
125 | deinit {
126 | let err = pthread_cond_destroy(self.cond)
| `- error: cannot find 'pthread_cond_destroy' in scope
127 | precondition(err == 0, "\(#function) failed in pthread_mutex with error \(err)")
128 | self.cond.deallocate()
/host/spi-builder-workspace/Sources/DistributedActorsConcurrencyHelpers/lock.swift:164:23: error: cannot find 'pthread_cond_wait' in scope
162 | break
163 | }
164 | let err = pthread_cond_wait(self.cond, self.mutex.mutex)
| `- error: cannot find 'pthread_cond_wait' in scope
165 | precondition(err == 0, "\(#function) failed in pthread_cond with error \(err)")
166 | }
/host/spi-builder-workspace/Sources/DistributedActorsConcurrencyHelpers/lock.swift:185:23: error: cannot find 'timeval' in scope
183 | let timeoutNS = Int64(timeoutSeconds * Double(nsecPerSec))
184 |
185 | var curTime = timeval()
| `- error: cannot find 'timeval' in scope
186 | gettimeofday(&curTime, nil)
187 |
/host/spi-builder-workspace/Sources/DistributedActorsConcurrencyHelpers/lock.swift:186:9: error: cannot find 'gettimeofday' in scope
184 |
185 | var curTime = timeval()
186 | gettimeofday(&curTime, nil)
| `- error: cannot find 'gettimeofday' in scope
187 |
188 | let allNSecs: Int64 = timeoutNS + Int64(curTime.tv_usec) * 1000
/host/spi-builder-workspace/Sources/DistributedActorsConcurrencyHelpers/lock.swift:186:32: error: 'nil' requires a contextual type
184 |
185 | var curTime = timeval()
186 | gettimeofday(&curTime, nil)
| `- error: 'nil' requires a contextual type
187 |
188 | let allNSecs: Int64 = timeoutNS + Int64(curTime.tv_usec) * 1000
/host/spi-builder-workspace/Sources/DistributedActorsConcurrencyHelpers/lock.swift:189:26: error: cannot find 'timespec' in scope
187 |
188 | let allNSecs: Int64 = timeoutNS + Int64(curTime.tv_usec) * 1000
189 | var timeoutAbs = timespec(
| `- error: cannot find 'timespec' in scope
190 | tv_sec: curTime.tv_sec + Int(allNSecs / nsecPerSec),
191 | tv_nsec: Int(allNSecs % nsecPerSec)
/host/spi-builder-workspace/Sources/DistributedActorsConcurrencyHelpers/lock.swift:199:20: error: cannot find 'pthread_cond_timedwait' in scope
197 | return true
198 | }
199 | switch pthread_cond_timedwait(self.cond, self.mutex.mutex, &timeoutAbs) {
| `- error: cannot find 'pthread_cond_timedwait' in scope
200 | case 0:
201 | continue
/host/spi-builder-workspace/Sources/DistributedActorsConcurrencyHelpers/lock.swift:202:18: error: cannot find 'ETIMEDOUT' in scope
200 | case 0:
201 | continue
202 | case ETIMEDOUT:
| `- error: cannot find 'ETIMEDOUT' in scope
203 | self.unlock()
204 | return false
/host/spi-builder-workspace/Sources/DistributedActorsConcurrencyHelpers/lock.swift:218:19: error: cannot find 'pthread_cond_broadcast' in scope
216 | self._value = newValue
217 | self.unlock()
218 | let err = pthread_cond_broadcast(self.cond)
| `- error: cannot find 'pthread_cond_broadcast' in scope
219 | precondition(err == 0, "\(#function) failed in pthread_cond with error \(err)")
220 | }
[66/644] Emitting module ClusterMembership
[67/644] Emitting module _NIOBase64
BUILD FAILURE 6.3 wasm