The Swift Package Index logo.Swift Package Index

Build Information

Failed to build Authorized, reference 1.0.0 (e490b9), with Swift 6.4 for tvOS using Xcode 27.0 on 18 Sep 2026 12:47:05 UTC.

Build Command

env DEVELOPER_DIR=/Applications/Xcode-27.0.0-Release.Candidate.app xcrun xcodebuild -IDEClonedSourcePackagesDirPathOverride=$PWD/.dependencies -skipMacroValidation -skipPackagePluginValidation -derivedDataPath $PWD/.derivedData build -scheme Authorized -destination generic/platform=tvOS

Build Log

========================================
RunAll
========================================
Builder version: 5.1.0
Interrupt handler set up.
========================================
Checkout
========================================
Clone URL: https://github.com/trilemma-dev/Authorized.git
Reference: 1.0.0
Initialized empty Git repository in /Users/admin/builder/spi-builder-workspace/.git/
From https://github.com/trilemma-dev/Authorized
 * tag               1.0.0      -> FETCH_HEAD
HEAD is now at e490b9d Update README.md
Cloned https://github.com/trilemma-dev/Authorized.git
Revision (git rev-parse @):
e490b9d3f4a0e8b17a8b39b5a9750b8e0be7548a
SUCCESS checkout https://github.com/trilemma-dev/Authorized.git at 1.0.0
========================================
Build
========================================
Selected platform:         tvOS
Swift version:             6.4
Building package at path:  $PWD
https://github.com/trilemma-dev/Authorized.git
Command line invocation:
    /Applications/Xcode-27.0.0-Release.Candidate.app/Contents/Developer/usr/bin/xcodebuild -IDEClonedSourcePackagesDirPathOverride=/Users/admin/builder/spi-builder-workspace/.dependencies -resolvePackageDependencies
Resolve Package Graph
Resolve Package Graph
Resolved source packages:
  Authorized: /Users/admin/builder/spi-builder-workspace
resolved source packages: Authorized
2026-09-18 08:46:15.224 xcodebuild[529:3028] [MT] IDERunDestination: Supported platforms for the buildables in the current scheme is empty.
{
  "dependencies" : [
  ],
  "manifest_display_name" : "Authorized",
  "name" : "Authorized",
  "path" : "/Users/admin/builder/spi-builder-workspace",
  "platforms" : [
    {
      "name" : "macos",
      "version" : "10.10"
    }
  ],
  "products" : [
    {
      "name" : "Authorized",
      "targets" : [
        "Authorized"
      ],
      "type" : {
        "library" : [
          "automatic"
        ]
      }
    }
  ],
  "targets" : [
    {
      "c99name" : "AuthorizedTests",
      "module_type" : "SwiftTarget",
      "name" : "AuthorizedTests",
      "path" : "Tests/AuthorizedTests",
      "sources" : [
        "AuthorizedTests.swift"
      ],
      "target_dependencies" : [
        "Authorized"
      ],
      "type" : "test"
    },
    {
      "c99name" : "Authorized",
      "module_type" : "SwiftTarget",
      "name" : "Authorized",
      "path" : "Sources/Authorized",
      "product_memberships" : [
        "Authorized"
      ],
      "sources" : [
        "Authorization.swift",
        "AuthorizationElements.swift",
        "AuthorizationError.swift",
        "AuthorizationOption.swift",
        "AuthorizationPolicyDatabase.swift"
      ],
      "type" : "library"
    }
  ],
  "tools_version" : "5.5"
}
{
  "workspace" : {
    "name" : "Authorized",
    "schemes" : [
      "Authorized"
    ]
  }
}
2026-09-18 08:46:56.009 xcodebuild[647:4144] [MT] IDERunDestination: Supported platforms for the buildables in the current scheme is empty.
Running build ...
env DEVELOPER_DIR=/Applications/Xcode-27.0.0-Release.Candidate.app xcrun xcodebuild -IDEClonedSourcePackagesDirPathOverride=$PWD/.dependencies -skipMacroValidation -skipPackagePluginValidation -derivedDataPath $PWD/.derivedData build -scheme Authorized -destination generic/platform=tvOS
Command line invocation:
    /Applications/Xcode-27.0.0-Release.Candidate.app/Contents/Developer/usr/bin/xcodebuild -IDEClonedSourcePackagesDirPathOverride=/Users/admin/builder/spi-builder-workspace/.dependencies -skipMacroValidation -skipPackagePluginValidation -derivedDataPath /Users/admin/builder/spi-builder-workspace/.derivedData build -scheme Authorized -destination generic/platform=tvOS
Resolve Package Graph
Resolved source packages:
  Authorized: /Users/admin/builder/spi-builder-workspace
ComputePackagePrebuildTargetDependencyGraph
Prepare packages
CreateBuildRequest
SendProjectDescription
CreateBuildOperation
ComputeTargetDependencyGraph
note: Building targets in dependency order
note: Target dependency graph (2 targets)
    Target 'Authorized-product' in project 'Authorized'
        ➜ Explicit dependency on target 'Authorized' in project 'Authorized'
    Target 'Authorized' in project 'Authorized' (no dependencies)
GatherProvisioningInputs
CreateBuildDescription
ExecuteExternalTool /Applications/Xcode-27.0.0-Release.Candidate.app/Contents/Developer/Toolchains/XcodeDefault.xctoolchain/usr/bin/clang -v -E -dM -isysroot /Applications/Xcode-27.0.0-Release.Candidate.app/Contents/Developer/Platforms/AppleTVOS.platform/Developer/SDKs/AppleTVOS27.0.sdk -x c -c /dev/null
ExecuteExternalTool /Applications/Xcode-27.0.0-Release.Candidate.app/Contents/Developer/Toolchains/XcodeDefault.xctoolchain/usr/bin/swiftc --version
ExecuteExternalTool /Applications/Xcode-27.0.0-Release.Candidate.app/Contents/Developer/Toolchains/XcodeDefault.xctoolchain/usr/bin/ld -version_details
ReadFileContents /Applications/Xcode-27.0.0-Release.Candidate.app/Contents/Developer/Toolchains/XcodeDefault.xctoolchain/usr/share/docc/features.json
Build description signature: 50101c29f405c38c3fcc78b2ab159a06
Build description path: /Users/admin/builder/spi-builder-workspace/.derivedData/Build/Intermediates.noindex/XCBuildData/50101c29f405c38c3fcc78b2ab159a06.xcbuilddata
CreateBuildDirectory /Users/admin/builder/spi-builder-workspace/.derivedData/ModuleCache.noindex
    cd /Users/admin/builder/spi-builder-workspace/.swiftpm/xcode
    builtin-create-build-directory /Users/admin/builder/spi-builder-workspace/.derivedData/ModuleCache.noindex
CreateBuildDirectory /Users/admin/builder/spi-builder-workspace/.derivedData/SDKExplicitPrecompiledModules
    cd /Users/admin/builder/spi-builder-workspace/.swiftpm/xcode
    builtin-create-build-directory /Users/admin/builder/spi-builder-workspace/.derivedData/SDKExplicitPrecompiledModules
CreateBuildDirectory /Users/admin/builder/spi-builder-workspace/.derivedData/CompilationCache.noindex
    cd /Users/admin/builder/spi-builder-workspace/.swiftpm/xcode
    builtin-create-build-directory /Users/admin/builder/spi-builder-workspace/.derivedData/CompilationCache.noindex
CreateBuildDirectory /Users/admin/builder/spi-builder-workspace/.derivedData/Build/Products
    cd /Users/admin/builder/spi-builder-workspace/.swiftpm/xcode
    builtin-create-build-directory /Users/admin/builder/spi-builder-workspace/.derivedData/Build/Products
CreateBuildDirectory /Users/admin/builder/spi-builder-workspace/.derivedData/Build/Intermediates.noindex
    cd /Users/admin/builder/spi-builder-workspace/.swiftpm/xcode
    builtin-create-build-directory /Users/admin/builder/spi-builder-workspace/.derivedData/Build/Intermediates.noindex
ClangStatCache /Applications/Xcode-27.0.0-Release.Candidate.app/Contents/Developer/Toolchains/XcodeDefault.xctoolchain/usr/bin/clang-stat-cache /Applications/Xcode-27.0.0-Release.Candidate.app/Contents/Developer/Platforms/AppleTVOS.platform/Developer/SDKs/AppleTVOS27.0.sdk /Users/admin/builder/spi-builder-workspace/.derivedData/SDKStatCaches.noindex/appletvos27.0-24J360-e829b21a6f8c9b70876ba0858053c044b32bfd8d43560033f8d89884cdb90028.sdkstatcache
    cd /Users/admin/builder/spi-builder-workspace/.swiftpm/xcode
    /Applications/Xcode-27.0.0-Release.Candidate.app/Contents/Developer/Toolchains/XcodeDefault.xctoolchain/usr/bin/clang-stat-cache /Applications/Xcode-27.0.0-Release.Candidate.app/Contents/Developer/Platforms/AppleTVOS.platform/Developer/SDKs/AppleTVOS27.0.sdk -o /Users/admin/builder/spi-builder-workspace/.derivedData/SDKStatCaches.noindex/appletvos27.0-24J360-e829b21a6f8c9b70876ba0858053c044b32bfd8d43560033f8d89884cdb90028.sdkstatcache
CreateBuildDirectory /Users/admin/builder/spi-builder-workspace/.derivedData/Build/Products/Debug-appletvos
    cd /Users/admin/builder/spi-builder-workspace/.swiftpm/xcode
    builtin-create-build-directory /Users/admin/builder/spi-builder-workspace/.derivedData/Build/Products/Debug-appletvos
CreateBuildDirectory /Users/admin/builder/spi-builder-workspace/.derivedData/Build/Intermediates.noindex/SwiftExplicitPrecompiledModules
    cd /Users/admin/builder/spi-builder-workspace/.swiftpm/xcode
    builtin-create-build-directory /Users/admin/builder/spi-builder-workspace/.derivedData/Build/Intermediates.noindex/SwiftExplicitPrecompiledModules
CreateBuildDirectory /Users/admin/builder/spi-builder-workspace/.derivedData/Build/Intermediates.noindex/PrecompiledHeaders
    cd /Users/admin/builder/spi-builder-workspace/.swiftpm/xcode
    builtin-create-build-directory /Users/admin/builder/spi-builder-workspace/.derivedData/Build/Intermediates.noindex/PrecompiledHeaders
CreateBuildDirectory /Users/admin/builder/spi-builder-workspace/.derivedData/Build/Intermediates.noindex/ExplicitPrecompiledModules
    cd /Users/admin/builder/spi-builder-workspace/.swiftpm/xcode
    builtin-create-build-directory /Users/admin/builder/spi-builder-workspace/.derivedData/Build/Intermediates.noindex/ExplicitPrecompiledModules
CreateBuildDirectory /Users/admin/builder/spi-builder-workspace/.derivedData/Build/Intermediates.noindex/EagerLinkingTBDs/Debug-appletvos
    cd /Users/admin/builder/spi-builder-workspace/.swiftpm/xcode
    builtin-create-build-directory /Users/admin/builder/spi-builder-workspace/.derivedData/Build/Intermediates.noindex/EagerLinkingTBDs/Debug-appletvos
CreateBuildDirectory /Users/admin/builder/spi-builder-workspace/.derivedData/Build/Products/Debug-appletvos/PackageFrameworks
    cd /Users/admin/builder/spi-builder-workspace/.swiftpm/xcode
    builtin-create-build-directory /Users/admin/builder/spi-builder-workspace/.derivedData/Build/Products/Debug-appletvos/PackageFrameworks
WriteAuxiliaryFile /Users/admin/builder/spi-builder-workspace/.derivedData/Build/Intermediates.noindex/Authorized.build/Debug-appletvos/Authorized-t.build/Authorized.DependencyStaticMetadataFileList (in target 'Authorized' from project 'Authorized')
    cd /Users/admin/builder/spi-builder-workspace
    write-file /Users/admin/builder/spi-builder-workspace/.derivedData/Build/Intermediates.noindex/Authorized.build/Debug-appletvos/Authorized-t.build/Authorized.DependencyStaticMetadataFileList
WriteAuxiliaryFile /Users/admin/builder/spi-builder-workspace/.derivedData/Build/Intermediates.noindex/Authorized.build/Debug-appletvos/Authorized-t.build/Authorized.DependencyMetadataFileList (in target 'Authorized' from project 'Authorized')
    cd /Users/admin/builder/spi-builder-workspace
    write-file /Users/admin/builder/spi-builder-workspace/.derivedData/Build/Intermediates.noindex/Authorized.build/Debug-appletvos/Authorized-t.build/Authorized.DependencyMetadataFileList
WriteAuxiliaryFile /Users/admin/builder/spi-builder-workspace/.derivedData/Build/Intermediates.noindex/Authorized.build/Debug-appletvos/Authorized-t.build/Authorized.modulemap (in target 'Authorized' from project 'Authorized')
    cd /Users/admin/builder/spi-builder-workspace
    write-file /Users/admin/builder/spi-builder-workspace/.derivedData/Build/Intermediates.noindex/Authorized.build/Debug-appletvos/Authorized-t.build/Authorized.modulemap
WriteAuxiliaryFile /Users/admin/builder/spi-builder-workspace/.derivedData/Build/Intermediates.noindex/Authorized.build/Debug-appletvos/Authorized-t.build/Objects-normal/arm64/Authorized-OutputFileMap.json (in target 'Authorized' from project 'Authorized')
    cd /Users/admin/builder/spi-builder-workspace
    write-file /Users/admin/builder/spi-builder-workspace/.derivedData/Build/Intermediates.noindex/Authorized.build/Debug-appletvos/Authorized-t.build/Objects-normal/arm64/Authorized-OutputFileMap.json
WriteAuxiliaryFile /Users/admin/builder/spi-builder-workspace/.derivedData/Build/Intermediates.noindex/Authorized.build/Debug-appletvos/Authorized-t.build/Objects-normal/arm64/Authorized_const_extract_protocols.json (in target 'Authorized' from project 'Authorized')
    cd /Users/admin/builder/spi-builder-workspace
    write-file /Users/admin/builder/spi-builder-workspace/.derivedData/Build/Intermediates.noindex/Authorized.build/Debug-appletvos/Authorized-t.build/Objects-normal/arm64/Authorized_const_extract_protocols.json
WriteAuxiliaryFile /Users/admin/builder/spi-builder-workspace/.derivedData/Build/Intermediates.noindex/Authorized.build/Debug-appletvos/Authorized-t.build/Objects-normal/arm64/Authorized.SwiftFileList (in target 'Authorized' from project 'Authorized')
    cd /Users/admin/builder/spi-builder-workspace
    write-file /Users/admin/builder/spi-builder-workspace/.derivedData/Build/Intermediates.noindex/Authorized.build/Debug-appletvos/Authorized-t.build/Objects-normal/arm64/Authorized.SwiftFileList
WriteAuxiliaryFile /Users/admin/builder/spi-builder-workspace/.derivedData/Build/Intermediates.noindex/Authorized.build/Debug-appletvos/Authorized-t.build/Objects-normal/arm64/Authorized.LinkFileList (in target 'Authorized' from project 'Authorized')
    cd /Users/admin/builder/spi-builder-workspace
    write-file /Users/admin/builder/spi-builder-workspace/.derivedData/Build/Intermediates.noindex/Authorized.build/Debug-appletvos/Authorized-t.build/Objects-normal/arm64/Authorized.LinkFileList
WriteAuxiliaryFile /Users/admin/builder/spi-builder-workspace/.derivedData/Build/Intermediates.noindex/Authorized.build/Debug-appletvos/Authorized-t.build/Objects-normal/arm64/Authorized.SwiftConstValuesFileList (in target 'Authorized' from project 'Authorized')
    cd /Users/admin/builder/spi-builder-workspace
    write-file /Users/admin/builder/spi-builder-workspace/.derivedData/Build/Intermediates.noindex/Authorized.build/Debug-appletvos/Authorized-t.build/Objects-normal/arm64/Authorized.SwiftConstValuesFileList
Copy /Users/admin/builder/spi-builder-workspace/.derivedData/Build/Intermediates.noindex/GeneratedModuleMaps-appletvos/Authorized.modulemap /Users/admin/builder/spi-builder-workspace/.derivedData/Build/Intermediates.noindex/Authorized.build/Debug-appletvos/Authorized-t.build/Authorized.modulemap (in target 'Authorized' from project 'Authorized')
    cd /Users/admin/builder/spi-builder-workspace
    builtin-copy -exclude .DS_Store -exclude CVS -exclude .svn -exclude .git -exclude .hg -resolve-src-symlinks /Users/admin/builder/spi-builder-workspace/.derivedData/Build/Intermediates.noindex/Authorized.build/Debug-appletvos/Authorized-t.build/Authorized.modulemap /Users/admin/builder/spi-builder-workspace/.derivedData/Build/Intermediates.noindex/GeneratedModuleMaps-appletvos
SwiftDriver Authorized normal arm64 com.apple.xcode.tools.swift.compiler (in target 'Authorized' from project 'Authorized')
    cd /Users/admin/builder/spi-builder-workspace/.swiftpm/xcode
    builtin-SwiftDriver -- /Applications/Xcode-27.0.0-Release.Candidate.app/Contents/Developer/Toolchains/XcodeDefault.xctoolchain/usr/bin/swiftc -parse-as-library -module-name Authorized -Onone @/Users/admin/builder/spi-builder-workspace/.derivedData/Build/Intermediates.noindex/Authorized.build/Debug-appletvos/Authorized-t.build/Objects-normal/arm64/Authorized.SwiftFileList -DSWIFT_PACKAGE -DDEBUG -DSWIFT_MODULE_RESOURCE_BUNDLE_UNAVAILABLE -DXcode -plugin-path /Applications/Xcode-27.0.0-Release.Candidate.app/Contents/Developer/Toolchains/XcodeDefault.xctoolchain/usr/lib/swift/host/plugins/testing -enable-experimental-feature DebugDescriptionMacro -sdk /Applications/Xcode-27.0.0-Release.Candidate.app/Contents/Developer/Platforms/AppleTVOS.platform/Developer/SDKs/AppleTVOS27.0.sdk -target arm64-apple-tvos15.0 -g -module-cache-path /Users/admin/builder/spi-builder-workspace/.derivedData/ModuleCache.noindex -Xfrontend -serialize-debugging-options -profile-coverage-mapping -profile-generate -enable-testing -index-store-path /Users/admin/builder/spi-builder-workspace/.derivedData/Index.noindex/DataStore -Xcc -D_LIBCPP_HARDENING_MODE\=_LIBCPP_HARDENING_MODE_DEBUG -swift-version 5 -I /Users/admin/builder/spi-builder-workspace/.derivedData/Build/Products/Debug-appletvos -Isystem /Applications/Xcode-27.0.0-Release.Candidate.app/Contents/Developer/Platforms/AppleTVOS.platform/Developer/usr/lib -F /Users/admin/builder/spi-builder-workspace/.derivedData/Build/Products/Debug-appletvos -F /Applications/Xcode-27.0.0-Release.Candidate.app/Contents/Developer/Platforms/AppleTVOS.platform/Developer/Library/Frameworks -F /Applications/Xcode-27.0.0-Release.Candidate.app/Contents/Developer/Platforms/AppleTVOS.platform/Developer/SDKs/AppleTVOS27.0.sdk/Developer/Library/Frameworks -c -j10 -enable-batch-mode -incremental -Xcc -ivfsstatcache -Xcc /Users/admin/builder/spi-builder-workspace/.derivedData/SDKStatCaches.noindex/appletvos27.0-24J360-e829b21a6f8c9b70876ba0858053c044b32bfd8d43560033f8d89884cdb90028.sdkstatcache -output-file-map /Users/admin/builder/spi-builder-workspace/.derivedData/Build/Intermediates.noindex/Authorized.build/Debug-appletvos/Authorized-t.build/Objects-normal/arm64/Authorized-OutputFileMap.json -save-temps -no-color-diagnostics -explicit-module-build -module-cache-path /Users/admin/builder/spi-builder-workspace/.derivedData/Build/Intermediates.noindex/SwiftExplicitPrecompiledModules -clang-scanner-module-cache-path /Users/admin/builder/spi-builder-workspace/.derivedData/ModuleCache.noindex -sdk-module-cache-path /Users/admin/builder/spi-builder-workspace/.derivedData/SDKExplicitPrecompiledModules -emit-dependencies -emit-module -emit-module-path /Users/admin/builder/spi-builder-workspace/.derivedData/Build/Intermediates.noindex/Authorized.build/Debug-appletvos/Authorized-t.build/Objects-normal/arm64/Authorized.swiftmodule -serialize-diagnostics -dependency-scan-serialize-diagnostics-path /Users/admin/builder/spi-builder-workspace/.derivedData/Build/Intermediates.noindex/Authorized.build/Debug-appletvos/Authorized-t.build/Objects-normal/arm64/Authorized-dependency-scan.dia -validate-clang-modules-once -clang-build-session-file /Users/admin/builder/spi-builder-workspace/.derivedData/ModuleCache.noindex/Session.modulevalidation -Xcc -fmodules-prune-interval\=86400 -Xcc -fmodules-prune-after\=345600 -emit-const-values -const-gather-protocols-list /Users/admin/builder/spi-builder-workspace/.derivedData/Build/Intermediates.noindex/Authorized.build/Debug-appletvos/Authorized-t.build/Objects-normal/arm64/Authorized_const_extract_protocols.json -Xcc -I/Users/admin/builder/spi-builder-workspace/.derivedData/Build/Products/Debug-appletvos/include -Xcc -I/Users/admin/builder/spi-builder-workspace/.derivedData/Build/Intermediates.noindex/Authorized.build/Debug-appletvos/Authorized-t.build/DerivedSources-normal/arm64 -Xcc -I/Users/admin/builder/spi-builder-workspace/.derivedData/Build/Intermediates.noindex/Authorized.build/Debug-appletvos/Authorized-t.build/DerivedSources/arm64 -Xcc -I/Users/admin/builder/spi-builder-workspace/.derivedData/Build/Intermediates.noindex/Authorized.build/Debug-appletvos/Authorized-t.build/DerivedSources -Xcc -DSWIFT_PACKAGE -Xcc -DDEBUG\=1 -emit-objc-header -emit-objc-header-path /Users/admin/builder/spi-builder-workspace/.derivedData/Build/Intermediates.noindex/Authorized.build/Debug-appletvos/Authorized-t.build/Objects-normal/arm64/Authorized-Swift.h -working-directory /Users/admin/builder/spi-builder-workspace/.swiftpm/xcode -experimental-emit-module-separately -disable-cmo
SwiftExplicitDependencyGeneratePcm arm64 /Users/admin/builder/spi-builder-workspace/.derivedData/SDKExplicitPrecompiledModules/ptrauth-8X2KEPL7CTRPS40TUB9APHPK6.pcm
SwiftExplicitDependencyGeneratePcm arm64 /Users/admin/builder/spi-builder-workspace/.derivedData/SDKExplicitPrecompiledModules/_SwiftConcurrencyShims-BY5PD8KF1L5KF6F4Q69HE3TJ4.pcm
SwiftExplicitDependencyGeneratePcm arm64 /Users/admin/builder/spi-builder-workspace/.derivedData/SDKExplicitPrecompiledModules/_Builtin_stdbool-AHRDH5EKLY6D04C5E42F3VCQI.pcm
SwiftExplicitDependencyGeneratePcm arm64 /Users/admin/builder/spi-builder-workspace/.derivedData/SDKExplicitPrecompiledModules/ptrcheck-2AZ6B5IBYD3RRRTFWN2ONASY3.pcm
SwiftExplicitDependencyGeneratePcm arm64 /Users/admin/builder/spi-builder-workspace/.derivedData/SDKExplicitPrecompiledModules/SwiftShims-8N4EXJ4RUJTR8K9OO3CMOH1EP.pcm
SwiftExplicitDependencyGeneratePcm arm64 /Users/admin/builder/spi-builder-workspace/.derivedData/SDKExplicitPrecompiledModules/_Builtin_float-8ZJAYZ85YBOAOP52Y9H6IUNP3.pcm
SwiftExplicitDependencyGeneratePcm arm64 /Users/admin/builder/spi-builder-workspace/.derivedData/SDKExplicitPrecompiledModules/_AvailabilityInternal-BV2EDDP0MI5QJDDPEEV4D9D3V.pcm
SwiftExplicitDependencyGeneratePcm arm64 /Users/admin/builder/spi-builder-workspace/.derivedData/SDKExplicitPrecompiledModules/_Builtin_stddef-9ZJZ6FDEZNKTZU8YLPMFT9RAQ.pcm
SwiftExplicitDependencyGeneratePcm arm64 /Users/admin/builder/spi-builder-workspace/.derivedData/SDKExplicitPrecompiledModules/_Builtin_stdarg-BO2OCAUYVAXDRVQWQ8ISKGNUQ.pcm
SwiftExplicitDependencyGeneratePcm arm64 /Users/admin/builder/spi-builder-workspace/.derivedData/SDKExplicitPrecompiledModules/_DarwinFoundation1-JOTYMOA1YZCIJ2NON6FQ848O.pcm
SwiftExplicitDependencyGeneratePcm arm64 /Users/admin/builder/spi-builder-workspace/.derivedData/SDKExplicitPrecompiledModules/_DarwinFoundation2-AOGAN1O02NKXRJN5V73AV3V3M.pcm
SwiftExplicitDependencyGeneratePcm arm64 /Users/admin/builder/spi-builder-workspace/.derivedData/SDKExplicitPrecompiledModules/_Builtin_limits-7JU2HP127LIT1X9E2V3D8WZ1.pcm
SwiftExplicitDependencyGeneratePcm arm64 /Users/admin/builder/spi-builder-workspace/.derivedData/SDKExplicitPrecompiledModules/sys_types-8GCAV1YMG5UUGHUID3CA20TCH.pcm
SwiftExplicitDependencyGeneratePcm arm64 /Users/admin/builder/spi-builder-workspace/.derivedData/SDKExplicitPrecompiledModules/_Builtin_stdint-6NFTB6IBKS143IVPGT1EKB7HO.pcm
SwiftExplicitDependencyGeneratePcm arm64 /Users/admin/builder/spi-builder-workspace/.derivedData/SDKExplicitPrecompiledModules/string_h-6EVHP7A717OUS5DMC78F79HWO.pcm
SwiftExplicitDependencyGeneratePcm arm64 /Users/admin/builder/spi-builder-workspace/.derivedData/SDKExplicitPrecompiledModules/_DarwinFoundation3-8SR3855WDFHQPR6G9GHOI2C07.pcm
SwiftExplicitDependencyGeneratePcm arm64 /Users/admin/builder/spi-builder-workspace/.derivedData/SDKExplicitPrecompiledModules/_Builtin_inttypes-6X1IQ3QK9KEVKXOK9Y79EW7J3.pcm
SwiftExplicitDependencyGeneratePcm arm64 /Users/admin/builder/spi-builder-workspace/.derivedData/SDKExplicitPrecompiledModules/Darwin-DBSQAVBBPC3D2OMU5ZI2RXMST.pcm
SwiftExplicitDependencyGeneratePcm arm64 /Users/admin/builder/spi-builder-workspace/.derivedData/SDKExplicitPrecompiledModules/ObjectiveC-5250FDCE56N8508OR6XUYDKZM.pcm
SwiftExplicitDependencyGeneratePcm arm64 /Users/admin/builder/spi-builder-workspace/.derivedData/SDKExplicitPrecompiledModules/os_object-E2DGZ0SX0TULQHULZRPO6OKNW.pcm
SwiftExplicitDependencyGeneratePcm arm64 /Users/admin/builder/spi-builder-workspace/.derivedData/SDKExplicitPrecompiledModules/os_workgroup-DBUFF7811DKMX7VPBOJPGGF1U.pcm
SwiftExplicitDependencyGeneratePcm arm64 /Users/admin/builder/spi-builder-workspace/.derivedData/SDKExplicitPrecompiledModules/Dispatch-1QL58A0V50C39KVAIC6C38SHL.pcm
SwiftExplicitDependencyGeneratePcm arm64 /Users/admin/builder/spi-builder-workspace/.derivedData/SDKExplicitPrecompiledModules/XPC-6O2DJFT3QUJ7QKTD3SNUB6PCR.pcm
SwiftExplicitDependencyGeneratePcm arm64 /Users/admin/builder/spi-builder-workspace/.derivedData/SDKExplicitPrecompiledModules/CoreFoundation-7TPJ7ENDC4L1A1ESHYI9TXS0D.pcm
SwiftExplicitDependencyGeneratePcm arm64 /Users/admin/builder/spi-builder-workspace/.derivedData/SDKExplicitPrecompiledModules/CFNetwork-2CUR2VK9S3S3WPFXPNXNUWYGN.pcm
SwiftExplicitDependencyGeneratePcm arm64 /Users/admin/builder/spi-builder-workspace/.derivedData/SDKExplicitPrecompiledModules/Security-8VMXEKVDA3MHUH9AOTP905DID.pcm
SwiftExplicitDependencyGeneratePcm arm64 /Users/admin/builder/spi-builder-workspace/.derivedData/SDKExplicitPrecompiledModules/Foundation-BSSIP64DIGUKMAYJOG1WPQ78X.pcm
SwiftCompile normal arm64 Compiling\ AuthorizationError.swift /Users/admin/builder/spi-builder-workspace/Sources/Authorized/AuthorizationError.swift (in target 'Authorized' from project 'Authorized')
SwiftCompile normal arm64 /Users/admin/builder/spi-builder-workspace/Sources/Authorized/AuthorizationError.swift (in target 'Authorized' from project 'Authorized')
    cd /Users/admin/builder/spi-builder-workspace/.swiftpm/xcode
    builtin-SwiftPerFileCompile AuthorizationError.swift
/Users/admin/builder/spi-builder-workspace/Sources/Authorized/AuthorizationError.swift:44:9: error: cannot find 'errAuthorizationInvalidSet' in scope
42 |
43 |     private static let mapping = [
44 |         errAuthorizationInvalidSet:             invalidSet,
   |         `- error: cannot find 'errAuthorizationInvalidSet' in scope
45 |         errAuthorizationInvalidRef:             invalidRef,
46 |         errAuthorizationInvalidTag:             invalidTag,
/Users/admin/builder/spi-builder-workspace/Sources/Authorized/AuthorizationError.swift:45:9: error: cannot find 'errAuthorizationInvalidRef' in scope
43 |     private static let mapping = [
44 |         errAuthorizationInvalidSet:             invalidSet,
45 |         errAuthorizationInvalidRef:             invalidRef,
   |         `- error: cannot find 'errAuthorizationInvalidRef' in scope
46 |         errAuthorizationInvalidTag:             invalidTag,
47 |         errAuthorizationInvalidPointer:         invalidPointer,
/Users/admin/builder/spi-builder-workspace/Sources/Authorized/AuthorizationError.swift:46:9: error: cannot find 'errAuthorizationInvalidTag' in scope
44 |         errAuthorizationInvalidSet:             invalidSet,
45 |         errAuthorizationInvalidRef:             invalidRef,
46 |         errAuthorizationInvalidTag:             invalidTag,
   |         `- error: cannot find 'errAuthorizationInvalidTag' in scope
47 |         errAuthorizationInvalidPointer:         invalidPointer,
48 |         errAuthorizationDenied:                 denied,
/Users/admin/builder/spi-builder-workspace/Sources/Authorized/AuthorizationError.swift:47:9: error: cannot find 'errAuthorizationInvalidPointer' in scope
45 |         errAuthorizationInvalidRef:             invalidRef,
46 |         errAuthorizationInvalidTag:             invalidTag,
47 |         errAuthorizationInvalidPointer:         invalidPointer,
   |         `- error: cannot find 'errAuthorizationInvalidPointer' in scope
48 |         errAuthorizationDenied:                 denied,
49 |         errAuthorizationCanceled:               canceled,
/Users/admin/builder/spi-builder-workspace/Sources/Authorized/AuthorizationError.swift:48:9: error: cannot find 'errAuthorizationDenied' in scope
46 |         errAuthorizationInvalidTag:             invalidTag,
47 |         errAuthorizationInvalidPointer:         invalidPointer,
48 |         errAuthorizationDenied:                 denied,
   |         `- error: cannot find 'errAuthorizationDenied' in scope
49 |         errAuthorizationCanceled:               canceled,
50 |         errAuthorizationInteractionNotAllowed:  interactionNotAllowed,
/Users/admin/builder/spi-builder-workspace/Sources/Authorized/AuthorizationError.swift:49:9: error: cannot find 'errAuthorizationCanceled' in scope
47 |         errAuthorizationInvalidPointer:         invalidPointer,
48 |         errAuthorizationDenied:                 denied,
49 |         errAuthorizationCanceled:               canceled,
   |         `- error: cannot find 'errAuthorizationCanceled' in scope
50 |         errAuthorizationInteractionNotAllowed:  interactionNotAllowed,
51 |         errAuthorizationInternal:               internalError,
/Users/admin/builder/spi-builder-workspace/Sources/Authorized/AuthorizationError.swift:50:9: error: cannot find 'errAuthorizationInteractionNotAllowed' in scope
48 |         errAuthorizationDenied:                 denied,
49 |         errAuthorizationCanceled:               canceled,
50 |         errAuthorizationInteractionNotAllowed:  interactionNotAllowed,
   |         `- error: cannot find 'errAuthorizationInteractionNotAllowed' in scope
51 |         errAuthorizationInternal:               internalError,
52 |         errAuthorizationExternalizeNotAllowed:  externalizeNotAllowed,
/Users/admin/builder/spi-builder-workspace/Sources/Authorized/AuthorizationError.swift:51:9: error: cannot find 'errAuthorizationInternal' in scope
49 |         errAuthorizationCanceled:               canceled,
50 |         errAuthorizationInteractionNotAllowed:  interactionNotAllowed,
51 |         errAuthorizationInternal:               internalError,
   |         `- error: cannot find 'errAuthorizationInternal' in scope
52 |         errAuthorizationExternalizeNotAllowed:  externalizeNotAllowed,
53 |         errAuthorizationInternalizeNotAllowed:  internalizeNotAllowed,
/Users/admin/builder/spi-builder-workspace/Sources/Authorized/AuthorizationError.swift:52:9: error: cannot find 'errAuthorizationExternalizeNotAllowed' in scope
50 |         errAuthorizationInteractionNotAllowed:  interactionNotAllowed,
51 |         errAuthorizationInternal:               internalError,
52 |         errAuthorizationExternalizeNotAllowed:  externalizeNotAllowed,
   |         `- error: cannot find 'errAuthorizationExternalizeNotAllowed' in scope
53 |         errAuthorizationInternalizeNotAllowed:  internalizeNotAllowed,
54 |         errAuthorizationInvalidFlags:           invalidFlags,
/Users/admin/builder/spi-builder-workspace/Sources/Authorized/AuthorizationError.swift:53:9: error: cannot find 'errAuthorizationInternalizeNotAllowed' in scope
51 |         errAuthorizationInternal:               internalError,
52 |         errAuthorizationExternalizeNotAllowed:  externalizeNotAllowed,
53 |         errAuthorizationInternalizeNotAllowed:  internalizeNotAllowed,
   |         `- error: cannot find 'errAuthorizationInternalizeNotAllowed' in scope
54 |         errAuthorizationInvalidFlags:           invalidFlags,
55 |         errAuthorizationToolExecuteFailure:     toolExecuteFailure,
/Users/admin/builder/spi-builder-workspace/Sources/Authorized/AuthorizationError.swift:54:9: error: cannot find 'errAuthorizationInvalidFlags' in scope
52 |         errAuthorizationExternalizeNotAllowed:  externalizeNotAllowed,
53 |         errAuthorizationInternalizeNotAllowed:  internalizeNotAllowed,
54 |         errAuthorizationInvalidFlags:           invalidFlags,
   |         `- error: cannot find 'errAuthorizationInvalidFlags' in scope
55 |         errAuthorizationToolExecuteFailure:     toolExecuteFailure,
56 |         errAuthorizationToolEnvironmentError:   toolEnvironmentError,
/Users/admin/builder/spi-builder-workspace/Sources/Authorized/AuthorizationError.swift:55:9: error: cannot find 'errAuthorizationToolExecuteFailure' in scope
53 |         errAuthorizationInternalizeNotAllowed:  internalizeNotAllowed,
54 |         errAuthorizationInvalidFlags:           invalidFlags,
55 |         errAuthorizationToolExecuteFailure:     toolExecuteFailure,
   |         `- error: cannot find 'errAuthorizationToolExecuteFailure' in scope
56 |         errAuthorizationToolEnvironmentError:   toolEnvironmentError,
57 |         errAuthorizationBadAddress:             badAddress
/Users/admin/builder/spi-builder-workspace/Sources/Authorized/AuthorizationError.swift:56:9: error: cannot find 'errAuthorizationToolEnvironmentError' in scope
54 |         errAuthorizationInvalidFlags:           invalidFlags,
55 |         errAuthorizationToolExecuteFailure:     toolExecuteFailure,
56 |         errAuthorizationToolEnvironmentError:   toolEnvironmentError,
   |         `- error: cannot find 'errAuthorizationToolEnvironmentError' in scope
57 |         errAuthorizationBadAddress:             badAddress
58 |     ]
SwiftEmitModule normal arm64 Emitting\ module\ for\ Authorized (in target 'Authorized' from project 'Authorized')
/Users/admin/builder/spi-builder-workspace/Sources/Authorized/Authorization.swift:40:34: error: cannot find type 'AuthorizationRef' in scope
 38 |     ///
 39 |     /// This reference is only valid during the lifetime of its enclosing ``Authorization`` instance's lifetime.
 40 |     public let authorizationRef: AuthorizationRef
    |                                  `- error: cannot find type 'AuthorizationRef' in scope
 41 |
 42 |     /// Creates a new instance with no rights.
/Users/admin/builder/spi-builder-workspace/Sources/Authorized/Authorization.swift:67:71: error: cannot find 'AuthorizationExternalForm' in scope
 65 |     }
 66 |
 67 |     private static let externalFormChildrenCount = Mirror(reflecting: AuthorizationExternalForm().bytes).children.count
    |                                                                       `- error: cannot find 'AuthorizationExternalForm' in scope
 68 |
 69 |     /// Deserializes a `Data` instance into an `AuthorizationRef`.
/Users/admin/builder/spi-builder-workspace/Sources/Authorized/Authorization.swift:70:73: error: cannot find type 'AuthorizationRef' in scope
 68 |
 69 |     /// Deserializes a `Data` instance into an `AuthorizationRef`.
 70 |     private static func deserialize(from serialization: Data) throws -> AuthorizationRef {
    |                                                                         `- error: cannot find type 'AuthorizationRef' in scope
 71 |         // The encoded data is only valid if the count matches that of the AuthorizationExternalForm's bytes tuple
 72 |         if serialization.count != externalFormChildrenCount {
/Users/admin/builder/spi-builder-workspace/Sources/Authorized/AuthorizationElements.swift:23:59: error: cannot find type 'AuthorizationItemSet' in scope
 21 |     ///
 22 |     /// A closure must be used to because the memory pointers referenced are only valid within the closure.
 23 |     func withUnsafePointer<Result>(_ body: (UnsafePointer<AuthorizationItemSet>) throws -> Result) rethrows -> Result {
    |                                                           `- error: cannot find type 'AuthorizationItemSet' in scope
 24 |         return try self.name.withCString { namePointer in
 25 |             var mutableValue = value
/Users/admin/builder/spi-builder-workspace/Sources/Authorized/AuthorizationElements.swift:213:59: error: cannot find type 'AuthorizationItemSet' in scope
211 |
212 | internal extension Set where Element: AuthorizationElement {
213 |     func withUnsafePointer<Result>(_ body: (UnsafePointer<AuthorizationItemSet>) throws -> Result) rethrows -> Result {
    |                                                           `- error: cannot find type 'AuthorizationItemSet' in scope
214 |         try Set<Element>.convertRecursively(wrappers: Array<Element>(self), items: [], body: body)
215 |     }
/Users/admin/builder/spi-builder-workspace/Sources/Authorized/AuthorizationElements.swift:222:17: error: cannot find type 'AuthorizationItem' in scope
220 |     private static func convertRecursively<Result>(
221 |         wrappers: [AuthorizationElement],
222 |         items: [AuthorizationItem],
    |                 `- error: cannot find type 'AuthorizationItem' in scope
223 |         body: (UnsafePointer<AuthorizationItemSet>) throws -> Result
224 |     ) rethrows -> Result {
/Users/admin/builder/spi-builder-workspace/Sources/Authorized/AuthorizationElements.swift:223:30: error: cannot find type 'AuthorizationItemSet' in scope
221 |         wrappers: [AuthorizationElement],
222 |         items: [AuthorizationItem],
223 |         body: (UnsafePointer<AuthorizationItemSet>) throws -> Result
    |                              `- error: cannot find type 'AuthorizationItemSet' in scope
224 |     ) rethrows -> Result {
225 |         // One or more wrappers to be converted
/Users/admin/builder/spi-builder-workspace/Sources/Authorized/AuthorizationElements.swift:256:20: error: cannot find type 'AuthorizationItem' in scope
254 | }
255 |
256 | internal extension AuthorizationItem {
    |                    `- error: cannot find type 'AuthorizationItem' in scope
257 |     func wrap<T>(type: T.Type) -> T where T: AuthorizationElement {
258 |         let name = String(cString: self.name)
/Users/admin/builder/spi-builder-workspace/Sources/Authorized/AuthorizationElements.swift:272:20: error: cannot find type 'AuthorizationItemSet' in scope
270 | }
271 |
272 | internal extension AuthorizationItemSet {
    |                    `- error: cannot find type 'AuthorizationItemSet' in scope
273 |     func wrap<T>(type: T.Type) -> [T] where T: AuthorizationElement {
274 |         var items = [T]()
/Users/admin/builder/spi-builder-workspace/Sources/Authorized/AuthorizationError.swift:44:9: error: cannot find 'errAuthorizationInvalidSet' in scope
42 |
43 |     private static let mapping = [
44 |         errAuthorizationInvalidSet:             invalidSet,
   |         `- error: cannot find 'errAuthorizationInvalidSet' in scope
45 |         errAuthorizationInvalidRef:             invalidRef,
46 |         errAuthorizationInvalidTag:             invalidTag,
/Users/admin/builder/spi-builder-workspace/Sources/Authorized/AuthorizationError.swift:45:9: error: cannot find 'errAuthorizationInvalidRef' in scope
43 |     private static let mapping = [
44 |         errAuthorizationInvalidSet:             invalidSet,
45 |         errAuthorizationInvalidRef:             invalidRef,
   |         `- error: cannot find 'errAuthorizationInvalidRef' in scope
46 |         errAuthorizationInvalidTag:             invalidTag,
47 |         errAuthorizationInvalidPointer:         invalidPointer,
/Users/admin/builder/spi-builder-workspace/Sources/Authorized/AuthorizationError.swift:46:9: error: cannot find 'errAuthorizationInvalidTag' in scope
44 |         errAuthorizationInvalidSet:             invalidSet,
45 |         errAuthorizationInvalidRef:             invalidRef,
46 |         errAuthorizationInvalidTag:             invalidTag,
   |         `- error: cannot find 'errAuthorizationInvalidTag' in scope
47 |         errAuthorizationInvalidPointer:         invalidPointer,
48 |         errAuthorizationDenied:                 denied,
/Users/admin/builder/spi-builder-workspace/Sources/Authorized/AuthorizationError.swift:47:9: error: cannot find 'errAuthorizationInvalidPointer' in scope
45 |         errAuthorizationInvalidRef:             invalidRef,
46 |         errAuthorizationInvalidTag:             invalidTag,
47 |         errAuthorizationInvalidPointer:         invalidPointer,
   |         `- error: cannot find 'errAuthorizationInvalidPointer' in scope
48 |         errAuthorizationDenied:                 denied,
49 |         errAuthorizationCanceled:               canceled,
/Users/admin/builder/spi-builder-workspace/Sources/Authorized/AuthorizationError.swift:48:9: error: cannot find 'errAuthorizationDenied' in scope
46 |         errAuthorizationInvalidTag:             invalidTag,
47 |         errAuthorizationInvalidPointer:         invalidPointer,
48 |         errAuthorizationDenied:                 denied,
   |         `- error: cannot find 'errAuthorizationDenied' in scope
49 |         errAuthorizationCanceled:               canceled,
50 |         errAuthorizationInteractionNotAllowed:  interactionNotAllowed,
/Users/admin/builder/spi-builder-workspace/Sources/Authorized/AuthorizationError.swift:49:9: error: cannot find 'errAuthorizationCanceled' in scope
47 |         errAuthorizationInvalidPointer:         invalidPointer,
48 |         errAuthorizationDenied:                 denied,
49 |         errAuthorizationCanceled:               canceled,
   |         `- error: cannot find 'errAuthorizationCanceled' in scope
50 |         errAuthorizationInteractionNotAllowed:  interactionNotAllowed,
51 |         errAuthorizationInternal:               internalError,
/Users/admin/builder/spi-builder-workspace/Sources/Authorized/AuthorizationError.swift:50:9: error: cannot find 'errAuthorizationInteractionNotAllowed' in scope
48 |         errAuthorizationDenied:                 denied,
49 |         errAuthorizationCanceled:               canceled,
50 |         errAuthorizationInteractionNotAllowed:  interactionNotAllowed,
   |         `- error: cannot find 'errAuthorizationInteractionNotAllowed' in scope
51 |         errAuthorizationInternal:               internalError,
52 |         errAuthorizationExternalizeNotAllowed:  externalizeNotAllowed,
/Users/admin/builder/spi-builder-workspace/Sources/Authorized/AuthorizationError.swift:51:9: error: cannot find 'errAuthorizationInternal' in scope
49 |         errAuthorizationCanceled:               canceled,
50 |         errAuthorizationInteractionNotAllowed:  interactionNotAllowed,
51 |         errAuthorizationInternal:               internalError,
   |         `- error: cannot find 'errAuthorizationInternal' in scope
52 |         errAuthorizationExternalizeNotAllowed:  externalizeNotAllowed,
53 |         errAuthorizationInternalizeNotAllowed:  internalizeNotAllowed,
/Users/admin/builder/spi-builder-workspace/Sources/Authorized/AuthorizationError.swift:52:9: error: cannot find 'errAuthorizationExternalizeNotAllowed' in scope
50 |         errAuthorizationInteractionNotAllowed:  interactionNotAllowed,
51 |         errAuthorizationInternal:               internalError,
52 |         errAuthorizationExternalizeNotAllowed:  externalizeNotAllowed,
   |         `- error: cannot find 'errAuthorizationExternalizeNotAllowed' in scope
53 |         errAuthorizationInternalizeNotAllowed:  internalizeNotAllowed,
54 |         errAuthorizationInvalidFlags:           invalidFlags,
/Users/admin/builder/spi-builder-workspace/Sources/Authorized/AuthorizationError.swift:53:9: error: cannot find 'errAuthorizationInternalizeNotAllowed' in scope
51 |         errAuthorizationInternal:               internalError,
52 |         errAuthorizationExternalizeNotAllowed:  externalizeNotAllowed,
53 |         errAuthorizationInternalizeNotAllowed:  internalizeNotAllowed,
   |         `- error: cannot find 'errAuthorizationInternalizeNotAllowed' in scope
54 |         errAuthorizationInvalidFlags:           invalidFlags,
55 |         errAuthorizationToolExecuteFailure:     toolExecuteFailure,
/Users/admin/builder/spi-builder-workspace/Sources/Authorized/AuthorizationError.swift:54:9: error: cannot find 'errAuthorizationInvalidFlags' in scope
52 |         errAuthorizationExternalizeNotAllowed:  externalizeNotAllowed,
53 |         errAuthorizationInternalizeNotAllowed:  internalizeNotAllowed,
54 |         errAuthorizationInvalidFlags:           invalidFlags,
   |         `- error: cannot find 'errAuthorizationInvalidFlags' in scope
55 |         errAuthorizationToolExecuteFailure:     toolExecuteFailure,
56 |         errAuthorizationToolEnvironmentError:   toolEnvironmentError,
/Users/admin/builder/spi-builder-workspace/Sources/Authorized/AuthorizationError.swift:55:9: error: cannot find 'errAuthorizationToolExecuteFailure' in scope
53 |         errAuthorizationInternalizeNotAllowed:  internalizeNotAllowed,
54 |         errAuthorizationInvalidFlags:           invalidFlags,
55 |         errAuthorizationToolExecuteFailure:     toolExecuteFailure,
   |         `- error: cannot find 'errAuthorizationToolExecuteFailure' in scope
56 |         errAuthorizationToolEnvironmentError:   toolEnvironmentError,
57 |         errAuthorizationBadAddress:             badAddress
/Users/admin/builder/spi-builder-workspace/Sources/Authorized/AuthorizationError.swift:56:9: error: cannot find 'errAuthorizationToolEnvironmentError' in scope
54 |         errAuthorizationInvalidFlags:           invalidFlags,
55 |         errAuthorizationToolExecuteFailure:     toolExecuteFailure,
56 |         errAuthorizationToolEnvironmentError:   toolEnvironmentError,
   |         `- error: cannot find 'errAuthorizationToolEnvironmentError' in scope
57 |         errAuthorizationBadAddress:             badAddress
58 |     ]
/Users/admin/builder/spi-builder-workspace/Sources/Authorized/AuthorizationError.swift:57:9: error: cannot find 'errAuthorizationBadAddress' in scope
55 |         errAuthorizationToolExecuteFailure:     toolExecuteFailure,
56 |         errAuthorizationToolEnvironmentError:   toolEnvironmentError,
57 |         errAuthorizationBadAddress:             badAddress
   |         `- error: cannot find 'errAuthorizationBadAddress' in scope
58 |     ]
59 |
/Users/admin/builder/spi-builder-workspace/Sources/Authorized/AuthorizationOption.swift:34:36: error: cannot find type 'AuthorizationFlags' in scope
32 |
33 | internal extension Set where Element == AuthorizationOption {
34 |     func asAuthorizationFlags() -> AuthorizationFlags {
   |                                    `- error: cannot find type 'AuthorizationFlags' in scope
35 |         var flags = [AuthorizationFlags]()
36 |         for element in self {
/Users/admin/builder/spi-builder-workspace/Sources/Authorized/AuthorizationPolicyDatabase.swift:142:82: error: cannot find 'kAuthorizationRuleIsAdmin' in scope
140 |
141 |     /// The user must be an administrator.
142 |     public static let isAdmin: AuthorizationRightRule = AuthorizationRight(name: kAuthorizationRuleIsAdmin)
    |                                                                                  `- error: cannot find 'kAuthorizationRuleIsAdmin' in scope
143 |     /// The user must authenticate as an administrator.
144 |     public static let authenticateAsAdmin: AuthorizationRightRule =
/Users/admin/builder/spi-builder-workspace/Sources/Authorized/AuthorizationPolicyDatabase.swift:145:34: error: cannot find 'kAuthorizationRuleAuthenticateAsAdmin' in scope
143 |     /// The user must authenticate as an administrator.
144 |     public static let authenticateAsAdmin: AuthorizationRightRule =
145 |         AuthorizationRight(name: kAuthorizationRuleAuthenticateAsAdmin)
    |                                  `- error: cannot find 'kAuthorizationRuleAuthenticateAsAdmin' in scope
146 |     /// The user must authenticate as the session owner (logged-in user).
147 |     public static let authenticateAsSessionUser: AuthorizationRightRule =
/Users/admin/builder/spi-builder-workspace/Sources/Authorized/AuthorizationPolicyDatabase.swift:148:34: error: cannot find 'kAuthorizationRuleAuthenticateAsSessionUser' in scope
146 |     /// The user must authenticate as the session owner (logged-in user).
147 |     public static let authenticateAsSessionUser: AuthorizationRightRule =
148 |         AuthorizationRight(name: kAuthorizationRuleAuthenticateAsSessionUser)
    |                                  `- error: cannot find 'kAuthorizationRuleAuthenticateAsSessionUser' in scope
149 |     /// Always allows the specified right.
150 |     public static let classAllow: AuthorizationRightRule = AuthorizationRight(name: kAuthorizationRuleClassAllow)
/Users/admin/builder/spi-builder-workspace/Sources/Authorized/AuthorizationPolicyDatabase.swift:150:85: error: cannot find 'kAuthorizationRuleClassAllow' in scope
148 |         AuthorizationRight(name: kAuthorizationRuleAuthenticateAsSessionUser)
149 |     /// Always allows the specified right.
150 |     public static let classAllow: AuthorizationRightRule = AuthorizationRight(name: kAuthorizationRuleClassAllow)
    |                                                                                     `- error: cannot find 'kAuthorizationRuleClassAllow' in scope
151 |     /// Always denies the specified right.
152 |     public static let classDeny: AuthorizationRightRule = AuthorizationRight(name: kAuthorizationRuleClassDeny)
/Users/admin/builder/spi-builder-workspace/Sources/Authorized/AuthorizationPolicyDatabase.swift:152:84: error: cannot find 'kAuthorizationRuleClassDeny' in scope
150 |     public static let classAllow: AuthorizationRightRule = AuthorizationRight(name: kAuthorizationRuleClassAllow)
151 |     /// Always denies the specified right.
152 |     public static let classDeny: AuthorizationRightRule = AuthorizationRight(name: kAuthorizationRuleClassDeny)
    |                                                                                    `- error: cannot find 'kAuthorizationRuleClassDeny' in scope
153 | }
154 |
/Users/admin/builder/spi-builder-workspace/Sources/Authorized/AuthorizationPolicyDatabase.swift:300:29: error: cannot find type 'SecRequirement' in scope
298 |
299 |     /// Undocumented, but in practice appears to be the designated requirement of the application which created the right definition.
300 |     public var requirement: SecRequirement? {
    |                             `- error: cannot find type 'SecRequirement' in scope
301 |         var requirement: SecRequirement?
302 |         if let requirementString = self.entries["requirement"] as? String {
Failed frontend command:
/Applications/Xcode-27.0.0-Release.Candidate.app/Contents/Developer/Toolchains/XcodeDefault.xctoolchain/usr/bin/swift-frontend -frontend -emit-module -experimental-skip-non-inlinable-function-bodies-without-types /Users/admin/builder/spi-builder-workspace/Sources/Authorized/Authorization.swift /Users/admin/builder/spi-builder-workspace/Sources/Authorized/AuthorizationElements.swift /Users/admin/builder/spi-builder-workspace/Sources/Authorized/AuthorizationError.swift /Users/admin/builder/spi-builder-workspace/Sources/Authorized/AuthorizationOption.swift /Users/admin/builder/spi-builder-workspace/Sources/Authorized/AuthorizationPolicyDatabase.swift -target arm64-apple-tvos15.0 -disable-cross-import-overlay-search -load-resolved-plugin /Applications/Xcode-27.0.0-Release.Candidate.app/Contents/Developer/Platforms/AppleTVOS.platform/Developer/usr/lib/swift/host/plugins/libFoundationMacros.dylib\#/Applications/Xcode-27.0.0-Release.Candidate.app/Contents/Developer/Platforms/AppleTVOS.platform/Developer/usr/bin/swift-plugin-server\#FoundationMacros -load-resolved-plugin /Applications/Xcode-27.0.0-Release.Candidate.app/Contents/Developer/Platforms/AppleTVOS.platform/Developer/usr/lib/swift/host/plugins/libObservationMacros.dylib\#/Applications/Xcode-27.0.0-Release.Candidate.app/Contents/Developer/Platforms/AppleTVOS.platform/Developer/usr/bin/swift-plugin-server\#ObservationMacros -load-resolved-plugin /Applications/Xcode-27.0.0-Release.Candidate.app/Contents/Developer/Platforms/AppleTVOS.platform/Developer/usr/lib/swift/host/plugins/libSwiftMacros.dylib\#/Applications/Xcode-27.0.0-Release.Candidate.app/Contents/Developer/Platforms/AppleTVOS.platform/Developer/usr/bin/swift-plugin-server\#SwiftMacros -disable-implicit-swift-modules -Xcc -fno-implicit-modules -Xcc -fno-implicit-module-maps -explicit-swift-module-map-file /Users/admin/builder/spi-builder-workspace/.derivedData/Build/Intermediates.noindex/Authorized.build/Debug-appletvos/Authorized-t.build/Objects-normal/arm64/Authorized-dependencies-1.json -Xllvm -aarch64-use-tbi -enable-objc-interop -stack-check -sdk /Applications/Xcode-27.0.0-Release.Candidate.app/Contents/Developer/Platforms/AppleTVOS.platform/Developer/SDKs/AppleTVOS27.0.sdk -I /Users/admin/builder/spi-builder-workspace/.derivedData/Build/Products/Debug-appletvos -Isystem /Applications/Xcode-27.0.0-Release.Candidate.app/Contents/Developer/Platforms/AppleTVOS.platform/Developer/usr/lib -F /Users/admin/builder/spi-builder-workspace/.derivedData/Build/Products/Debug-appletvos -F /Applications/Xcode-27.0.0-Release.Candidate.app/Contents/Developer/Platforms/AppleTVOS.platform/Developer/Library/Frameworks -F /Applications/Xcode-27.0.0-Release.Candidate.app/Contents/Developer/Platforms/AppleTVOS.platform/Developer/SDKs/AppleTVOS27.0.sdk/Developer/Library/Frameworks -module-cache-path /Users/admin/builder/spi-builder-workspace/.derivedData/Build/Intermediates.noindex/SwiftExplicitPrecompiledModules -no-color-diagnostics -Xcc -fno-color-diagnostics -enable-testing -g -debug-info-format\=dwarf -dwarf-version\=4 -profile-generate -profile-coverage-mapping -swift-version 5 -Onone -D SWIFT_PACKAGE -D DEBUG -D SWIFT_MODULE_RESOURCE_BUNDLE_UNAVAILABLE -D Xcode -serialize-debugging-options -enable-experimental-feature DebugDescriptionMacro -empty-abi-descriptor -validate-clang-modules-once -clang-build-session-file /Users/admin/builder/spi-builder-workspace/.derivedData/ModuleCache.noindex/Session.modulevalidation -Xcc -working-directory -Xcc /Users/admin/builder/spi-builder-workspace/.swiftpm/xcode -enable-anonymous-context-mangled-names -file-compilation-dir /Users/admin/builder/spi-builder-workspace/.swiftpm/xcode -Xcc -D_LIBCPP_HARDENING_MODE\=_LIBCPP_HARDENING_MODE_DEBUG -Xcc -ivfsstatcache -Xcc /Users/admin/builder/spi-builder-workspace/.derivedData/SDKStatCaches.noindex/appletvos27.0-24J360-e829b21a6f8c9b70876ba0858053c044b32bfd8d43560033f8d89884cdb90028.sdkstatcache -Xcc -fmodules-prune-interval\=86400 -Xcc -fmodules-prune-after\=345600 -Xcc -I/Users/admin/builder/spi-builder-workspace/.derivedData/Build/Products/Debug-appletvos/include -Xcc -I/Users/admin/builder/spi-builder-workspace/.derivedData/Build/Intermediates.noindex/Authorized.build/Debug-appletvos/Authorized-t.build/DerivedSources-normal/arm64 -Xcc -I/Users/admin/builder/spi-builder-workspace/.derivedData/Build/Intermediates.noindex/Authorized.build/Debug-appletvos/Authorized-t.build/DerivedSources/arm64 -Xcc -I/Users/admin/builder/spi-builder-workspace/.derivedData/Build/Intermediates.noindex/Authorized.build/Debug-appletvos/Authorized-t.build/DerivedSources -Xcc -DSWIFT_PACKAGE -Xcc -DDEBUG\=1 -no-auto-bridging-header-chaining -module-name Authorized -const-gather-protocols-file /Users/admin/builder/spi-builder-workspace/.derivedData/Build/Intermediates.noindex/Authorized.build/Debug-appletvos/Authorized-t.build/Objects-normal/arm64/Authorized_const_extract_protocols.json -disable-clang-spi -clang-target arm64-apple-tvos27.0 -target-sdk-version 27.0 -target-sdk-name appletvos27.0 -in-process-plugin-server-path /Applications/Xcode-27.0.0-Release.Candidate.app/Contents/Developer/Toolchains/XcodeDefault.xctoolchain/usr/lib/swift/host/libSwiftInProcPluginServer.dylib -emit-module-doc-path /Users/admin/builder/spi-builder-workspace/.derivedData/Build/Intermediates.noindex/Authorized.build/Debug-appletvos/Authorized-t.build/Objects-normal/arm64/Authorized.swiftdoc -emit-module-source-info-path /Users/admin/builder/spi-builder-workspace/.derivedData/Build/Intermediates.noindex/Authorized.build/Debug-appletvos/Authorized-t.build/Objects-normal/arm64/Authorized.swiftsourceinfo -emit-objc-header-path /Users/admin/builder/spi-builder-workspace/.derivedData/Build/Intermediates.noindex/Authorized.build/Debug-appletvos/Authorized-t.build/Objects-normal/arm64/Authorized-Swift.h -serialize-diagnostics-path /Users/admin/builder/spi-builder-workspace/.derivedData/Build/Intermediates.noindex/Authorized.build/Debug-appletvos/Authorized-t.build/Objects-normal/arm64/Authorized-primary-emit-module.dia -emit-dependencies-path /Users/admin/builder/spi-builder-workspace/.derivedData/Build/Intermediates.noindex/Authorized.build/Debug-appletvos/Authorized-t.build/Objects-normal/arm64/Authorized-primary-emit-module.d -parse-as-library -o /Users/admin/builder/spi-builder-workspace/.derivedData/Build/Intermediates.noindex/Authorized.build/Debug-appletvos/Authorized-t.build/Objects-normal/arm64/Authorized.swiftmodule -emit-abi-descriptor-path /Users/admin/builder/spi-builder-workspace/.derivedData/Build/Intermediates.noindex/Authorized.build/Debug-appletvos/Authorized-t.build/Objects-normal/arm64/Authorized.abi.json
SwiftCompile normal arm64 (in target 'Authorized' from project 'Authorized')
    cd /Users/admin/builder/spi-builder-workspace/.swiftpm/xcode

SwiftCompile normal arm64 Compiling\ AuthorizationOption.swift /Users/admin/builder/spi-builder-workspace/Sources/Authorized/AuthorizationOption.swift (in target 'Authorized' from project 'Authorized')
SwiftCompile normal arm64 /Users/admin/builder/spi-builder-workspace/Sources/Authorized/AuthorizationOption.swift (in target 'Authorized' from project 'Authorized')
    cd /Users/admin/builder/spi-builder-workspace/.swiftpm/xcode
    builtin-SwiftPerFileCompile AuthorizationOption.swift
/Users/admin/builder/spi-builder-workspace/Sources/Authorized/AuthorizationOption.swift:34:36: error: cannot find type 'AuthorizationFlags' in scope
32 |
33 | internal extension Set where Element == AuthorizationOption {
34 |     func asAuthorizationFlags() -> AuthorizationFlags {
   |                                    `- error: cannot find type 'AuthorizationFlags' in scope
35 |         var flags = [AuthorizationFlags]()
36 |         for element in self {
/Users/admin/builder/spi-builder-workspace/Sources/Authorized/AuthorizationOption.swift:35:22: error: cannot find 'AuthorizationFlags' in scope
33 | internal extension Set where Element == AuthorizationOption {
34 |     func asAuthorizationFlags() -> AuthorizationFlags {
35 |         var flags = [AuthorizationFlags]()
   |                      `- error: cannot find 'AuthorizationFlags' in scope
36 |         for element in self {
37 |             switch element {
/Users/admin/builder/spi-builder-workspace/Sources/Authorized/AuthorizationOption.swift:35:21: error: cannot call value of non-function type '[Element]'
33 | internal extension Set where Element == AuthorizationOption {
34 |     func asAuthorizationFlags() -> AuthorizationFlags {
35 |         var flags = [AuthorizationFlags]()
   |                     `- error: cannot call value of non-function type '[Element]'
36 |         for element in self {
37 |             switch element {
/Users/admin/builder/spi-builder-workspace/Sources/Authorized/AuthorizationOption.swift:38:58: error: cannot find 'AuthorizationFlags' in scope
36 |         for element in self {
37 |             switch element {
38 |                 case .interactionAllowed:   flags.append(AuthorizationFlags.interactionAllowed)
   |                                                          `- error: cannot find 'AuthorizationFlags' in scope
39 |                 case .extendRights:         flags.append(AuthorizationFlags.extendRights)
40 |                 case .partialRights:        flags.append(AuthorizationFlags.partialRights)
/Users/admin/builder/spi-builder-workspace/Sources/Authorized/AuthorizationOption.swift:39:58: error: cannot find 'AuthorizationFlags' in scope
37 |             switch element {
38 |                 case .interactionAllowed:   flags.append(AuthorizationFlags.interactionAllowed)
39 |                 case .extendRights:         flags.append(AuthorizationFlags.extendRights)
   |                                                          `- error: cannot find 'AuthorizationFlags' in scope
40 |                 case .partialRights:        flags.append(AuthorizationFlags.partialRights)
41 |                 case .destroyRights:        flags.append(AuthorizationFlags.destroyRights)
/Users/admin/builder/spi-builder-workspace/Sources/Authorized/AuthorizationOption.swift:40:58: error: cannot find 'AuthorizationFlags' in scope
38 |                 case .interactionAllowed:   flags.append(AuthorizationFlags.interactionAllowed)
39 |                 case .extendRights:         flags.append(AuthorizationFlags.extendRights)
40 |                 case .partialRights:        flags.append(AuthorizationFlags.partialRights)
   |                                                          `- error: cannot find 'AuthorizationFlags' in scope
41 |                 case .destroyRights:        flags.append(AuthorizationFlags.destroyRights)
42 |                 case .preAuthorize:         flags.append(AuthorizationFlags.preAuthorize)
/Users/admin/builder/spi-builder-workspace/Sources/Authorized/AuthorizationOption.swift:41:58: error: cannot find 'AuthorizationFlags' in scope
39 |                 case .extendRights:         flags.append(AuthorizationFlags.extendRights)
40 |                 case .partialRights:        flags.append(AuthorizationFlags.partialRights)
41 |                 case .destroyRights:        flags.append(AuthorizationFlags.destroyRights)
   |                                                          `- error: cannot find 'AuthorizationFlags' in scope
42 |                 case .preAuthorize:         flags.append(AuthorizationFlags.preAuthorize)
43 |             }
/Users/admin/builder/spi-builder-workspace/Sources/Authorized/AuthorizationOption.swift:42:58: error: cannot find 'AuthorizationFlags' in scope
40 |                 case .partialRights:        flags.append(AuthorizationFlags.partialRights)
41 |                 case .destroyRights:        flags.append(AuthorizationFlags.destroyRights)
42 |                 case .preAuthorize:         flags.append(AuthorizationFlags.preAuthorize)
   |                                                          `- error: cannot find 'AuthorizationFlags' in scope
43 |             }
44 |         }
SwiftCompile normal arm64 Compiling\ AuthorizationElements.swift /Users/admin/builder/spi-builder-workspace/Sources/Authorized/AuthorizationElements.swift (in target 'Authorized' from project 'Authorized')
SwiftCompile normal arm64 /Users/admin/builder/spi-builder-workspace/Sources/Authorized/AuthorizationElements.swift (in target 'Authorized' from project 'Authorized')
    cd /Users/admin/builder/spi-builder-workspace/.swiftpm/xcode
    builtin-SwiftPerFileCompile AuthorizationElements.swift
/Users/admin/builder/spi-builder-workspace/Sources/Authorized/AuthorizationElements.swift:23:59: error: cannot find type 'AuthorizationItemSet' in scope
 21 |     ///
 22 |     /// A closure must be used to because the memory pointers referenced are only valid within the closure.
 23 |     func withUnsafePointer<Result>(_ body: (UnsafePointer<AuthorizationItemSet>) throws -> Result) rethrows -> Result {
    |                                                           `- error: cannot find type 'AuthorizationItemSet' in scope
 24 |         return try self.name.withCString { namePointer in
 25 |             var mutableValue = value
/Users/admin/builder/spi-builder-workspace/Sources/Authorized/AuthorizationElements.swift:213:59: error: cannot find type 'AuthorizationItemSet' in scope
211 |
212 | internal extension Set where Element: AuthorizationElement {
213 |     func withUnsafePointer<Result>(_ body: (UnsafePointer<AuthorizationItemSet>) throws -> Result) rethrows -> Result {
    |                                                           `- error: cannot find type 'AuthorizationItemSet' in scope
214 |         try Set<Element>.convertRecursively(wrappers: Array<Element>(self), items: [], body: body)
215 |     }
/Users/admin/builder/spi-builder-workspace/Sources/Authorized/AuthorizationElements.swift:222:17: error: cannot find type 'AuthorizationItem' in scope
220 |     private static func convertRecursively<Result>(
221 |         wrappers: [AuthorizationElement],
222 |         items: [AuthorizationItem],
    |                 `- error: cannot find type 'AuthorizationItem' in scope
223 |         body: (UnsafePointer<AuthorizationItemSet>) throws -> Result
224 |     ) rethrows -> Result {
/Users/admin/builder/spi-builder-workspace/Sources/Authorized/AuthorizationElements.swift:223:30: error: cannot find type 'AuthorizationItemSet' in scope
221 |         wrappers: [AuthorizationElement],
222 |         items: [AuthorizationItem],
223 |         body: (UnsafePointer<AuthorizationItemSet>) throws -> Result
    |                              `- error: cannot find type 'AuthorizationItemSet' in scope
224 |     ) rethrows -> Result {
225 |         // One or more wrappers to be converted
/Users/admin/builder/spi-builder-workspace/Sources/Authorized/AuthorizationElements.swift:256:20: error: cannot find type 'AuthorizationItem' in scope
254 | }
255 |
256 | internal extension AuthorizationItem {
    |                    `- error: cannot find type 'AuthorizationItem' in scope
257 |     func wrap<T>(type: T.Type) -> T where T: AuthorizationElement {
258 |         let name = String(cString: self.name)
/Users/admin/builder/spi-builder-workspace/Sources/Authorized/AuthorizationElements.swift:272:20: error: cannot find type 'AuthorizationItemSet' in scope
270 | }
271 |
272 | internal extension AuthorizationItemSet {
    |                    `- error: cannot find type 'AuthorizationItemSet' in scope
273 |     func wrap<T>(type: T.Type) -> [T] where T: AuthorizationElement {
274 |         var items = [T]()
/Users/admin/builder/spi-builder-workspace/Sources/Authorized/AuthorizationElements.swift:27:28: error: cannot find 'AuthorizationItem' in scope
 25 |             var mutableValue = value
 26 |             return try mutableValue.withUnsafeMutableBufferPointer { valuePointer in
 27 |                 let item = AuthorizationItem(name: namePointer,
    |                            `- error: cannot find 'AuthorizationItem' in scope
 28 |                                              valueLength: value.count,
 29 |                                              value: value.count == 0 ? nil : valuePointer.baseAddress,
/Users/admin/builder/spi-builder-workspace/Sources/Authorized/AuthorizationElements.swift:33:35: error: cannot find 'AuthorizationItemSet' in scope
 31 |                 var items = [item]
 32 |                 return try items.withUnsafeMutableBufferPointer { buffer in
 33 |                     var itemSet = AuthorizationItemSet(count: 1, items: buffer.baseAddress)
    |                                   `- error: cannot find 'AuthorizationItemSet' in scope
 34 |
 35 |                     return try body(&itemSet)
/Users/admin/builder/spi-builder-workspace/Sources/Authorized/AuthorizationElements.swift:93:30: error: cannot find 'kAuthorizationFlagCanNotPreAuthorize' in scope
 91 |     /// asynchronous equivalents. Otherwise this property's value is undefined.
 92 |     public var cannotPreAuthorize: Bool {
 93 |         return self.flags == kAuthorizationFlagCanNotPreAuthorize
    |                              `- error: cannot find 'kAuthorizationFlagCanNotPreAuthorize' in scope
 94 |     }
 95 | }
/Users/admin/builder/spi-builder-workspace/Sources/Authorized/AuthorizationElements.swift:152:52: error: cannot find 'kAuthorizationEnvironmentUsername' in scope
150 |     /// - Returns: The environment entry.
151 |     public static func forUsername(_ username: String) -> AuthorizationEnvironmentEntry {
152 |         return AuthorizationEnvironmentEntry(name: kAuthorizationEnvironmentUsername, value: username)
    |                                                    `- error: cannot find 'kAuthorizationEnvironmentUsername' in scope
153 |     }
154 |
/Users/admin/builder/spi-builder-workspace/Sources/Authorized/AuthorizationElements.swift:161:52: error: cannot find 'kAuthorizationEnvironmentPassword' in scope
159 |     /// - Returns: The environment entry.
160 |     public static func forPassword(_ password: String) -> AuthorizationEnvironmentEntry {
161 |         return AuthorizationEnvironmentEntry(name: kAuthorizationEnvironmentPassword, value: password)
    |                                                    `- error: cannot find 'kAuthorizationEnvironmentPassword' in scope
162 |     }
163 |
/Users/admin/builder/spi-builder-workspace/Sources/Authorized/AuthorizationElements.swift:171:52: error: cannot find 'kAuthorizationEnvironmentShared' in scope
169 |     /// - Returns: The environment entry.
170 |     public static func forShared() -> AuthorizationEnvironmentEntry {
171 |         return AuthorizationEnvironmentEntry(name: kAuthorizationEnvironmentShared, value: [])
    |                                                    `- error: cannot find 'kAuthorizationEnvironmentShared' in scope
172 |     }
173 |
/Users/admin/builder/spi-builder-workspace/Sources/Authorized/AuthorizationElements.swift:179:52: error: cannot find 'kAuthorizationEnvironmentPrompt' in scope
177 |     /// - Returns: The environment entry.
178 |     public static func forPrompt(message: String) -> AuthorizationEnvironmentEntry {
179 |         return AuthorizationEnvironmentEntry(name: kAuthorizationEnvironmentPrompt, value: message)
    |                                                    `- error: cannot find 'kAuthorizationEnvironmentPrompt' in scope
180 |     }
181 |
/Users/admin/builder/spi-builder-workspace/Sources/Authorized/AuthorizationElements.swift:186:52: error: cannot find 'kAuthorizationEnvironmentIcon' in scope
184 |     /// - Returns: The environment entry.
185 |     public static func forIcon(_ icon: URL) -> AuthorizationEnvironmentEntry {
186 |         return AuthorizationEnvironmentEntry(name: kAuthorizationEnvironmentIcon, value: icon.absoluteString)
    |                                                    `- error: cannot find 'kAuthorizationEnvironmentIcon' in scope
187 |     }
188 | }
/Users/admin/builder/spi-builder-workspace/Sources/Authorized/AuthorizationElements.swift:233:32: error: cannot find 'AuthorizationItem' in scope
231 |                 var mutableValue = wrapper.value
232 |                 return try mutableValue.withUnsafeMutableBufferPointer { valuePointer in
233 |                     let item = AuthorizationItem(name: namePointer,
    |                                `- error: cannot find 'AuthorizationItem' in scope
234 |                                                  valueLength: wrapper.value.count,
235 |                                                  value: valuePointer.baseAddress,
SwiftCompile normal arm64 Compiling\ Authorization.swift /Users/admin/builder/spi-builder-workspace/Sources/Authorized/Authorization.swift (in target 'Authorized' from project 'Authorized')
/Users/admin/builder/spi-builder-workspace/Sources/Authorized/Authorization.swift:40:34: error: cannot find type 'AuthorizationRef' in scope
 38 |     ///
 39 |     /// This reference is only valid during the lifetime of its enclosing ``Authorization`` instance's lifetime.
 40 |     public let authorizationRef: AuthorizationRef
    |                                  `- error: cannot find type 'AuthorizationRef' in scope
 41 |
 42 |     /// Creates a new instance with no rights.
/Users/admin/builder/spi-builder-workspace/Sources/Authorized/Authorization.swift:67:71: error: cannot find 'AuthorizationExternalForm' in scope
 65 |     }
 66 |
 67 |     private static let externalFormChildrenCount = Mirror(reflecting: AuthorizationExternalForm().bytes).children.count
    |                                                                       `- error: cannot find 'AuthorizationExternalForm' in scope
 68 |
 69 |     /// Deserializes a `Data` instance into an `AuthorizationRef`.
/Users/admin/builder/spi-builder-workspace/Sources/Authorized/Authorization.swift:70:73: error: cannot find type 'AuthorizationRef' in scope
 68 |
 69 |     /// Deserializes a `Data` instance into an `AuthorizationRef`.
 70 |     private static func deserialize(from serialization: Data) throws -> AuthorizationRef {
    |                                                                         `- error: cannot find type 'AuthorizationRef' in scope
 71 |         // The encoded data is only valid if the count matches that of the AuthorizationExternalForm's bytes tuple
 72 |         if serialization.count != externalFormChildrenCount {
/Users/admin/builder/spi-builder-workspace/Sources/Authorized/Authorization.swift:47:13: error: cannot find 'AuthorizationCreate' in scope
 45 |     public init() throws {
 46 |         self.authorizationRef = try AuthorizationError.throwIfFailure { authorization in
 47 |             AuthorizationCreate(nil, nil, [], &authorization)
    |             `- error: cannot find 'AuthorizationCreate' in scope
 48 |         }
 49 |     }
/Users/admin/builder/spi-builder-workspace/Sources/Authorized/Authorization.swift:53:9: error: cannot find 'AuthorizationFree' in scope
 51 |     /// Frees the underlying [`AuthorizationRef`](https://developer.apple.com/documentation/security/authorizationref).
 52 |     deinit {
 53 |         AuthorizationFree(self.authorizationRef, AuthorizationFlags())
    |         `- error: cannot find 'AuthorizationFree' in scope
 54 |     }
 55 |
/Users/admin/builder/spi-builder-workspace/Sources/Authorized/Authorization.swift:53:50: error: cannot find 'AuthorizationFlags' in scope
 51 |     /// Frees the underlying [`AuthorizationRef`](https://developer.apple.com/documentation/security/authorizationref).
 52 |     deinit {
 53 |         AuthorizationFree(self.authorizationRef, AuthorizationFlags())
    |                                                  `- error: cannot find 'AuthorizationFlags' in scope
 54 |     }
 55 |
/Users/admin/builder/spi-builder-workspace/Sources/Authorized/Authorization.swift:86:28: error: cannot find 'AuthorizationExternalForm' in scope
 84 |                      int8Array[24], int8Array[25], int8Array[26], int8Array[27],
 85 |                      int8Array[28], int8Array[29], int8Array[30], int8Array[31])
 86 |         var externalForm = AuthorizationExternalForm(bytes: bytes)
    |                            `- error: cannot find 'AuthorizationExternalForm' in scope
 87 |
 88 |         // Create the authorization
/Users/admin/builder/spi-builder-workspace/Sources/Authorized/Authorization.swift:90:13: error: cannot find 'AuthorizationCreateFromExternalForm' in scope
 88 |         // Create the authorization
 89 |         return try AuthorizationError.throwIfFailure { authorization in
 90 |             AuthorizationCreateFromExternalForm(&externalForm, &authorization)
    |             `- error: cannot find 'AuthorizationCreateFromExternalForm' in scope
 91 |         }
 92 |     }
/Users/admin/builder/spi-builder-workspace/Sources/Authorized/Authorization.swift:122:21: error: cannot find 'AuthorizationCreate' in scope
120 |                 options.insert(.destroyRights)
121 |                 try AuthorizationError.throwIfFailure {
122 |                     AuthorizationCreate(rightsPointer, environmentPointer, options.asAuthorizationFlags(), nil)
    |                     `- error: cannot find 'AuthorizationCreate' in scope
123 |                 }
124 |             }
/Users/admin/builder/spi-builder-workspace/Sources/Authorized/AuthorizationElements.swift:213:59: error: cannot find type 'AuthorizationItemSet' in scope
211 |
212 | internal extension Set where Element: AuthorizationElement {
213 |     func withUnsafePointer<Result>(_ body: (UnsafePointer<AuthorizationItemSet>) throws -> Result) rethrows -> Result {
    |                                                           `- error: cannot find type 'AuthorizationItemSet' in scope
214 |         try Set<Element>.convertRecursively(wrappers: Array<Element>(self), items: [], body: body)
215 |     }
/Users/admin/builder/spi-builder-workspace/Sources/Authorized/Authorization.swift:186:21: error: cannot find 'AuthorizationCopyRights' in scope
184 |                 let authorizedRights: UnsafeMutablePointer<AuthorizationItemSet> =
185 |                                                             try AuthorizationError.throwIfFailure { authorizedRights in
186 |                     AuthorizationCopyRights(self.authorizationRef,
    |                     `- error: cannot find 'AuthorizationCopyRights' in scope
187 |                                             rightsPointer,
188 |                                             environmentPointer,
/Users/admin/builder/spi-builder-workspace/Sources/Authorized/Authorization.swift:226:26: error: cannot find 'errAuthorizationSuccess' in scope
224 |         let legacyCallback = { (status: OSStatus, rightsPointer: UnsafeMutablePointer<AuthorizationRights>?) in
225 |             let result: Result<[AuthorizationRight], AuthorizationError>
226 |             if status == errAuthorizationSuccess, let rightsPointer = rightsPointer {
    |                          `- error: cannot find 'errAuthorizationSuccess' in scope
227 |                 result = .success(rightsPointer.pointee.wrap(type: AuthorizationRight.self))
228 |             } else {
/Users/admin/builder/spi-builder-workspace/Sources/Authorized/Authorization.swift:224:87: error: cannot find type 'AuthorizationRights' in scope
222 |         callback: @escaping ((Result<[AuthorizationRight], AuthorizationError>) -> Void)
223 |     ) {
224 |         let legacyCallback = { (status: OSStatus, rightsPointer: UnsafeMutablePointer<AuthorizationRights>?) in
    |                                                                                       `- error: cannot find type 'AuthorizationRights' in scope
225 |             let result: Result<[AuthorizationRight], AuthorizationError>
226 |             if status == errAuthorizationSuccess, let rightsPointer = rightsPointer {
SwiftCompile normal arm64 /Users/admin/builder/spi-builder-workspace/Sources/Authorized/Authorization.swift (in target 'Authorized' from project 'Authorized')
    cd /Users/admin/builder/spi-builder-workspace/.swiftpm/xcode
    builtin-SwiftPerFileCompile Authorization.swift
SwiftCompile normal arm64 Compiling\ AuthorizationPolicyDatabase.swift /Users/admin/builder/spi-builder-workspace/Sources/Authorized/AuthorizationPolicyDatabase.swift (in target 'Authorized' from project 'Authorized')
/Users/admin/builder/spi-builder-workspace/Sources/Authorized/AuthorizationPolicyDatabase.swift:142:82: error: cannot find 'kAuthorizationRuleIsAdmin' in scope
140 |
141 |     /// The user must be an administrator.
142 |     public static let isAdmin: AuthorizationRightRule = AuthorizationRight(name: kAuthorizationRuleIsAdmin)
    |                                                                                  `- error: cannot find 'kAuthorizationRuleIsAdmin' in scope
143 |     /// The user must authenticate as an administrator.
144 |     public static let authenticateAsAdmin: AuthorizationRightRule =
/Users/admin/builder/spi-builder-workspace/Sources/Authorized/AuthorizationPolicyDatabase.swift:145:34: error: cannot find 'kAuthorizationRuleAuthenticateAsAdmin' in scope
143 |     /// The user must authenticate as an administrator.
144 |     public static let authenticateAsAdmin: AuthorizationRightRule =
145 |         AuthorizationRight(name: kAuthorizationRuleAuthenticateAsAdmin)
    |                                  `- error: cannot find 'kAuthorizationRuleAuthenticateAsAdmin' in scope
146 |     /// The user must authenticate as the session owner (logged-in user).
147 |     public static let authenticateAsSessionUser: AuthorizationRightRule =
/Users/admin/builder/spi-builder-workspace/Sources/Authorized/AuthorizationPolicyDatabase.swift:148:34: error: cannot find 'kAuthorizationRuleAuthenticateAsSessionUser' in scope
146 |     /// The user must authenticate as the session owner (logged-in user).
147 |     public static let authenticateAsSessionUser: AuthorizationRightRule =
148 |         AuthorizationRight(name: kAuthorizationRuleAuthenticateAsSessionUser)
    |                                  `- error: cannot find 'kAuthorizationRuleAuthenticateAsSessionUser' in scope
149 |     /// Always allows the specified right.
150 |     public static let classAllow: AuthorizationRightRule = AuthorizationRight(name: kAuthorizationRuleClassAllow)
/Users/admin/builder/spi-builder-workspace/Sources/Authorized/AuthorizationPolicyDatabase.swift:150:85: error: cannot find 'kAuthorizationRuleClassAllow' in scope
148 |         AuthorizationRight(name: kAuthorizationRuleAuthenticateAsSessionUser)
149 |     /// Always allows the specified right.
150 |     public static let classAllow: AuthorizationRightRule = AuthorizationRight(name: kAuthorizationRuleClassAllow)
    |                                                                                     `- error: cannot find 'kAuthorizationRuleClassAllow' in scope
151 |     /// Always denies the specified right.
152 |     public static let classDeny: AuthorizationRightRule = AuthorizationRight(name: kAuthorizationRuleClassDeny)
/Users/admin/builder/spi-builder-workspace/Sources/Authorized/AuthorizationPolicyDatabase.swift:152:84: error: cannot find 'kAuthorizationRuleClassDeny' in scope
150 |     public static let classAllow: AuthorizationRightRule = AuthorizationRight(name: kAuthorizationRuleClassAllow)
151 |     /// Always denies the specified right.
152 |     public static let classDeny: AuthorizationRightRule = AuthorizationRight(name: kAuthorizationRuleClassDeny)
    |                                                                                    `- error: cannot find 'kAuthorizationRuleClassDeny' in scope
153 | }
154 |
/Users/admin/builder/spi-builder-workspace/Sources/Authorized/AuthorizationPolicyDatabase.swift:300:29: error: cannot find type 'SecRequirement' in scope
298 |
299 |     /// Undocumented, but in practice appears to be the designated requirement of the application which created the right definition.
300 |     public var requirement: SecRequirement? {
    |                             `- error: cannot find type 'SecRequirement' in scope
301 |         var requirement: SecRequirement?
302 |         if let requirementString = self.entries["requirement"] as? String {
/Users/admin/builder/spi-builder-workspace/Sources/Authorized/AuthorizationPolicyDatabase.swift:26:26: error: cannot find 'AuthorizationRightGet' in scope
 24 |             let definition: AuthorizationRightDefinition?
 25 |             var entries: CFDictionary?
 26 |             let result = AuthorizationRightGet(namePointer, &entries)
    |                          `- error: cannot find 'AuthorizationRightGet' in scope
 27 |             if result == errAuthorizationSuccess, let entries = entries {
 28 |                 definition = AuthorizationRightDefinition(entries: entries)
/Users/admin/builder/spi-builder-workspace/Sources/Authorized/AuthorizationPolicyDatabase.swift:27:26: error: cannot find 'errAuthorizationSuccess' in scope
 25 |             var entries: CFDictionary?
 26 |             let result = AuthorizationRightGet(namePointer, &entries)
 27 |             if result == errAuthorizationSuccess, let entries = entries {
    |                          `- error: cannot find 'errAuthorizationSuccess' in scope
 28 |                 definition = AuthorizationRightDefinition(entries: entries)
 29 |             } else if result == errAuthorizationDenied {
/Users/admin/builder/spi-builder-workspace/Sources/Authorized/AuthorizationPolicyDatabase.swift:29:33: error: cannot find 'errAuthorizationDenied' in scope
 27 |             if result == errAuthorizationSuccess, let entries = entries {
 28 |                 definition = AuthorizationRightDefinition(entries: entries)
 29 |             } else if result == errAuthorizationDenied {
    |                                 `- error: cannot find 'errAuthorizationDenied' in scope
 30 |                 definition = nil
 31 |             } else {
/Users/admin/builder/spi-builder-workspace/Sources/Authorized/AuthorizationPolicyDatabase.swift:48:26: error: cannot find 'AuthorizationRightGet' in scope
 46 |         return try self.name.withCString { namePointer in
 47 |             let exists: Bool
 48 |             let result = AuthorizationRightGet(namePointer, nil)
    |                          `- error: cannot find 'AuthorizationRightGet' in scope
 49 |             if result == errAuthorizationSuccess {
 50 |                 exists = true
/Users/admin/builder/spi-builder-workspace/Sources/Authorized/AuthorizationPolicyDatabase.swift:49:26: error: cannot find 'errAuthorizationSuccess' in scope
 47 |             let exists: Bool
 48 |             let result = AuthorizationRightGet(namePointer, nil)
 49 |             if result == errAuthorizationSuccess {
    |                          `- error: cannot find 'errAuthorizationSuccess' in scope
 50 |                 exists = true
 51 |             } else if result == errAuthorizationDenied {
/Users/admin/builder/spi-builder-workspace/Sources/Authorized/AuthorizationPolicyDatabase.swift:51:33: error: cannot find 'errAuthorizationDenied' in scope
 49 |             if result == errAuthorizationSuccess {
 50 |                 exists = true
 51 |             } else if result == errAuthorizationDenied {
    |                                 `- error: cannot find 'errAuthorizationDenied' in scope
 52 |                 exists = false
 53 |             } else {
/Users/admin/builder/spi-builder-workspace/Sources/Authorized/AuthorizationPolicyDatabase.swift:91:33: error: cannot find 'kAuthorizationRightRule' in scope
 89 |             let rightDefinition = NSMutableDictionary(capacity: rules.count + (comment == nil ? 0 : 1))
 90 |             for rule in rules {
 91 |                 rightDefinition[kAuthorizationRightRule] = rule.name
    |                                 `- error: cannot find 'kAuthorizationRightRule' in scope
 92 |             }
 93 |             if let comment = comment {
/Users/admin/builder/spi-builder-workspace/Sources/Authorized/AuthorizationPolicyDatabase.swift:94:33: error: cannot find 'kAuthorizationComment' in scope
 92 |             }
 93 |             if let comment = comment {
 94 |                 rightDefinition[kAuthorizationComment] = comment
    |                                 `- error: cannot find 'kAuthorizationComment' in scope
 95 |             }
 96 |
SwiftCompile normal arm64 /Users/admin/builder/spi-builder-workspace/Sources/Authorized/AuthorizationPolicyDatabase.swift (in target 'Authorized' from project 'Authorized')
    cd /Users/admin/builder/spi-builder-workspace/.swiftpm/xcode
    builtin-SwiftPerFileCompile AuthorizationPolicyDatabase.swift
PruneExplicitPrecompiledModules /Users/admin/builder/spi-builder-workspace/.derivedData/Build/Intermediates.noindex/SwiftExplicitPrecompiledModules
PruneExplicitPrecompiledModules /Users/admin/builder/spi-builder-workspace/.derivedData/Build/Intermediates.noindex/ExplicitPrecompiledModules
PruneExplicitPrecompiledModules /Users/admin/builder/spi-builder-workspace/.derivedData/SDKExplicitPrecompiledModules
2026-09-18 08:46:57.537 xcodebuild[648:4183] [MT] IDERunDestination: Supported platforms for the buildables in the current scheme is empty.
** BUILD FAILED **
The following build commands failed:
	SwiftEmitModule normal arm64 Emitting\ module\ for\ Authorized (in target 'Authorized' from project 'Authorized')
	SwiftCompile normal arm64 (in target 'Authorized' from project 'Authorized')
	Building workspace Authorized with scheme Authorized
(3 failures)
Command line invocation:
    /Applications/Xcode-27.0.0-Release.Candidate.app/Contents/Developer/usr/bin/xcodebuild -IDEClonedSourcePackagesDirPathOverride=/Users/admin/builder/spi-builder-workspace/.dependencies -resolvePackageDependencies
Resolve Package Graph
Resolved source packages:
  Authorized: /Users/admin/builder/spi-builder-workspace
resolved source packages: Authorized
2026-09-18 08:47:01.947 xcodebuild[696:4420] [MT] IDERunDestination: Supported platforms for the buildables in the current scheme is empty.
{
  "dependencies" : [
  ],
  "manifest_display_name" : "Authorized",
  "name" : "Authorized",
  "path" : "/Users/admin/builder/spi-builder-workspace",
  "platforms" : [
    {
      "name" : "macos",
      "version" : "10.10"
    }
  ],
  "products" : [
    {
      "name" : "Authorized",
      "targets" : [
        "Authorized"
      ],
      "type" : {
        "library" : [
          "automatic"
        ]
      }
    }
  ],
  "targets" : [
    {
      "c99name" : "AuthorizedTests",
      "module_type" : "SwiftTarget",
      "name" : "AuthorizedTests",
      "path" : "Tests/AuthorizedTests",
      "sources" : [
        "AuthorizedTests.swift"
      ],
      "target_dependencies" : [
        "Authorized"
      ],
      "type" : "test"
    },
    {
      "c99name" : "Authorized",
      "module_type" : "SwiftTarget",
      "name" : "Authorized",
      "path" : "Sources/Authorized",
      "product_memberships" : [
        "Authorized"
      ],
      "sources" : [
        "Authorization.swift",
        "AuthorizationElements.swift",
        "AuthorizationError.swift",
        "AuthorizationOption.swift",
        "AuthorizationPolicyDatabase.swift"
      ],
      "type" : "library"
    }
  ],
  "tools_version" : "5.5"
}
{
  "workspace" : {
    "name" : "Authorized",
    "schemes" : [
      "Authorized"
    ]
  }
}
2026-09-18 08:47:03.159 xcodebuild[704:4482] [MT] IDERunDestination: Supported platforms for the buildables in the current scheme is empty.
Running build ...
env DEVELOPER_DIR=/Applications/Xcode-27.0.0-Release.Candidate.app xcrun xcodebuild -IDEClonedSourcePackagesDirPathOverride=$PWD/.dependencies -skipMacroValidation -skipPackagePluginValidation -derivedDataPath $PWD/.derivedData build -scheme Authorized -destination generic/platform=tvOS
Command line invocation:
    /Applications/Xcode-27.0.0-Release.Candidate.app/Contents/Developer/usr/bin/xcodebuild -IDEClonedSourcePackagesDirPathOverride=/Users/admin/builder/spi-builder-workspace/.dependencies -skipMacroValidation -skipPackagePluginValidation -derivedDataPath /Users/admin/builder/spi-builder-workspace/.derivedData build -scheme Authorized -destination generic/platform=tvOS
Resolve Package Graph
Resolved source packages:
  Authorized: /Users/admin/builder/spi-builder-workspace
ComputePackagePrebuildTargetDependencyGraph
Prepare packages
CreateBuildRequest
SendProjectDescription
CreateBuildOperation
ComputeTargetDependencyGraph
note: Building targets in dependency order
note: Target dependency graph (2 targets)
    Target 'Authorized-product' in project 'Authorized'
        ➜ Explicit dependency on target 'Authorized' in project 'Authorized'
    Target 'Authorized' in project 'Authorized' (no dependencies)
GatherProvisioningInputs
CreateBuildDescription
ClangStatCache /Applications/Xcode-27.0.0-Release.Candidate.app/Contents/Developer/Toolchains/XcodeDefault.xctoolchain/usr/bin/clang-stat-cache /Applications/Xcode-27.0.0-Release.Candidate.app/Contents/Developer/Platforms/AppleTVOS.platform/Developer/SDKs/AppleTVOS27.0.sdk /Users/admin/builder/spi-builder-workspace/.derivedData/SDKStatCaches.noindex/appletvos27.0-24J360-e829b21a6f8c9b70876ba0858053c044b32bfd8d43560033f8d89884cdb90028.sdkstatcache
    cd /Users/admin/builder/spi-builder-workspace/.swiftpm/xcode
    /Applications/Xcode-27.0.0-Release.Candidate.app/Contents/Developer/Toolchains/XcodeDefault.xctoolchain/usr/bin/clang-stat-cache /Applications/Xcode-27.0.0-Release.Candidate.app/Contents/Developer/Platforms/AppleTVOS.platform/Developer/SDKs/AppleTVOS27.0.sdk -o /Users/admin/builder/spi-builder-workspace/.derivedData/SDKStatCaches.noindex/appletvos27.0-24J360-e829b21a6f8c9b70876ba0858053c044b32bfd8d43560033f8d89884cdb90028.sdkstatcache
SwiftDriver Authorized normal arm64 com.apple.xcode.tools.swift.compiler (in target 'Authorized' from project 'Authorized')
    cd /Users/admin/builder/spi-builder-workspace/.swiftpm/xcode
    builtin-SwiftDriver -- /Applications/Xcode-27.0.0-Release.Candidate.app/Contents/Developer/Toolchains/XcodeDefault.xctoolchain/usr/bin/swiftc -parse-as-library -module-name Authorized -Onone @/Users/admin/builder/spi-builder-workspace/.derivedData/Build/Intermediates.noindex/Authorized.build/Debug-appletvos/Authorized-t.build/Objects-normal/arm64/Authorized.SwiftFileList -DSWIFT_PACKAGE -DDEBUG -DSWIFT_MODULE_RESOURCE_BUNDLE_UNAVAILABLE -DXcode -plugin-path /Applications/Xcode-27.0.0-Release.Candidate.app/Contents/Developer/Toolchains/XcodeDefault.xctoolchain/usr/lib/swift/host/plugins/testing -enable-experimental-feature DebugDescriptionMacro -sdk /Applications/Xcode-27.0.0-Release.Candidate.app/Contents/Developer/Platforms/AppleTVOS.platform/Developer/SDKs/AppleTVOS27.0.sdk -target arm64-apple-tvos15.0 -g -module-cache-path /Users/admin/builder/spi-builder-workspace/.derivedData/ModuleCache.noindex -Xfrontend -serialize-debugging-options -profile-coverage-mapping -profile-generate -enable-testing -index-store-path /Users/admin/builder/spi-builder-workspace/.derivedData/Index.noindex/DataStore -Xcc -D_LIBCPP_HARDENING_MODE\=_LIBCPP_HARDENING_MODE_DEBUG -swift-version 5 -I /Users/admin/builder/spi-builder-workspace/.derivedData/Build/Products/Debug-appletvos -Isystem /Applications/Xcode-27.0.0-Release.Candidate.app/Contents/Developer/Platforms/AppleTVOS.platform/Developer/usr/lib -F /Users/admin/builder/spi-builder-workspace/.derivedData/Build/Products/Debug-appletvos -F /Applications/Xcode-27.0.0-Release.Candidate.app/Contents/Developer/Platforms/AppleTVOS.platform/Developer/Library/Frameworks -F /Applications/Xcode-27.0.0-Release.Candidate.app/Contents/Developer/Platforms/AppleTVOS.platform/Developer/SDKs/AppleTVOS27.0.sdk/Developer/Library/Frameworks -c -j10 -enable-batch-mode -incremental -Xcc -ivfsstatcache -Xcc /Users/admin/builder/spi-builder-workspace/.derivedData/SDKStatCaches.noindex/appletvos27.0-24J360-e829b21a6f8c9b70876ba0858053c044b32bfd8d43560033f8d89884cdb90028.sdkstatcache -output-file-map /Users/admin/builder/spi-builder-workspace/.derivedData/Build/Intermediates.noindex/Authorized.build/Debug-appletvos/Authorized-t.build/Objects-normal/arm64/Authorized-OutputFileMap.json -save-temps -no-color-diagnostics -explicit-module-build -module-cache-path /Users/admin/builder/spi-builder-workspace/.derivedData/Build/Intermediates.noindex/SwiftExplicitPrecompiledModules -clang-scanner-module-cache-path /Users/admin/builder/spi-builder-workspace/.derivedData/ModuleCache.noindex -sdk-module-cache-path /Users/admin/builder/spi-builder-workspace/.derivedData/SDKExplicitPrecompiledModules -emit-dependencies -emit-module -emit-module-path /Users/admin/builder/spi-builder-workspace/.derivedData/Build/Intermediates.noindex/Authorized.build/Debug-appletvos/Authorized-t.build/Objects-normal/arm64/Authorized.swiftmodule -serialize-diagnostics -dependency-scan-serialize-diagnostics-path /Users/admin/builder/spi-builder-workspace/.derivedData/Build/Intermediates.noindex/Authorized.build/Debug-appletvos/Authorized-t.build/Objects-normal/arm64/Authorized-dependency-scan.dia -validate-clang-modules-once -clang-build-session-file /Users/admin/builder/spi-builder-workspace/.derivedData/ModuleCache.noindex/Session.modulevalidation -Xcc -fmodules-prune-interval\=86400 -Xcc -fmodules-prune-after\=345600 -emit-const-values -const-gather-protocols-list /Users/admin/builder/spi-builder-workspace/.derivedData/Build/Intermediates.noindex/Authorized.build/Debug-appletvos/Authorized-t.build/Objects-normal/arm64/Authorized_const_extract_protocols.json -Xcc -I/Users/admin/builder/spi-builder-workspace/.derivedData/Build/Products/Debug-appletvos/include -Xcc -I/Users/admin/builder/spi-builder-workspace/.derivedData/Build/Intermediates.noindex/Authorized.build/Debug-appletvos/Authorized-t.build/DerivedSources-normal/arm64 -Xcc -I/Users/admin/builder/spi-builder-workspace/.derivedData/Build/Intermediates.noindex/Authorized.build/Debug-appletvos/Authorized-t.build/DerivedSources/arm64 -Xcc -I/Users/admin/builder/spi-builder-workspace/.derivedData/Build/Intermediates.noindex/Authorized.build/Debug-appletvos/Authorized-t.build/DerivedSources -Xcc -DSWIFT_PACKAGE -Xcc -DDEBUG\=1 -emit-objc-header -emit-objc-header-path /Users/admin/builder/spi-builder-workspace/.derivedData/Build/Intermediates.noindex/Authorized.build/Debug-appletvos/Authorized-t.build/Objects-normal/arm64/Authorized-Swift.h -working-directory /Users/admin/builder/spi-builder-workspace/.swiftpm/xcode -experimental-emit-module-separately -disable-cmo
SwiftCompile normal arm64 Compiling\ AuthorizationError.swift /Users/admin/builder/spi-builder-workspace/Sources/Authorized/AuthorizationError.swift (in target 'Authorized' from project 'Authorized')
SwiftCompile normal arm64 /Users/admin/builder/spi-builder-workspace/Sources/Authorized/AuthorizationError.swift (in target 'Authorized' from project 'Authorized')
    cd /Users/admin/builder/spi-builder-workspace/.swiftpm/xcode
    builtin-SwiftPerFileCompile AuthorizationError.swift
/Users/admin/builder/spi-builder-workspace/Sources/Authorized/AuthorizationError.swift:44:9: error: cannot find 'errAuthorizationInvalidSet' in scope
42 |
43 |     private static let mapping = [
44 |         errAuthorizationInvalidSet:             invalidSet,
   |         `- error: cannot find 'errAuthorizationInvalidSet' in scope
45 |         errAuthorizationInvalidRef:             invalidRef,
46 |         errAuthorizationInvalidTag:             invalidTag,
/Users/admin/builder/spi-builder-workspace/Sources/Authorized/AuthorizationError.swift:45:9: error: cannot find 'errAuthorizationInvalidRef' in scope
43 |     private static let mapping = [
44 |         errAuthorizationInvalidSet:             invalidSet,
45 |         errAuthorizationInvalidRef:             invalidRef,
   |         `- error: cannot find 'errAuthorizationInvalidRef' in scope
46 |         errAuthorizationInvalidTag:             invalidTag,
47 |         errAuthorizationInvalidPointer:         invalidPointer,
/Users/admin/builder/spi-builder-workspace/Sources/Authorized/AuthorizationError.swift:46:9: error: cannot find 'errAuthorizationInvalidTag' in scope
44 |         errAuthorizationInvalidSet:             invalidSet,
45 |         errAuthorizationInvalidRef:             invalidRef,
46 |         errAuthorizationInvalidTag:             invalidTag,
   |         `- error: cannot find 'errAuthorizationInvalidTag' in scope
47 |         errAuthorizationInvalidPointer:         invalidPointer,
48 |         errAuthorizationDenied:                 denied,
/Users/admin/builder/spi-builder-workspace/Sources/Authorized/AuthorizationError.swift:47:9: error: cannot find 'errAuthorizationInvalidPointer' in scope
45 |         errAuthorizationInvalidRef:             invalidRef,
46 |         errAuthorizationInvalidTag:             invalidTag,
47 |         errAuthorizationInvalidPointer:         invalidPointer,
   |         `- error: cannot find 'errAuthorizationInvalidPointer' in scope
48 |         errAuthorizationDenied:                 denied,
49 |         errAuthorizationCanceled:               canceled,
/Users/admin/builder/spi-builder-workspace/Sources/Authorized/AuthorizationError.swift:48:9: error: cannot find 'errAuthorizationDenied' in scope
46 |         errAuthorizationInvalidTag:             invalidTag,
47 |         errAuthorizationInvalidPointer:         invalidPointer,
48 |         errAuthorizationDenied:                 denied,
   |         `- error: cannot find 'errAuthorizationDenied' in scope
49 |         errAuthorizationCanceled:               canceled,
50 |         errAuthorizationInteractionNotAllowed:  interactionNotAllowed,
/Users/admin/builder/spi-builder-workspace/Sources/Authorized/AuthorizationError.swift:49:9: error: cannot find 'errAuthorizationCanceled' in scope
47 |         errAuthorizationInvalidPointer:         invalidPointer,
48 |         errAuthorizationDenied:                 denied,
49 |         errAuthorizationCanceled:               canceled,
   |         `- error: cannot find 'errAuthorizationCanceled' in scope
50 |         errAuthorizationInteractionNotAllowed:  interactionNotAllowed,
51 |         errAuthorizationInternal:               internalError,
/Users/admin/builder/spi-builder-workspace/Sources/Authorized/AuthorizationError.swift:50:9: error: cannot find 'errAuthorizationInteractionNotAllowed' in scope
48 |         errAuthorizationDenied:                 denied,
49 |         errAuthorizationCanceled:               canceled,
50 |         errAuthorizationInteractionNotAllowed:  interactionNotAllowed,
   |         `- error: cannot find 'errAuthorizationInteractionNotAllowed' in scope
51 |         errAuthorizationInternal:               internalError,
52 |         errAuthorizationExternalizeNotAllowed:  externalizeNotAllowed,
/Users/admin/builder/spi-builder-workspace/Sources/Authorized/AuthorizationError.swift:51:9: error: cannot find 'errAuthorizationInternal' in scope
49 |         errAuthorizationCanceled:               canceled,
50 |         errAuthorizationInteractionNotAllowed:  interactionNotAllowed,
51 |         errAuthorizationInternal:               internalError,
   |         `- error: cannot find 'errAuthorizationInternal' in scope
52 |         errAuthorizationExternalizeNotAllowed:  externalizeNotAllowed,
53 |         errAuthorizationInternalizeNotAllowed:  internalizeNotAllowed,
/Users/admin/builder/spi-builder-workspace/Sources/Authorized/AuthorizationError.swift:52:9: error: cannot find 'errAuthorizationExternalizeNotAllowed' in scope
50 |         errAuthorizationInteractionNotAllowed:  interactionNotAllowed,
51 |         errAuthorizationInternal:               internalError,
52 |         errAuthorizationExternalizeNotAllowed:  externalizeNotAllowed,
   |         `- error: cannot find 'errAuthorizationExternalizeNotAllowed' in scope
53 |         errAuthorizationInternalizeNotAllowed:  internalizeNotAllowed,
54 |         errAuthorizationInvalidFlags:           invalidFlags,
/Users/admin/builder/spi-builder-workspace/Sources/Authorized/AuthorizationError.swift:53:9: error: cannot find 'errAuthorizationInternalizeNotAllowed' in scope
51 |         errAuthorizationInternal:               internalError,
52 |         errAuthorizationExternalizeNotAllowed:  externalizeNotAllowed,
53 |         errAuthorizationInternalizeNotAllowed:  internalizeNotAllowed,
   |         `- error: cannot find 'errAuthorizationInternalizeNotAllowed' in scope
54 |         errAuthorizationInvalidFlags:           invalidFlags,
55 |         errAuthorizationToolExecuteFailure:     toolExecuteFailure,
/Users/admin/builder/spi-builder-workspace/Sources/Authorized/AuthorizationError.swift:54:9: error: cannot find 'errAuthorizationInvalidFlags' in scope
52 |         errAuthorizationExternalizeNotAllowed:  externalizeNotAllowed,
53 |         errAuthorizationInternalizeNotAllowed:  internalizeNotAllowed,
54 |         errAuthorizationInvalidFlags:           invalidFlags,
   |         `- error: cannot find 'errAuthorizationInvalidFlags' in scope
55 |         errAuthorizationToolExecuteFailure:     toolExecuteFailure,
56 |         errAuthorizationToolEnvironmentError:   toolEnvironmentError,
/Users/admin/builder/spi-builder-workspace/Sources/Authorized/AuthorizationError.swift:55:9: error: cannot find 'errAuthorizationToolExecuteFailure' in scope
53 |         errAuthorizationInternalizeNotAllowed:  internalizeNotAllowed,
54 |         errAuthorizationInvalidFlags:           invalidFlags,
55 |         errAuthorizationToolExecuteFailure:     toolExecuteFailure,
   |         `- error: cannot find 'errAuthorizationToolExecuteFailure' in scope
56 |         errAuthorizationToolEnvironmentError:   toolEnvironmentError,
57 |         errAuthorizationBadAddress:             badAddress
/Users/admin/builder/spi-builder-workspace/Sources/Authorized/AuthorizationError.swift:56:9: error: cannot find 'errAuthorizationToolEnvironmentError' in scope
54 |         errAuthorizationInvalidFlags:           invalidFlags,
55 |         errAuthorizationToolExecuteFailure:     toolExecuteFailure,
56 |         errAuthorizationToolEnvironmentError:   toolEnvironmentError,
   |         `- error: cannot find 'errAuthorizationToolEnvironmentError' in scope
57 |         errAuthorizationBadAddress:             badAddress
58 |     ]
SwiftEmitModule normal arm64 Emitting\ module\ for\ Authorized (in target 'Authorized' from project 'Authorized')
/Users/admin/builder/spi-builder-workspace/Sources/Authorized/Authorization.swift:40:34: error: cannot find type 'AuthorizationRef' in scope
 38 |     ///
 39 |     /// This reference is only valid during the lifetime of its enclosing ``Authorization`` instance's lifetime.
 40 |     public let authorizationRef: AuthorizationRef
    |                                  `- error: cannot find type 'AuthorizationRef' in scope
 41 |
 42 |     /// Creates a new instance with no rights.
/Users/admin/builder/spi-builder-workspace/Sources/Authorized/Authorization.swift:67:71: error: cannot find 'AuthorizationExternalForm' in scope
 65 |     }
 66 |
 67 |     private static let externalFormChildrenCount = Mirror(reflecting: AuthorizationExternalForm().bytes).children.count
    |                                                                       `- error: cannot find 'AuthorizationExternalForm' in scope
 68 |
 69 |     /// Deserializes a `Data` instance into an `AuthorizationRef`.
/Users/admin/builder/spi-builder-workspace/Sources/Authorized/Authorization.swift:70:73: error: cannot find type 'AuthorizationRef' in scope
 68 |
 69 |     /// Deserializes a `Data` instance into an `AuthorizationRef`.
 70 |     private static func deserialize(from serialization: Data) throws -> AuthorizationRef {
    |                                                                         `- error: cannot find type 'AuthorizationRef' in scope
 71 |         // The encoded data is only valid if the count matches that of the AuthorizationExternalForm's bytes tuple
 72 |         if serialization.count != externalFormChildrenCount {
/Users/admin/builder/spi-builder-workspace/Sources/Authorized/AuthorizationElements.swift:23:59: error: cannot find type 'AuthorizationItemSet' in scope
 21 |     ///
 22 |     /// A closure must be used to because the memory pointers referenced are only valid within the closure.
 23 |     func withUnsafePointer<Result>(_ body: (UnsafePointer<AuthorizationItemSet>) throws -> Result) rethrows -> Result {
    |                                                           `- error: cannot find type 'AuthorizationItemSet' in scope
 24 |         return try self.name.withCString { namePointer in
 25 |             var mutableValue = value
/Users/admin/builder/spi-builder-workspace/Sources/Authorized/AuthorizationElements.swift:213:59: error: cannot find type 'AuthorizationItemSet' in scope
211 |
212 | internal extension Set where Element: AuthorizationElement {
213 |     func withUnsafePointer<Result>(_ body: (UnsafePointer<AuthorizationItemSet>) throws -> Result) rethrows -> Result {
    |                                                           `- error: cannot find type 'AuthorizationItemSet' in scope
214 |         try Set<Element>.convertRecursively(wrappers: Array<Element>(self), items: [], body: body)
215 |     }
/Users/admin/builder/spi-builder-workspace/Sources/Authorized/AuthorizationElements.swift:222:17: error: cannot find type 'AuthorizationItem' in scope
220 |     private static func convertRecursively<Result>(
221 |         wrappers: [AuthorizationElement],
222 |         items: [AuthorizationItem],
    |                 `- error: cannot find type 'AuthorizationItem' in scope
223 |         body: (UnsafePointer<AuthorizationItemSet>) throws -> Result
224 |     ) rethrows -> Result {
/Users/admin/builder/spi-builder-workspace/Sources/Authorized/AuthorizationElements.swift:223:30: error: cannot find type 'AuthorizationItemSet' in scope
221 |         wrappers: [AuthorizationElement],
222 |         items: [AuthorizationItem],
223 |         body: (UnsafePointer<AuthorizationItemSet>) throws -> Result
    |                              `- error: cannot find type 'AuthorizationItemSet' in scope
224 |     ) rethrows -> Result {
225 |         // One or more wrappers to be converted
/Users/admin/builder/spi-builder-workspace/Sources/Authorized/AuthorizationElements.swift:256:20: error: cannot find type 'AuthorizationItem' in scope
254 | }
255 |
256 | internal extension AuthorizationItem {
    |                    `- error: cannot find type 'AuthorizationItem' in scope
257 |     func wrap<T>(type: T.Type) -> T where T: AuthorizationElement {
258 |         let name = String(cString: self.name)
/Users/admin/builder/spi-builder-workspace/Sources/Authorized/AuthorizationElements.swift:272:20: error: cannot find type 'AuthorizationItemSet' in scope
270 | }
271 |
272 | internal extension AuthorizationItemSet {
    |                    `- error: cannot find type 'AuthorizationItemSet' in scope
273 |     func wrap<T>(type: T.Type) -> [T] where T: AuthorizationElement {
274 |         var items = [T]()
/Users/admin/builder/spi-builder-workspace/Sources/Authorized/AuthorizationError.swift:44:9: error: cannot find 'errAuthorizationInvalidSet' in scope
42 |
43 |     private static let mapping = [
44 |         errAuthorizationInvalidSet:             invalidSet,
   |         `- error: cannot find 'errAuthorizationInvalidSet' in scope
45 |         errAuthorizationInvalidRef:             invalidRef,
46 |         errAuthorizationInvalidTag:             invalidTag,
/Users/admin/builder/spi-builder-workspace/Sources/Authorized/AuthorizationError.swift:45:9: error: cannot find 'errAuthorizationInvalidRef' in scope
43 |     private static let mapping = [
44 |         errAuthorizationInvalidSet:             invalidSet,
45 |         errAuthorizationInvalidRef:             invalidRef,
   |         `- error: cannot find 'errAuthorizationInvalidRef' in scope
46 |         errAuthorizationInvalidTag:             invalidTag,
47 |         errAuthorizationInvalidPointer:         invalidPointer,
/Users/admin/builder/spi-builder-workspace/Sources/Authorized/AuthorizationError.swift:46:9: error: cannot find 'errAuthorizationInvalidTag' in scope
44 |         errAuthorizationInvalidSet:             invalidSet,
45 |         errAuthorizationInvalidRef:             invalidRef,
46 |         errAuthorizationInvalidTag:             invalidTag,
   |         `- error: cannot find 'errAuthorizationInvalidTag' in scope
47 |         errAuthorizationInvalidPointer:         invalidPointer,
48 |         errAuthorizationDenied:                 denied,
/Users/admin/builder/spi-builder-workspace/Sources/Authorized/AuthorizationError.swift:47:9: error: cannot find 'errAuthorizationInvalidPointer' in scope
45 |         errAuthorizationInvalidRef:             invalidRef,
46 |         errAuthorizationInvalidTag:             invalidTag,
47 |         errAuthorizationInvalidPointer:         invalidPointer,
   |         `- error: cannot find 'errAuthorizationInvalidPointer' in scope
48 |         errAuthorizationDenied:                 denied,
49 |         errAuthorizationCanceled:               canceled,
/Users/admin/builder/spi-builder-workspace/Sources/Authorized/AuthorizationError.swift:48:9: error: cannot find 'errAuthorizationDenied' in scope
46 |         errAuthorizationInvalidTag:             invalidTag,
47 |         errAuthorizationInvalidPointer:         invalidPointer,
48 |         errAuthorizationDenied:                 denied,
   |         `- error: cannot find 'errAuthorizationDenied' in scope
49 |         errAuthorizationCanceled:               canceled,
50 |         errAuthorizationInteractionNotAllowed:  interactionNotAllowed,
/Users/admin/builder/spi-builder-workspace/Sources/Authorized/AuthorizationError.swift:49:9: error: cannot find 'errAuthorizationCanceled' in scope
47 |         errAuthorizationInvalidPointer:         invalidPointer,
48 |         errAuthorizationDenied:                 denied,
49 |         errAuthorizationCanceled:               canceled,
   |         `- error: cannot find 'errAuthorizationCanceled' in scope
50 |         errAuthorizationInteractionNotAllowed:  interactionNotAllowed,
51 |         errAuthorizationInternal:               internalError,
/Users/admin/builder/spi-builder-workspace/Sources/Authorized/AuthorizationError.swift:50:9: error: cannot find 'errAuthorizationInteractionNotAllowed' in scope
48 |         errAuthorizationDenied:                 denied,
49 |         errAuthorizationCanceled:               canceled,
50 |         errAuthorizationInteractionNotAllowed:  interactionNotAllowed,
   |         `- error: cannot find 'errAuthorizationInteractionNotAllowed' in scope
51 |         errAuthorizationInternal:               internalError,
52 |         errAuthorizationExternalizeNotAllowed:  externalizeNotAllowed,
/Users/admin/builder/spi-builder-workspace/Sources/Authorized/AuthorizationError.swift:51:9: error: cannot find 'errAuthorizationInternal' in scope
49 |         errAuthorizationCanceled:               canceled,
50 |         errAuthorizationInteractionNotAllowed:  interactionNotAllowed,
51 |         errAuthorizationInternal:               internalError,
   |         `- error: cannot find 'errAuthorizationInternal' in scope
52 |         errAuthorizationExternalizeNotAllowed:  externalizeNotAllowed,
53 |         errAuthorizationInternalizeNotAllowed:  internalizeNotAllowed,
/Users/admin/builder/spi-builder-workspace/Sources/Authorized/AuthorizationError.swift:52:9: error: cannot find 'errAuthorizationExternalizeNotAllowed' in scope
50 |         errAuthorizationInteractionNotAllowed:  interactionNotAllowed,
51 |         errAuthorizationInternal:               internalError,
52 |         errAuthorizationExternalizeNotAllowed:  externalizeNotAllowed,
   |         `- error: cannot find 'errAuthorizationExternalizeNotAllowed' in scope
53 |         errAuthorizationInternalizeNotAllowed:  internalizeNotAllowed,
54 |         errAuthorizationInvalidFlags:           invalidFlags,
/Users/admin/builder/spi-builder-workspace/Sources/Authorized/AuthorizationError.swift:53:9: error: cannot find 'errAuthorizationInternalizeNotAllowed' in scope
51 |         errAuthorizationInternal:               internalError,
52 |         errAuthorizationExternalizeNotAllowed:  externalizeNotAllowed,
53 |         errAuthorizationInternalizeNotAllowed:  internalizeNotAllowed,
   |         `- error: cannot find 'errAuthorizationInternalizeNotAllowed' in scope
54 |         errAuthorizationInvalidFlags:           invalidFlags,
55 |         errAuthorizationToolExecuteFailure:     toolExecuteFailure,
/Users/admin/builder/spi-builder-workspace/Sources/Authorized/AuthorizationError.swift:54:9: error: cannot find 'errAuthorizationInvalidFlags' in scope
52 |         errAuthorizationExternalizeNotAllowed:  externalizeNotAllowed,
53 |         errAuthorizationInternalizeNotAllowed:  internalizeNotAllowed,
54 |         errAuthorizationInvalidFlags:           invalidFlags,
   |         `- error: cannot find 'errAuthorizationInvalidFlags' in scope
55 |         errAuthorizationToolExecuteFailure:     toolExecuteFailure,
56 |         errAuthorizationToolEnvironmentError:   toolEnvironmentError,
/Users/admin/builder/spi-builder-workspace/Sources/Authorized/AuthorizationError.swift:55:9: error: cannot find 'errAuthorizationToolExecuteFailure' in scope
53 |         errAuthorizationInternalizeNotAllowed:  internalizeNotAllowed,
54 |         errAuthorizationInvalidFlags:           invalidFlags,
55 |         errAuthorizationToolExecuteFailure:     toolExecuteFailure,
   |         `- error: cannot find 'errAuthorizationToolExecuteFailure' in scope
56 |         errAuthorizationToolEnvironmentError:   toolEnvironmentError,
57 |         errAuthorizationBadAddress:             badAddress
/Users/admin/builder/spi-builder-workspace/Sources/Authorized/AuthorizationError.swift:56:9: error: cannot find 'errAuthorizationToolEnvironmentError' in scope
54 |         errAuthorizationInvalidFlags:           invalidFlags,
55 |         errAuthorizationToolExecuteFailure:     toolExecuteFailure,
56 |         errAuthorizationToolEnvironmentError:   toolEnvironmentError,
   |         `- error: cannot find 'errAuthorizationToolEnvironmentError' in scope
57 |         errAuthorizationBadAddress:             badAddress
58 |     ]
/Users/admin/builder/spi-builder-workspace/Sources/Authorized/AuthorizationError.swift:57:9: error: cannot find 'errAuthorizationBadAddress' in scope
55 |         errAuthorizationToolExecuteFailure:     toolExecuteFailure,
56 |         errAuthorizationToolEnvironmentError:   toolEnvironmentError,
57 |         errAuthorizationBadAddress:             badAddress
   |         `- error: cannot find 'errAuthorizationBadAddress' in scope
58 |     ]
59 |
/Users/admin/builder/spi-builder-workspace/Sources/Authorized/AuthorizationOption.swift:34:36: error: cannot find type 'AuthorizationFlags' in scope
32 |
33 | internal extension Set where Element == AuthorizationOption {
34 |     func asAuthorizationFlags() -> AuthorizationFlags {
   |                                    `- error: cannot find type 'AuthorizationFlags' in scope
35 |         var flags = [AuthorizationFlags]()
36 |         for element in self {
/Users/admin/builder/spi-builder-workspace/Sources/Authorized/AuthorizationPolicyDatabase.swift:142:82: error: cannot find 'kAuthorizationRuleIsAdmin' in scope
140 |
141 |     /// The user must be an administrator.
142 |     public static let isAdmin: AuthorizationRightRule = AuthorizationRight(name: kAuthorizationRuleIsAdmin)
    |                                                                                  `- error: cannot find 'kAuthorizationRuleIsAdmin' in scope
143 |     /// The user must authenticate as an administrator.
144 |     public static let authenticateAsAdmin: AuthorizationRightRule =
/Users/admin/builder/spi-builder-workspace/Sources/Authorized/AuthorizationPolicyDatabase.swift:145:34: error: cannot find 'kAuthorizationRuleAuthenticateAsAdmin' in scope
143 |     /// The user must authenticate as an administrator.
144 |     public static let authenticateAsAdmin: AuthorizationRightRule =
145 |         AuthorizationRight(name: kAuthorizationRuleAuthenticateAsAdmin)
    |                                  `- error: cannot find 'kAuthorizationRuleAuthenticateAsAdmin' in scope
146 |     /// The user must authenticate as the session owner (logged-in user).
147 |     public static let authenticateAsSessionUser: AuthorizationRightRule =
/Users/admin/builder/spi-builder-workspace/Sources/Authorized/AuthorizationPolicyDatabase.swift:148:34: error: cannot find 'kAuthorizationRuleAuthenticateAsSessionUser' in scope
146 |     /// The user must authenticate as the session owner (logged-in user).
147 |     public static let authenticateAsSessionUser: AuthorizationRightRule =
148 |         AuthorizationRight(name: kAuthorizationRuleAuthenticateAsSessionUser)
    |                                  `- error: cannot find 'kAuthorizationRuleAuthenticateAsSessionUser' in scope
149 |     /// Always allows the specified right.
150 |     public static let classAllow: AuthorizationRightRule = AuthorizationRight(name: kAuthorizationRuleClassAllow)
/Users/admin/builder/spi-builder-workspace/Sources/Authorized/AuthorizationPolicyDatabase.swift:150:85: error: cannot find 'kAuthorizationRuleClassAllow' in scope
148 |         AuthorizationRight(name: kAuthorizationRuleAuthenticateAsSessionUser)
149 |     /// Always allows the specified right.
150 |     public static let classAllow: AuthorizationRightRule = AuthorizationRight(name: kAuthorizationRuleClassAllow)
    |                                                                                     `- error: cannot find 'kAuthorizationRuleClassAllow' in scope
151 |     /// Always denies the specified right.
152 |     public static let classDeny: AuthorizationRightRule = AuthorizationRight(name: kAuthorizationRuleClassDeny)
/Users/admin/builder/spi-builder-workspace/Sources/Authorized/AuthorizationPolicyDatabase.swift:152:84: error: cannot find 'kAuthorizationRuleClassDeny' in scope
150 |     public static let classAllow: AuthorizationRightRule = AuthorizationRight(name: kAuthorizationRuleClassAllow)
151 |     /// Always denies the specified right.
152 |     public static let classDeny: AuthorizationRightRule = AuthorizationRight(name: kAuthorizationRuleClassDeny)
    |                                                                                    `- error: cannot find 'kAuthorizationRuleClassDeny' in scope
153 | }
154 |
/Users/admin/builder/spi-builder-workspace/Sources/Authorized/AuthorizationPolicyDatabase.swift:300:29: error: cannot find type 'SecRequirement' in scope
298 |
299 |     /// Undocumented, but in practice appears to be the designated requirement of the application which created the right definition.
300 |     public var requirement: SecRequirement? {
    |                             `- error: cannot find type 'SecRequirement' in scope
301 |         var requirement: SecRequirement?
302 |         if let requirementString = self.entries["requirement"] as? String {
Failed frontend command:
/Applications/Xcode-27.0.0-Release.Candidate.app/Contents/Developer/Toolchains/XcodeDefault.xctoolchain/usr/bin/swift-frontend -frontend -emit-module -experimental-skip-non-inlinable-function-bodies-without-types /Users/admin/builder/spi-builder-workspace/Sources/Authorized/Authorization.swift /Users/admin/builder/spi-builder-workspace/Sources/Authorized/AuthorizationElements.swift /Users/admin/builder/spi-builder-workspace/Sources/Authorized/AuthorizationError.swift /Users/admin/builder/spi-builder-workspace/Sources/Authorized/AuthorizationOption.swift /Users/admin/builder/spi-builder-workspace/Sources/Authorized/AuthorizationPolicyDatabase.swift -target arm64-apple-tvos15.0 -disable-cross-import-overlay-search -load-resolved-plugin /Applications/Xcode-27.0.0-Release.Candidate.app/Contents/Developer/Platforms/AppleTVOS.platform/Developer/usr/lib/swift/host/plugins/libFoundationMacros.dylib\#/Applications/Xcode-27.0.0-Release.Candidate.app/Contents/Developer/Platforms/AppleTVOS.platform/Developer/usr/bin/swift-plugin-server\#FoundationMacros -load-resolved-plugin /Applications/Xcode-27.0.0-Release.Candidate.app/Contents/Developer/Platforms/AppleTVOS.platform/Developer/usr/lib/swift/host/plugins/libObservationMacros.dylib\#/Applications/Xcode-27.0.0-Release.Candidate.app/Contents/Developer/Platforms/AppleTVOS.platform/Developer/usr/bin/swift-plugin-server\#ObservationMacros -load-resolved-plugin /Applications/Xcode-27.0.0-Release.Candidate.app/Contents/Developer/Platforms/AppleTVOS.platform/Developer/usr/lib/swift/host/plugins/libSwiftMacros.dylib\#/Applications/Xcode-27.0.0-Release.Candidate.app/Contents/Developer/Platforms/AppleTVOS.platform/Developer/usr/bin/swift-plugin-server\#SwiftMacros -disable-implicit-swift-modules -Xcc -fno-implicit-modules -Xcc -fno-implicit-module-maps -explicit-swift-module-map-file /Users/admin/builder/spi-builder-workspace/.derivedData/Build/Intermediates.noindex/Authorized.build/Debug-appletvos/Authorized-t.build/Objects-normal/arm64/Authorized-dependencies-1.json -Xllvm -aarch64-use-tbi -enable-objc-interop -stack-check -sdk /Applications/Xcode-27.0.0-Release.Candidate.app/Contents/Developer/Platforms/AppleTVOS.platform/Developer/SDKs/AppleTVOS27.0.sdk -I /Users/admin/builder/spi-builder-workspace/.derivedData/Build/Products/Debug-appletvos -Isystem /Applications/Xcode-27.0.0-Release.Candidate.app/Contents/Developer/Platforms/AppleTVOS.platform/Developer/usr/lib -F /Users/admin/builder/spi-builder-workspace/.derivedData/Build/Products/Debug-appletvos -F /Applications/Xcode-27.0.0-Release.Candidate.app/Contents/Developer/Platforms/AppleTVOS.platform/Developer/Library/Frameworks -F /Applications/Xcode-27.0.0-Release.Candidate.app/Contents/Developer/Platforms/AppleTVOS.platform/Developer/SDKs/AppleTVOS27.0.sdk/Developer/Library/Frameworks -module-cache-path /Users/admin/builder/spi-builder-workspace/.derivedData/Build/Intermediates.noindex/SwiftExplicitPrecompiledModules -no-color-diagnostics -Xcc -fno-color-diagnostics -enable-testing -g -debug-info-format\=dwarf -dwarf-version\=4 -profile-generate -profile-coverage-mapping -swift-version 5 -Onone -D SWIFT_PACKAGE -D DEBUG -D SWIFT_MODULE_RESOURCE_BUNDLE_UNAVAILABLE -D Xcode -serialize-debugging-options -enable-experimental-feature DebugDescriptionMacro -empty-abi-descriptor -validate-clang-modules-once -clang-build-session-file /Users/admin/builder/spi-builder-workspace/.derivedData/ModuleCache.noindex/Session.modulevalidation -Xcc -working-directory -Xcc /Users/admin/builder/spi-builder-workspace/.swiftpm/xcode -enable-anonymous-context-mangled-names -file-compilation-dir /Users/admin/builder/spi-builder-workspace/.swiftpm/xcode -Xcc -D_LIBCPP_HARDENING_MODE\=_LIBCPP_HARDENING_MODE_DEBUG -Xcc -ivfsstatcache -Xcc /Users/admin/builder/spi-builder-workspace/.derivedData/SDKStatCaches.noindex/appletvos27.0-24J360-e829b21a6f8c9b70876ba0858053c044b32bfd8d43560033f8d89884cdb90028.sdkstatcache -Xcc -fmodules-prune-interval\=86400 -Xcc -fmodules-prune-after\=345600 -Xcc -I/Users/admin/builder/spi-builder-workspace/.derivedData/Build/Products/Debug-appletvos/include -Xcc -I/Users/admin/builder/spi-builder-workspace/.derivedData/Build/Intermediates.noindex/Authorized.build/Debug-appletvos/Authorized-t.build/DerivedSources-normal/arm64 -Xcc -I/Users/admin/builder/spi-builder-workspace/.derivedData/Build/Intermediates.noindex/Authorized.build/Debug-appletvos/Authorized-t.build/DerivedSources/arm64 -Xcc -I/Users/admin/builder/spi-builder-workspace/.derivedData/Build/Intermediates.noindex/Authorized.build/Debug-appletvos/Authorized-t.build/DerivedSources -Xcc -DSWIFT_PACKAGE -Xcc -DDEBUG\=1 -no-auto-bridging-header-chaining -module-name Authorized -const-gather-protocols-file /Users/admin/builder/spi-builder-workspace/.derivedData/Build/Intermediates.noindex/Authorized.build/Debug-appletvos/Authorized-t.build/Objects-normal/arm64/Authorized_const_extract_protocols.json -disable-clang-spi -clang-target arm64-apple-tvos27.0 -target-sdk-version 27.0 -target-sdk-name appletvos27.0 -in-process-plugin-server-path /Applications/Xcode-27.0.0-Release.Candidate.app/Contents/Developer/Toolchains/XcodeDefault.xctoolchain/usr/lib/swift/host/libSwiftInProcPluginServer.dylib -emit-module-doc-path /Users/admin/builder/spi-builder-workspace/.derivedData/Build/Intermediates.noindex/Authorized.build/Debug-appletvos/Authorized-t.build/Objects-normal/arm64/Authorized.swiftdoc -emit-module-source-info-path /Users/admin/builder/spi-builder-workspace/.derivedData/Build/Intermediates.noindex/Authorized.build/Debug-appletvos/Authorized-t.build/Objects-normal/arm64/Authorized.swiftsourceinfo -emit-objc-header-path /Users/admin/builder/spi-builder-workspace/.derivedData/Build/Intermediates.noindex/Authorized.build/Debug-appletvos/Authorized-t.build/Objects-normal/arm64/Authorized-Swift.h -serialize-diagnostics-path /Users/admin/builder/spi-builder-workspace/.derivedData/Build/Intermediates.noindex/Authorized.build/Debug-appletvos/Authorized-t.build/Objects-normal/arm64/Authorized-primary-emit-module.dia -emit-dependencies-path /Users/admin/builder/spi-builder-workspace/.derivedData/Build/Intermediates.noindex/Authorized.build/Debug-appletvos/Authorized-t.build/Objects-normal/arm64/Authorized-primary-emit-module.d -parse-as-library -o /Users/admin/builder/spi-builder-workspace/.derivedData/Build/Intermediates.noindex/Authorized.build/Debug-appletvos/Authorized-t.build/Objects-normal/arm64/Authorized.swiftmodule -emit-abi-descriptor-path /Users/admin/builder/spi-builder-workspace/.derivedData/Build/Intermediates.noindex/Authorized.build/Debug-appletvos/Authorized-t.build/Objects-normal/arm64/Authorized.abi.json
SwiftCompile normal arm64 (in target 'Authorized' from project 'Authorized')
    cd /Users/admin/builder/spi-builder-workspace/.swiftpm/xcode

SwiftCompile normal arm64 Compiling\ AuthorizationPolicyDatabase.swift /Users/admin/builder/spi-builder-workspace/Sources/Authorized/AuthorizationPolicyDatabase.swift (in target 'Authorized' from project 'Authorized')
SwiftCompile normal arm64 /Users/admin/builder/spi-builder-workspace/Sources/Authorized/AuthorizationPolicyDatabase.swift (in target 'Authorized' from project 'Authorized')
    cd /Users/admin/builder/spi-builder-workspace/.swiftpm/xcode
    builtin-SwiftPerFileCompile AuthorizationPolicyDatabase.swift
/Users/admin/builder/spi-builder-workspace/Sources/Authorized/AuthorizationPolicyDatabase.swift:142:82: error: cannot find 'kAuthorizationRuleIsAdmin' in scope
140 |
141 |     /// The user must be an administrator.
142 |     public static let isAdmin: AuthorizationRightRule = AuthorizationRight(name: kAuthorizationRuleIsAdmin)
    |                                                                                  `- error: cannot find 'kAuthorizationRuleIsAdmin' in scope
143 |     /// The user must authenticate as an administrator.
144 |     public static let authenticateAsAdmin: AuthorizationRightRule =
/Users/admin/builder/spi-builder-workspace/Sources/Authorized/AuthorizationPolicyDatabase.swift:145:34: error: cannot find 'kAuthorizationRuleAuthenticateAsAdmin' in scope
143 |     /// The user must authenticate as an administrator.
144 |     public static let authenticateAsAdmin: AuthorizationRightRule =
145 |         AuthorizationRight(name: kAuthorizationRuleAuthenticateAsAdmin)
    |                                  `- error: cannot find 'kAuthorizationRuleAuthenticateAsAdmin' in scope
146 |     /// The user must authenticate as the session owner (logged-in user).
147 |     public static let authenticateAsSessionUser: AuthorizationRightRule =
/Users/admin/builder/spi-builder-workspace/Sources/Authorized/AuthorizationPolicyDatabase.swift:148:34: error: cannot find 'kAuthorizationRuleAuthenticateAsSessionUser' in scope
146 |     /// The user must authenticate as the session owner (logged-in user).
147 |     public static let authenticateAsSessionUser: AuthorizationRightRule =
148 |         AuthorizationRight(name: kAuthorizationRuleAuthenticateAsSessionUser)
    |                                  `- error: cannot find 'kAuthorizationRuleAuthenticateAsSessionUser' in scope
149 |     /// Always allows the specified right.
150 |     public static let classAllow: AuthorizationRightRule = AuthorizationRight(name: kAuthorizationRuleClassAllow)
/Users/admin/builder/spi-builder-workspace/Sources/Authorized/AuthorizationPolicyDatabase.swift:150:85: error: cannot find 'kAuthorizationRuleClassAllow' in scope
148 |         AuthorizationRight(name: kAuthorizationRuleAuthenticateAsSessionUser)
149 |     /// Always allows the specified right.
150 |     public static let classAllow: AuthorizationRightRule = AuthorizationRight(name: kAuthorizationRuleClassAllow)
    |                                                                                     `- error: cannot find 'kAuthorizationRuleClassAllow' in scope
151 |     /// Always denies the specified right.
152 |     public static let classDeny: AuthorizationRightRule = AuthorizationRight(name: kAuthorizationRuleClassDeny)
/Users/admin/builder/spi-builder-workspace/Sources/Authorized/AuthorizationPolicyDatabase.swift:152:84: error: cannot find 'kAuthorizationRuleClassDeny' in scope
150 |     public static let classAllow: AuthorizationRightRule = AuthorizationRight(name: kAuthorizationRuleClassAllow)
151 |     /// Always denies the specified right.
152 |     public static let classDeny: AuthorizationRightRule = AuthorizationRight(name: kAuthorizationRuleClassDeny)
    |                                                                                    `- error: cannot find 'kAuthorizationRuleClassDeny' in scope
153 | }
154 |
/Users/admin/builder/spi-builder-workspace/Sources/Authorized/AuthorizationPolicyDatabase.swift:300:29: error: cannot find type 'SecRequirement' in scope
298 |
299 |     /// Undocumented, but in practice appears to be the designated requirement of the application which created the right definition.
300 |     public var requirement: SecRequirement? {
    |                             `- error: cannot find type 'SecRequirement' in scope
301 |         var requirement: SecRequirement?
302 |         if let requirementString = self.entries["requirement"] as? String {
/Users/admin/builder/spi-builder-workspace/Sources/Authorized/AuthorizationPolicyDatabase.swift:26:26: error: cannot find 'AuthorizationRightGet' in scope
 24 |             let definition: AuthorizationRightDefinition?
 25 |             var entries: CFDictionary?
 26 |             let result = AuthorizationRightGet(namePointer, &entries)
    |                          `- error: cannot find 'AuthorizationRightGet' in scope
 27 |             if result == errAuthorizationSuccess, let entries = entries {
 28 |                 definition = AuthorizationRightDefinition(entries: entries)
/Users/admin/builder/spi-builder-workspace/Sources/Authorized/AuthorizationPolicyDatabase.swift:27:26: error: cannot find 'errAuthorizationSuccess' in scope
 25 |             var entries: CFDictionary?
 26 |             let result = AuthorizationRightGet(namePointer, &entries)
 27 |             if result == errAuthorizationSuccess, let entries = entries {
    |                          `- error: cannot find 'errAuthorizationSuccess' in scope
 28 |                 definition = AuthorizationRightDefinition(entries: entries)
 29 |             } else if result == errAuthorizationDenied {
/Users/admin/builder/spi-builder-workspace/Sources/Authorized/AuthorizationPolicyDatabase.swift:29:33: error: cannot find 'errAuthorizationDenied' in scope
 27 |             if result == errAuthorizationSuccess, let entries = entries {
 28 |                 definition = AuthorizationRightDefinition(entries: entries)
 29 |             } else if result == errAuthorizationDenied {
    |                                 `- error: cannot find 'errAuthorizationDenied' in scope
 30 |                 definition = nil
 31 |             } else {
/Users/admin/builder/spi-builder-workspace/Sources/Authorized/AuthorizationPolicyDatabase.swift:48:26: error: cannot find 'AuthorizationRightGet' in scope
 46 |         return try self.name.withCString { namePointer in
 47 |             let exists: Bool
 48 |             let result = AuthorizationRightGet(namePointer, nil)
    |                          `- error: cannot find 'AuthorizationRightGet' in scope
 49 |             if result == errAuthorizationSuccess {
 50 |                 exists = true
/Users/admin/builder/spi-builder-workspace/Sources/Authorized/AuthorizationPolicyDatabase.swift:49:26: error: cannot find 'errAuthorizationSuccess' in scope
 47 |             let exists: Bool
 48 |             let result = AuthorizationRightGet(namePointer, nil)
 49 |             if result == errAuthorizationSuccess {
    |                          `- error: cannot find 'errAuthorizationSuccess' in scope
 50 |                 exists = true
 51 |             } else if result == errAuthorizationDenied {
/Users/admin/builder/spi-builder-workspace/Sources/Authorized/AuthorizationPolicyDatabase.swift:51:33: error: cannot find 'errAuthorizationDenied' in scope
 49 |             if result == errAuthorizationSuccess {
 50 |                 exists = true
 51 |             } else if result == errAuthorizationDenied {
    |                                 `- error: cannot find 'errAuthorizationDenied' in scope
 52 |                 exists = false
 53 |             } else {
/Users/admin/builder/spi-builder-workspace/Sources/Authorized/AuthorizationPolicyDatabase.swift:91:33: error: cannot find 'kAuthorizationRightRule' in scope
 89 |             let rightDefinition = NSMutableDictionary(capacity: rules.count + (comment == nil ? 0 : 1))
 90 |             for rule in rules {
 91 |                 rightDefinition[kAuthorizationRightRule] = rule.name
    |                                 `- error: cannot find 'kAuthorizationRightRule' in scope
 92 |             }
 93 |             if let comment = comment {
/Users/admin/builder/spi-builder-workspace/Sources/Authorized/AuthorizationPolicyDatabase.swift:94:33: error: cannot find 'kAuthorizationComment' in scope
 92 |             }
 93 |             if let comment = comment {
 94 |                 rightDefinition[kAuthorizationComment] = comment
    |                                 `- error: cannot find 'kAuthorizationComment' in scope
 95 |             }
 96 |
/Users/admin/builder/spi-builder-workspace/Sources/Authorized/AuthorizationPolicyDatabase.swift:106:17: error: cannot find 'AuthorizationRightSet' in scope
104 |
105 |             try AuthorizationError.throwIfFailure {
106 |                 AuthorizationRightSet(auth.authorizationRef,
    |                 `- error: cannot find 'AuthorizationRightSet' in scope
107 |                                       namePointer,
108 |                                       rightDefinition,
SwiftCompile normal arm64 Compiling\ Authorization.swift /Users/admin/builder/spi-builder-workspace/Sources/Authorized/Authorization.swift (in target 'Authorized' from project 'Authorized')
SwiftCompile normal arm64 /Users/admin/builder/spi-builder-workspace/Sources/Authorized/Authorization.swift (in target 'Authorized' from project 'Authorized')
    cd /Users/admin/builder/spi-builder-workspace/.swiftpm/xcode
    builtin-SwiftPerFileCompile Authorization.swift
/Users/admin/builder/spi-builder-workspace/Sources/Authorized/Authorization.swift:40:34: error: cannot find type 'AuthorizationRef' in scope
 38 |     ///
 39 |     /// This reference is only valid during the lifetime of its enclosing ``Authorization`` instance's lifetime.
 40 |     public let authorizationRef: AuthorizationRef
    |                                  `- error: cannot find type 'AuthorizationRef' in scope
 41 |
 42 |     /// Creates a new instance with no rights.
/Users/admin/builder/spi-builder-workspace/Sources/Authorized/Authorization.swift:67:71: error: cannot find 'AuthorizationExternalForm' in scope
 65 |     }
 66 |
 67 |     private static let externalFormChildrenCount = Mirror(reflecting: AuthorizationExternalForm().bytes).children.count
    |                                                                       `- error: cannot find 'AuthorizationExternalForm' in scope
 68 |
 69 |     /// Deserializes a `Data` instance into an `AuthorizationRef`.
/Users/admin/builder/spi-builder-workspace/Sources/Authorized/Authorization.swift:70:73: error: cannot find type 'AuthorizationRef' in scope
 68 |
 69 |     /// Deserializes a `Data` instance into an `AuthorizationRef`.
 70 |     private static func deserialize(from serialization: Data) throws -> AuthorizationRef {
    |                                                                         `- error: cannot find type 'AuthorizationRef' in scope
 71 |         // The encoded data is only valid if the count matches that of the AuthorizationExternalForm's bytes tuple
 72 |         if serialization.count != externalFormChildrenCount {
/Users/admin/builder/spi-builder-workspace/Sources/Authorized/Authorization.swift:47:13: error: cannot find 'AuthorizationCreate' in scope
 45 |     public init() throws {
 46 |         self.authorizationRef = try AuthorizationError.throwIfFailure { authorization in
 47 |             AuthorizationCreate(nil, nil, [], &authorization)
    |             `- error: cannot find 'AuthorizationCreate' in scope
 48 |         }
 49 |     }
/Users/admin/builder/spi-builder-workspace/Sources/Authorized/Authorization.swift:53:9: error: cannot find 'AuthorizationFree' in scope
 51 |     /// Frees the underlying [`AuthorizationRef`](https://developer.apple.com/documentation/security/authorizationref).
 52 |     deinit {
 53 |         AuthorizationFree(self.authorizationRef, AuthorizationFlags())
    |         `- error: cannot find 'AuthorizationFree' in scope
 54 |     }
 55 |
/Users/admin/builder/spi-builder-workspace/Sources/Authorized/Authorization.swift:53:50: error: cannot find 'AuthorizationFlags' in scope
 51 |     /// Frees the underlying [`AuthorizationRef`](https://developer.apple.com/documentation/security/authorizationref).
 52 |     deinit {
 53 |         AuthorizationFree(self.authorizationRef, AuthorizationFlags())
    |                                                  `- error: cannot find 'AuthorizationFlags' in scope
 54 |     }
 55 |
/Users/admin/builder/spi-builder-workspace/Sources/Authorized/Authorization.swift:86:28: error: cannot find 'AuthorizationExternalForm' in scope
 84 |                      int8Array[24], int8Array[25], int8Array[26], int8Array[27],
 85 |                      int8Array[28], int8Array[29], int8Array[30], int8Array[31])
 86 |         var externalForm = AuthorizationExternalForm(bytes: bytes)
    |                            `- error: cannot find 'AuthorizationExternalForm' in scope
 87 |
 88 |         // Create the authorization
/Users/admin/builder/spi-builder-workspace/Sources/Authorized/Authorization.swift:90:13: error: cannot find 'AuthorizationCreateFromExternalForm' in scope
 88 |         // Create the authorization
 89 |         return try AuthorizationError.throwIfFailure { authorization in
 90 |             AuthorizationCreateFromExternalForm(&externalForm, &authorization)
    |             `- error: cannot find 'AuthorizationCreateFromExternalForm' in scope
 91 |         }
 92 |     }
/Users/admin/builder/spi-builder-workspace/Sources/Authorized/Authorization.swift:122:21: error: cannot find 'AuthorizationCreate' in scope
120 |                 options.insert(.destroyRights)
121 |                 try AuthorizationError.throwIfFailure {
122 |                     AuthorizationCreate(rightsPointer, environmentPointer, options.asAuthorizationFlags(), nil)
    |                     `- error: cannot find 'AuthorizationCreate' in scope
123 |                 }
124 |             }
/Users/admin/builder/spi-builder-workspace/Sources/Authorized/AuthorizationElements.swift:213:59: error: cannot find type 'AuthorizationItemSet' in scope
211 |
212 | internal extension Set where Element: AuthorizationElement {
213 |     func withUnsafePointer<Result>(_ body: (UnsafePointer<AuthorizationItemSet>) throws -> Result) rethrows -> Result {
    |                                                           `- error: cannot find type 'AuthorizationItemSet' in scope
214 |         try Set<Element>.convertRecursively(wrappers: Array<Element>(self), items: [], body: body)
215 |     }
/Users/admin/builder/spi-builder-workspace/Sources/Authorized/Authorization.swift:186:21: error: cannot find 'AuthorizationCopyRights' in scope
184 |                 let authorizedRights: UnsafeMutablePointer<AuthorizationItemSet> =
185 |                                                             try AuthorizationError.throwIfFailure { authorizedRights in
186 |                     AuthorizationCopyRights(self.authorizationRef,
    |                     `- error: cannot find 'AuthorizationCopyRights' in scope
187 |                                             rightsPointer,
188 |                                             environmentPointer,
/Users/admin/builder/spi-builder-workspace/Sources/Authorized/Authorization.swift:226:26: error: cannot find 'errAuthorizationSuccess' in scope
224 |         let legacyCallback = { (status: OSStatus, rightsPointer: UnsafeMutablePointer<AuthorizationRights>?) in
225 |             let result: Result<[AuthorizationRight], AuthorizationError>
226 |             if status == errAuthorizationSuccess, let rightsPointer = rightsPointer {
    |                          `- error: cannot find 'errAuthorizationSuccess' in scope
227 |                 result = .success(rightsPointer.pointee.wrap(type: AuthorizationRight.self))
228 |             } else {
/Users/admin/builder/spi-builder-workspace/Sources/Authorized/Authorization.swift:224:87: error: cannot find type 'AuthorizationRights' in scope
222 |         callback: @escaping ((Result<[AuthorizationRight], AuthorizationError>) -> Void)
223 |     ) {
224 |         let legacyCallback = { (status: OSStatus, rightsPointer: UnsafeMutablePointer<AuthorizationRights>?) in
    |                                                                                       `- error: cannot find type 'AuthorizationRights' in scope
225 |             let result: Result<[AuthorizationRight], AuthorizationError>
226 |             if status == errAuthorizationSuccess, let rightsPointer = rightsPointer {
SwiftCompile normal arm64 Compiling\ AuthorizationOption.swift /Users/admin/builder/spi-builder-workspace/Sources/Authorized/AuthorizationOption.swift (in target 'Authorized' from project 'Authorized')
/Users/admin/builder/spi-builder-workspace/Sources/Authorized/AuthorizationOption.swift:34:36: error: cannot find type 'AuthorizationFlags' in scope
32 |
33 | internal extension Set where Element == AuthorizationOption {
34 |     func asAuthorizationFlags() -> AuthorizationFlags {
   |                                    `- error: cannot find type 'AuthorizationFlags' in scope
35 |         var flags = [AuthorizationFlags]()
36 |         for element in self {
/Users/admin/builder/spi-builder-workspace/Sources/Authorized/AuthorizationOption.swift:35:22: error: cannot find 'AuthorizationFlags' in scope
33 | internal extension Set where Element == AuthorizationOption {
34 |     func asAuthorizationFlags() -> AuthorizationFlags {
35 |         var flags = [AuthorizationFlags]()
   |                      `- error: cannot find 'AuthorizationFlags' in scope
36 |         for element in self {
37 |             switch element {
/Users/admin/builder/spi-builder-workspace/Sources/Authorized/AuthorizationOption.swift:35:21: error: cannot call value of non-function type '[Element]'
33 | internal extension Set where Element == AuthorizationOption {
34 |     func asAuthorizationFlags() -> AuthorizationFlags {
35 |         var flags = [AuthorizationFlags]()
   |                     `- error: cannot call value of non-function type '[Element]'
36 |         for element in self {
37 |             switch element {
/Users/admin/builder/spi-builder-workspace/Sources/Authorized/AuthorizationOption.swift:38:58: error: cannot find 'AuthorizationFlags' in scope
36 |         for element in self {
37 |             switch element {
38 |                 case .interactionAllowed:   flags.append(AuthorizationFlags.interactionAllowed)
   |                                                          `- error: cannot find 'AuthorizationFlags' in scope
39 |                 case .extendRights:         flags.append(AuthorizationFlags.extendRights)
40 |                 case .partialRights:        flags.append(AuthorizationFlags.partialRights)
/Users/admin/builder/spi-builder-workspace/Sources/Authorized/AuthorizationOption.swift:39:58: error: cannot find 'AuthorizationFlags' in scope
37 |             switch element {
38 |                 case .interactionAllowed:   flags.append(AuthorizationFlags.interactionAllowed)
39 |                 case .extendRights:         flags.append(AuthorizationFlags.extendRights)
   |                                                          `- error: cannot find 'AuthorizationFlags' in scope
40 |                 case .partialRights:        flags.append(AuthorizationFlags.partialRights)
41 |                 case .destroyRights:        flags.append(AuthorizationFlags.destroyRights)
/Users/admin/builder/spi-builder-workspace/Sources/Authorized/AuthorizationOption.swift:40:58: error: cannot find 'AuthorizationFlags' in scope
38 |                 case .interactionAllowed:   flags.append(AuthorizationFlags.interactionAllowed)
39 |                 case .extendRights:         flags.append(AuthorizationFlags.extendRights)
40 |                 case .partialRights:        flags.append(AuthorizationFlags.partialRights)
   |                                                          `- error: cannot find 'AuthorizationFlags' in scope
41 |                 case .destroyRights:        flags.append(AuthorizationFlags.destroyRights)
42 |                 case .preAuthorize:         flags.append(AuthorizationFlags.preAuthorize)
/Users/admin/builder/spi-builder-workspace/Sources/Authorized/AuthorizationOption.swift:41:58: error: cannot find 'AuthorizationFlags' in scope
39 |                 case .extendRights:         flags.append(AuthorizationFlags.extendRights)
40 |                 case .partialRights:        flags.append(AuthorizationFlags.partialRights)
41 |                 case .destroyRights:        flags.append(AuthorizationFlags.destroyRights)
   |                                                          `- error: cannot find 'AuthorizationFlags' in scope
42 |                 case .preAuthorize:         flags.append(AuthorizationFlags.preAuthorize)
43 |             }
/Users/admin/builder/spi-builder-workspace/Sources/Authorized/AuthorizationOption.swift:42:58: error: cannot find 'AuthorizationFlags' in scope
40 |                 case .partialRights:        flags.append(AuthorizationFlags.partialRights)
41 |                 case .destroyRights:        flags.append(AuthorizationFlags.destroyRights)
42 |                 case .preAuthorize:         flags.append(AuthorizationFlags.preAuthorize)
   |                                                          `- error: cannot find 'AuthorizationFlags' in scope
43 |             }
44 |         }
SwiftCompile normal arm64 /Users/admin/builder/spi-builder-workspace/Sources/Authorized/AuthorizationOption.swift (in target 'Authorized' from project 'Authorized')
    cd /Users/admin/builder/spi-builder-workspace/.swiftpm/xcode
    builtin-SwiftPerFileCompile AuthorizationOption.swift
SwiftCompile normal arm64 Compiling\ AuthorizationElements.swift /Users/admin/builder/spi-builder-workspace/Sources/Authorized/AuthorizationElements.swift (in target 'Authorized' from project 'Authorized')
SwiftCompile normal arm64 /Users/admin/builder/spi-builder-workspace/Sources/Authorized/AuthorizationElements.swift (in target 'Authorized' from project 'Authorized')
    cd /Users/admin/builder/spi-builder-workspace/.swiftpm/xcode
    builtin-SwiftPerFileCompile AuthorizationElements.swift
/Users/admin/builder/spi-builder-workspace/Sources/Authorized/AuthorizationElements.swift:23:59: error: cannot find type 'AuthorizationItemSet' in scope
 21 |     ///
 22 |     /// A closure must be used to because the memory pointers referenced are only valid within the closure.
 23 |     func withUnsafePointer<Result>(_ body: (UnsafePointer<AuthorizationItemSet>) throws -> Result) rethrows -> Result {
    |                                                           `- error: cannot find type 'AuthorizationItemSet' in scope
 24 |         return try self.name.withCString { namePointer in
 25 |             var mutableValue = value
/Users/admin/builder/spi-builder-workspace/Sources/Authorized/AuthorizationElements.swift:213:59: error: cannot find type 'AuthorizationItemSet' in scope
211 |
212 | internal extension Set where Element: AuthorizationElement {
213 |     func withUnsafePointer<Result>(_ body: (UnsafePointer<AuthorizationItemSet>) throws -> Result) rethrows -> Result {
    |                                                           `- error: cannot find type 'AuthorizationItemSet' in scope
214 |         try Set<Element>.convertRecursively(wrappers: Array<Element>(self), items: [], body: body)
215 |     }
/Users/admin/builder/spi-builder-workspace/Sources/Authorized/AuthorizationElements.swift:222:17: error: cannot find type 'AuthorizationItem' in scope
220 |     private static func convertRecursively<Result>(
221 |         wrappers: [AuthorizationElement],
222 |         items: [AuthorizationItem],
    |                 `- error: cannot find type 'AuthorizationItem' in scope
223 |         body: (UnsafePointer<AuthorizationItemSet>) throws -> Result
224 |     ) rethrows -> Result {
/Users/admin/builder/spi-builder-workspace/Sources/Authorized/AuthorizationElements.swift:223:30: error: cannot find type 'AuthorizationItemSet' in scope
221 |         wrappers: [AuthorizationElement],
222 |         items: [AuthorizationItem],
223 |         body: (UnsafePointer<AuthorizationItemSet>) throws -> Result
    |                              `- error: cannot find type 'AuthorizationItemSet' in scope
224 |     ) rethrows -> Result {
225 |         // One or more wrappers to be converted
/Users/admin/builder/spi-builder-workspace/Sources/Authorized/AuthorizationElements.swift:256:20: error: cannot find type 'AuthorizationItem' in scope
254 | }
255 |
256 | internal extension AuthorizationItem {
    |                    `- error: cannot find type 'AuthorizationItem' in scope
257 |     func wrap<T>(type: T.Type) -> T where T: AuthorizationElement {
258 |         let name = String(cString: self.name)
/Users/admin/builder/spi-builder-workspace/Sources/Authorized/AuthorizationElements.swift:272:20: error: cannot find type 'AuthorizationItemSet' in scope
270 | }
271 |
272 | internal extension AuthorizationItemSet {
    |                    `- error: cannot find type 'AuthorizationItemSet' in scope
273 |     func wrap<T>(type: T.Type) -> [T] where T: AuthorizationElement {
274 |         var items = [T]()
/Users/admin/builder/spi-builder-workspace/Sources/Authorized/AuthorizationElements.swift:27:28: error: cannot find 'AuthorizationItem' in scope
 25 |             var mutableValue = value
 26 |             return try mutableValue.withUnsafeMutableBufferPointer { valuePointer in
 27 |                 let item = AuthorizationItem(name: namePointer,
    |                            `- error: cannot find 'AuthorizationItem' in scope
 28 |                                              valueLength: value.count,
 29 |                                              value: value.count == 0 ? nil : valuePointer.baseAddress,
/Users/admin/builder/spi-builder-workspace/Sources/Authorized/AuthorizationElements.swift:33:35: error: cannot find 'AuthorizationItemSet' in scope
 31 |                 var items = [item]
 32 |                 return try items.withUnsafeMutableBufferPointer { buffer in
 33 |                     var itemSet = AuthorizationItemSet(count: 1, items: buffer.baseAddress)
    |                                   `- error: cannot find 'AuthorizationItemSet' in scope
 34 |
 35 |                     return try body(&itemSet)
/Users/admin/builder/spi-builder-workspace/Sources/Authorized/AuthorizationElements.swift:93:30: error: cannot find 'kAuthorizationFlagCanNotPreAuthorize' in scope
 91 |     /// asynchronous equivalents. Otherwise this property's value is undefined.
 92 |     public var cannotPreAuthorize: Bool {
 93 |         return self.flags == kAuthorizationFlagCanNotPreAuthorize
    |                              `- error: cannot find 'kAuthorizationFlagCanNotPreAuthorize' in scope
 94 |     }
 95 | }
/Users/admin/builder/spi-builder-workspace/Sources/Authorized/AuthorizationElements.swift:152:52: error: cannot find 'kAuthorizationEnvironmentUsername' in scope
150 |     /// - Returns: The environment entry.
151 |     public static func forUsername(_ username: String) -> AuthorizationEnvironmentEntry {
152 |         return AuthorizationEnvironmentEntry(name: kAuthorizationEnvironmentUsername, value: username)
    |                                                    `- error: cannot find 'kAuthorizationEnvironmentUsername' in scope
153 |     }
154 |
/Users/admin/builder/spi-builder-workspace/Sources/Authorized/AuthorizationElements.swift:161:52: error: cannot find 'kAuthorizationEnvironmentPassword' in scope
159 |     /// - Returns: The environment entry.
160 |     public static func forPassword(_ password: String) -> AuthorizationEnvironmentEntry {
161 |         return AuthorizationEnvironmentEntry(name: kAuthorizationEnvironmentPassword, value: password)
    |                                                    `- error: cannot find 'kAuthorizationEnvironmentPassword' in scope
162 |     }
163 |
/Users/admin/builder/spi-builder-workspace/Sources/Authorized/AuthorizationElements.swift:171:52: error: cannot find 'kAuthorizationEnvironmentShared' in scope
169 |     /// - Returns: The environment entry.
170 |     public static func forShared() -> AuthorizationEnvironmentEntry {
171 |         return AuthorizationEnvironmentEntry(name: kAuthorizationEnvironmentShared, value: [])
    |                                                    `- error: cannot find 'kAuthorizationEnvironmentShared' in scope
172 |     }
173 |
/Users/admin/builder/spi-builder-workspace/Sources/Authorized/AuthorizationElements.swift:179:52: error: cannot find 'kAuthorizationEnvironmentPrompt' in scope
177 |     /// - Returns: The environment entry.
178 |     public static func forPrompt(message: String) -> AuthorizationEnvironmentEntry {
179 |         return AuthorizationEnvironmentEntry(name: kAuthorizationEnvironmentPrompt, value: message)
    |                                                    `- error: cannot find 'kAuthorizationEnvironmentPrompt' in scope
180 |     }
181 |
/Users/admin/builder/spi-builder-workspace/Sources/Authorized/AuthorizationElements.swift:186:52: error: cannot find 'kAuthorizationEnvironmentIcon' in scope
184 |     /// - Returns: The environment entry.
185 |     public static func forIcon(_ icon: URL) -> AuthorizationEnvironmentEntry {
186 |         return AuthorizationEnvironmentEntry(name: kAuthorizationEnvironmentIcon, value: icon.absoluteString)
    |                                                    `- error: cannot find 'kAuthorizationEnvironmentIcon' in scope
187 |     }
188 | }
/Users/admin/builder/spi-builder-workspace/Sources/Authorized/AuthorizationElements.swift:233:32: error: cannot find 'AuthorizationItem' in scope
231 |                 var mutableValue = wrapper.value
232 |                 return try mutableValue.withUnsafeMutableBufferPointer { valuePointer in
233 |                     let item = AuthorizationItem(name: namePointer,
    |                                `- error: cannot find 'AuthorizationItem' in scope
234 |                                                  valueLength: wrapper.value.count,
235 |                                                  value: valuePointer.baseAddress,
PruneExplicitPrecompiledModules /Users/admin/builder/spi-builder-workspace/.derivedData/Build/Intermediates.noindex/SwiftExplicitPrecompiledModules
PruneExplicitPrecompiledModules /Users/admin/builder/spi-builder-workspace/.derivedData/SDKExplicitPrecompiledModules
PruneExplicitPrecompiledModules /Users/admin/builder/spi-builder-workspace/.derivedData/Build/Intermediates.noindex/ExplicitPrecompiledModules
2026-09-18 08:47:04.123 xcodebuild[705:4507] [MT] IDERunDestination: Supported platforms for the buildables in the current scheme is empty.
** BUILD FAILED **
The following build commands failed:
	SwiftEmitModule normal arm64 Emitting\ module\ for\ Authorized (in target 'Authorized' from project 'Authorized')
	SwiftCompile normal arm64 (in target 'Authorized' from project 'Authorized')
	Building workspace Authorized with scheme Authorized
(3 failures)
BUILD FAILURE 6.4 tvOS