The Swift Package Index logo.Swift Package Index

Build Information

Failed to build Grape, reference main (bdfad7), with Swift 6.1 for Android on 30 Jun 2026 15:13:05 UTC.

Build Command

bash -c docker run --pull=always --rm -v "checkouts-53886770-2":/host -w "$PWD" -e JAVA_HOME="/root/.sdkman/candidates/java/current" -e SPI_BUILD="1" -e SPI_PROCESSING="1" registry.gitlab.com/saguaro1/spi-images:android-6.1-latest swift build --swift-sdk aarch64-unknown-linux-android24 2>&1

Build Log

========================================
RunAll
========================================
Builder version: 0e64495ecc1688c3b3e031a5ef1348b5c05091ae
Interrupt handler set up.
========================================
Checkout
========================================
Clone URL: https://github.com/li3zhen1/Grape.git
Reference: main
Initialized empty Git repository in /host/spi-builder-workspace/.git/
hint: Using 'master' as the name for the initial branch. This default branch name
hint: is subject to change. To configure the initial branch name to use in all
hint: of your new repositories, which will suppress this warning, call:
hint:
hint: 	git config --global init.defaultBranch <name>
hint:
hint: Names commonly chosen instead of 'master' are 'main', 'trunk' and
hint: 'development'. The just-created branch can be renamed via this command:
hint:
hint: 	git branch -m <name>
From https://github.com/li3zhen1/Grape
 * branch            main       -> FETCH_HEAD
 * [new branch]      main       -> origin/main
HEAD is now at bdfad75 Merge pull request #71 from RobertoRiquelme/main
Cloned https://github.com/li3zhen1/Grape.git
Revision (git rev-parse @):
bdfad750d2a973af48159119eaf90530d0e30ea7
SPI manifest file found: $PWD/.spi.yml
SUCCESS checkout https://github.com/li3zhen1/Grape.git at main
========================================
Build
========================================
Selected platform:         android
Swift version:             6.1
Building package at path:  $PWD
https://github.com/li3zhen1/Grape.git
https://github.com/li3zhen1/Grape.git
WARNING: environment variable SUPPRESS_SWIFT_6_FLAGS is not set
Running build ...
bash -c docker run --pull=always --rm -v "checkouts-53886770-2":/host -w "$PWD" -e JAVA_HOME="/root/.sdkman/candidates/java/current" -e SPI_BUILD="1" -e SPI_PROCESSING="1" registry.gitlab.com/saguaro1/spi-images:android-6.1-latest swift build --swift-sdk aarch64-unknown-linux-android24 -Xswiftc -Xfrontend -Xswiftc -stats-output-dir -Xswiftc -Xfrontend -Xswiftc .stats -Xswiftc -strict-concurrency=complete -Xswiftc -enable-upcoming-feature -Xswiftc StrictConcurrency -Xswiftc -enable-upcoming-feature -Xswiftc DisableOutwardActorInference -Xswiftc -enable-upcoming-feature -Xswiftc GlobalActorIsolatedTypesUsability -Xswiftc -enable-upcoming-feature -Xswiftc InferSendableFromCaptures 2>&1
android-6.1-latest: Pulling from saguaro1/spi-images
Digest: sha256:365d9b14669f92fea0572234887def10439445c91d7e524c78a6579ad7294f11
Status: Image is up to date for registry.gitlab.com/saguaro1/spi-images:android-6.1-latest
Fetching https://github.com/apple/swift-docc-plugin
[1/2325] Fetching swift-docc-plugin
Fetched https://github.com/apple/swift-docc-plugin from cache (0.59s)
Computing version for https://github.com/apple/swift-docc-plugin
Computed https://github.com/apple/swift-docc-plugin at 1.5.0 (1.53s)
Fetching https://github.com/swiftlang/swift-docc-symbolkit
[1/3749] Fetching swift-docc-symbolkit
Fetched https://github.com/swiftlang/swift-docc-symbolkit from cache (0.51s)
Computing version for https://github.com/swiftlang/swift-docc-symbolkit
Computed https://github.com/swiftlang/swift-docc-symbolkit at 1.0.0 (0.77s)
Creating working copy for https://github.com/apple/swift-docc-plugin
Working copy of https://github.com/apple/swift-docc-plugin resolved at 1.5.0
Creating working copy for https://github.com/swiftlang/swift-docc-symbolkit
Working copy of https://github.com/swiftlang/swift-docc-symbolkit resolved at 1.0.0
[1/1] Compiling plugin Swift-DocC Preview
[2/2] Compiling plugin Swift-DocC
Building for debugging...
[2/5] Write sources
[4/5] Write swift-version-24593BA9C3E375BF.txt
[6/29] Compiling ForceSimulation KDBox.swift
/host/spi-builder-workspace/Sources/ForceSimulation/Forces/LinkForce.swift:1:8: error: no such module 'Darwin'
  1 | import Darwin
    |        `- error: no such module 'Darwin'
  2 |
  3 | extension Kinetics {
[7/29] Compiling ForceSimulation KDTree.swift
/host/spi-builder-workspace/Sources/ForceSimulation/Forces/LinkForce.swift:1:8: error: no such module 'Darwin'
  1 | import Darwin
    |        `- error: no such module 'Darwin'
  2 |
  3 | extension Kinetics {
[8/29] Compiling ForceSimulation KDTreeDelegate.swift
/host/spi-builder-workspace/Sources/ForceSimulation/Forces/LinkForce.swift:1:8: error: no such module 'Darwin'
  1 | import Darwin
    |        `- error: no such module 'Darwin'
  2 |
  3 | extension Kinetics {
[9/32] Compiling ForceSimulation AttributeDescriptor.swift
/host/spi-builder-workspace/Sources/ForceSimulation/Forces/LinkForce.swift:1:8: error: no such module 'Darwin'
  1 | import Darwin
    |        `- error: no such module 'Darwin'
  2 |
  3 | extension Kinetics {
[10/32] Compiling ForceSimulation Disposable.swift
/host/spi-builder-workspace/Sources/ForceSimulation/Forces/LinkForce.swift:1:8: error: no such module 'Darwin'
  1 | import Darwin
    |        `- error: no such module 'Darwin'
  2 |
  3 | extension Kinetics {
[11/32] Compiling ForceSimulation EdgeID.swift
/host/spi-builder-workspace/Sources/ForceSimulation/Forces/LinkForce.swift:1:8: error: no such module 'Darwin'
  1 | import Darwin
    |        `- error: no such module 'Darwin'
  2 |
  3 | extension Kinetics {
[12/32] Compiling ForceSimulation PackedForce.swift
/host/spi-builder-workspace/Sources/ForceSimulation/Forces/LinkForce.swift:1:8: error: no such module 'Darwin'
  1 | import Darwin
    |        `- error: no such module 'Darwin'
  2 |
  3 | extension Kinetics {
[13/32] Compiling ForceSimulation PositionForce.swift
/host/spi-builder-workspace/Sources/ForceSimulation/Forces/LinkForce.swift:1:8: error: no such module 'Darwin'
  1 | import Darwin
    |        `- error: no such module 'Darwin'
  2 |
  3 | extension Kinetics {
[14/32] Compiling ForceSimulation RadialForce.swift
/host/spi-builder-workspace/Sources/ForceSimulation/Forces/LinkForce.swift:1:8: error: no such module 'Darwin'
  1 | import Darwin
    |        `- error: no such module 'Darwin'
  2 |
  3 | extension Kinetics {
[15/32] Compiling ForceSimulation EmptyForce.swift
/host/spi-builder-workspace/Sources/ForceSimulation/Forces/LinkForce.swift:1:8: error: no such module 'Darwin'
  1 | import Darwin
    |        `- error: no such module 'Darwin'
  2 |
  3 | extension Kinetics {
[16/32] Compiling ForceSimulation KDTreeForce.swift
/host/spi-builder-workspace/Sources/ForceSimulation/Forces/LinkForce.swift:1:8: error: no such module 'Darwin'
  1 | import Darwin
    |        `- error: no such module 'Darwin'
  2 |
  3 | extension Kinetics {
[17/32] Compiling ForceSimulation LinkForce.swift
/host/spi-builder-workspace/Sources/ForceSimulation/Forces/LinkForce.swift:1:8: error: no such module 'Darwin'
  1 | import Darwin
    |        `- error: no such module 'Darwin'
  2 |
  3 | extension Kinetics {
[18/32] Compiling ForceSimulation ManyBodyForce.swift
/host/spi-builder-workspace/Sources/ForceSimulation/Forces/LinkForce.swift:1:8: error: no such module 'Darwin'
  1 | import Darwin
    |        `- error: no such module 'Darwin'
  2 |
  3 | extension Kinetics {
[19/32] Compiling ForceSimulation LinearCongruentialGenerator.swift
/host/spi-builder-workspace/Sources/ForceSimulation/Forces/LinkForce.swift:1:8: error: no such module 'Darwin'
  1 | import Darwin
    |        `- error: no such module 'Darwin'
  2 |
  3 | extension Kinetics {
[20/32] Compiling ForceSimulation SimulatableVector.swift
/host/spi-builder-workspace/Sources/ForceSimulation/Forces/LinkForce.swift:1:8: error: no such module 'Darwin'
  1 | import Darwin
    |        `- error: no such module 'Darwin'
  2 |
  3 | extension Kinetics {
[21/32] Compiling ForceSimulation UnsafeArray.swift
/host/spi-builder-workspace/Sources/ForceSimulation/Forces/LinkForce.swift:1:8: error: no such module 'Darwin'
  1 | import Darwin
    |        `- error: no such module 'Darwin'
  2 |
  3 | extension Kinetics {
[22/32] Compiling ForceSimulation ForceProtocol.swift
/host/spi-builder-workspace/Sources/ForceSimulation/Forces/LinkForce.swift:1:8: error: no such module 'Darwin'
  1 | import Darwin
    |        `- error: no such module 'Darwin'
  2 |
  3 | extension Kinetics {
[23/32] Compiling ForceSimulation CenterForce.swift
/host/spi-builder-workspace/Sources/ForceSimulation/Forces/LinkForce.swift:1:8: error: no such module 'Darwin'
  1 | import Darwin
    |        `- error: no such module 'Darwin'
  2 |
  3 | extension Kinetics {
[24/32] Compiling ForceSimulation CollideForce.swift
/host/spi-builder-workspace/Sources/ForceSimulation/Forces/LinkForce.swift:1:8: error: no such module 'Darwin'
  1 | import Darwin
    |        `- error: no such module 'Darwin'
  2 |
  3 | extension Kinetics {
[25/32] Compiling ForceSimulation CompositedForce.swift
/host/spi-builder-workspace/Sources/ForceSimulation/Forces/LinkForce.swift:1:8: error: no such module 'Darwin'
  1 | import Darwin
    |        `- error: no such module 'Darwin'
  2 |
  3 | extension Kinetics {
[26/32] Compiling ForceSimulation KDTreeNode.swift
/host/spi-builder-workspace/Sources/ForceSimulation/Forces/LinkForce.swift:1:8: error: no such module 'Darwin'
  1 | import Darwin
    |        `- error: no such module 'Darwin'
  2 |
  3 | extension Kinetics {
[27/32] Compiling ForceSimulation Kinetics.swift
/host/spi-builder-workspace/Sources/ForceSimulation/Forces/LinkForce.swift:1:8: error: no such module 'Darwin'
  1 | import Darwin
    |        `- error: no such module 'Darwin'
  2 |
  3 | extension Kinetics {
[28/32] Compiling ForceSimulation Simulation.swift
/host/spi-builder-workspace/Sources/ForceSimulation/Forces/LinkForce.swift:1:8: error: no such module 'Darwin'
  1 | import Darwin
    |        `- error: no such module 'Darwin'
  2 |
  3 | extension Kinetics {
error: emit-module command failed with exit code 1 (use -v to see invocation)
[29/32] Emitting module ForceSimulation
/host/spi-builder-workspace/Sources/ForceSimulation/Forces/LinkForce.swift:1:8: error: no such module 'Darwin'
  1 | import Darwin
    |        `- error: no such module 'Darwin'
  2 |
  3 | extension Kinetics {
[30/32] Compiling ForceSimulation SealedForce2D.swift
/host/spi-builder-workspace/Sources/ForceSimulation/Forces/LinkForce.swift:1:8: error: no such module 'Darwin'
  1 | import Darwin
    |        `- error: no such module 'Darwin'
  2 |
  3 | extension Kinetics {
[31/32] Compiling ForceSimulation SealedForce3D.swift
/host/spi-builder-workspace/Sources/ForceSimulation/Forces/LinkForce.swift:1:8: error: no such module 'Darwin'
  1 | import Darwin
    |        `- error: no such module 'Darwin'
  2 |
  3 | extension Kinetics {
[32/32] Compiling ForceSimulation BufferedKDTree.swift
/host/spi-builder-workspace/Sources/ForceSimulation/Forces/LinkForce.swift:1:8: error: no such module 'Darwin'
  1 | import Darwin
    |        `- error: no such module 'Darwin'
  2 |
  3 | extension Kinetics {
Running build ...
bash -c docker run --pull=always --rm -v "checkouts-53886770-2":/host -w "$PWD" -e JAVA_HOME="/root/.sdkman/candidates/java/current" -e SPI_BUILD="1" -e SPI_PROCESSING="1" registry.gitlab.com/saguaro1/spi-images:android-6.1-latest swift build --swift-sdk aarch64-unknown-linux-android24 2>&1
android-6.1-latest: Pulling from saguaro1/spi-images
Digest: sha256:365d9b14669f92fea0572234887def10439445c91d7e524c78a6579ad7294f11
Status: Image is up to date for registry.gitlab.com/saguaro1/spi-images:android-6.1-latest
[0/1] Planning build
[1/1] Compiling plugin Swift-DocC Preview
[2/2] Compiling plugin Swift-DocC
Building for debugging...
[2/3] Write swift-version-24593BA9C3E375BF.txt
[4/27] Compiling ForceSimulation EmptyForce.swift
/host/spi-builder-workspace/Sources/ForceSimulation/Forces/LinkForce.swift:1:8: error: no such module 'Darwin'
  1 | import Darwin
    |        `- error: no such module 'Darwin'
  2 |
  3 | extension Kinetics {
[5/27] Compiling ForceSimulation KDTreeForce.swift
/host/spi-builder-workspace/Sources/ForceSimulation/Forces/LinkForce.swift:1:8: error: no such module 'Darwin'
  1 | import Darwin
    |        `- error: no such module 'Darwin'
  2 |
  3 | extension Kinetics {
[6/27] Compiling ForceSimulation LinkForce.swift
/host/spi-builder-workspace/Sources/ForceSimulation/Forces/LinkForce.swift:1:8: error: no such module 'Darwin'
  1 | import Darwin
    |        `- error: no such module 'Darwin'
  2 |
  3 | extension Kinetics {
[7/27] Compiling ForceSimulation ManyBodyForce.swift
/host/spi-builder-workspace/Sources/ForceSimulation/Forces/LinkForce.swift:1:8: error: no such module 'Darwin'
  1 | import Darwin
    |        `- error: no such module 'Darwin'
  2 |
  3 | extension Kinetics {
[8/30] Compiling ForceSimulation KDBox.swift
/host/spi-builder-workspace/Sources/ForceSimulation/Forces/LinkForce.swift:1:8: error: no such module 'Darwin'
  1 | import Darwin
    |        `- error: no such module 'Darwin'
  2 |
  3 | extension Kinetics {
[9/30] Compiling ForceSimulation KDTree.swift
/host/spi-builder-workspace/Sources/ForceSimulation/Forces/LinkForce.swift:1:8: error: no such module 'Darwin'
  1 | import Darwin
    |        `- error: no such module 'Darwin'
  2 |
  3 | extension Kinetics {
[10/30] Compiling ForceSimulation KDTreeDelegate.swift
/host/spi-builder-workspace/Sources/ForceSimulation/Forces/LinkForce.swift:1:8: error: no such module 'Darwin'
  1 | import Darwin
    |        `- error: no such module 'Darwin'
  2 |
  3 | extension Kinetics {
[11/30] Compiling ForceSimulation PackedForce.swift
/host/spi-builder-workspace/Sources/ForceSimulation/Forces/LinkForce.swift:1:8: error: no such module 'Darwin'
  1 | import Darwin
    |        `- error: no such module 'Darwin'
  2 |
  3 | extension Kinetics {
[12/30] Compiling ForceSimulation PositionForce.swift
/host/spi-builder-workspace/Sources/ForceSimulation/Forces/LinkForce.swift:1:8: error: no such module 'Darwin'
  1 | import Darwin
    |        `- error: no such module 'Darwin'
  2 |
  3 | extension Kinetics {
[13/30] Compiling ForceSimulation RadialForce.swift
/host/spi-builder-workspace/Sources/ForceSimulation/Forces/LinkForce.swift:1:8: error: no such module 'Darwin'
  1 | import Darwin
    |        `- error: no such module 'Darwin'
  2 |
  3 | extension Kinetics {
[14/30] Compiling ForceSimulation LinearCongruentialGenerator.swift
/host/spi-builder-workspace/Sources/ForceSimulation/Forces/LinkForce.swift:1:8: error: no such module 'Darwin'
  1 | import Darwin
    |        `- error: no such module 'Darwin'
  2 |
  3 | extension Kinetics {
[15/30] Compiling ForceSimulation SimulatableVector.swift
/host/spi-builder-workspace/Sources/ForceSimulation/Forces/LinkForce.swift:1:8: error: no such module 'Darwin'
  1 | import Darwin
    |        `- error: no such module 'Darwin'
  2 |
  3 | extension Kinetics {
[16/30] Compiling ForceSimulation UnsafeArray.swift
/host/spi-builder-workspace/Sources/ForceSimulation/Forces/LinkForce.swift:1:8: error: no such module 'Darwin'
  1 | import Darwin
    |        `- error: no such module 'Darwin'
  2 |
  3 | extension Kinetics {
[17/30] Compiling ForceSimulation SealedForce2D.swift
/host/spi-builder-workspace/Sources/ForceSimulation/Forces/LinkForce.swift:1:8: error: no such module 'Darwin'
  1 | import Darwin
    |        `- error: no such module 'Darwin'
  2 |
  3 | extension Kinetics {
[18/30] Compiling ForceSimulation SealedForce3D.swift
/host/spi-builder-workspace/Sources/ForceSimulation/Forces/LinkForce.swift:1:8: error: no such module 'Darwin'
  1 | import Darwin
    |        `- error: no such module 'Darwin'
  2 |
  3 | extension Kinetics {
[19/30] Compiling ForceSimulation BufferedKDTree.swift
/host/spi-builder-workspace/Sources/ForceSimulation/Forces/LinkForce.swift:1:8: error: no such module 'Darwin'
  1 | import Darwin
    |        `- error: no such module 'Darwin'
  2 |
  3 | extension Kinetics {
[20/30] Compiling ForceSimulation AttributeDescriptor.swift
/host/spi-builder-workspace/Sources/ForceSimulation/Forces/LinkForce.swift:1:8: error: no such module 'Darwin'
  1 | import Darwin
    |        `- error: no such module 'Darwin'
  2 |
  3 | extension Kinetics {
[21/30] Compiling ForceSimulation Disposable.swift
/host/spi-builder-workspace/Sources/ForceSimulation/Forces/LinkForce.swift:1:8: error: no such module 'Darwin'
  1 | import Darwin
    |        `- error: no such module 'Darwin'
  2 |
  3 | extension Kinetics {
[22/30] Compiling ForceSimulation EdgeID.swift
/host/spi-builder-workspace/Sources/ForceSimulation/Forces/LinkForce.swift:1:8: error: no such module 'Darwin'
  1 | import Darwin
    |        `- error: no such module 'Darwin'
  2 |
  3 | extension Kinetics {
[23/30] Compiling ForceSimulation KDTreeNode.swift
/host/spi-builder-workspace/Sources/ForceSimulation/Forces/LinkForce.swift:1:8: error: no such module 'Darwin'
  1 | import Darwin
    |        `- error: no such module 'Darwin'
  2 |
  3 | extension Kinetics {
[24/30] Compiling ForceSimulation Kinetics.swift
/host/spi-builder-workspace/Sources/ForceSimulation/Forces/LinkForce.swift:1:8: error: no such module 'Darwin'
  1 | import Darwin
    |        `- error: no such module 'Darwin'
  2 |
  3 | extension Kinetics {
[25/30] Compiling ForceSimulation Simulation.swift
/host/spi-builder-workspace/Sources/ForceSimulation/Forces/LinkForce.swift:1:8: error: no such module 'Darwin'
  1 | import Darwin
    |        `- error: no such module 'Darwin'
  2 |
  3 | extension Kinetics {
[26/30] Compiling ForceSimulation ForceProtocol.swift
/host/spi-builder-workspace/Sources/ForceSimulation/Forces/LinkForce.swift:1:8: error: no such module 'Darwin'
  1 | import Darwin
    |        `- error: no such module 'Darwin'
  2 |
  3 | extension Kinetics {
[27/30] Compiling ForceSimulation CenterForce.swift
/host/spi-builder-workspace/Sources/ForceSimulation/Forces/LinkForce.swift:1:8: error: no such module 'Darwin'
  1 | import Darwin
    |        `- error: no such module 'Darwin'
  2 |
  3 | extension Kinetics {
[28/30] Compiling ForceSimulation CollideForce.swift
/host/spi-builder-workspace/Sources/ForceSimulation/Forces/LinkForce.swift:1:8: error: no such module 'Darwin'
  1 | import Darwin
    |        `- error: no such module 'Darwin'
  2 |
  3 | extension Kinetics {
[29/30] Compiling ForceSimulation CompositedForce.swift
/host/spi-builder-workspace/Sources/ForceSimulation/Forces/LinkForce.swift:1:8: error: no such module 'Darwin'
  1 | import Darwin
    |        `- error: no such module 'Darwin'
  2 |
  3 | extension Kinetics {
error: emit-module command failed with exit code 1 (use -v to see invocation)
[30/30] Emitting module ForceSimulation
/host/spi-builder-workspace/Sources/ForceSimulation/Forces/LinkForce.swift:1:8: error: no such module 'Darwin'
  1 | import Darwin
    |        `- error: no such module 'Darwin'
  2 |
  3 | extension Kinetics {
BUILD FAILURE 6.1 android