Build Information
Failed to build Inspect, reference 0.1.0 (be3444), with Swift 6.4 for visionOS using Xcode 27.0 on 19 Sep 2026 22:12:24 UTC.
Build Command
env DEVELOPER_DIR=/Applications/Xcode-27.0.0-Release.Candidate.app xcrun xcodebuild -IDEClonedSourcePackagesDirPathOverride=$PWD/.dependencies -skipMacroValidation -skipPackagePluginValidation -derivedDataPath $PWD/.derivedData build -scheme Inspect -destination generic/platform=xrOSBuild Log
========================================
RunAll
========================================
Builder version: 5.1.0
Interrupt handler set up.
========================================
Checkout
========================================
Clone URL: https://github.com/FiveSheepCo/SwiftUI-Inspect.git
Reference: 0.1.0
Initialized empty Git repository in /Users/admin/builder/spi-builder-workspace/.git/
From https://github.com/FiveSheepCo/SwiftUI-Inspect
* tag 0.1.0 -> FETCH_HEAD
HEAD is now at be34447 Initial Commit
Cloned https://github.com/FiveSheepCo/SwiftUI-Inspect.git
Revision (git rev-parse @):
be3444795003c324f47b6a7391635ab337035a8e
SUCCESS checkout https://github.com/FiveSheepCo/SwiftUI-Inspect.git at 0.1.0
========================================
Build
========================================
Selected platform: visionOS
Swift version: 6.4
Building package at path: $PWD
https://github.com/FiveSheepCo/SwiftUI-Inspect.git
Command line invocation:
/Applications/Xcode-27.0.0-Release.Candidate.app/Contents/Developer/usr/bin/xcodebuild -IDEClonedSourcePackagesDirPathOverride=/Users/admin/builder/spi-builder-workspace/.dependencies -resolvePackageDependencies
Resolve Package Graph
Resolve Package Graph
Resolved source packages:
Inspect: /Users/admin/builder/spi-builder-workspace
resolved source packages: Inspect
2026-09-19 18:11:27.965 xcodebuild[529:3049] [MT] IDERunDestination: Supported platforms for the buildables in the current scheme is empty.
{
"dependencies" : [
],
"manifest_display_name" : "Inspect",
"name" : "Inspect",
"path" : "/Users/admin/builder/spi-builder-workspace",
"platforms" : [
{
"name" : "ios",
"version" : "13.0"
},
{
"name" : "macos",
"version" : "10.15"
}
],
"products" : [
{
"name" : "Inspect",
"targets" : [
"Inspect"
],
"type" : {
"library" : [
"automatic"
]
}
}
],
"targets" : [
{
"c99name" : "InspectTests",
"module_type" : "SwiftTarget",
"name" : "InspectTests",
"path" : "Tests/InspectTests",
"sources" : [
"AppKitTests.swift",
"UIKitTests.swift"
],
"target_dependencies" : [
"Inspect"
],
"type" : "test"
},
{
"c99name" : "Inspect",
"module_type" : "SwiftTarget",
"name" : "Inspect",
"path" : "Sources/Inspect",
"product_memberships" : [
"Inspect"
],
"sources" : [
"AppKit/AppKit+SearchCoordinator.swift",
"AppKit/AppKit+View+Inspect.swift",
"AppKit/InspectionNSView.swift",
"CGFloat.swift",
"InspectionMode.swift",
"UIKit/InspectionUIView.swift",
"UIKit/UIKit+SearchCoordinator.swift",
"UIKit/UIKit+View+Inspect.swift",
"UIKit/UIResponder.swift"
],
"type" : "library"
}
],
"tools_version" : "5.5"
}
{
"workspace" : {
"name" : "Inspect",
"schemes" : [
"Inspect"
]
}
}
2026-09-19 18:12:09.200 xcodebuild[647:4163] [MT] IDERunDestination: Supported platforms for the buildables in the current scheme is empty.
Running build ...
env DEVELOPER_DIR=/Applications/Xcode-27.0.0-Release.Candidate.app xcrun xcodebuild -IDEClonedSourcePackagesDirPathOverride=$PWD/.dependencies -skipMacroValidation -skipPackagePluginValidation -derivedDataPath $PWD/.derivedData build -scheme Inspect -destination generic/platform=xrOS
Command line invocation:
/Applications/Xcode-27.0.0-Release.Candidate.app/Contents/Developer/usr/bin/xcodebuild -IDEClonedSourcePackagesDirPathOverride=/Users/admin/builder/spi-builder-workspace/.dependencies -skipMacroValidation -skipPackagePluginValidation -derivedDataPath /Users/admin/builder/spi-builder-workspace/.derivedData build -scheme Inspect -destination generic/platform=xrOS
Resolve Package Graph
Resolved source packages:
Inspect: /Users/admin/builder/spi-builder-workspace
ComputePackagePrebuildTargetDependencyGraph
Prepare packages
CreateBuildRequest
SendProjectDescription
CreateBuildOperation
ComputeTargetDependencyGraph
note: Building targets in dependency order
note: Target dependency graph (2 targets)
Target 'Inspect-product' in project 'Inspect'
➜ Explicit dependency on target 'Inspect' in project 'Inspect'
Target 'Inspect' in project 'Inspect' (no dependencies)
GatherProvisioningInputs
CreateBuildDescription
ExecuteExternalTool /Applications/Xcode-27.0.0-Release.Candidate.app/Contents/Developer/Toolchains/XcodeDefault.xctoolchain/usr/bin/clang -v -E -dM -isysroot /Applications/Xcode-27.0.0-Release.Candidate.app/Contents/Developer/Platforms/XROS.platform/Developer/SDKs/XROS27.0.sdk -x c -c /dev/null
ExecuteExternalTool /Applications/Xcode-27.0.0-Release.Candidate.app/Contents/Developer/Toolchains/XcodeDefault.xctoolchain/usr/bin/swiftc --version
ExecuteExternalTool /Applications/Xcode-27.0.0-Release.Candidate.app/Contents/Developer/Toolchains/XcodeDefault.xctoolchain/usr/bin/ld -version_details
Build description signature: 0891bc36e87da997b2962ab17024acba
Build description path: /Users/admin/builder/spi-builder-workspace/.derivedData/Build/Intermediates.noindex/XCBuildData/0891bc36e87da997b2962ab17024acba.xcbuilddata
CreateBuildDirectory /Users/admin/builder/spi-builder-workspace/.derivedData/SDKExplicitPrecompiledModules
cd /Users/admin/builder/spi-builder-workspace/.swiftpm/xcode
builtin-create-build-directory /Users/admin/builder/spi-builder-workspace/.derivedData/SDKExplicitPrecompiledModules
CreateBuildDirectory /Users/admin/builder/spi-builder-workspace/.derivedData/ModuleCache.noindex
cd /Users/admin/builder/spi-builder-workspace/.swiftpm/xcode
builtin-create-build-directory /Users/admin/builder/spi-builder-workspace/.derivedData/ModuleCache.noindex
CreateBuildDirectory /Users/admin/builder/spi-builder-workspace/.derivedData/CompilationCache.noindex
cd /Users/admin/builder/spi-builder-workspace/.swiftpm/xcode
builtin-create-build-directory /Users/admin/builder/spi-builder-workspace/.derivedData/CompilationCache.noindex
CreateBuildDirectory /Users/admin/builder/spi-builder-workspace/.derivedData/Build/Products
cd /Users/admin/builder/spi-builder-workspace/.swiftpm/xcode
builtin-create-build-directory /Users/admin/builder/spi-builder-workspace/.derivedData/Build/Products
CreateBuildDirectory /Users/admin/builder/spi-builder-workspace/.derivedData/Build/Intermediates.noindex
cd /Users/admin/builder/spi-builder-workspace/.swiftpm/xcode
builtin-create-build-directory /Users/admin/builder/spi-builder-workspace/.derivedData/Build/Intermediates.noindex
ClangStatCache /Applications/Xcode-27.0.0-Release.Candidate.app/Contents/Developer/Toolchains/XcodeDefault.xctoolchain/usr/bin/clang-stat-cache /Applications/Xcode-27.0.0-Release.Candidate.app/Contents/Developer/Platforms/XROS.platform/Developer/SDKs/XROS27.0.sdk /Users/admin/builder/spi-builder-workspace/.derivedData/SDKStatCaches.noindex/xros27.0-24M361-e829b21a6f8c9b70876ba0858053c044735bd543db762f57723cac368afd1ce4.sdkstatcache
cd /Users/admin/builder/spi-builder-workspace/.swiftpm/xcode
/Applications/Xcode-27.0.0-Release.Candidate.app/Contents/Developer/Toolchains/XcodeDefault.xctoolchain/usr/bin/clang-stat-cache /Applications/Xcode-27.0.0-Release.Candidate.app/Contents/Developer/Platforms/XROS.platform/Developer/SDKs/XROS27.0.sdk -o /Users/admin/builder/spi-builder-workspace/.derivedData/SDKStatCaches.noindex/xros27.0-24M361-e829b21a6f8c9b70876ba0858053c044735bd543db762f57723cac368afd1ce4.sdkstatcache
CreateBuildDirectory /Users/admin/builder/spi-builder-workspace/.derivedData/Build/Intermediates.noindex/PrecompiledHeaders
cd /Users/admin/builder/spi-builder-workspace/.swiftpm/xcode
builtin-create-build-directory /Users/admin/builder/spi-builder-workspace/.derivedData/Build/Intermediates.noindex/PrecompiledHeaders
CreateBuildDirectory /Users/admin/builder/spi-builder-workspace/.derivedData/Build/Intermediates.noindex/SwiftExplicitPrecompiledModules
cd /Users/admin/builder/spi-builder-workspace/.swiftpm/xcode
builtin-create-build-directory /Users/admin/builder/spi-builder-workspace/.derivedData/Build/Intermediates.noindex/SwiftExplicitPrecompiledModules
CreateBuildDirectory /Users/admin/builder/spi-builder-workspace/.derivedData/Build/Intermediates.noindex/ExplicitPrecompiledModules
cd /Users/admin/builder/spi-builder-workspace/.swiftpm/xcode
builtin-create-build-directory /Users/admin/builder/spi-builder-workspace/.derivedData/Build/Intermediates.noindex/ExplicitPrecompiledModules
CreateBuildDirectory /Users/admin/builder/spi-builder-workspace/.derivedData/Build/Products/Debug-xros
cd /Users/admin/builder/spi-builder-workspace/.swiftpm/xcode
builtin-create-build-directory /Users/admin/builder/spi-builder-workspace/.derivedData/Build/Products/Debug-xros
CreateBuildDirectory /Users/admin/builder/spi-builder-workspace/.derivedData/Build/Intermediates.noindex/EagerLinkingTBDs/Debug-xros
cd /Users/admin/builder/spi-builder-workspace/.swiftpm/xcode
builtin-create-build-directory /Users/admin/builder/spi-builder-workspace/.derivedData/Build/Intermediates.noindex/EagerLinkingTBDs/Debug-xros
CreateBuildDirectory /Users/admin/builder/spi-builder-workspace/.derivedData/Build/Products/Debug-xros/PackageFrameworks
cd /Users/admin/builder/spi-builder-workspace/.swiftpm/xcode
builtin-create-build-directory /Users/admin/builder/spi-builder-workspace/.derivedData/Build/Products/Debug-xros/PackageFrameworks
WriteAuxiliaryFile /Users/admin/builder/spi-builder-workspace/.derivedData/Build/Intermediates.noindex/Inspect.build/Debug-xros/Inspect-t.build/Inspect.modulemap (in target 'Inspect' from project 'Inspect')
cd /Users/admin/builder/spi-builder-workspace
write-file /Users/admin/builder/spi-builder-workspace/.derivedData/Build/Intermediates.noindex/Inspect.build/Debug-xros/Inspect-t.build/Inspect.modulemap
WriteAuxiliaryFile /Users/admin/builder/spi-builder-workspace/.derivedData/Build/Intermediates.noindex/Inspect.build/Debug-xros/Inspect-t.build/Inspect.DependencyMetadataFileList (in target 'Inspect' from project 'Inspect')
cd /Users/admin/builder/spi-builder-workspace
write-file /Users/admin/builder/spi-builder-workspace/.derivedData/Build/Intermediates.noindex/Inspect.build/Debug-xros/Inspect-t.build/Inspect.DependencyMetadataFileList
WriteAuxiliaryFile /Users/admin/builder/spi-builder-workspace/.derivedData/Build/Intermediates.noindex/Inspect.build/Debug-xros/Inspect-t.build/Inspect.DependencyStaticMetadataFileList (in target 'Inspect' from project 'Inspect')
cd /Users/admin/builder/spi-builder-workspace
write-file /Users/admin/builder/spi-builder-workspace/.derivedData/Build/Intermediates.noindex/Inspect.build/Debug-xros/Inspect-t.build/Inspect.DependencyStaticMetadataFileList
WriteAuxiliaryFile /Users/admin/builder/spi-builder-workspace/.derivedData/Build/Intermediates.noindex/Inspect.build/Debug-xros/Inspect-t.build/Objects-normal/arm64/Inspect.SwiftConstValuesFileList (in target 'Inspect' from project 'Inspect')
cd /Users/admin/builder/spi-builder-workspace
write-file /Users/admin/builder/spi-builder-workspace/.derivedData/Build/Intermediates.noindex/Inspect.build/Debug-xros/Inspect-t.build/Objects-normal/arm64/Inspect.SwiftConstValuesFileList
WriteAuxiliaryFile /Users/admin/builder/spi-builder-workspace/.derivedData/Build/Intermediates.noindex/Inspect.build/Debug-xros/Inspect-t.build/Objects-normal/arm64/Inspect-OutputFileMap.json (in target 'Inspect' from project 'Inspect')
cd /Users/admin/builder/spi-builder-workspace
write-file /Users/admin/builder/spi-builder-workspace/.derivedData/Build/Intermediates.noindex/Inspect.build/Debug-xros/Inspect-t.build/Objects-normal/arm64/Inspect-OutputFileMap.json
WriteAuxiliaryFile /Users/admin/builder/spi-builder-workspace/.derivedData/Build/Intermediates.noindex/Inspect.build/Debug-xros/Inspect-t.build/Objects-normal/arm64/Inspect.LinkFileList (in target 'Inspect' from project 'Inspect')
cd /Users/admin/builder/spi-builder-workspace
write-file /Users/admin/builder/spi-builder-workspace/.derivedData/Build/Intermediates.noindex/Inspect.build/Debug-xros/Inspect-t.build/Objects-normal/arm64/Inspect.LinkFileList
WriteAuxiliaryFile /Users/admin/builder/spi-builder-workspace/.derivedData/Build/Intermediates.noindex/Inspect.build/Debug-xros/Inspect-t.build/Objects-normal/arm64/Inspect_const_extract_protocols.json (in target 'Inspect' from project 'Inspect')
cd /Users/admin/builder/spi-builder-workspace
write-file /Users/admin/builder/spi-builder-workspace/.derivedData/Build/Intermediates.noindex/Inspect.build/Debug-xros/Inspect-t.build/Objects-normal/arm64/Inspect_const_extract_protocols.json
WriteAuxiliaryFile /Users/admin/builder/spi-builder-workspace/.derivedData/Build/Intermediates.noindex/Inspect.build/Debug-xros/Inspect-t.build/Objects-normal/arm64/Inspect.SwiftFileList (in target 'Inspect' from project 'Inspect')
cd /Users/admin/builder/spi-builder-workspace
write-file /Users/admin/builder/spi-builder-workspace/.derivedData/Build/Intermediates.noindex/Inspect.build/Debug-xros/Inspect-t.build/Objects-normal/arm64/Inspect.SwiftFileList
Copy /Users/admin/builder/spi-builder-workspace/.derivedData/Build/Intermediates.noindex/GeneratedModuleMaps-xros/Inspect.modulemap /Users/admin/builder/spi-builder-workspace/.derivedData/Build/Intermediates.noindex/Inspect.build/Debug-xros/Inspect-t.build/Inspect.modulemap (in target 'Inspect' from project 'Inspect')
cd /Users/admin/builder/spi-builder-workspace
builtin-copy -exclude .DS_Store -exclude CVS -exclude .svn -exclude .git -exclude .hg -resolve-src-symlinks /Users/admin/builder/spi-builder-workspace/.derivedData/Build/Intermediates.noindex/Inspect.build/Debug-xros/Inspect-t.build/Inspect.modulemap /Users/admin/builder/spi-builder-workspace/.derivedData/Build/Intermediates.noindex/GeneratedModuleMaps-xros
SwiftDriver Inspect normal arm64 com.apple.xcode.tools.swift.compiler (in target 'Inspect' from project 'Inspect')
cd /Users/admin/builder/spi-builder-workspace/.swiftpm/xcode
builtin-SwiftDriver -- /Applications/Xcode-27.0.0-Release.Candidate.app/Contents/Developer/Toolchains/XcodeDefault.xctoolchain/usr/bin/swiftc -parse-as-library -module-name Inspect -Onone @/Users/admin/builder/spi-builder-workspace/.derivedData/Build/Intermediates.noindex/Inspect.build/Debug-xros/Inspect-t.build/Objects-normal/arm64/Inspect.SwiftFileList -DSWIFT_PACKAGE -DDEBUG -DSWIFT_MODULE_RESOURCE_BUNDLE_UNAVAILABLE -DXcode -plugin-path /Applications/Xcode-27.0.0-Release.Candidate.app/Contents/Developer/Toolchains/XcodeDefault.xctoolchain/usr/lib/swift/host/plugins/testing -enable-experimental-feature DebugDescriptionMacro -sdk /Applications/Xcode-27.0.0-Release.Candidate.app/Contents/Developer/Platforms/XROS.platform/Developer/SDKs/XROS27.0.sdk -target arm64-apple-xros1.0 -g -module-cache-path /Users/admin/builder/spi-builder-workspace/.derivedData/ModuleCache.noindex -Xfrontend -serialize-debugging-options -profile-coverage-mapping -profile-generate -enable-testing -index-store-path /Users/admin/builder/spi-builder-workspace/.derivedData/Index.noindex/DataStore -Xcc -D_LIBCPP_HARDENING_MODE\=_LIBCPP_HARDENING_MODE_DEBUG -swift-version 5 -I /Users/admin/builder/spi-builder-workspace/.derivedData/Build/Products/Debug-xros -Isystem /Applications/Xcode-27.0.0-Release.Candidate.app/Contents/Developer/Platforms/XROS.platform/Developer/usr/lib -F /Users/admin/builder/spi-builder-workspace/.derivedData/Build/Products/Debug-xros -F /Applications/Xcode-27.0.0-Release.Candidate.app/Contents/Developer/Platforms/XROS.platform/Developer/Library/Frameworks -F /Applications/Xcode-27.0.0-Release.Candidate.app/Contents/Developer/Platforms/XROS.platform/Developer/SDKs/XROS27.0.sdk/Developer/Library/Frameworks -c -j10 -enable-batch-mode -incremental -Xcc -ivfsstatcache -Xcc /Users/admin/builder/spi-builder-workspace/.derivedData/SDKStatCaches.noindex/xros27.0-24M361-e829b21a6f8c9b70876ba0858053c044735bd543db762f57723cac368afd1ce4.sdkstatcache -output-file-map /Users/admin/builder/spi-builder-workspace/.derivedData/Build/Intermediates.noindex/Inspect.build/Debug-xros/Inspect-t.build/Objects-normal/arm64/Inspect-OutputFileMap.json -save-temps -no-color-diagnostics -explicit-module-build -module-cache-path /Users/admin/builder/spi-builder-workspace/.derivedData/Build/Intermediates.noindex/SwiftExplicitPrecompiledModules -clang-scanner-module-cache-path /Users/admin/builder/spi-builder-workspace/.derivedData/ModuleCache.noindex -sdk-module-cache-path /Users/admin/builder/spi-builder-workspace/.derivedData/SDKExplicitPrecompiledModules -emit-dependencies -emit-module -emit-module-path /Users/admin/builder/spi-builder-workspace/.derivedData/Build/Intermediates.noindex/Inspect.build/Debug-xros/Inspect-t.build/Objects-normal/arm64/Inspect.swiftmodule -serialize-diagnostics -dependency-scan-serialize-diagnostics-path /Users/admin/builder/spi-builder-workspace/.derivedData/Build/Intermediates.noindex/Inspect.build/Debug-xros/Inspect-t.build/Objects-normal/arm64/Inspect-dependency-scan.dia -validate-clang-modules-once -clang-build-session-file /Users/admin/builder/spi-builder-workspace/.derivedData/ModuleCache.noindex/Session.modulevalidation -Xcc -fmodules-prune-interval\=86400 -Xcc -fmodules-prune-after\=345600 -emit-const-values -const-gather-protocols-list /Users/admin/builder/spi-builder-workspace/.derivedData/Build/Intermediates.noindex/Inspect.build/Debug-xros/Inspect-t.build/Objects-normal/arm64/Inspect_const_extract_protocols.json -Xcc -I/Users/admin/builder/spi-builder-workspace/.derivedData/Build/Products/Debug-xros/include -Xcc -I/Users/admin/builder/spi-builder-workspace/.derivedData/Build/Intermediates.noindex/Inspect.build/Debug-xros/Inspect-t.build/DerivedSources-normal/arm64 -Xcc -I/Users/admin/builder/spi-builder-workspace/.derivedData/Build/Intermediates.noindex/Inspect.build/Debug-xros/Inspect-t.build/DerivedSources/arm64 -Xcc -I/Users/admin/builder/spi-builder-workspace/.derivedData/Build/Intermediates.noindex/Inspect.build/Debug-xros/Inspect-t.build/DerivedSources -Xcc -DSWIFT_PACKAGE -Xcc -DDEBUG\=1 -emit-objc-header -emit-objc-header-path /Users/admin/builder/spi-builder-workspace/.derivedData/Build/Intermediates.noindex/Inspect.build/Debug-xros/Inspect-t.build/Objects-normal/arm64/Inspect-Swift.h -working-directory /Users/admin/builder/spi-builder-workspace/.swiftpm/xcode -experimental-emit-module-separately -disable-cmo
SwiftExplicitDependencyGeneratePcm arm64 /Users/admin/builder/spi-builder-workspace/.derivedData/SDKExplicitPrecompiledModules/ShaderGraph-AW1O397P711WTY8KSK8LZX9YA.pcm
SwiftExplicitDependencyGeneratePcm arm64 /Users/admin/builder/spi-builder-workspace/.derivedData/SDKExplicitPrecompiledModules/_Builtin_stddef-5NQ9Z1GV07GBSRQGAQCGXGVRI.pcm
SwiftExplicitDependencyGeneratePcm arm64 /Users/admin/builder/spi-builder-workspace/.derivedData/SDKExplicitPrecompiledModules/_AvailabilityInternal-1Q8IQP6M38UWSGZ95UCEY2M44.pcm
SwiftExplicitDependencyGeneratePcm arm64 /Users/admin/builder/spi-builder-workspace/.derivedData/SDKExplicitPrecompiledModules/ptrauth-1WBA714DZSVUL5JQDJ08CLKZ.pcm
SwiftExplicitDependencyGeneratePcm arm64 /Users/admin/builder/spi-builder-workspace/.derivedData/SDKExplicitPrecompiledModules/_SwiftConcurrencyShims-C8XHKSHX96D5YYALNM4W70Z0O.pcm
SwiftExplicitDependencyGeneratePcm arm64 /Users/admin/builder/spi-builder-workspace/.derivedData/SDKExplicitPrecompiledModules/_Builtin_stdarg-CDA349K2K4US766844K8E0PVA.pcm
SwiftExplicitDependencyGeneratePcm arm64 /Users/admin/builder/spi-builder-workspace/.derivedData/SDKExplicitPrecompiledModules/SwiftShims-CI4H5RO9IYFFWQ2COB512Q2S9.pcm
SwiftExplicitDependencyGeneratePcm arm64 /Users/admin/builder/spi-builder-workspace/.derivedData/SDKExplicitPrecompiledModules/ptrcheck-BXA97MNLI4BB0HF5I8MJE403D.pcm
SwiftExplicitDependencyGeneratePcm arm64 /Users/admin/builder/spi-builder-workspace/.derivedData/SDKExplicitPrecompiledModules/_Builtin_float-6WKHNW5S40U2QGHXXGETUDIRA.pcm
SwiftExplicitDependencyGeneratePcm arm64 /Users/admin/builder/spi-builder-workspace/.derivedData/SDKExplicitPrecompiledModules/DeveloperToolsSupport-46GOQP8J1QTHLYQSJW81T8UZ3.pcm
SwiftExplicitDependencyGeneratePcm arm64 /Users/admin/builder/spi-builder-workspace/.derivedData/SDKExplicitPrecompiledModules/_Builtin_stdbool-5BU2ADS7JXQMYENKQHW9X8XOU.pcm
SwiftExplicitDependencyGeneratePcm arm64 /Users/admin/builder/spi-builder-workspace/.derivedData/SDKExplicitPrecompiledModules/_DarwinFoundation1-5RGRVV2TZ6WC4WZW5IXF8NQ04.pcm
SwiftExplicitDependencyGeneratePcm arm64 /Users/admin/builder/spi-builder-workspace/.derivedData/SDKExplicitPrecompiledModules/_Builtin_limits-425JDMN5HPM3D0UEI8LEHP6NM.pcm
SwiftExplicitDependencyGeneratePcm arm64 /Users/admin/builder/spi-builder-workspace/.derivedData/SDKExplicitPrecompiledModules/_DarwinFoundation2-ENTECK156YEWITZRRBTOCE4KR.pcm
SwiftExplicitDependencyGeneratePcm arm64 /Users/admin/builder/spi-builder-workspace/.derivedData/SDKExplicitPrecompiledModules/sys_types-AYM0BHR77VKMWZCO2T0XGV2HF.pcm
SwiftExplicitDependencyGeneratePcm arm64 /Users/admin/builder/spi-builder-workspace/.derivedData/SDKExplicitPrecompiledModules/_Builtin_tgmath-BPYSMHWI520EQRL2HW519ZY7Z.pcm
SwiftExplicitDependencyGeneratePcm arm64 /Users/admin/builder/spi-builder-workspace/.derivedData/SDKExplicitPrecompiledModules/string_h-2GT67HHHHK5CF1V1S31LH0PU2.pcm
SwiftExplicitDependencyGeneratePcm arm64 /Users/admin/builder/spi-builder-workspace/.derivedData/SDKExplicitPrecompiledModules/_Builtin_stdint-8OR6T47OOYJA90ZBO3N1USDE.pcm
SwiftExplicitDependencyGeneratePcm arm64 /Users/admin/builder/spi-builder-workspace/.derivedData/SDKExplicitPrecompiledModules/_Builtin_stdatomic-1VUZPM79PNCAHXVBERD53WRSF.pcm
SwiftExplicitDependencyGeneratePcm arm64 /Users/admin/builder/spi-builder-workspace/.derivedData/SDKExplicitPrecompiledModules/_DarwinFoundation3-9ZHN6JKBS40BBA81RQMV8H0IC.pcm
SwiftExplicitDependencyGeneratePcm arm64 /Users/admin/builder/spi-builder-workspace/.derivedData/SDKExplicitPrecompiledModules/_Builtin_intrinsics-BC5IJI3YI34RQ61ZNVDRDZ6RN.pcm
SwiftExplicitDependencyGeneratePcm arm64 /Users/admin/builder/spi-builder-workspace/.derivedData/SDKExplicitPrecompiledModules/_Builtin_inttypes-11B64KJD36B3YOHBR1BBXBJY8.pcm
SwiftExplicitDependencyGeneratePcm arm64 /Users/admin/builder/spi-builder-workspace/.derivedData/SDKExplicitPrecompiledModules/Darwin-60P5LVNQO3ESRRM5DCJ05PFNK.pcm
SwiftExplicitDependencyGeneratePcm arm64 /Users/admin/builder/spi-builder-workspace/.derivedData/SDKExplicitPrecompiledModules/simd-9XXAB17Y6E4BBPQADD61NZ23.pcm
SwiftExplicitDependencyGeneratePcm arm64 /Users/admin/builder/spi-builder-workspace/.derivedData/SDKExplicitPrecompiledModules/ObjectiveC-26TIBFYCEJZVP216ZZAU1X8KN.pcm
SwiftExplicitDependencyGeneratePcm arm64 /Users/admin/builder/spi-builder-workspace/.derivedData/SDKExplicitPrecompiledModules/MachO-3XTHY7HWV6RF3KXKYQVHUBUXK.pcm
SwiftExplicitDependencyGeneratePcm arm64 /Users/admin/builder/spi-builder-workspace/.derivedData/SDKExplicitPrecompiledModules/os_object-692CJ8BG6RE5H04487EJJOVXW.pcm
SwiftExplicitDependencyGeneratePcm arm64 /Users/admin/builder/spi-builder-workspace/.derivedData/SDKExplicitPrecompiledModules/os_workgroup-4U1VXMWIZD80E7PRUQF2G7P9X.pcm
SwiftExplicitDependencyGeneratePcm arm64 /Users/admin/builder/spi-builder-workspace/.derivedData/SDKExplicitPrecompiledModules/Dispatch-CLT3466HKC22GCKAWSCNG0H7T.pcm
SwiftExplicitDependencyGeneratePcm arm64 /Users/admin/builder/spi-builder-workspace/.derivedData/SDKExplicitPrecompiledModules/Spatial-5E0I2846LO3ZE24CSVR2O57TI.pcm
SwiftExplicitDependencyGeneratePcm arm64 /Users/admin/builder/spi-builder-workspace/.derivedData/SDKExplicitPrecompiledModules/XPC-EP5EU7FNGP4VOA3EDM18P1KHO.pcm
SwiftExplicitDependencyGeneratePcm arm64 /Users/admin/builder/spi-builder-workspace/.derivedData/SDKExplicitPrecompiledModules/dnssd-CCUV1M8EULNEQJUXO7L0PJAL4.pcm
SwiftExplicitDependencyGeneratePcm arm64 /Users/admin/builder/spi-builder-workspace/.derivedData/SDKExplicitPrecompiledModules/CoreFoundation-AVLTZVCXBU2TO75JCN4AGU8XJ.pcm
SwiftExplicitDependencyGeneratePcm arm64 /Users/admin/builder/spi-builder-workspace/.derivedData/SDKExplicitPrecompiledModules/os-1004XEJ3IXOOAU0KL58SM3D0K.pcm
SwiftExplicitDependencyGeneratePcm arm64 /Users/admin/builder/spi-builder-workspace/.derivedData/SDKExplicitPrecompiledModules/CoreAudioTypes-45UXYEQRN95KG6BF2CW0QIYK9.pcm
SwiftExplicitDependencyGeneratePcm arm64 /Users/admin/builder/spi-builder-workspace/.derivedData/SDKExplicitPrecompiledModules/Security-8TH2M8WJIQMET4SADWX0N8372.pcm
SwiftExplicitDependencyGeneratePcm arm64 /Users/admin/builder/spi-builder-workspace/.derivedData/SDKExplicitPrecompiledModules/CFNetwork-5MI70N1VLDQSWTX4COWLMSIRO.pcm
SwiftExplicitDependencyGeneratePcm arm64 /Users/admin/builder/spi-builder-workspace/.derivedData/SDKExplicitPrecompiledModules/CoreGraphics-BFUJ177R223UT2ZI327ZTZY91.pcm
SwiftExplicitDependencyGeneratePcm arm64 /Users/admin/builder/spi-builder-workspace/.derivedData/SDKExplicitPrecompiledModules/CoreAudio-CXS3C78T5TQDGLEGXIBJ04WJ4.pcm
SwiftExplicitDependencyGeneratePcm arm64 /Users/admin/builder/spi-builder-workspace/.derivedData/SDKExplicitPrecompiledModules/Foundation-8GON1KVEKRN3NOQI8RETBRWJP.pcm
SwiftExplicitDependencyGeneratePcm arm64 /Users/admin/builder/spi-builder-workspace/.derivedData/SDKExplicitPrecompiledModules/ImageIO-5CC6COR9KJYI1UBL7CSHLU2OG.pcm
SwiftExplicitDependencyGeneratePcm arm64 /Users/admin/builder/spi-builder-workspace/.derivedData/SDKExplicitPrecompiledModules/CoreText-6F9TY5TEPCCZ1K2KYM4GMEGHD.pcm
SwiftExplicitDependencyGeneratePcm arm64 /Users/admin/builder/spi-builder-workspace/.derivedData/SDKExplicitPrecompiledModules/IOSurface-5FE9U89GVFF9A7X7AGO2R8ENI.pcm
SwiftExplicitDependencyGeneratePcm arm64 /Users/admin/builder/spi-builder-workspace/.derivedData/SDKExplicitPrecompiledModules/OSLog-BNGT87TS0GMBFF7TY70HHB69.pcm
SwiftExplicitDependencyGeneratePcm arm64 /Users/admin/builder/spi-builder-workspace/.derivedData/SDKExplicitPrecompiledModules/LocalAuthentication-9MSPUJ85OBXBTOD7NJCT1GZ0O.pcm
SwiftExplicitDependencyGeneratePcm arm64 /Users/admin/builder/spi-builder-workspace/.derivedData/SDKExplicitPrecompiledModules/FileProvider-C9I28SI56F2SEVH1BCWTKGODO.pcm
SwiftExplicitDependencyGeneratePcm arm64 /Users/admin/builder/spi-builder-workspace/.derivedData/SDKExplicitPrecompiledModules/UniformTypeIdentifiers-E5KMWDZEKS4QW9RO1KBRDEXV6.pcm
SwiftExplicitDependencyGeneratePcm arm64 /Users/admin/builder/spi-builder-workspace/.derivedData/SDKExplicitPrecompiledModules/CoreData-73N6Z547OZUEZ8ADGEC6XRHWN.pcm
SwiftExplicitDependencyGeneratePcm arm64 /Users/admin/builder/spi-builder-workspace/.derivedData/SDKExplicitPrecompiledModules/CoreTransferable-8TBYAKHCX6UC8QQSS7BD8GQK5.pcm
SwiftExplicitDependencyGeneratePcm arm64 /Users/admin/builder/spi-builder-workspace/.derivedData/SDKExplicitPrecompiledModules/Network-EQPZZF3W6BWG89K0PY9NZO3T0.pcm
SwiftExplicitDependencyGeneratePcm arm64 /Users/admin/builder/spi-builder-workspace/.derivedData/SDKExplicitPrecompiledModules/UserNotifications-8IIV1V1FPNAPA4LY1Y23LOM2N.pcm
SwiftExplicitDependencyGeneratePcm arm64 /Users/admin/builder/spi-builder-workspace/.derivedData/SDKExplicitPrecompiledModules/DataDetection-BANTQ3WXXGKZJYC0LLB3MD9K0.pcm
SwiftExplicitDependencyGeneratePcm arm64 /Users/admin/builder/spi-builder-workspace/.derivedData/SDKExplicitPrecompiledModules/_LocationEssentials-8GQGFVARUE99D8VJX3TINY0VP.pcm
SwiftExplicitDependencyGeneratePcm arm64 /Users/admin/builder/spi-builder-workspace/.derivedData/SDKExplicitPrecompiledModules/CoreMIDI-7L19IC4ZH9BPYLVTD8IIFWN9R.pcm
SwiftExplicitDependencyGeneratePcm arm64 /Users/admin/builder/spi-builder-workspace/.derivedData/SDKExplicitPrecompiledModules/UIUtilities-AOVGLUWEAN6CG2UZFNESGSP6C.pcm
SwiftExplicitDependencyGeneratePcm arm64 /Users/admin/builder/spi-builder-workspace/.derivedData/SDKExplicitPrecompiledModules/Accessibility-1DR4J4YDVDGAYQTZ0FKZ1PU09.pcm
SwiftExplicitDependencyGeneratePcm arm64 /Users/admin/builder/spi-builder-workspace/.derivedData/SDKExplicitPrecompiledModules/Symbols-8G2XC01RPQ5HYIZE6JNUT864I.pcm
SwiftExplicitDependencyGeneratePcm arm64 /Users/admin/builder/spi-builder-workspace/.derivedData/SDKExplicitPrecompiledModules/Metal-EKNUM9P3PRIBHZK1ZBD6BA2T7.pcm
SwiftExplicitDependencyGeneratePcm arm64 /Users/admin/builder/spi-builder-workspace/.derivedData/SDKExplicitPrecompiledModules/OpenGLES-56BKSYXNVAP91BYZRWAKQZKGI.pcm
SwiftExplicitDependencyGeneratePcm arm64 /Users/admin/builder/spi-builder-workspace/.derivedData/SDKExplicitPrecompiledModules/AVRouting-55P8FRNK50AFZOMMB2LBBOX33.pcm
SwiftExplicitDependencyGeneratePcm arm64 /Users/admin/builder/spi-builder-workspace/.derivedData/SDKExplicitPrecompiledModules/CoreLocation-1SN37095DAPVJ068LLP9TBDQX.pcm
SwiftExplicitDependencyGeneratePcm arm64 /Users/admin/builder/spi-builder-workspace/.derivedData/SDKExplicitPrecompiledModules/AudioToolbox-2K3S8EA590EB3GMH6D6784BWZ.pcm
SwiftExplicitDependencyGeneratePcm arm64 /Users/admin/builder/spi-builder-workspace/.derivedData/SDKExplicitPrecompiledModules/CoreMotion-10LV922UPGE28QX2SOIO7ALIZ.pcm
SwiftExplicitDependencyCompileModuleFromInterface arm64 /Users/admin/builder/spi-builder-workspace/.derivedData/SDKExplicitPrecompiledModules/ShaderGraph-URHKVVOFZL5Z.swiftmodule
SwiftExplicitDependencyGeneratePcm arm64 /Users/admin/builder/spi-builder-workspace/.derivedData/SDKExplicitPrecompiledModules/CoreVideo-E12HJSJSLO0YKWYBES11UKJ02.pcm
SwiftExplicitDependencyGeneratePcm arm64 /Users/admin/builder/spi-builder-workspace/.derivedData/SDKExplicitPrecompiledModules/QuartzCore-12T8WVKUNCL1N7VXH87MM4YOB.pcm
SwiftExplicitDependencyGeneratePcm arm64 /Users/admin/builder/spi-builder-workspace/.derivedData/SDKExplicitPrecompiledModules/ARKitFoundation-3N77COW7DLP77CM0PWZXSR9BD.pcm
SwiftExplicitDependencyGeneratePcm arm64 /Users/admin/builder/spi-builder-workspace/.derivedData/SDKExplicitPrecompiledModules/CoreMedia-D1IBHC28BRHWLNUG1Q75G5YN0.pcm
SwiftExplicitDependencyGeneratePcm arm64 /Users/admin/builder/spi-builder-workspace/.derivedData/SDKExplicitPrecompiledModules/CoreML-37QYERWC0RQN4IY4377UD0TY1.pcm
SwiftExplicitDependencyGeneratePcm arm64 /Users/admin/builder/spi-builder-workspace/.derivedData/SDKExplicitPrecompiledModules/CoreImage-8WF1P230U10QM666EQMNV7OF1.pcm
SwiftExplicitDependencyGeneratePcm arm64 /Users/admin/builder/spi-builder-workspace/.derivedData/SDKExplicitPrecompiledModules/SwiftUICore-6OBBMA39VFD4CB6SG2PE41FAP.pcm
SwiftExplicitDependencyGeneratePcm arm64 /Users/admin/builder/spi-builder-workspace/.derivedData/SDKExplicitPrecompiledModules/VideoToolbox-7I4MDYIPJ4IWU1ZSL4JE3I7M6.pcm
SwiftExplicitDependencyGeneratePcm arm64 /Users/admin/builder/spi-builder-workspace/.derivedData/SDKExplicitPrecompiledModules/AVFAudio-E8GATWFYYBEBB41O9N0LRRGYC.pcm
SwiftExplicitDependencyGeneratePcm arm64 /Users/admin/builder/spi-builder-workspace/.derivedData/SDKExplicitPrecompiledModules/MediaToolbox-1J5U29ERBPNPI1HKEJHXOP8EV.pcm
SwiftExplicitDependencyGeneratePcm arm64 /Users/admin/builder/spi-builder-workspace/.derivedData/SDKExplicitPrecompiledModules/Vision-DVVG9MQGC3IMTVPTC1691MQ6Z.pcm
SwiftExplicitDependencyGeneratePcm arm64 /Users/admin/builder/spi-builder-workspace/.derivedData/SDKExplicitPrecompiledModules/UIKit-2D2PMAAE45TMO6S28UCGCO5BR.pcm
SwiftExplicitDependencyGeneratePcm arm64 /Users/admin/builder/spi-builder-workspace/.derivedData/SDKExplicitPrecompiledModules/AVFoundation-DFCX8GQJWVA3CZBITWEHAZEFX.pcm
SwiftExplicitDependencyGeneratePcm arm64 /Users/admin/builder/spi-builder-workspace/.derivedData/SDKExplicitPrecompiledModules/ARKitCore-307YVPJLQNB66BTBIONHZNP86.pcm
SwiftExplicitDependencyGeneratePcm arm64 /Users/admin/builder/spi-builder-workspace/.derivedData/SDKExplicitPrecompiledModules/GameController-7QL0VMQHE24OWQFUR0UFT89DW.pcm
SwiftExplicitDependencyGeneratePcm arm64 /Users/admin/builder/spi-builder-workspace/.derivedData/SDKExplicitPrecompiledModules/SwiftUI-77PUPXISY3V3TUF5FJEHUQC86.pcm
SwiftExplicitDependencyGeneratePcm arm64 /Users/admin/builder/spi-builder-workspace/.derivedData/SDKExplicitPrecompiledModules/ARKit-27VDPOZ50FG2MJG7OFV6IFQYQ.pcm
SwiftEmitModule normal arm64 Emitting\ module\ for\ Inspect (in target 'Inspect' from project 'Inspect')
SwiftCompile normal arm64 (in target 'Inspect' from project 'Inspect')
cd /Users/admin/builder/spi-builder-workspace/.swiftpm/xcode
SwiftCompile normal arm64 Compiling\ UIKit+SearchCoordinator.swift /Users/admin/builder/spi-builder-workspace/Sources/Inspect/UIKit/UIKit+SearchCoordinator.swift (in target 'Inspect' from project 'Inspect')
SwiftCompile normal arm64 /Users/admin/builder/spi-builder-workspace/Sources/Inspect/UIKit/UIKit+SearchCoordinator.swift (in target 'Inspect' from project 'Inspect')
cd /Users/admin/builder/spi-builder-workspace/.swiftpm/xcode
builtin-SwiftPerFileCompile UIKit+SearchCoordinator.swift
SwiftCompile normal arm64 Compiling\ InspectionUIView.swift /Users/admin/builder/spi-builder-workspace/Sources/Inspect/UIKit/InspectionUIView.swift (in target 'Inspect' from project 'Inspect')
SwiftCompile normal arm64 /Users/admin/builder/spi-builder-workspace/Sources/Inspect/UIKit/InspectionUIView.swift (in target 'Inspect' from project 'Inspect')
cd /Users/admin/builder/spi-builder-workspace/.swiftpm/xcode
builtin-SwiftPerFileCompile InspectionUIView.swift
/Users/admin/builder/spi-builder-workspace/Sources/Inspect/UIKit/InspectionUIView.swift:20:56: error: 'screen' is unavailable in visionOS
18 | func updateUIView(_ uiView: UIView, context: Context) {
19 | RunLoop.main.perform {
20 | guard let coordinateSpace = uiView.window?.screen.coordinateSpace else { return }
| `- error: 'screen' is unavailable in visionOS
21 |
22 | let subframeFloatLeeway: CGFloat = options.contains(.subFrame) ? 2 : 0
/Applications/Xcode-27.0.0-Release.Candidate.app/Contents/Developer/Platforms/XROS.platform/Developer/SDKs/XROS27.0.sdk/System/Library/Frameworks/UIKit.framework/Headers/UIWindow.h:37:39: note: 'screen' has been explicitly marked unavailable here
35 | @property(nonatomic, setter=setCanResizeToFitContent:) BOOL canResizeToFitContent API_AVAILABLE(macCatalyst(13.0)) API_UNAVAILABLE(watchos);
36 |
37 | @property(nonatomic,strong) UIScreen *screen API_AVAILABLE(ios(3.2)) API_UNAVAILABLE(visionos); // default is [UIScreen mainScreen]. changing the screen may be an expensive operation and should not be done in performance-sensitive code
| `- note: 'screen' has been explicitly marked unavailable here
38 | - (void)setScreen:(UIScreen *)screen API_DEPRECATED_WITH_REPLACEMENT("setWindowScene:", ios(3.2, 13.0)) API_UNAVAILABLE(visionos);
39 |
Failed frontend command:
/Applications/Xcode-27.0.0-Release.Candidate.app/Contents/Developer/Toolchains/XcodeDefault.xctoolchain/usr/bin/swift-frontend -frontend -c /Users/admin/builder/spi-builder-workspace/Sources/Inspect/AppKit/AppKit+SearchCoordinator.swift /Users/admin/builder/spi-builder-workspace/Sources/Inspect/AppKit/AppKit+View+Inspect.swift /Users/admin/builder/spi-builder-workspace/Sources/Inspect/AppKit/InspectionNSView.swift /Users/admin/builder/spi-builder-workspace/Sources/Inspect/CGFloat.swift /Users/admin/builder/spi-builder-workspace/Sources/Inspect/InspectionMode.swift -primary-file /Users/admin/builder/spi-builder-workspace/Sources/Inspect/UIKit/InspectionUIView.swift /Users/admin/builder/spi-builder-workspace/Sources/Inspect/UIKit/UIKit+SearchCoordinator.swift /Users/admin/builder/spi-builder-workspace/Sources/Inspect/UIKit/UIKit+View+Inspect.swift /Users/admin/builder/spi-builder-workspace/Sources/Inspect/UIKit/UIResponder.swift -emit-dependencies-path /Users/admin/builder/spi-builder-workspace/.derivedData/Build/Intermediates.noindex/Inspect.build/Debug-xros/Inspect-t.build/Objects-normal/arm64/InspectionUIView.d -emit-const-values-path /Users/admin/builder/spi-builder-workspace/.derivedData/Build/Intermediates.noindex/Inspect.build/Debug-xros/Inspect-t.build/Objects-normal/arm64/InspectionUIView.swiftconstvalues -emit-reference-dependencies-path /Users/admin/builder/spi-builder-workspace/.derivedData/Build/Intermediates.noindex/Inspect.build/Debug-xros/Inspect-t.build/Objects-normal/arm64/InspectionUIView.swiftdeps -serialize-diagnostics-path /Users/admin/builder/spi-builder-workspace/.derivedData/Build/Intermediates.noindex/Inspect.build/Debug-xros/Inspect-t.build/Objects-normal/arm64/InspectionUIView.dia -target arm64-apple-xros1.0 -module-can-import-version UIKit 9127.0.84.1 9127.0.84 -disable-cross-import-overlay-search -load-resolved-plugin /Applications/Xcode-27.0.0-Release.Candidate.app/Contents/Developer/Platforms/XROS.platform/Developer/usr/lib/swift/host/plugins/libFoundationMacros.dylib\#/Applications/Xcode-27.0.0-Release.Candidate.app/Contents/Developer/Platforms/XROS.platform/Developer/usr/bin/swift-plugin-server\#FoundationMacros -load-resolved-plugin /Applications/Xcode-27.0.0-Release.Candidate.app/Contents/Developer/Platforms/XROS.platform/Developer/usr/lib/swift/host/plugins/libObservationMacros.dylib\#/Applications/Xcode-27.0.0-Release.Candidate.app/Contents/Developer/Platforms/XROS.platform/Developer/usr/bin/swift-plugin-server\#ObservationMacros -load-resolved-plugin /Applications/Xcode-27.0.0-Release.Candidate.app/Contents/Developer/Platforms/XROS.platform/Developer/usr/lib/swift/host/plugins/libPreviewsMacros.dylib\#/Applications/Xcode-27.0.0-Release.Candidate.app/Contents/Developer/Platforms/XROS.platform/Developer/usr/bin/swift-plugin-server\#PreviewsMacros -load-resolved-plugin /Applications/Xcode-27.0.0-Release.Candidate.app/Contents/Developer/Platforms/XROS.platform/Developer/usr/lib/swift/host/plugins/libSwiftMacros.dylib\#/Applications/Xcode-27.0.0-Release.Candidate.app/Contents/Developer/Platforms/XROS.platform/Developer/usr/bin/swift-plugin-server\#SwiftMacros -load-resolved-plugin /Applications/Xcode-27.0.0-Release.Candidate.app/Contents/Developer/Platforms/XROS.platform/Developer/usr/lib/swift/host/plugins/libSwiftUIMacros.dylib\#/Applications/Xcode-27.0.0-Release.Candidate.app/Contents/Developer/Platforms/XROS.platform/Developer/usr/bin/swift-plugin-server\#SwiftUIMacros -disable-implicit-swift-modules -Xcc -fno-implicit-modules -Xcc -fno-implicit-module-maps -explicit-swift-module-map-file /Users/admin/builder/spi-builder-workspace/.derivedData/Build/Intermediates.noindex/Inspect.build/Debug-xros/Inspect-t.build/Objects-normal/arm64/Inspect-dependencies-1.json -Xllvm -aarch64-use-tbi -enable-objc-interop -stack-check -sdk /Applications/Xcode-27.0.0-Release.Candidate.app/Contents/Developer/Platforms/XROS.platform/Developer/SDKs/XROS27.0.sdk -I /Users/admin/builder/spi-builder-workspace/.derivedData/Build/Products/Debug-xros -Isystem /Applications/Xcode-27.0.0-Release.Candidate.app/Contents/Developer/Platforms/XROS.platform/Developer/usr/lib -F /Users/admin/builder/spi-builder-workspace/.derivedData/Build/Products/Debug-xros -F /Applications/Xcode-27.0.0-Release.Candidate.app/Contents/Developer/Platforms/XROS.platform/Developer/Library/Frameworks -F /Applications/Xcode-27.0.0-Release.Candidate.app/Contents/Developer/Platforms/XROS.platform/Developer/SDKs/XROS27.0.sdk/Developer/Library/Frameworks -module-cache-path /Users/admin/builder/spi-builder-workspace/.derivedData/Build/Intermediates.noindex/SwiftExplicitPrecompiledModules -no-color-diagnostics -Xcc -fno-color-diagnostics -enable-testing -g -debug-info-format\=dwarf -dwarf-version\=4 -profile-generate -profile-coverage-mapping -swift-version 5 -Onone -D SWIFT_PACKAGE -D DEBUG -D SWIFT_MODULE_RESOURCE_BUNDLE_UNAVAILABLE -D Xcode -serialize-debugging-options -enable-experimental-feature DebugDescriptionMacro -empty-abi-descriptor -validate-clang-modules-once -clang-build-session-file /Users/admin/builder/spi-builder-workspace/.derivedData/ModuleCache.noindex/Session.modulevalidation -Xcc -working-directory -Xcc /Users/admin/builder/spi-builder-workspace/.swiftpm/xcode -enable-anonymous-context-mangled-names -file-compilation-dir /Users/admin/builder/spi-builder-workspace/.swiftpm/xcode -Xcc -D_LIBCPP_HARDENING_MODE\=_LIBCPP_HARDENING_MODE_DEBUG -Xcc -ivfsstatcache -Xcc /Users/admin/builder/spi-builder-workspace/.derivedData/SDKStatCaches.noindex/xros27.0-24M361-e829b21a6f8c9b70876ba0858053c044735bd543db762f57723cac368afd1ce4.sdkstatcache -Xcc -fmodules-prune-interval\=86400 -Xcc -fmodules-prune-after\=345600 -Xcc -I/Users/admin/builder/spi-builder-workspace/.derivedData/Build/Products/Debug-xros/include -Xcc -I/Users/admin/builder/spi-builder-workspace/.derivedData/Build/Intermediates.noindex/Inspect.build/Debug-xros/Inspect-t.build/DerivedSources-normal/arm64 -Xcc -I/Users/admin/builder/spi-builder-workspace/.derivedData/Build/Intermediates.noindex/Inspect.build/Debug-xros/Inspect-t.build/DerivedSources/arm64 -Xcc -I/Users/admin/builder/spi-builder-workspace/.derivedData/Build/Intermediates.noindex/Inspect.build/Debug-xros/Inspect-t.build/DerivedSources -Xcc -DSWIFT_PACKAGE -Xcc -DDEBUG\=1 -no-auto-bridging-header-chaining -module-name Inspect -const-gather-protocols-file /Users/admin/builder/spi-builder-workspace/.derivedData/Build/Intermediates.noindex/Inspect.build/Debug-xros/Inspect-t.build/Objects-normal/arm64/Inspect_const_extract_protocols.json -disable-clang-spi -clang-target arm64-apple-xros27.0 -target-sdk-version 27.0 -target-sdk-name xros27.0 -in-process-plugin-server-path /Applications/Xcode-27.0.0-Release.Candidate.app/Contents/Developer/Toolchains/XcodeDefault.xctoolchain/usr/lib/swift/host/libSwiftInProcPluginServer.dylib -parse-as-library -o /Users/admin/builder/spi-builder-workspace/.derivedData/Build/Intermediates.noindex/Inspect.build/Debug-xros/Inspect-t.build/Objects-normal/arm64/InspectionUIView.o -debug-module-path /Users/admin/builder/spi-builder-workspace/.derivedData/Build/Intermediates.noindex/Inspect.build/Debug-xros/Inspect-t.build/Objects-normal/arm64/Inspect.swiftmodule -index-unit-output-path /Inspect.build/Debug-xros/Inspect-t.build/Objects-normal/arm64/InspectionUIView.o -index-store-path /Users/admin/builder/spi-builder-workspace/.derivedData/Index.noindex/DataStore -index-system-modules
SwiftCompile normal arm64 Compiling\ InspectionMode.swift /Users/admin/builder/spi-builder-workspace/Sources/Inspect/InspectionMode.swift (in target 'Inspect' from project 'Inspect')
SwiftCompile normal arm64 /Users/admin/builder/spi-builder-workspace/Sources/Inspect/InspectionMode.swift (in target 'Inspect' from project 'Inspect')
cd /Users/admin/builder/spi-builder-workspace/.swiftpm/xcode
builtin-SwiftPerFileCompile InspectionMode.swift
SwiftCompile normal arm64 Compiling\ CGFloat.swift /Users/admin/builder/spi-builder-workspace/Sources/Inspect/CGFloat.swift (in target 'Inspect' from project 'Inspect')
SwiftCompile normal arm64 /Users/admin/builder/spi-builder-workspace/Sources/Inspect/CGFloat.swift (in target 'Inspect' from project 'Inspect')
cd /Users/admin/builder/spi-builder-workspace/.swiftpm/xcode
builtin-SwiftPerFileCompile CGFloat.swift
SwiftCompile normal arm64 Compiling\ UIResponder.swift /Users/admin/builder/spi-builder-workspace/Sources/Inspect/UIKit/UIResponder.swift (in target 'Inspect' from project 'Inspect')
SwiftCompile normal arm64 /Users/admin/builder/spi-builder-workspace/Sources/Inspect/UIKit/UIResponder.swift (in target 'Inspect' from project 'Inspect')
cd /Users/admin/builder/spi-builder-workspace/.swiftpm/xcode
builtin-SwiftPerFileCompile UIResponder.swift
SwiftCompile normal arm64 Compiling\ InspectionNSView.swift /Users/admin/builder/spi-builder-workspace/Sources/Inspect/AppKit/InspectionNSView.swift (in target 'Inspect' from project 'Inspect')
SwiftCompile normal arm64 /Users/admin/builder/spi-builder-workspace/Sources/Inspect/AppKit/InspectionNSView.swift (in target 'Inspect' from project 'Inspect')
cd /Users/admin/builder/spi-builder-workspace/.swiftpm/xcode
builtin-SwiftPerFileCompile InspectionNSView.swift
SwiftCompile normal arm64 Compiling\ AppKit+View+Inspect.swift /Users/admin/builder/spi-builder-workspace/Sources/Inspect/AppKit/AppKit+View+Inspect.swift (in target 'Inspect' from project 'Inspect')
SwiftCompile normal arm64 /Users/admin/builder/spi-builder-workspace/Sources/Inspect/AppKit/AppKit+View+Inspect.swift (in target 'Inspect' from project 'Inspect')
cd /Users/admin/builder/spi-builder-workspace/.swiftpm/xcode
builtin-SwiftPerFileCompile AppKit+View+Inspect.swift
SwiftCompile normal arm64 Compiling\ UIKit+View+Inspect.swift /Users/admin/builder/spi-builder-workspace/Sources/Inspect/UIKit/UIKit+View+Inspect.swift (in target 'Inspect' from project 'Inspect')
/Users/admin/builder/spi-builder-workspace/Sources/Inspect/UIKit/UIKit+View+Inspect.swift:56:9: warning: call to main actor-isolated instance method '_inspect(options:additionalCheck:customize:)' in a synchronous nonisolated context [#ActorIsolatedCall]
31 | }
32 |
33 | func _inspect<T: UIView>(
| `- note: calls to instance method '_inspect(options:additionalCheck:customize:)' from outside of its actor context are implicitly asynchronous
34 | options: [InspectionOption] = [],
35 | additionalCheck: ((T) -> Bool)? = nil,
:
54 | /// Finds a `UITextField` from a `TextField`.
55 | func inspect(customize: @escaping (UITextField) -> Void) -> some View {
56 | _inspect(customize: customize)
| `- warning: call to main actor-isolated instance method '_inspect(options:additionalCheck:customize:)' in a synchronous nonisolated context [#ActorIsolatedCall]
57 | }
58 | }
/Users/admin/builder/spi-builder-workspace/Sources/Inspect/UIKit/UIKit+View+Inspect.swift:65:9: warning: call to main actor-isolated instance method '_inspect(options:additionalCheck:customize:)' in a synchronous nonisolated context [#ActorIsolatedCall]
31 | }
32 |
33 | func _inspect<T: UIView>(
| `- note: calls to instance method '_inspect(options:additionalCheck:customize:)' from outside of its actor context are implicitly asynchronous
34 | options: [InspectionOption] = [],
35 | additionalCheck: ((T) -> Bool)? = nil,
:
63 | /// Finds a `UITextView` from a `TextEditor`.
64 | func inspect(customize: @escaping (UITextView) -> Void) -> some View {
65 | _inspect(customize: customize)
| `- warning: call to main actor-isolated instance method '_inspect(options:additionalCheck:customize:)' in a synchronous nonisolated context [#ActorIsolatedCall]
66 | }
67 | }
/Users/admin/builder/spi-builder-workspace/Sources/Inspect/UIKit/UIKit+View+Inspect.swift:72:9: warning: call to main actor-isolated instance method '_inspect(options:additionalCheck:customize:)' in a synchronous nonisolated context [#ActorIsolatedCall]
31 | }
32 |
33 | func _inspect<T: UIView>(
| `- note: calls to instance method '_inspect(options:additionalCheck:customize:)' from outside of its actor context are implicitly asynchronous
34 | options: [InspectionOption] = [],
35 | additionalCheck: ((T) -> Bool)? = nil,
:
70 | /// Finds a `UIScrollView` from a `ScrollView`.
71 | func inspect(customize: @escaping (UIScrollView) -> Void) -> some View {
72 | _inspect(customize: customize)
| `- warning: call to main actor-isolated instance method '_inspect(options:additionalCheck:customize:)' in a synchronous nonisolated context [#ActorIsolatedCall]
73 | }
74 | }
/Users/admin/builder/spi-builder-workspace/Sources/Inspect/UIKit/UIKit+View+Inspect.swift:87:9: warning: call to main actor-isolated instance method '_inspectListOrForm(customize:)' in a synchronous nonisolated context [#ActorIsolatedCall]
4 |
5 | extension View {
6 | func _inspectListOrForm(customize: @escaping (ListInspectionNativeView) -> Void) -> some View {
| `- note: calls to instance method '_inspectListOrForm(customize:)' from outside of its actor context are implicitly asynchronous
7 | _inspect(
8 | additionalCheck: { $0 is UITableView || $0 is UICollectionView },
:
85 | /// Finds a `ListInspectionNativeView` from a `List`.
86 | func inspect(customize: @escaping (ListInspectionNativeView) -> Void) -> some View {
87 | _inspectListOrForm(customize: customize)
| `- warning: call to main actor-isolated instance method '_inspectListOrForm(customize:)' in a synchronous nonisolated context [#ActorIsolatedCall]
88 | }
89 | }
/Users/admin/builder/spi-builder-workspace/Sources/Inspect/UIKit/UIKit+View+Inspect.swift:94:9: warning: call to main actor-isolated instance method '_inspectListOrForm(customize:)' in a synchronous nonisolated context [#ActorIsolatedCall]
4 |
5 | extension View {
6 | func _inspectListOrForm(customize: @escaping (ListInspectionNativeView) -> Void) -> some View {
| `- note: calls to instance method '_inspectListOrForm(customize:)' from outside of its actor context are implicitly asynchronous
7 | _inspect(
8 | additionalCheck: { $0 is UITableView || $0 is UICollectionView },
:
92 | /// Finds a `ListInspectionNativeView` from a `Form`.
93 | func inspect(customize: @escaping (ListInspectionNativeView) -> Void) -> some View {
94 | _inspectListOrForm(customize: customize)
| `- warning: call to main actor-isolated instance method '_inspectListOrForm(customize:)' in a synchronous nonisolated context [#ActorIsolatedCall]
95 | }
96 | }
/Users/admin/builder/spi-builder-workspace/Sources/Inspect/UIKit/UIKit+View+Inspect.swift:117:9: warning: call to main actor-isolated instance method '_inspect(options:additionalCheck:customize:)' in a synchronous nonisolated context [#ActorIsolatedCall]
31 | }
32 |
33 | func _inspect<T: UIView>(
| `- note: calls to instance method '_inspect(options:additionalCheck:customize:)' from outside of its actor context are implicitly asynchronous
34 | options: [InspectionOption] = [],
35 | additionalCheck: ((T) -> Bool)? = nil,
:
115 | /// Finds a `UISwitch` from a `Toggle`.
116 | func inspect(customize: @escaping (UISwitch) -> Void) -> some View {
117 | _inspect(options: [.subFrame], customize: customize)
| `- warning: call to main actor-isolated instance method '_inspect(options:additionalCheck:customize:)' in a synchronous nonisolated context [#ActorIsolatedCall]
118 | }
119 | }
/Users/admin/builder/spi-builder-workspace/Sources/Inspect/UIKit/UIKit+View+Inspect.swift:125:9: warning: call to main actor-isolated instance method '_inspect(options:additionalCheck:customize:)' in a synchronous nonisolated context [#ActorIsolatedCall]
31 | }
32 |
33 | func _inspect<T: UIView>(
| `- note: calls to instance method '_inspect(options:additionalCheck:customize:)' from outside of its actor context are implicitly asynchronous
34 | options: [InspectionOption] = [],
35 | additionalCheck: ((T) -> Bool)? = nil,
:
123 | /// Finds a `UISlider` from a `Slider`.
124 | func inspect(customize: @escaping (UISlider) -> Void) -> some View {
125 | _inspect(options: [.subFrame], customize: customize)
| `- warning: call to main actor-isolated instance method '_inspect(options:additionalCheck:customize:)' in a synchronous nonisolated context [#ActorIsolatedCall]
126 | }
127 | }
/Users/admin/builder/spi-builder-workspace/Sources/Inspect/UIKit/UIKit+View+Inspect.swift:133:9: warning: call to main actor-isolated instance method '_inspect(options:additionalCheck:customize:)' in a synchronous nonisolated context [#ActorIsolatedCall]
31 | }
32 |
33 | func _inspect<T: UIView>(
| `- note: calls to instance method '_inspect(options:additionalCheck:customize:)' from outside of its actor context are implicitly asynchronous
34 | options: [InspectionOption] = [],
35 | additionalCheck: ((T) -> Bool)? = nil,
:
131 | /// Finds a `UIStepper` from a `Stepper`.
132 | func inspect(customize: @escaping (UIStepper) -> Void) -> some View {
133 | _inspect(options: [.subFrame], customize: customize)
| `- warning: call to main actor-isolated instance method '_inspect(options:additionalCheck:customize:)' in a synchronous nonisolated context [#ActorIsolatedCall]
134 | }
135 | }
/Users/admin/builder/spi-builder-workspace/Sources/Inspect/UIKit/UIKit+View+Inspect.swift:141:9: warning: call to main actor-isolated instance method '_inspect(options:additionalCheck:customize:)' in a synchronous nonisolated context [#ActorIsolatedCall]
31 | }
32 |
33 | func _inspect<T: UIView>(
| `- note: calls to instance method '_inspect(options:additionalCheck:customize:)' from outside of its actor context are implicitly asynchronous
34 | options: [InspectionOption] = [],
35 | additionalCheck: ((T) -> Bool)? = nil,
:
139 | /// Finds a `UIDatePicker` from a `DatePicker`.
140 | func inspect(customize: @escaping (UIDatePicker) -> Void) -> some View {
141 | _inspect(options: [.subFrame], customize: customize)
| `- warning: call to main actor-isolated instance method '_inspect(options:additionalCheck:customize:)' in a synchronous nonisolated context [#ActorIsolatedCall]
142 | }
143 | }
/Users/admin/builder/spi-builder-workspace/Sources/Inspect/UIKit/UIKit+View+Inspect.swift:148:9: warning: call to main actor-isolated instance method '_inspect(options:additionalCheck:customize:)' in a synchronous nonisolated context [#ActorIsolatedCall]
31 | }
32 |
33 | func _inspect<T: UIView>(
| `- note: calls to instance method '_inspect(options:additionalCheck:customize:)' from outside of its actor context are implicitly asynchronous
34 | options: [InspectionOption] = [],
35 | additionalCheck: ((T) -> Bool)? = nil,
:
146 | /// Finds a `UISegmentedControl` from a `Picker`.
147 | func inspectSegmentedControl(customize: @escaping (UISegmentedControl) -> Void) -> some View {
148 | _inspect(customize: customize)
| `- warning: call to main actor-isolated instance method '_inspect(options:additionalCheck:customize:)' in a synchronous nonisolated context [#ActorIsolatedCall]
149 | }
150 | }
SwiftCompile normal arm64 /Users/admin/builder/spi-builder-workspace/Sources/Inspect/UIKit/UIKit+View+Inspect.swift (in target 'Inspect' from project 'Inspect')
cd /Users/admin/builder/spi-builder-workspace/.swiftpm/xcode
builtin-SwiftPerFileCompile UIKit+View+Inspect.swift
/Users/admin/builder/spi-builder-workspace/Sources/Inspect/UIKit/UIKit+View+Inspect.swift:157:9: warning: call to main actor-isolated instance method '_inspect(options:additionalCheck:customize:)' in a synchronous nonisolated context [#ActorIsolatedCall]
31 | }
32 |
33 | func _inspect<T: UIView>(
| `- note: calls to instance method '_inspect(options:additionalCheck:customize:)' from outside of its actor context are implicitly asynchronous
34 | options: [InspectionOption] = [],
35 | additionalCheck: ((T) -> Bool)? = nil,
:
155 | /// Finds a `UIColorWell` from a `ColorPicker`.
156 | func inspect(customize: @escaping (UIColorWell) -> Void) -> some View {
157 | _inspect(options: [.subFrame], customize: customize)
| `- warning: call to main actor-isolated instance method '_inspect(options:additionalCheck:customize:)' in a synchronous nonisolated context [#ActorIsolatedCall]
158 | }
159 | }
/Users/admin/builder/spi-builder-workspace/Sources/Inspect/UIKit/UIKit+View+Inspect.swift:164:9: warning: call to main actor-isolated instance method '_inspect(options:additionalCheck:customize:)' in a synchronous nonisolated context [#ActorIsolatedCall]
31 | }
32 |
33 | func _inspect<T: UIView>(
| `- note: calls to instance method '_inspect(options:additionalCheck:customize:)' from outside of its actor context are implicitly asynchronous
34 | options: [InspectionOption] = [],
35 | additionalCheck: ((T) -> Bool)? = nil,
:
162 | /// Finds a `UINavigationController` from a `NavigationView`.
163 | func inspect(customize: @escaping (UINavigationController) -> Void) -> some View {
164 | _inspect(
| `- warning: call to main actor-isolated instance method '_inspect(options:additionalCheck:customize:)' in a synchronous nonisolated context [#ActorIsolatedCall]
165 | options: [.containingSafeArea],
166 | additionalCheck: { $0.findControllerInResponderChain(ofType: UINavigationController.self) != nil }
/Users/admin/builder/spi-builder-workspace/Sources/Inspect/UIKit/UIKit+View+Inspect.swift:176:9: warning: call to main actor-isolated instance method '_inspect(options:additionalCheck:customize:)' in a synchronous nonisolated context [#ActorIsolatedCall]
31 | }
32 |
33 | func _inspect<T: UIView>(
| `- note: calls to instance method '_inspect(options:additionalCheck:customize:)' from outside of its actor context are implicitly asynchronous
34 | options: [InspectionOption] = [],
35 | additionalCheck: ((T) -> Bool)? = nil,
:
174 | /// Finds a `UISplitViewController` from a `NavigationView`.
175 | func inspectSplitViewController(customize: @escaping (UISplitViewController) -> Void) -> some View {
176 | _inspect(
| `- warning: call to main actor-isolated instance method '_inspect(options:additionalCheck:customize:)' in a synchronous nonisolated context [#ActorIsolatedCall]
177 | options: [.containingSafeArea],
178 | additionalCheck: { $0.findControllerInResponderChain(ofType: UISplitViewController.self) != nil }
/Users/admin/builder/spi-builder-workspace/Sources/Inspect/UIKit/UIKit+View+Inspect.swift:188:9: warning: call to main actor-isolated instance method '_inspect(options:additionalCheck:customize:)' in a synchronous nonisolated context [#ActorIsolatedCall]
31 | }
32 |
33 | func _inspect<T: UIView>(
| `- note: calls to instance method '_inspect(options:additionalCheck:customize:)' from outside of its actor context are implicitly asynchronous
34 | options: [InspectionOption] = [],
35 | additionalCheck: ((T) -> Bool)? = nil,
:
186 | /// Finds a `UINavigationBar` from a `NavigationView`.
187 | func inspectNavigationBar(customize: @escaping (UINavigationBar) -> Void) -> some View {
188 | _inspect(options: [.subFrame], customize: customize)
| `- warning: call to main actor-isolated instance method '_inspect(options:additionalCheck:customize:)' in a synchronous nonisolated context [#ActorIsolatedCall]
189 | }
190 | }
/Users/admin/builder/spi-builder-workspace/Sources/Inspect/UIKit/UIKit+View+Inspect.swift:196:9: warning: call to main actor-isolated instance method '_inspect(options:additionalCheck:customize:)' in a synchronous nonisolated context [#ActorIsolatedCall]
31 | }
32 |
33 | func _inspect<T: UIView>(
| `- note: calls to instance method '_inspect(options:additionalCheck:customize:)' from outside of its actor context are implicitly asynchronous
34 | options: [InspectionOption] = [],
35 | additionalCheck: ((T) -> Bool)? = nil,
:
194 | /// Finds a `UINavigationController` from a `NavigationStack`.
195 | func inspect(customize: @escaping (UINavigationController) -> Void) -> some View {
196 | _inspect(
| `- warning: call to main actor-isolated instance method '_inspect(options:additionalCheck:customize:)' in a synchronous nonisolated context [#ActorIsolatedCall]
197 | options: [.containingSafeArea],
198 | additionalCheck: { $0.findControllerInResponderChain(ofType: UINavigationController.self) != nil }
/Users/admin/builder/spi-builder-workspace/Sources/Inspect/UIKit/UIKit+View+Inspect.swift:208:9: warning: call to main actor-isolated instance method '_inspect(options:additionalCheck:customize:)' in a synchronous nonisolated context [#ActorIsolatedCall]
31 | }
32 |
33 | func _inspect<T: UIView>(
| `- note: calls to instance method '_inspect(options:additionalCheck:customize:)' from outside of its actor context are implicitly asynchronous
34 | options: [InspectionOption] = [],
35 | additionalCheck: ((T) -> Bool)? = nil,
:
206 | /// Finds a `UISplitViewController` from a `NavigationStack`.
207 | func inspectSplitViewController(customize: @escaping (UISplitViewController) -> Void) -> some View {
208 | _inspect(
| `- warning: call to main actor-isolated instance method '_inspect(options:additionalCheck:customize:)' in a synchronous nonisolated context [#ActorIsolatedCall]
209 | options: [.containingSafeArea],
210 | additionalCheck: { $0.findControllerInResponderChain(ofType: UISplitViewController.self) != nil }
/Users/admin/builder/spi-builder-workspace/Sources/Inspect/UIKit/UIKit+View+Inspect.swift:220:9: warning: call to main actor-isolated instance method '_inspect(options:additionalCheck:customize:)' in a synchronous nonisolated context [#ActorIsolatedCall]
31 | }
32 |
33 | func _inspect<T: UIView>(
| `- note: calls to instance method '_inspect(options:additionalCheck:customize:)' from outside of its actor context are implicitly asynchronous
34 | options: [InspectionOption] = [],
35 | additionalCheck: ((T) -> Bool)? = nil,
:
218 | /// Finds a `UINavigationBar` from a `NavigationStack`.
219 | func inspectNavigationBar(customize: @escaping (UINavigationBar) -> Void) -> some View {
220 | _inspect(options: [.subFrame], customize: customize)
| `- warning: call to main actor-isolated instance method '_inspect(options:additionalCheck:customize:)' in a synchronous nonisolated context [#ActorIsolatedCall]
221 | }
222 | }
/Users/admin/builder/spi-builder-workspace/Sources/Inspect/UIKit/UIKit+View+Inspect.swift:227:9: warning: call to main actor-isolated instance method '_inspect(options:additionalCheck:customize:)' in a synchronous nonisolated context [#ActorIsolatedCall]
31 | }
32 |
33 | func _inspect<T: UIView>(
| `- note: calls to instance method '_inspect(options:additionalCheck:customize:)' from outside of its actor context are implicitly asynchronous
34 | options: [InspectionOption] = [],
35 | additionalCheck: ((T) -> Bool)? = nil,
:
225 | /// Finds a `UITabBarController` from a `TabView`.
226 | func inspect(customize: @escaping (UITabBarController) -> Void) -> some View {
227 | _inspect(
| `- warning: call to main actor-isolated instance method '_inspect(options:additionalCheck:customize:)' in a synchronous nonisolated context [#ActorIsolatedCall]
228 | options: [.containingSafeArea],
229 | additionalCheck: { $0.findControllerInResponderChain(ofType: UITabBarController.self) != nil }
SwiftCompile normal arm64 Compiling\ AppKit+SearchCoordinator.swift /Users/admin/builder/spi-builder-workspace/Sources/Inspect/AppKit/AppKit+SearchCoordinator.swift (in target 'Inspect' from project 'Inspect')
SwiftCompile normal arm64 /Users/admin/builder/spi-builder-workspace/Sources/Inspect/AppKit/AppKit+SearchCoordinator.swift (in target 'Inspect' from project 'Inspect')
cd /Users/admin/builder/spi-builder-workspace/.swiftpm/xcode
builtin-SwiftPerFileCompile AppKit+SearchCoordinator.swift
SwiftDriverJobDiscovery normal arm64 Emitting module for Inspect (in target 'Inspect' from project 'Inspect')
SwiftDriver\ Compilation\ Requirements Inspect normal arm64 com.apple.xcode.tools.swift.compiler (in target 'Inspect' from project 'Inspect')
cd /Users/admin/builder/spi-builder-workspace/.swiftpm/xcode
builtin-Swift-Compilation-Requirements -- /Applications/Xcode-27.0.0-Release.Candidate.app/Contents/Developer/Toolchains/XcodeDefault.xctoolchain/usr/bin/swiftc -parse-as-library -module-name Inspect -Onone @/Users/admin/builder/spi-builder-workspace/.derivedData/Build/Intermediates.noindex/Inspect.build/Debug-xros/Inspect-t.build/Objects-normal/arm64/Inspect.SwiftFileList -DSWIFT_PACKAGE -DDEBUG -DSWIFT_MODULE_RESOURCE_BUNDLE_UNAVAILABLE -DXcode -plugin-path /Applications/Xcode-27.0.0-Release.Candidate.app/Contents/Developer/Toolchains/XcodeDefault.xctoolchain/usr/lib/swift/host/plugins/testing -enable-experimental-feature DebugDescriptionMacro -sdk /Applications/Xcode-27.0.0-Release.Candidate.app/Contents/Developer/Platforms/XROS.platform/Developer/SDKs/XROS27.0.sdk -target arm64-apple-xros1.0 -g -module-cache-path /Users/admin/builder/spi-builder-workspace/.derivedData/ModuleCache.noindex -Xfrontend -serialize-debugging-options -profile-coverage-mapping -profile-generate -enable-testing -index-store-path /Users/admin/builder/spi-builder-workspace/.derivedData/Index.noindex/DataStore -Xcc -D_LIBCPP_HARDENING_MODE\=_LIBCPP_HARDENING_MODE_DEBUG -swift-version 5 -I /Users/admin/builder/spi-builder-workspace/.derivedData/Build/Products/Debug-xros -Isystem /Applications/Xcode-27.0.0-Release.Candidate.app/Contents/Developer/Platforms/XROS.platform/Developer/usr/lib -F /Users/admin/builder/spi-builder-workspace/.derivedData/Build/Products/Debug-xros -F /Applications/Xcode-27.0.0-Release.Candidate.app/Contents/Developer/Platforms/XROS.platform/Developer/Library/Frameworks -F /Applications/Xcode-27.0.0-Release.Candidate.app/Contents/Developer/Platforms/XROS.platform/Developer/SDKs/XROS27.0.sdk/Developer/Library/Frameworks -c -j10 -enable-batch-mode -incremental -Xcc -ivfsstatcache -Xcc /Users/admin/builder/spi-builder-workspace/.derivedData/SDKStatCaches.noindex/xros27.0-24M361-e829b21a6f8c9b70876ba0858053c044735bd543db762f57723cac368afd1ce4.sdkstatcache -output-file-map /Users/admin/builder/spi-builder-workspace/.derivedData/Build/Intermediates.noindex/Inspect.build/Debug-xros/Inspect-t.build/Objects-normal/arm64/Inspect-OutputFileMap.json -save-temps -no-color-diagnostics -explicit-module-build -module-cache-path /Users/admin/builder/spi-builder-workspace/.derivedData/Build/Intermediates.noindex/SwiftExplicitPrecompiledModules -clang-scanner-module-cache-path /Users/admin/builder/spi-builder-workspace/.derivedData/ModuleCache.noindex -sdk-module-cache-path /Users/admin/builder/spi-builder-workspace/.derivedData/SDKExplicitPrecompiledModules -emit-dependencies -emit-module -emit-module-path /Users/admin/builder/spi-builder-workspace/.derivedData/Build/Intermediates.noindex/Inspect.build/Debug-xros/Inspect-t.build/Objects-normal/arm64/Inspect.swiftmodule -serialize-diagnostics -dependency-scan-serialize-diagnostics-path /Users/admin/builder/spi-builder-workspace/.derivedData/Build/Intermediates.noindex/Inspect.build/Debug-xros/Inspect-t.build/Objects-normal/arm64/Inspect-dependency-scan.dia -validate-clang-modules-once -clang-build-session-file /Users/admin/builder/spi-builder-workspace/.derivedData/ModuleCache.noindex/Session.modulevalidation -Xcc -fmodules-prune-interval\=86400 -Xcc -fmodules-prune-after\=345600 -emit-const-values -const-gather-protocols-list /Users/admin/builder/spi-builder-workspace/.derivedData/Build/Intermediates.noindex/Inspect.build/Debug-xros/Inspect-t.build/Objects-normal/arm64/Inspect_const_extract_protocols.json -Xcc -I/Users/admin/builder/spi-builder-workspace/.derivedData/Build/Products/Debug-xros/include -Xcc -I/Users/admin/builder/spi-builder-workspace/.derivedData/Build/Intermediates.noindex/Inspect.build/Debug-xros/Inspect-t.build/DerivedSources-normal/arm64 -Xcc -I/Users/admin/builder/spi-builder-workspace/.derivedData/Build/Intermediates.noindex/Inspect.build/Debug-xros/Inspect-t.build/DerivedSources/arm64 -Xcc -I/Users/admin/builder/spi-builder-workspace/.derivedData/Build/Intermediates.noindex/Inspect.build/Debug-xros/Inspect-t.build/DerivedSources -Xcc -DSWIFT_PACKAGE -Xcc -DDEBUG\=1 -emit-objc-header -emit-objc-header-path /Users/admin/builder/spi-builder-workspace/.derivedData/Build/Intermediates.noindex/Inspect.build/Debug-xros/Inspect-t.build/Objects-normal/arm64/Inspect-Swift.h -working-directory /Users/admin/builder/spi-builder-workspace/.swiftpm/xcode -experimental-emit-module-separately -disable-cmo
SwiftMergeGeneratedHeaders /Users/admin/builder/spi-builder-workspace/.derivedData/Build/Intermediates.noindex/GeneratedModuleMaps-xros/Inspect-Swift.h /Users/admin/builder/spi-builder-workspace/.derivedData/Build/Intermediates.noindex/Inspect.build/Debug-xros/Inspect-t.build/Objects-normal/arm64/Inspect-Swift.h (in target 'Inspect' from project 'Inspect')
cd /Users/admin/builder/spi-builder-workspace
builtin-swiftHeaderTool -arch arm64 /Users/admin/builder/spi-builder-workspace/.derivedData/Build/Intermediates.noindex/Inspect.build/Debug-xros/Inspect-t.build/Objects-normal/arm64/Inspect-Swift.h -o /Users/admin/builder/spi-builder-workspace/.derivedData/Build/Intermediates.noindex/GeneratedModuleMaps-xros/Inspect-Swift.h
Copy /Users/admin/builder/spi-builder-workspace/.derivedData/Build/Products/Debug-xros/Inspect.swiftmodule/arm64-apple-xros.swiftmodule /Users/admin/builder/spi-builder-workspace/.derivedData/Build/Intermediates.noindex/Inspect.build/Debug-xros/Inspect-t.build/Objects-normal/arm64/Inspect.swiftmodule (in target 'Inspect' from project 'Inspect')
cd /Users/admin/builder/spi-builder-workspace
builtin-copy -exclude .DS_Store -exclude CVS -exclude .svn -exclude .git -exclude .hg -resolve-src-symlinks -rename /Users/admin/builder/spi-builder-workspace/.derivedData/Build/Intermediates.noindex/Inspect.build/Debug-xros/Inspect-t.build/Objects-normal/arm64/Inspect.swiftmodule /Users/admin/builder/spi-builder-workspace/.derivedData/Build/Products/Debug-xros/Inspect.swiftmodule/arm64-apple-xros.swiftmodule
Copy /Users/admin/builder/spi-builder-workspace/.derivedData/Build/Products/Debug-xros/Inspect.swiftmodule/arm64-apple-xros.swiftdoc /Users/admin/builder/spi-builder-workspace/.derivedData/Build/Intermediates.noindex/Inspect.build/Debug-xros/Inspect-t.build/Objects-normal/arm64/Inspect.swiftdoc (in target 'Inspect' from project 'Inspect')
cd /Users/admin/builder/spi-builder-workspace
builtin-copy -exclude .DS_Store -exclude CVS -exclude .svn -exclude .git -exclude .hg -resolve-src-symlinks -rename /Users/admin/builder/spi-builder-workspace/.derivedData/Build/Intermediates.noindex/Inspect.build/Debug-xros/Inspect-t.build/Objects-normal/arm64/Inspect.swiftdoc /Users/admin/builder/spi-builder-workspace/.derivedData/Build/Products/Debug-xros/Inspect.swiftmodule/arm64-apple-xros.swiftdoc
Copy /Users/admin/builder/spi-builder-workspace/.derivedData/Build/Products/Debug-xros/Inspect.swiftmodule/arm64-apple-xros.abi.json /Users/admin/builder/spi-builder-workspace/.derivedData/Build/Intermediates.noindex/Inspect.build/Debug-xros/Inspect-t.build/Objects-normal/arm64/Inspect.abi.json (in target 'Inspect' from project 'Inspect')
cd /Users/admin/builder/spi-builder-workspace
builtin-copy -exclude .DS_Store -exclude CVS -exclude .svn -exclude .git -exclude .hg -resolve-src-symlinks -rename /Users/admin/builder/spi-builder-workspace/.derivedData/Build/Intermediates.noindex/Inspect.build/Debug-xros/Inspect-t.build/Objects-normal/arm64/Inspect.abi.json /Users/admin/builder/spi-builder-workspace/.derivedData/Build/Products/Debug-xros/Inspect.swiftmodule/arm64-apple-xros.abi.json
Copy /Users/admin/builder/spi-builder-workspace/.derivedData/Build/Products/Debug-xros/Inspect.swiftmodule/Project/arm64-apple-xros.swiftsourceinfo /Users/admin/builder/spi-builder-workspace/.derivedData/Build/Intermediates.noindex/Inspect.build/Debug-xros/Inspect-t.build/Objects-normal/arm64/Inspect.swiftsourceinfo (in target 'Inspect' from project 'Inspect')
cd /Users/admin/builder/spi-builder-workspace
builtin-copy -exclude .DS_Store -exclude CVS -exclude .svn -exclude .git -exclude .hg -resolve-src-symlinks -rename /Users/admin/builder/spi-builder-workspace/.derivedData/Build/Intermediates.noindex/Inspect.build/Debug-xros/Inspect-t.build/Objects-normal/arm64/Inspect.swiftsourceinfo /Users/admin/builder/spi-builder-workspace/.derivedData/Build/Products/Debug-xros/Inspect.swiftmodule/Project/arm64-apple-xros.swiftsourceinfo
SwiftDriverJobDiscovery normal arm64 Compiling InspectionNSView.swift (in target 'Inspect' from project 'Inspect')
SwiftDriverJobDiscovery normal arm64 Compiling AppKit+View+Inspect.swift (in target 'Inspect' from project 'Inspect')
SwiftDriverJobDiscovery normal arm64 Compiling AppKit+SearchCoordinator.swift (in target 'Inspect' from project 'Inspect')
SwiftDriverJobDiscovery normal arm64 Compiling CGFloat.swift (in target 'Inspect' from project 'Inspect')
SwiftDriverJobDiscovery normal arm64 Compiling InspectionMode.swift (in target 'Inspect' from project 'Inspect')
SwiftDriverJobDiscovery normal arm64 Compiling UIResponder.swift (in target 'Inspect' from project 'Inspect')
SwiftDriverJobDiscovery normal arm64 Compiling UIKit+SearchCoordinator.swift (in target 'Inspect' from project 'Inspect')
PruneExplicitPrecompiledModules /Users/admin/builder/spi-builder-workspace/.derivedData/Build/Intermediates.noindex/SwiftExplicitPrecompiledModules
PruneExplicitPrecompiledModules /Users/admin/builder/spi-builder-workspace/.derivedData/SDKExplicitPrecompiledModules
PruneExplicitPrecompiledModules /Users/admin/builder/spi-builder-workspace/.derivedData/Build/Intermediates.noindex/ExplicitPrecompiledModules
2026-09-19 18:12:10.744 xcodebuild[648:4206] [MT] IDERunDestination: Supported platforms for the buildables in the current scheme is empty.
** BUILD FAILED **
The following build commands failed:
SwiftCompile normal arm64 /Users/admin/builder/spi-builder-workspace/Sources/Inspect/UIKit/InspectionUIView.swift (in target 'Inspect' from project 'Inspect')
SwiftCompile normal arm64 Compiling\ InspectionUIView.swift /Users/admin/builder/spi-builder-workspace/Sources/Inspect/UIKit/InspectionUIView.swift (in target 'Inspect' from project 'Inspect')
Building workspace Inspect with scheme Inspect
(3 failures)
Command line invocation:
/Applications/Xcode-27.0.0-Release.Candidate.app/Contents/Developer/usr/bin/xcodebuild -IDEClonedSourcePackagesDirPathOverride=/Users/admin/builder/spi-builder-workspace/.dependencies -resolvePackageDependencies
Resolve Package Graph
Resolved source packages:
Inspect: /Users/admin/builder/spi-builder-workspace
resolved source packages: Inspect
2026-09-19 18:12:21.001 xcodebuild[763:4666] [MT] IDERunDestination: Supported platforms for the buildables in the current scheme is empty.
{
"dependencies" : [
],
"manifest_display_name" : "Inspect",
"name" : "Inspect",
"path" : "/Users/admin/builder/spi-builder-workspace",
"platforms" : [
{
"name" : "ios",
"version" : "13.0"
},
{
"name" : "macos",
"version" : "10.15"
}
],
"products" : [
{
"name" : "Inspect",
"targets" : [
"Inspect"
],
"type" : {
"library" : [
"automatic"
]
}
}
],
"targets" : [
{
"c99name" : "InspectTests",
"module_type" : "SwiftTarget",
"name" : "InspectTests",
"path" : "Tests/InspectTests",
"sources" : [
"AppKitTests.swift",
"UIKitTests.swift"
],
"target_dependencies" : [
"Inspect"
],
"type" : "test"
},
{
"c99name" : "Inspect",
"module_type" : "SwiftTarget",
"name" : "Inspect",
"path" : "Sources/Inspect",
"product_memberships" : [
"Inspect"
],
"sources" : [
"AppKit/AppKit+SearchCoordinator.swift",
"AppKit/AppKit+View+Inspect.swift",
"AppKit/InspectionNSView.swift",
"CGFloat.swift",
"InspectionMode.swift",
"UIKit/InspectionUIView.swift",
"UIKit/UIKit+SearchCoordinator.swift",
"UIKit/UIKit+View+Inspect.swift",
"UIKit/UIResponder.swift"
],
"type" : "library"
}
],
"tools_version" : "5.5"
}
{
"workspace" : {
"name" : "Inspect",
"schemes" : [
"Inspect"
]
}
}
2026-09-19 18:12:22.193 xcodebuild[771:4739] [MT] IDERunDestination: Supported platforms for the buildables in the current scheme is empty.
Running build ...
env DEVELOPER_DIR=/Applications/Xcode-27.0.0-Release.Candidate.app xcrun xcodebuild -IDEClonedSourcePackagesDirPathOverride=$PWD/.dependencies -skipMacroValidation -skipPackagePluginValidation -derivedDataPath $PWD/.derivedData build -scheme Inspect -destination generic/platform=xrOS
Command line invocation:
/Applications/Xcode-27.0.0-Release.Candidate.app/Contents/Developer/usr/bin/xcodebuild -IDEClonedSourcePackagesDirPathOverride=/Users/admin/builder/spi-builder-workspace/.dependencies -skipMacroValidation -skipPackagePluginValidation -derivedDataPath /Users/admin/builder/spi-builder-workspace/.derivedData build -scheme Inspect -destination generic/platform=xrOS
Resolve Package Graph
Resolved source packages:
Inspect: /Users/admin/builder/spi-builder-workspace
ComputePackagePrebuildTargetDependencyGraph
Prepare packages
CreateBuildRequest
SendProjectDescription
CreateBuildOperation
ComputeTargetDependencyGraph
note: Building targets in dependency order
note: Target dependency graph (2 targets)
Target 'Inspect-product' in project 'Inspect'
➜ Explicit dependency on target 'Inspect' in project 'Inspect'
Target 'Inspect' in project 'Inspect' (no dependencies)
GatherProvisioningInputs
CreateBuildDescription
ClangStatCache /Applications/Xcode-27.0.0-Release.Candidate.app/Contents/Developer/Toolchains/XcodeDefault.xctoolchain/usr/bin/clang-stat-cache /Applications/Xcode-27.0.0-Release.Candidate.app/Contents/Developer/Platforms/XROS.platform/Developer/SDKs/XROS27.0.sdk /Users/admin/builder/spi-builder-workspace/.derivedData/SDKStatCaches.noindex/xros27.0-24M361-e829b21a6f8c9b70876ba0858053c044735bd543db762f57723cac368afd1ce4.sdkstatcache
cd /Users/admin/builder/spi-builder-workspace/.swiftpm/xcode
/Applications/Xcode-27.0.0-Release.Candidate.app/Contents/Developer/Toolchains/XcodeDefault.xctoolchain/usr/bin/clang-stat-cache /Applications/Xcode-27.0.0-Release.Candidate.app/Contents/Developer/Platforms/XROS.platform/Developer/SDKs/XROS27.0.sdk -o /Users/admin/builder/spi-builder-workspace/.derivedData/SDKStatCaches.noindex/xros27.0-24M361-e829b21a6f8c9b70876ba0858053c044735bd543db762f57723cac368afd1ce4.sdkstatcache
SwiftDriver Inspect normal arm64 com.apple.xcode.tools.swift.compiler (in target 'Inspect' from project 'Inspect')
cd /Users/admin/builder/spi-builder-workspace/.swiftpm/xcode
builtin-SwiftDriver -- /Applications/Xcode-27.0.0-Release.Candidate.app/Contents/Developer/Toolchains/XcodeDefault.xctoolchain/usr/bin/swiftc -parse-as-library -module-name Inspect -Onone @/Users/admin/builder/spi-builder-workspace/.derivedData/Build/Intermediates.noindex/Inspect.build/Debug-xros/Inspect-t.build/Objects-normal/arm64/Inspect.SwiftFileList -DSWIFT_PACKAGE -DDEBUG -DSWIFT_MODULE_RESOURCE_BUNDLE_UNAVAILABLE -DXcode -plugin-path /Applications/Xcode-27.0.0-Release.Candidate.app/Contents/Developer/Toolchains/XcodeDefault.xctoolchain/usr/lib/swift/host/plugins/testing -enable-experimental-feature DebugDescriptionMacro -sdk /Applications/Xcode-27.0.0-Release.Candidate.app/Contents/Developer/Platforms/XROS.platform/Developer/SDKs/XROS27.0.sdk -target arm64-apple-xros1.0 -g -module-cache-path /Users/admin/builder/spi-builder-workspace/.derivedData/ModuleCache.noindex -Xfrontend -serialize-debugging-options -profile-coverage-mapping -profile-generate -enable-testing -index-store-path /Users/admin/builder/spi-builder-workspace/.derivedData/Index.noindex/DataStore -Xcc -D_LIBCPP_HARDENING_MODE\=_LIBCPP_HARDENING_MODE_DEBUG -swift-version 5 -I /Users/admin/builder/spi-builder-workspace/.derivedData/Build/Products/Debug-xros -Isystem /Applications/Xcode-27.0.0-Release.Candidate.app/Contents/Developer/Platforms/XROS.platform/Developer/usr/lib -F /Users/admin/builder/spi-builder-workspace/.derivedData/Build/Products/Debug-xros -F /Applications/Xcode-27.0.0-Release.Candidate.app/Contents/Developer/Platforms/XROS.platform/Developer/Library/Frameworks -F /Applications/Xcode-27.0.0-Release.Candidate.app/Contents/Developer/Platforms/XROS.platform/Developer/SDKs/XROS27.0.sdk/Developer/Library/Frameworks -c -j10 -enable-batch-mode -incremental -Xcc -ivfsstatcache -Xcc /Users/admin/builder/spi-builder-workspace/.derivedData/SDKStatCaches.noindex/xros27.0-24M361-e829b21a6f8c9b70876ba0858053c044735bd543db762f57723cac368afd1ce4.sdkstatcache -output-file-map /Users/admin/builder/spi-builder-workspace/.derivedData/Build/Intermediates.noindex/Inspect.build/Debug-xros/Inspect-t.build/Objects-normal/arm64/Inspect-OutputFileMap.json -save-temps -no-color-diagnostics -explicit-module-build -module-cache-path /Users/admin/builder/spi-builder-workspace/.derivedData/Build/Intermediates.noindex/SwiftExplicitPrecompiledModules -clang-scanner-module-cache-path /Users/admin/builder/spi-builder-workspace/.derivedData/ModuleCache.noindex -sdk-module-cache-path /Users/admin/builder/spi-builder-workspace/.derivedData/SDKExplicitPrecompiledModules -emit-dependencies -emit-module -emit-module-path /Users/admin/builder/spi-builder-workspace/.derivedData/Build/Intermediates.noindex/Inspect.build/Debug-xros/Inspect-t.build/Objects-normal/arm64/Inspect.swiftmodule -serialize-diagnostics -dependency-scan-serialize-diagnostics-path /Users/admin/builder/spi-builder-workspace/.derivedData/Build/Intermediates.noindex/Inspect.build/Debug-xros/Inspect-t.build/Objects-normal/arm64/Inspect-dependency-scan.dia -validate-clang-modules-once -clang-build-session-file /Users/admin/builder/spi-builder-workspace/.derivedData/ModuleCache.noindex/Session.modulevalidation -Xcc -fmodules-prune-interval\=86400 -Xcc -fmodules-prune-after\=345600 -emit-const-values -const-gather-protocols-list /Users/admin/builder/spi-builder-workspace/.derivedData/Build/Intermediates.noindex/Inspect.build/Debug-xros/Inspect-t.build/Objects-normal/arm64/Inspect_const_extract_protocols.json -Xcc -I/Users/admin/builder/spi-builder-workspace/.derivedData/Build/Products/Debug-xros/include -Xcc -I/Users/admin/builder/spi-builder-workspace/.derivedData/Build/Intermediates.noindex/Inspect.build/Debug-xros/Inspect-t.build/DerivedSources-normal/arm64 -Xcc -I/Users/admin/builder/spi-builder-workspace/.derivedData/Build/Intermediates.noindex/Inspect.build/Debug-xros/Inspect-t.build/DerivedSources/arm64 -Xcc -I/Users/admin/builder/spi-builder-workspace/.derivedData/Build/Intermediates.noindex/Inspect.build/Debug-xros/Inspect-t.build/DerivedSources -Xcc -DSWIFT_PACKAGE -Xcc -DDEBUG\=1 -emit-objc-header -emit-objc-header-path /Users/admin/builder/spi-builder-workspace/.derivedData/Build/Intermediates.noindex/Inspect.build/Debug-xros/Inspect-t.build/Objects-normal/arm64/Inspect-Swift.h -working-directory /Users/admin/builder/spi-builder-workspace/.swiftpm/xcode -experimental-emit-module-separately -disable-cmo
SwiftCompile normal arm64 Compiling\ InspectionUIView.swift /Users/admin/builder/spi-builder-workspace/Sources/Inspect/UIKit/InspectionUIView.swift (in target 'Inspect' from project 'Inspect')
SwiftCompile normal arm64 /Users/admin/builder/spi-builder-workspace/Sources/Inspect/UIKit/InspectionUIView.swift (in target 'Inspect' from project 'Inspect')
cd /Users/admin/builder/spi-builder-workspace/.swiftpm/xcode
builtin-SwiftPerFileCompile InspectionUIView.swift
/Users/admin/builder/spi-builder-workspace/Sources/Inspect/UIKit/InspectionUIView.swift:20:56: error: 'screen' is unavailable in visionOS
18 | func updateUIView(_ uiView: UIView, context: Context) {
19 | RunLoop.main.perform {
20 | guard let coordinateSpace = uiView.window?.screen.coordinateSpace else { return }
| `- error: 'screen' is unavailable in visionOS
21 |
22 | let subframeFloatLeeway: CGFloat = options.contains(.subFrame) ? 2 : 0
/Applications/Xcode-27.0.0-Release.Candidate.app/Contents/Developer/Platforms/XROS.platform/Developer/SDKs/XROS27.0.sdk/System/Library/Frameworks/UIKit.framework/Headers/UIWindow.h:37:39: note: 'screen' has been explicitly marked unavailable here
35 | @property(nonatomic, setter=setCanResizeToFitContent:) BOOL canResizeToFitContent API_AVAILABLE(macCatalyst(13.0)) API_UNAVAILABLE(watchos);
36 |
37 | @property(nonatomic,strong) UIScreen *screen API_AVAILABLE(ios(3.2)) API_UNAVAILABLE(visionos); // default is [UIScreen mainScreen]. changing the screen may be an expensive operation and should not be done in performance-sensitive code
| `- note: 'screen' has been explicitly marked unavailable here
38 | - (void)setScreen:(UIScreen *)screen API_DEPRECATED_WITH_REPLACEMENT("setWindowScene:", ios(3.2, 13.0)) API_UNAVAILABLE(visionos);
39 |
Failed frontend command:
/Applications/Xcode-27.0.0-Release.Candidate.app/Contents/Developer/Toolchains/XcodeDefault.xctoolchain/usr/bin/swift-frontend -frontend -c /Users/admin/builder/spi-builder-workspace/Sources/Inspect/AppKit/AppKit+SearchCoordinator.swift /Users/admin/builder/spi-builder-workspace/Sources/Inspect/AppKit/AppKit+View+Inspect.swift /Users/admin/builder/spi-builder-workspace/Sources/Inspect/AppKit/InspectionNSView.swift /Users/admin/builder/spi-builder-workspace/Sources/Inspect/CGFloat.swift /Users/admin/builder/spi-builder-workspace/Sources/Inspect/InspectionMode.swift -primary-file /Users/admin/builder/spi-builder-workspace/Sources/Inspect/UIKit/InspectionUIView.swift /Users/admin/builder/spi-builder-workspace/Sources/Inspect/UIKit/UIKit+SearchCoordinator.swift /Users/admin/builder/spi-builder-workspace/Sources/Inspect/UIKit/UIKit+View+Inspect.swift /Users/admin/builder/spi-builder-workspace/Sources/Inspect/UIKit/UIResponder.swift -emit-dependencies-path /Users/admin/builder/spi-builder-workspace/.derivedData/Build/Intermediates.noindex/Inspect.build/Debug-xros/Inspect-t.build/Objects-normal/arm64/InspectionUIView.d -emit-const-values-path /Users/admin/builder/spi-builder-workspace/.derivedData/Build/Intermediates.noindex/Inspect.build/Debug-xros/Inspect-t.build/Objects-normal/arm64/InspectionUIView.swiftconstvalues -emit-reference-dependencies-path /Users/admin/builder/spi-builder-workspace/.derivedData/Build/Intermediates.noindex/Inspect.build/Debug-xros/Inspect-t.build/Objects-normal/arm64/InspectionUIView.swiftdeps -serialize-diagnostics-path /Users/admin/builder/spi-builder-workspace/.derivedData/Build/Intermediates.noindex/Inspect.build/Debug-xros/Inspect-t.build/Objects-normal/arm64/InspectionUIView.dia -target arm64-apple-xros1.0 -module-can-import-version UIKit 9127.0.84.1 9127.0.84 -disable-cross-import-overlay-search -load-resolved-plugin /Applications/Xcode-27.0.0-Release.Candidate.app/Contents/Developer/Platforms/XROS.platform/Developer/usr/lib/swift/host/plugins/libFoundationMacros.dylib\#/Applications/Xcode-27.0.0-Release.Candidate.app/Contents/Developer/Platforms/XROS.platform/Developer/usr/bin/swift-plugin-server\#FoundationMacros -load-resolved-plugin /Applications/Xcode-27.0.0-Release.Candidate.app/Contents/Developer/Platforms/XROS.platform/Developer/usr/lib/swift/host/plugins/libObservationMacros.dylib\#/Applications/Xcode-27.0.0-Release.Candidate.app/Contents/Developer/Platforms/XROS.platform/Developer/usr/bin/swift-plugin-server\#ObservationMacros -load-resolved-plugin /Applications/Xcode-27.0.0-Release.Candidate.app/Contents/Developer/Platforms/XROS.platform/Developer/usr/lib/swift/host/plugins/libPreviewsMacros.dylib\#/Applications/Xcode-27.0.0-Release.Candidate.app/Contents/Developer/Platforms/XROS.platform/Developer/usr/bin/swift-plugin-server\#PreviewsMacros -load-resolved-plugin /Applications/Xcode-27.0.0-Release.Candidate.app/Contents/Developer/Platforms/XROS.platform/Developer/usr/lib/swift/host/plugins/libSwiftMacros.dylib\#/Applications/Xcode-27.0.0-Release.Candidate.app/Contents/Developer/Platforms/XROS.platform/Developer/usr/bin/swift-plugin-server\#SwiftMacros -load-resolved-plugin /Applications/Xcode-27.0.0-Release.Candidate.app/Contents/Developer/Platforms/XROS.platform/Developer/usr/lib/swift/host/plugins/libSwiftUIMacros.dylib\#/Applications/Xcode-27.0.0-Release.Candidate.app/Contents/Developer/Platforms/XROS.platform/Developer/usr/bin/swift-plugin-server\#SwiftUIMacros -disable-implicit-swift-modules -Xcc -fno-implicit-modules -Xcc -fno-implicit-module-maps -explicit-swift-module-map-file /Users/admin/builder/spi-builder-workspace/.derivedData/Build/Intermediates.noindex/Inspect.build/Debug-xros/Inspect-t.build/Objects-normal/arm64/Inspect-dependencies-1.json -Xllvm -aarch64-use-tbi -enable-objc-interop -stack-check -sdk /Applications/Xcode-27.0.0-Release.Candidate.app/Contents/Developer/Platforms/XROS.platform/Developer/SDKs/XROS27.0.sdk -I /Users/admin/builder/spi-builder-workspace/.derivedData/Build/Products/Debug-xros -Isystem /Applications/Xcode-27.0.0-Release.Candidate.app/Contents/Developer/Platforms/XROS.platform/Developer/usr/lib -F /Users/admin/builder/spi-builder-workspace/.derivedData/Build/Products/Debug-xros -F /Applications/Xcode-27.0.0-Release.Candidate.app/Contents/Developer/Platforms/XROS.platform/Developer/Library/Frameworks -F /Applications/Xcode-27.0.0-Release.Candidate.app/Contents/Developer/Platforms/XROS.platform/Developer/SDKs/XROS27.0.sdk/Developer/Library/Frameworks -module-cache-path /Users/admin/builder/spi-builder-workspace/.derivedData/Build/Intermediates.noindex/SwiftExplicitPrecompiledModules -no-color-diagnostics -Xcc -fno-color-diagnostics -enable-testing -g -debug-info-format\=dwarf -dwarf-version\=4 -profile-generate -profile-coverage-mapping -swift-version 5 -Onone -D SWIFT_PACKAGE -D DEBUG -D SWIFT_MODULE_RESOURCE_BUNDLE_UNAVAILABLE -D Xcode -serialize-debugging-options -enable-experimental-feature DebugDescriptionMacro -empty-abi-descriptor -validate-clang-modules-once -clang-build-session-file /Users/admin/builder/spi-builder-workspace/.derivedData/ModuleCache.noindex/Session.modulevalidation -Xcc -working-directory -Xcc /Users/admin/builder/spi-builder-workspace/.swiftpm/xcode -enable-anonymous-context-mangled-names -file-compilation-dir /Users/admin/builder/spi-builder-workspace/.swiftpm/xcode -Xcc -D_LIBCPP_HARDENING_MODE\=_LIBCPP_HARDENING_MODE_DEBUG -Xcc -ivfsstatcache -Xcc /Users/admin/builder/spi-builder-workspace/.derivedData/SDKStatCaches.noindex/xros27.0-24M361-e829b21a6f8c9b70876ba0858053c044735bd543db762f57723cac368afd1ce4.sdkstatcache -Xcc -fmodules-prune-interval\=86400 -Xcc -fmodules-prune-after\=345600 -Xcc -I/Users/admin/builder/spi-builder-workspace/.derivedData/Build/Products/Debug-xros/include -Xcc -I/Users/admin/builder/spi-builder-workspace/.derivedData/Build/Intermediates.noindex/Inspect.build/Debug-xros/Inspect-t.build/DerivedSources-normal/arm64 -Xcc -I/Users/admin/builder/spi-builder-workspace/.derivedData/Build/Intermediates.noindex/Inspect.build/Debug-xros/Inspect-t.build/DerivedSources/arm64 -Xcc -I/Users/admin/builder/spi-builder-workspace/.derivedData/Build/Intermediates.noindex/Inspect.build/Debug-xros/Inspect-t.build/DerivedSources -Xcc -DSWIFT_PACKAGE -Xcc -DDEBUG\=1 -no-auto-bridging-header-chaining -module-name Inspect -const-gather-protocols-file /Users/admin/builder/spi-builder-workspace/.derivedData/Build/Intermediates.noindex/Inspect.build/Debug-xros/Inspect-t.build/Objects-normal/arm64/Inspect_const_extract_protocols.json -disable-clang-spi -clang-target arm64-apple-xros27.0 -target-sdk-version 27.0 -target-sdk-name xros27.0 -in-process-plugin-server-path /Applications/Xcode-27.0.0-Release.Candidate.app/Contents/Developer/Toolchains/XcodeDefault.xctoolchain/usr/lib/swift/host/libSwiftInProcPluginServer.dylib -parse-as-library -o /Users/admin/builder/spi-builder-workspace/.derivedData/Build/Intermediates.noindex/Inspect.build/Debug-xros/Inspect-t.build/Objects-normal/arm64/InspectionUIView.o -debug-module-path /Users/admin/builder/spi-builder-workspace/.derivedData/Build/Intermediates.noindex/Inspect.build/Debug-xros/Inspect-t.build/Objects-normal/arm64/Inspect.swiftmodule -index-unit-output-path /Inspect.build/Debug-xros/Inspect-t.build/Objects-normal/arm64/InspectionUIView.o -index-store-path /Users/admin/builder/spi-builder-workspace/.derivedData/Index.noindex/DataStore -index-system-modules
SwiftEmitModule normal arm64 Emitting\ module\ for\ Inspect (in target 'Inspect' from project 'Inspect')
SwiftCompile normal arm64 (in target 'Inspect' from project 'Inspect')
cd /Users/admin/builder/spi-builder-workspace/.swiftpm/xcode
SwiftCompile normal arm64 Compiling\ UIKit+View+Inspect.swift /Users/admin/builder/spi-builder-workspace/Sources/Inspect/UIKit/UIKit+View+Inspect.swift (in target 'Inspect' from project 'Inspect')
/Users/admin/builder/spi-builder-workspace/Sources/Inspect/UIKit/UIKit+View+Inspect.swift:56:9: warning: call to main actor-isolated instance method '_inspect(options:additionalCheck:customize:)' in a synchronous nonisolated context [#ActorIsolatedCall]
31 | }
32 |
33 | func _inspect<T: UIView>(
| `- note: calls to instance method '_inspect(options:additionalCheck:customize:)' from outside of its actor context are implicitly asynchronous
34 | options: [InspectionOption] = [],
35 | additionalCheck: ((T) -> Bool)? = nil,
:
54 | /// Finds a `UITextField` from a `TextField`.
55 | func inspect(customize: @escaping (UITextField) -> Void) -> some View {
56 | _inspect(customize: customize)
| `- warning: call to main actor-isolated instance method '_inspect(options:additionalCheck:customize:)' in a synchronous nonisolated context [#ActorIsolatedCall]
57 | }
58 | }
/Users/admin/builder/spi-builder-workspace/Sources/Inspect/UIKit/UIKit+View+Inspect.swift:65:9: warning: call to main actor-isolated instance method '_inspect(options:additionalCheck:customize:)' in a synchronous nonisolated context [#ActorIsolatedCall]
31 | }
32 |
33 | func _inspect<T: UIView>(
| `- note: calls to instance method '_inspect(options:additionalCheck:customize:)' from outside of its actor context are implicitly asynchronous
34 | options: [InspectionOption] = [],
35 | additionalCheck: ((T) -> Bool)? = nil,
:
63 | /// Finds a `UITextView` from a `TextEditor`.
64 | func inspect(customize: @escaping (UITextView) -> Void) -> some View {
65 | _inspect(customize: customize)
| `- warning: call to main actor-isolated instance method '_inspect(options:additionalCheck:customize:)' in a synchronous nonisolated context [#ActorIsolatedCall]
66 | }
67 | }
/Users/admin/builder/spi-builder-workspace/Sources/Inspect/UIKit/UIKit+View+Inspect.swift:72:9: warning: call to main actor-isolated instance method '_inspect(options:additionalCheck:customize:)' in a synchronous nonisolated context [#ActorIsolatedCall]
31 | }
32 |
33 | func _inspect<T: UIView>(
| `- note: calls to instance method '_inspect(options:additionalCheck:customize:)' from outside of its actor context are implicitly asynchronous
34 | options: [InspectionOption] = [],
35 | additionalCheck: ((T) -> Bool)? = nil,
:
70 | /// Finds a `UIScrollView` from a `ScrollView`.
71 | func inspect(customize: @escaping (UIScrollView) -> Void) -> some View {
72 | _inspect(customize: customize)
| `- warning: call to main actor-isolated instance method '_inspect(options:additionalCheck:customize:)' in a synchronous nonisolated context [#ActorIsolatedCall]
73 | }
74 | }
/Users/admin/builder/spi-builder-workspace/Sources/Inspect/UIKit/UIKit+View+Inspect.swift:87:9: warning: call to main actor-isolated instance method '_inspectListOrForm(customize:)' in a synchronous nonisolated context [#ActorIsolatedCall]
4 |
5 | extension View {
6 | func _inspectListOrForm(customize: @escaping (ListInspectionNativeView) -> Void) -> some View {
| `- note: calls to instance method '_inspectListOrForm(customize:)' from outside of its actor context are implicitly asynchronous
7 | _inspect(
8 | additionalCheck: { $0 is UITableView || $0 is UICollectionView },
:
85 | /// Finds a `ListInspectionNativeView` from a `List`.
86 | func inspect(customize: @escaping (ListInspectionNativeView) -> Void) -> some View {
87 | _inspectListOrForm(customize: customize)
| `- warning: call to main actor-isolated instance method '_inspectListOrForm(customize:)' in a synchronous nonisolated context [#ActorIsolatedCall]
88 | }
89 | }
/Users/admin/builder/spi-builder-workspace/Sources/Inspect/UIKit/UIKit+View+Inspect.swift:94:9: warning: call to main actor-isolated instance method '_inspectListOrForm(customize:)' in a synchronous nonisolated context [#ActorIsolatedCall]
4 |
5 | extension View {
6 | func _inspectListOrForm(customize: @escaping (ListInspectionNativeView) -> Void) -> some View {
| `- note: calls to instance method '_inspectListOrForm(customize:)' from outside of its actor context are implicitly asynchronous
7 | _inspect(
8 | additionalCheck: { $0 is UITableView || $0 is UICollectionView },
:
92 | /// Finds a `ListInspectionNativeView` from a `Form`.
93 | func inspect(customize: @escaping (ListInspectionNativeView) -> Void) -> some View {
94 | _inspectListOrForm(customize: customize)
| `- warning: call to main actor-isolated instance method '_inspectListOrForm(customize:)' in a synchronous nonisolated context [#ActorIsolatedCall]
95 | }
96 | }
/Users/admin/builder/spi-builder-workspace/Sources/Inspect/UIKit/UIKit+View+Inspect.swift:117:9: warning: call to main actor-isolated instance method '_inspect(options:additionalCheck:customize:)' in a synchronous nonisolated context [#ActorIsolatedCall]
31 | }
32 |
33 | func _inspect<T: UIView>(
| `- note: calls to instance method '_inspect(options:additionalCheck:customize:)' from outside of its actor context are implicitly asynchronous
34 | options: [InspectionOption] = [],
35 | additionalCheck: ((T) -> Bool)? = nil,
:
115 | /// Finds a `UISwitch` from a `Toggle`.
116 | func inspect(customize: @escaping (UISwitch) -> Void) -> some View {
117 | _inspect(options: [.subFrame], customize: customize)
| `- warning: call to main actor-isolated instance method '_inspect(options:additionalCheck:customize:)' in a synchronous nonisolated context [#ActorIsolatedCall]
118 | }
119 | }
/Users/admin/builder/spi-builder-workspace/Sources/Inspect/UIKit/UIKit+View+Inspect.swift:125:9: warning: call to main actor-isolated instance method '_inspect(options:additionalCheck:customize:)' in a synchronous nonisolated context [#ActorIsolatedCall]
31 | }
32 |
33 | func _inspect<T: UIView>(
| `- note: calls to instance method '_inspect(options:additionalCheck:customize:)' from outside of its actor context are implicitly asynchronous
34 | options: [InspectionOption] = [],
35 | additionalCheck: ((T) -> Bool)? = nil,
:
123 | /// Finds a `UISlider` from a `Slider`.
124 | func inspect(customize: @escaping (UISlider) -> Void) -> some View {
125 | _inspect(options: [.subFrame], customize: customize)
| `- warning: call to main actor-isolated instance method '_inspect(options:additionalCheck:customize:)' in a synchronous nonisolated context [#ActorIsolatedCall]
126 | }
127 | }
/Users/admin/builder/spi-builder-workspace/Sources/Inspect/UIKit/UIKit+View+Inspect.swift:133:9: warning: call to main actor-isolated instance method '_inspect(options:additionalCheck:customize:)' in a synchronous nonisolated context [#ActorIsolatedCall]
31 | }
32 |
33 | func _inspect<T: UIView>(
| `- note: calls to instance method '_inspect(options:additionalCheck:customize:)' from outside of its actor context are implicitly asynchronous
34 | options: [InspectionOption] = [],
35 | additionalCheck: ((T) -> Bool)? = nil,
:
131 | /// Finds a `UIStepper` from a `Stepper`.
132 | func inspect(customize: @escaping (UIStepper) -> Void) -> some View {
133 | _inspect(options: [.subFrame], customize: customize)
| `- warning: call to main actor-isolated instance method '_inspect(options:additionalCheck:customize:)' in a synchronous nonisolated context [#ActorIsolatedCall]
134 | }
135 | }
/Users/admin/builder/spi-builder-workspace/Sources/Inspect/UIKit/UIKit+View+Inspect.swift:141:9: warning: call to main actor-isolated instance method '_inspect(options:additionalCheck:customize:)' in a synchronous nonisolated context [#ActorIsolatedCall]
31 | }
32 |
33 | func _inspect<T: UIView>(
| `- note: calls to instance method '_inspect(options:additionalCheck:customize:)' from outside of its actor context are implicitly asynchronous
34 | options: [InspectionOption] = [],
35 | additionalCheck: ((T) -> Bool)? = nil,
:
139 | /// Finds a `UIDatePicker` from a `DatePicker`.
140 | func inspect(customize: @escaping (UIDatePicker) -> Void) -> some View {
141 | _inspect(options: [.subFrame], customize: customize)
| `- warning: call to main actor-isolated instance method '_inspect(options:additionalCheck:customize:)' in a synchronous nonisolated context [#ActorIsolatedCall]
142 | }
143 | }
/Users/admin/builder/spi-builder-workspace/Sources/Inspect/UIKit/UIKit+View+Inspect.swift:148:9: warning: call to main actor-isolated instance method '_inspect(options:additionalCheck:customize:)' in a synchronous nonisolated context [#ActorIsolatedCall]
31 | }
32 |
33 | func _inspect<T: UIView>(
| `- note: calls to instance method '_inspect(options:additionalCheck:customize:)' from outside of its actor context are implicitly asynchronous
34 | options: [InspectionOption] = [],
35 | additionalCheck: ((T) -> Bool)? = nil,
:
146 | /// Finds a `UISegmentedControl` from a `Picker`.
147 | func inspectSegmentedControl(customize: @escaping (UISegmentedControl) -> Void) -> some View {
148 | _inspect(customize: customize)
| `- warning: call to main actor-isolated instance method '_inspect(options:additionalCheck:customize:)' in a synchronous nonisolated context [#ActorIsolatedCall]
149 | }
150 | }
SwiftCompile normal arm64 /Users/admin/builder/spi-builder-workspace/Sources/Inspect/UIKit/UIKit+View+Inspect.swift (in target 'Inspect' from project 'Inspect')
cd /Users/admin/builder/spi-builder-workspace/.swiftpm/xcode
builtin-SwiftPerFileCompile UIKit+View+Inspect.swift
/Users/admin/builder/spi-builder-workspace/Sources/Inspect/UIKit/UIKit+View+Inspect.swift:157:9: warning: call to main actor-isolated instance method '_inspect(options:additionalCheck:customize:)' in a synchronous nonisolated context [#ActorIsolatedCall]
31 | }
32 |
33 | func _inspect<T: UIView>(
| `- note: calls to instance method '_inspect(options:additionalCheck:customize:)' from outside of its actor context are implicitly asynchronous
34 | options: [InspectionOption] = [],
35 | additionalCheck: ((T) -> Bool)? = nil,
:
155 | /// Finds a `UIColorWell` from a `ColorPicker`.
156 | func inspect(customize: @escaping (UIColorWell) -> Void) -> some View {
157 | _inspect(options: [.subFrame], customize: customize)
| `- warning: call to main actor-isolated instance method '_inspect(options:additionalCheck:customize:)' in a synchronous nonisolated context [#ActorIsolatedCall]
158 | }
159 | }
/Users/admin/builder/spi-builder-workspace/Sources/Inspect/UIKit/UIKit+View+Inspect.swift:164:9: warning: call to main actor-isolated instance method '_inspect(options:additionalCheck:customize:)' in a synchronous nonisolated context [#ActorIsolatedCall]
31 | }
32 |
33 | func _inspect<T: UIView>(
| `- note: calls to instance method '_inspect(options:additionalCheck:customize:)' from outside of its actor context are implicitly asynchronous
34 | options: [InspectionOption] = [],
35 | additionalCheck: ((T) -> Bool)? = nil,
:
162 | /// Finds a `UINavigationController` from a `NavigationView`.
163 | func inspect(customize: @escaping (UINavigationController) -> Void) -> some View {
164 | _inspect(
| `- warning: call to main actor-isolated instance method '_inspect(options:additionalCheck:customize:)' in a synchronous nonisolated context [#ActorIsolatedCall]
165 | options: [.containingSafeArea],
166 | additionalCheck: { $0.findControllerInResponderChain(ofType: UINavigationController.self) != nil }
/Users/admin/builder/spi-builder-workspace/Sources/Inspect/UIKit/UIKit+View+Inspect.swift:176:9: warning: call to main actor-isolated instance method '_inspect(options:additionalCheck:customize:)' in a synchronous nonisolated context [#ActorIsolatedCall]
31 | }
32 |
33 | func _inspect<T: UIView>(
| `- note: calls to instance method '_inspect(options:additionalCheck:customize:)' from outside of its actor context are implicitly asynchronous
34 | options: [InspectionOption] = [],
35 | additionalCheck: ((T) -> Bool)? = nil,
:
174 | /// Finds a `UISplitViewController` from a `NavigationView`.
175 | func inspectSplitViewController(customize: @escaping (UISplitViewController) -> Void) -> some View {
176 | _inspect(
| `- warning: call to main actor-isolated instance method '_inspect(options:additionalCheck:customize:)' in a synchronous nonisolated context [#ActorIsolatedCall]
177 | options: [.containingSafeArea],
178 | additionalCheck: { $0.findControllerInResponderChain(ofType: UISplitViewController.self) != nil }
/Users/admin/builder/spi-builder-workspace/Sources/Inspect/UIKit/UIKit+View+Inspect.swift:188:9: warning: call to main actor-isolated instance method '_inspect(options:additionalCheck:customize:)' in a synchronous nonisolated context [#ActorIsolatedCall]
31 | }
32 |
33 | func _inspect<T: UIView>(
| `- note: calls to instance method '_inspect(options:additionalCheck:customize:)' from outside of its actor context are implicitly asynchronous
34 | options: [InspectionOption] = [],
35 | additionalCheck: ((T) -> Bool)? = nil,
:
186 | /// Finds a `UINavigationBar` from a `NavigationView`.
187 | func inspectNavigationBar(customize: @escaping (UINavigationBar) -> Void) -> some View {
188 | _inspect(options: [.subFrame], customize: customize)
| `- warning: call to main actor-isolated instance method '_inspect(options:additionalCheck:customize:)' in a synchronous nonisolated context [#ActorIsolatedCall]
189 | }
190 | }
/Users/admin/builder/spi-builder-workspace/Sources/Inspect/UIKit/UIKit+View+Inspect.swift:196:9: warning: call to main actor-isolated instance method '_inspect(options:additionalCheck:customize:)' in a synchronous nonisolated context [#ActorIsolatedCall]
31 | }
32 |
33 | func _inspect<T: UIView>(
| `- note: calls to instance method '_inspect(options:additionalCheck:customize:)' from outside of its actor context are implicitly asynchronous
34 | options: [InspectionOption] = [],
35 | additionalCheck: ((T) -> Bool)? = nil,
:
194 | /// Finds a `UINavigationController` from a `NavigationStack`.
195 | func inspect(customize: @escaping (UINavigationController) -> Void) -> some View {
196 | _inspect(
| `- warning: call to main actor-isolated instance method '_inspect(options:additionalCheck:customize:)' in a synchronous nonisolated context [#ActorIsolatedCall]
197 | options: [.containingSafeArea],
198 | additionalCheck: { $0.findControllerInResponderChain(ofType: UINavigationController.self) != nil }
/Users/admin/builder/spi-builder-workspace/Sources/Inspect/UIKit/UIKit+View+Inspect.swift:208:9: warning: call to main actor-isolated instance method '_inspect(options:additionalCheck:customize:)' in a synchronous nonisolated context [#ActorIsolatedCall]
31 | }
32 |
33 | func _inspect<T: UIView>(
| `- note: calls to instance method '_inspect(options:additionalCheck:customize:)' from outside of its actor context are implicitly asynchronous
34 | options: [InspectionOption] = [],
35 | additionalCheck: ((T) -> Bool)? = nil,
:
206 | /// Finds a `UISplitViewController` from a `NavigationStack`.
207 | func inspectSplitViewController(customize: @escaping (UISplitViewController) -> Void) -> some View {
208 | _inspect(
| `- warning: call to main actor-isolated instance method '_inspect(options:additionalCheck:customize:)' in a synchronous nonisolated context [#ActorIsolatedCall]
209 | options: [.containingSafeArea],
210 | additionalCheck: { $0.findControllerInResponderChain(ofType: UISplitViewController.self) != nil }
/Users/admin/builder/spi-builder-workspace/Sources/Inspect/UIKit/UIKit+View+Inspect.swift:220:9: warning: call to main actor-isolated instance method '_inspect(options:additionalCheck:customize:)' in a synchronous nonisolated context [#ActorIsolatedCall]
31 | }
32 |
33 | func _inspect<T: UIView>(
| `- note: calls to instance method '_inspect(options:additionalCheck:customize:)' from outside of its actor context are implicitly asynchronous
34 | options: [InspectionOption] = [],
35 | additionalCheck: ((T) -> Bool)? = nil,
:
218 | /// Finds a `UINavigationBar` from a `NavigationStack`.
219 | func inspectNavigationBar(customize: @escaping (UINavigationBar) -> Void) -> some View {
220 | _inspect(options: [.subFrame], customize: customize)
| `- warning: call to main actor-isolated instance method '_inspect(options:additionalCheck:customize:)' in a synchronous nonisolated context [#ActorIsolatedCall]
221 | }
222 | }
/Users/admin/builder/spi-builder-workspace/Sources/Inspect/UIKit/UIKit+View+Inspect.swift:227:9: warning: call to main actor-isolated instance method '_inspect(options:additionalCheck:customize:)' in a synchronous nonisolated context [#ActorIsolatedCall]
31 | }
32 |
33 | func _inspect<T: UIView>(
| `- note: calls to instance method '_inspect(options:additionalCheck:customize:)' from outside of its actor context are implicitly asynchronous
34 | options: [InspectionOption] = [],
35 | additionalCheck: ((T) -> Bool)? = nil,
:
225 | /// Finds a `UITabBarController` from a `TabView`.
226 | func inspect(customize: @escaping (UITabBarController) -> Void) -> some View {
227 | _inspect(
| `- warning: call to main actor-isolated instance method '_inspect(options:additionalCheck:customize:)' in a synchronous nonisolated context [#ActorIsolatedCall]
228 | options: [.containingSafeArea],
229 | additionalCheck: { $0.findControllerInResponderChain(ofType: UITabBarController.self) != nil }
PruneExplicitPrecompiledModules /Users/admin/builder/spi-builder-workspace/.derivedData/SDKExplicitPrecompiledModules
PruneExplicitPrecompiledModules /Users/admin/builder/spi-builder-workspace/.derivedData/Build/Intermediates.noindex/ExplicitPrecompiledModules
PruneExplicitPrecompiledModules /Users/admin/builder/spi-builder-workspace/.derivedData/Build/Intermediates.noindex/SwiftExplicitPrecompiledModules
2026-09-19 18:12:23.136 xcodebuild[772:4763] [MT] IDERunDestination: Supported platforms for the buildables in the current scheme is empty.
** BUILD FAILED **
The following build commands failed:
SwiftCompile normal arm64 /Users/admin/builder/spi-builder-workspace/Sources/Inspect/UIKit/InspectionUIView.swift (in target 'Inspect' from project 'Inspect')
SwiftCompile normal arm64 Compiling\ InspectionUIView.swift /Users/admin/builder/spi-builder-workspace/Sources/Inspect/UIKit/InspectionUIView.swift (in target 'Inspect' from project 'Inspect')
Building workspace Inspect with scheme Inspect
(3 failures)
BUILD FAILURE 6.4 visionOS