The Swift Package Index logo.Swift Package Index

Build Information

Failed to build OpenJevSwift, reference 0.1.0 (e5787e), with Swift 6.4 for watchOS using Xcode 27.0 on 9 Oct 2026 18:55:15 UTC.

Build Command

env DEVELOPER_DIR=/Applications/Xcode-27.0.0-Release.Candidate.app xcrun xcodebuild -IDEClonedSourcePackagesDirPathOverride=$PWD/.dependencies -skipMacroValidation -skipPackagePluginValidation -derivedDataPath $PWD/.derivedData build -scheme OpenJevSwift-Package -destination generic/platform=watchOS

Build Log

    cd /Users/admin/builder/spi-builder-workspace/.dependencies/checkouts/swift-argument-parser
    builtin-copy -exclude .DS_Store -exclude CVS -exclude .svn -exclude .git -exclude .hg -resolve-src-symlinks -rename /Users/admin/builder/spi-builder-workspace/.derivedData/Build/Intermediates.noindex/swift-argument-parser.build/Debug-watchos/ArgumentParserToolInfo-t.build/Objects-normal/arm64_32/ArgumentParserToolInfo.abi.json /Users/admin/builder/spi-builder-workspace/.derivedData/Build/Products/Debug-watchos/ArgumentParserToolInfo.swiftmodule/arm64_32-apple-watchos.abi.json
Copy /Users/admin/builder/spi-builder-workspace/.derivedData/Build/Products/Debug-watchos/ArgumentParserToolInfo.swiftmodule/Project/arm64_32-apple-watchos.swiftsourceinfo /Users/admin/builder/spi-builder-workspace/.derivedData/Build/Intermediates.noindex/swift-argument-parser.build/Debug-watchos/ArgumentParserToolInfo-t.build/Objects-normal/arm64_32/ArgumentParserToolInfo.swiftsourceinfo (in target 'ArgumentParserToolInfo' from project 'swift-argument-parser')
    cd /Users/admin/builder/spi-builder-workspace/.dependencies/checkouts/swift-argument-parser
    builtin-copy -exclude .DS_Store -exclude CVS -exclude .svn -exclude .git -exclude .hg -resolve-src-symlinks -rename /Users/admin/builder/spi-builder-workspace/.derivedData/Build/Intermediates.noindex/swift-argument-parser.build/Debug-watchos/ArgumentParserToolInfo-t.build/Objects-normal/arm64_32/ArgumentParserToolInfo.swiftsourceinfo /Users/admin/builder/spi-builder-workspace/.derivedData/Build/Products/Debug-watchos/ArgumentParserToolInfo.swiftmodule/Project/arm64_32-apple-watchos.swiftsourceinfo
CompileC /Users/admin/builder/spi-builder-workspace/.derivedData/Build/Intermediates.noindex/mlx-swift.build/Debug-watchos/Cmlx-t.build/Objects-normal/arm64_32/utils-cece7f7ad05e390b4c43c3ff21479e10.o /Users/admin/builder/spi-builder-workspace/.dependencies/checkouts/mlx-swift/Source/Cmlx/mlx/mlx/backend/metal/utils.cpp normal arm64_32 c++ com.apple.compilers.llvm.clang.1_0.compiler (in target 'Cmlx' from project 'mlx-swift')
    cd /Users/admin/builder/spi-builder-workspace/.swiftpm/xcode

    Using response file: /Users/admin/builder/spi-builder-workspace/.derivedData/Build/Intermediates.noindex/mlx-swift.build/Debug-watchos/Cmlx-t.build/Objects-normal/arm64_32/82b82416624d2658e5098eb0a28c15c5-common-args.resp

    /Applications/Xcode-27.0.0.app/Contents/Developer/Toolchains/XcodeDefault.xctoolchain/usr/bin/clang -x c++ -ivfsstatcache /Users/admin/builder/spi-builder-workspace/.derivedData/SDKStatCaches.noindex/watchos27.0-24R360-e829b21a6f8c9b70876ba0858053c044b9db9bc9c079ee3c7b5f3373b13d10bc.sdkstatcache -target arm64_32-apple-watchos10.0 -fmessage-length\=0 -fdiagnostics-show-note-include-stack -fmacro-backtrace-limit\=0 -fno-color-diagnostics -fmodules-prune-interval\=86400 -fmodules-prune-after\=345600 -fbuild-session-file\=/Users/admin/builder/spi-builder-workspace/.derivedData/ModuleCache.noindex/Session.modulevalidation -fmodules-validate-once-per-build-session -Wnon-modular-include-in-framework-module -Werror\=non-modular-include-in-framework-module -Wno-trigraphs -Wno-missing-field-initializers -Wno-missing-prototypes -Wno-return-type -Wno-non-virtual-dtor -Wno-overloaded-virtual -Wno-exit-time-destructors -Wno-missing-braces -Wparentheses -Wswitch -Wno-unused-function -Wno-unused-label -Wno-unused-parameter -Wno-unused-variable -Wunused-value -Wno-empty-body -Wno-uninitialized -Wno-unknown-pragmas -w -Wno-shadow -Wno-four-char-constants -Wno-conversion -Wno-constant-conversion -Wno-int-conversion -Wno-bool-conversion -Wno-enum-conversion -Wno-float-conversion -Wno-non-literal-null-conversion -Wno-objc-literal-conversion -Wno-shorten-64-to-32 -Wno-newline-eof -Wno-c++11-extensions -Wno-implicit-fallthrough -isysroot /Applications/Xcode-27.0.0.app/Contents/Developer/Platforms/WatchOS.platform/Developer/SDKs/WatchOS27.0.sdk -fstrict-aliasing -Wdeprecated-declarations -Winvalid-offsetof -Wno-sign-conversion -Wno-infinite-recursion -Wno-move -Wno-comma -Wno-block-capture-autoreleasing -Wno-strict-prototypes -Wno-range-loop-analysis -Wno-semicolon-before-method-body -index-store-path /Users/admin/builder/spi-builder-workspace/.derivedData/Index.noindex/DataStore @/Users/admin/builder/spi-builder-workspace/.derivedData/Build/Intermediates.noindex/mlx-swift.build/Debug-watchos/Cmlx-t.build/Objects-normal/arm64_32/82b82416624d2658e5098eb0a28c15c5-common-args.resp -MMD -MT dependencies -MF /Users/admin/builder/spi-builder-workspace/.derivedData/Build/Intermediates.noindex/mlx-swift.build/Debug-watchos/Cmlx-t.build/Objects-normal/arm64_32/utils-cece7f7ad05e390b4c43c3ff21479e10.d --serialize-diagnostics /Users/admin/builder/spi-builder-workspace/.derivedData/Build/Intermediates.noindex/mlx-swift.build/Debug-watchos/Cmlx-t.build/Objects-normal/arm64_32/utils-cece7f7ad05e390b4c43c3ff21479e10.dia -c /Users/admin/builder/spi-builder-workspace/.dependencies/checkouts/mlx-swift/Source/Cmlx/mlx/mlx/backend/metal/utils.cpp -o /Users/admin/builder/spi-builder-workspace/.derivedData/Build/Intermediates.noindex/mlx-swift.build/Debug-watchos/Cmlx-t.build/Objects-normal/arm64_32/utils-cece7f7ad05e390b4c43c3ff21479e10.o -index-unit-output-path /mlx-swift.build/Debug-watchos/Cmlx-t.build/Objects-normal/arm64_32/utils-cece7f7ad05e390b4c43c3ff21479e10.o
In file included from /Users/admin/builder/spi-builder-workspace/.dependencies/checkouts/mlx-swift/Source/Cmlx/mlx/mlx/backend/metal/utils.cpp:3:
In file included from /Users/admin/builder/spi-builder-workspace/.dependencies/checkouts/mlx-swift/Source/Cmlx/mlx/mlx/backend/metal/utils.h:8:
In file included from /Users/admin/builder/spi-builder-workspace/.dependencies/checkouts/mlx-swift/Source/Cmlx/mlx/mlx/backend/metal/device.h:5:
In file included from /Users/admin/builder/spi-builder-workspace/.dependencies/checkouts/mlx-swift/Source/Cmlx/metal-cpp/Metal/Metal.hpp:25:
In file included from /Users/admin/builder/spi-builder-workspace/.dependencies/checkouts/mlx-swift/Source/Cmlx/metal-cpp/Metal/MTLAccelerationStructure.hpp:24:
In file included from /Users/admin/builder/spi-builder-workspace/.dependencies/checkouts/mlx-swift/Source/Cmlx/metal-cpp/Metal/MTLAccelerationStructureTypes.hpp:28:
In file included from /Users/admin/builder/spi-builder-workspace/.dependencies/checkouts/mlx-swift/Source/Cmlx/metal-cpp/Metal/MTLStageInputOutputDescriptor.hpp:24:
In file included from /Users/admin/builder/spi-builder-workspace/.dependencies/checkouts/mlx-swift/Source/Cmlx/metal-cpp/Metal/MTLArgument.hpp:29:
/Users/admin/builder/spi-builder-workspace/.dependencies/checkouts/mlx-swift/Source/Cmlx/metal-cpp/Metal/MTLTexture.hpp:30:10: fatal error: 'IOSurface/IOSurfaceRef.h' file not found
   30 | #include <IOSurface/IOSurfaceRef.h>
      |          ^~~~~~~~~~~~~~~~~~~~~~~~~~
1 error generated.
CompileC /Users/admin/builder/spi-builder-workspace/.derivedData/Build/Intermediates.noindex/mlx-swift.build/Debug-watchos/Cmlx-t.build/Objects-normal/arm64_32/utils-4a743ba1f6b5715879c21c204e9807ed.o /Users/admin/builder/spi-builder-workspace/.dependencies/checkouts/mlx-swift/Source/Cmlx/mlx/mlx/utils.cpp normal arm64_32 c++ com.apple.compilers.llvm.clang.1_0.compiler (in target 'Cmlx' from project 'mlx-swift')
    cd /Users/admin/builder/spi-builder-workspace/.swiftpm/xcode

    Using response file: /Users/admin/builder/spi-builder-workspace/.derivedData/Build/Intermediates.noindex/mlx-swift.build/Debug-watchos/Cmlx-t.build/Objects-normal/arm64_32/82b82416624d2658e5098eb0a28c15c5-common-args.resp

    /Applications/Xcode-27.0.0.app/Contents/Developer/Toolchains/XcodeDefault.xctoolchain/usr/bin/clang -x c++ -ivfsstatcache /Users/admin/builder/spi-builder-workspace/.derivedData/SDKStatCaches.noindex/watchos27.0-24R360-e829b21a6f8c9b70876ba0858053c044b9db9bc9c079ee3c7b5f3373b13d10bc.sdkstatcache -target arm64_32-apple-watchos10.0 -fmessage-length\=0 -fdiagnostics-show-note-include-stack -fmacro-backtrace-limit\=0 -fno-color-diagnostics -fmodules-prune-interval\=86400 -fmodules-prune-after\=345600 -fbuild-session-file\=/Users/admin/builder/spi-builder-workspace/.derivedData/ModuleCache.noindex/Session.modulevalidation -fmodules-validate-once-per-build-session -Wnon-modular-include-in-framework-module -Werror\=non-modular-include-in-framework-module -Wno-trigraphs -Wno-missing-field-initializers -Wno-missing-prototypes -Wno-return-type -Wno-non-virtual-dtor -Wno-overloaded-virtual -Wno-exit-time-destructors -Wno-missing-braces -Wparentheses -Wswitch -Wno-unused-function -Wno-unused-label -Wno-unused-parameter -Wno-unused-variable -Wunused-value -Wno-empty-body -Wno-uninitialized -Wno-unknown-pragmas -w -Wno-shadow -Wno-four-char-constants -Wno-conversion -Wno-constant-conversion -Wno-int-conversion -Wno-bool-conversion -Wno-enum-conversion -Wno-float-conversion -Wno-non-literal-null-conversion -Wno-objc-literal-conversion -Wno-shorten-64-to-32 -Wno-newline-eof -Wno-c++11-extensions -Wno-implicit-fallthrough -isysroot /Applications/Xcode-27.0.0.app/Contents/Developer/Platforms/WatchOS.platform/Developer/SDKs/WatchOS27.0.sdk -fstrict-aliasing -Wdeprecated-declarations -Winvalid-offsetof -Wno-sign-conversion -Wno-infinite-recursion -Wno-move -Wno-comma -Wno-block-capture-autoreleasing -Wno-strict-prototypes -Wno-range-loop-analysis -Wno-semicolon-before-method-body -index-store-path /Users/admin/builder/spi-builder-workspace/.derivedData/Index.noindex/DataStore @/Users/admin/builder/spi-builder-workspace/.derivedData/Build/Intermediates.noindex/mlx-swift.build/Debug-watchos/Cmlx-t.build/Objects-normal/arm64_32/82b82416624d2658e5098eb0a28c15c5-common-args.resp -MMD -MT dependencies -MF /Users/admin/builder/spi-builder-workspace/.derivedData/Build/Intermediates.noindex/mlx-swift.build/Debug-watchos/Cmlx-t.build/Objects-normal/arm64_32/utils-4a743ba1f6b5715879c21c204e9807ed.d --serialize-diagnostics /Users/admin/builder/spi-builder-workspace/.derivedData/Build/Intermediates.noindex/mlx-swift.build/Debug-watchos/Cmlx-t.build/Objects-normal/arm64_32/utils-4a743ba1f6b5715879c21c204e9807ed.dia -c /Users/admin/builder/spi-builder-workspace/.dependencies/checkouts/mlx-swift/Source/Cmlx/mlx/mlx/utils.cpp -o /Users/admin/builder/spi-builder-workspace/.derivedData/Build/Intermediates.noindex/mlx-swift.build/Debug-watchos/Cmlx-t.build/Objects-normal/arm64_32/utils-4a743ba1f6b5715879c21c204e9807ed.o -index-unit-output-path /mlx-swift.build/Debug-watchos/Cmlx-t.build/Objects-normal/arm64_32/utils-4a743ba1f6b5715879c21c204e9807ed.o
SwiftDriverJobDiscovery normal arm64 Emitting module for ConcurrencyHelpers (in target 'ConcurrencyHelpers' from project 'swift-service-lifecycle')
SwiftDriver\ Compilation\ Requirements ConcurrencyHelpers normal arm64 com.apple.xcode.tools.swift.compiler (in target 'ConcurrencyHelpers' from project 'swift-service-lifecycle')
    cd /Users/admin/builder/spi-builder-workspace/.swiftpm/xcode
    builtin-Swift-Compilation-Requirements -- /Applications/Xcode-27.0.0.app/Contents/Developer/Toolchains/XcodeDefault.xctoolchain/usr/bin/swiftc -parse-as-library -module-name ConcurrencyHelpers -Onone @/Users/admin/builder/spi-builder-workspace/.derivedData/Build/Intermediates.noindex/swift-service-lifecycle.build/Debug-watchos/ConcurrencyHelpers-t.build/Objects-normal/arm64/ConcurrencyHelpers.SwiftFileList -DSWIFT_PACKAGE -DDEBUG -DSWIFT_MODULE_RESOURCE_BUNDLE_UNAVAILABLE -DXcode -plugin-path /Applications/Xcode-27.0.0.app/Contents/Developer/Toolchains/XcodeDefault.xctoolchain/usr/lib/swift/host/plugins/testing -enable-experimental-feature DebugDescriptionMacro -sdk /Applications/Xcode-27.0.0.app/Contents/Developer/Platforms/WatchOS.platform/Developer/SDKs/WatchOS27.0.sdk -target arm64-apple-watchos9.0 -g -module-cache-path /Users/admin/builder/spi-builder-workspace/.derivedData/ModuleCache.noindex -Xfrontend -serialize-debugging-options -profile-coverage-mapping -profile-generate -enable-testing -suppress-warnings -index-store-path /Users/admin/builder/spi-builder-workspace/.derivedData/Index.noindex/DataStore -Xcc -D_LIBCPP_HARDENING_MODE\=_LIBCPP_HARDENING_MODE_DEBUG -swift-version 6 -I /Users/admin/builder/spi-builder-workspace/.derivedData/Build/Products/Debug-watchos -Isystem /Applications/Xcode-27.0.0.app/Contents/Developer/Platforms/WatchOS.platform/Developer/usr/lib -F /Users/admin/builder/spi-builder-workspace/.derivedData/Build/Products/Debug-watchos -F /Applications/Xcode-27.0.0.app/Contents/Developer/Platforms/WatchOS.platform/Developer/Library/Frameworks -F /Applications/Xcode-27.0.0.app/Contents/Developer/Platforms/WatchOS.platform/Developer/SDKs/WatchOS27.0.sdk/Developer/Library/Frameworks -c -j10 -enable-batch-mode -incremental -Xcc -ivfsstatcache -Xcc /Users/admin/builder/spi-builder-workspace/.derivedData/SDKStatCaches.noindex/watchos27.0-24R360-e829b21a6f8c9b70876ba0858053c044b9db9bc9c079ee3c7b5f3373b13d10bc.sdkstatcache -output-file-map /Users/admin/builder/spi-builder-workspace/.derivedData/Build/Intermediates.noindex/swift-service-lifecycle.build/Debug-watchos/ConcurrencyHelpers-t.build/Objects-normal/arm64/ConcurrencyHelpers-OutputFileMap.json -save-temps -no-color-diagnostics -explicit-module-build -module-cache-path /Users/admin/builder/spi-builder-workspace/.derivedData/Build/Intermediates.noindex/SwiftExplicitPrecompiledModules -clang-scanner-module-cache-path /Users/admin/builder/spi-builder-workspace/.derivedData/ModuleCache.noindex -sdk-module-cache-path /Users/admin/builder/spi-builder-workspace/.derivedData/SDKExplicitPrecompiledModules -emit-dependencies -emit-module -emit-module-path /Users/admin/builder/spi-builder-workspace/.derivedData/Build/Intermediates.noindex/swift-service-lifecycle.build/Debug-watchos/ConcurrencyHelpers-t.build/Objects-normal/arm64/ConcurrencyHelpers.swiftmodule -serialize-diagnostics -dependency-scan-serialize-diagnostics-path /Users/admin/builder/spi-builder-workspace/.derivedData/Build/Intermediates.noindex/swift-service-lifecycle.build/Debug-watchos/ConcurrencyHelpers-t.build/Objects-normal/arm64/ConcurrencyHelpers-dependency-scan.dia -user-module-version 2.12.1 -validate-clang-modules-once -clang-build-session-file /Users/admin/builder/spi-builder-workspace/.derivedData/ModuleCache.noindex/Session.modulevalidation -Xcc -fmodules-prune-interval\=86400 -Xcc -fmodules-prune-after\=345600 -package-name swift_service_lifecycle -emit-const-values -const-gather-protocols-list /Users/admin/builder/spi-builder-workspace/.derivedData/Build/Intermediates.noindex/swift-service-lifecycle.build/Debug-watchos/ConcurrencyHelpers-t.build/Objects-normal/arm64/ConcurrencyHelpers_const_extract_protocols.json -Xcc -I/Users/admin/builder/spi-builder-workspace/.derivedData/Build/Products/Debug-watchos/include -Xcc -I/Users/admin/builder/spi-builder-workspace/.derivedData/Build/Intermediates.noindex/swift-service-lifecycle.build/Debug-watchos/ConcurrencyHelpers-t.build/DerivedSources-normal/arm64 -Xcc -I/Users/admin/builder/spi-builder-workspace/.derivedData/Build/Intermediates.noindex/swift-service-lifecycle.build/Debug-watchos/ConcurrencyHelpers-t.build/DerivedSources/arm64 -Xcc -I/Users/admin/builder/spi-builder-workspace/.derivedData/Build/Intermediates.noindex/swift-service-lifecycle.build/Debug-watchos/ConcurrencyHelpers-t.build/DerivedSources -Xcc -DSWIFT_PACKAGE -Xcc -DDEBUG\=1 -emit-objc-header -emit-objc-header-path /Users/admin/builder/spi-builder-workspace/.derivedData/Build/Intermediates.noindex/swift-service-lifecycle.build/Debug-watchos/ConcurrencyHelpers-t.build/Objects-normal/arm64/ConcurrencyHelpers-Swift.h -working-directory /Users/admin/builder/spi-builder-workspace/.swiftpm/xcode -experimental-emit-module-separately -disable-cmo
SwiftDriverJobDiscovery normal arm64_32 Emitting module for Crypto (in target 'Crypto' from project 'swift-crypto')
SwiftDriver\ Compilation\ Requirements Crypto normal arm64_32 com.apple.xcode.tools.swift.compiler (in target 'Crypto' from project 'swift-crypto')
    cd /Users/admin/builder/spi-builder-workspace/.swiftpm/xcode
    builtin-Swift-Compilation-Requirements -- /Applications/Xcode-27.0.0.app/Contents/Developer/Toolchains/XcodeDefault.xctoolchain/usr/bin/swiftc -parse-as-library -module-name Crypto -Onone @/Users/admin/builder/spi-builder-workspace/.derivedData/Build/Intermediates.noindex/swift-crypto.build/Debug-watchos/Crypto-t.build/Objects-normal/arm64_32/Crypto.SwiftFileList -DSWIFT_PACKAGE -DDEBUG -DSWIFT_MODULE_RESOURCE_BUNDLE_AVAILABLE -DCRYPTO_IN_SWIFTPM -DXcode -enable-upcoming-feature MemberImportVisibility -plugin-path /Applications/Xcode-27.0.0.app/Contents/Developer/Toolchains/XcodeDefault.xctoolchain/usr/lib/swift/host/plugins/testing -enable-experimental-feature DebugDescriptionMacro -sdk /Applications/Xcode-27.0.0.app/Contents/Developer/Platforms/WatchOS.platform/Developer/SDKs/WatchOS27.0.sdk -target arm64_32-apple-watchos9.0 -g -module-cache-path /Users/admin/builder/spi-builder-workspace/.derivedData/ModuleCache.noindex -Xfrontend -serialize-debugging-options -profile-coverage-mapping -profile-generate -enable-testing -suppress-warnings -index-store-path /Users/admin/builder/spi-builder-workspace/.derivedData/Index.noindex/DataStore -Xcc -D_LIBCPP_HARDENING_MODE\=_LIBCPP_HARDENING_MODE_DEBUG -swift-version 6 -I /Users/admin/builder/spi-builder-workspace/.derivedData/Build/Products/Debug-watchos -Isystem /Applications/Xcode-27.0.0.app/Contents/Developer/Platforms/WatchOS.platform/Developer/usr/lib -F /Users/admin/builder/spi-builder-workspace/.derivedData/Build/Products/Debug-watchos -F /Applications/Xcode-27.0.0.app/Contents/Developer/Platforms/WatchOS.platform/Developer/Library/Frameworks -F /Applications/Xcode-27.0.0.app/Contents/Developer/Platforms/WatchOS.platform/Developer/SDKs/WatchOS27.0.sdk/Developer/Library/Frameworks -c -j10 -enable-batch-mode -incremental -Xcc -ivfsstatcache -Xcc /Users/admin/builder/spi-builder-workspace/.derivedData/SDKStatCaches.noindex/watchos27.0-24R360-e829b21a6f8c9b70876ba0858053c044b9db9bc9c079ee3c7b5f3373b13d10bc.sdkstatcache -output-file-map /Users/admin/builder/spi-builder-workspace/.derivedData/Build/Intermediates.noindex/swift-crypto.build/Debug-watchos/Crypto-t.build/Objects-normal/arm64_32/Crypto-OutputFileMap.json -save-temps -no-color-diagnostics -explicit-module-build -module-cache-path /Users/admin/builder/spi-builder-workspace/.derivedData/Build/Intermediates.noindex/SwiftExplicitPrecompiledModules -clang-scanner-module-cache-path /Users/admin/builder/spi-builder-workspace/.derivedData/ModuleCache.noindex -sdk-module-cache-path /Users/admin/builder/spi-builder-workspace/.derivedData/SDKExplicitPrecompiledModules -emit-dependencies -emit-module -emit-module-path /Users/admin/builder/spi-builder-workspace/.derivedData/Build/Intermediates.noindex/swift-crypto.build/Debug-watchos/Crypto-t.build/Objects-normal/arm64_32/Crypto.swiftmodule -serialize-diagnostics -dependency-scan-serialize-diagnostics-path /Users/admin/builder/spi-builder-workspace/.derivedData/Build/Intermediates.noindex/swift-crypto.build/Debug-watchos/Crypto-t.build/Objects-normal/arm64_32/Crypto-dependency-scan.dia -user-module-version 4.5.2 -validate-clang-modules-once -clang-build-session-file /Users/admin/builder/spi-builder-workspace/.derivedData/ModuleCache.noindex/Session.modulevalidation -Xcc -fmodules-prune-interval\=86400 -Xcc -fmodules-prune-after\=345600 -package-name swift_crypto -emit-const-values -const-gather-protocols-list /Users/admin/builder/spi-builder-workspace/.derivedData/Build/Intermediates.noindex/swift-crypto.build/Debug-watchos/Crypto-t.build/Objects-normal/arm64_32/Crypto_const_extract_protocols.json -Xcc -I/Users/admin/builder/spi-builder-workspace/.derivedData/Build/Products/Debug-watchos/include -Xcc -I/Users/admin/builder/spi-builder-workspace/.derivedData/Build/Intermediates.noindex/swift-crypto.build/Debug-watchos/Crypto-t.build/DerivedSources-normal/arm64_32 -Xcc -I/Users/admin/builder/spi-builder-workspace/.derivedData/Build/Intermediates.noindex/swift-crypto.build/Debug-watchos/Crypto-t.build/DerivedSources/arm64_32 -Xcc -I/Users/admin/builder/spi-builder-workspace/.derivedData/Build/Intermediates.noindex/swift-crypto.build/Debug-watchos/Crypto-t.build/DerivedSources -Xcc -DSWIFT_PACKAGE -Xcc -DDEBUG\=1 -emit-objc-header -emit-objc-header-path /Users/admin/builder/spi-builder-workspace/.derivedData/Build/Intermediates.noindex/swift-crypto.build/Debug-watchos/Crypto-t.build/Objects-normal/arm64_32/Crypto-Swift.h -working-directory /Users/admin/builder/spi-builder-workspace/.swiftpm/xcode -experimental-emit-module-separately -disable-cmo
SwiftMergeGeneratedHeaders /Users/admin/builder/spi-builder-workspace/.derivedData/Build/Intermediates.noindex/GeneratedModuleMaps-watchos/ConcurrencyHelpers-Swift.h /Users/admin/builder/spi-builder-workspace/.derivedData/Build/Intermediates.noindex/swift-service-lifecycle.build/Debug-watchos/ConcurrencyHelpers-t.build/Objects-normal/arm64/ConcurrencyHelpers-Swift.h /Users/admin/builder/spi-builder-workspace/.derivedData/Build/Intermediates.noindex/swift-service-lifecycle.build/Debug-watchos/ConcurrencyHelpers-t.build/Objects-normal/arm64_32/ConcurrencyHelpers-Swift.h (in target 'ConcurrencyHelpers' from project 'swift-service-lifecycle')
    cd /Users/admin/builder/spi-builder-workspace/.dependencies/checkouts/swift-service-lifecycle
    builtin-swiftHeaderTool -arch arm64 /Users/admin/builder/spi-builder-workspace/.derivedData/Build/Intermediates.noindex/swift-service-lifecycle.build/Debug-watchos/ConcurrencyHelpers-t.build/Objects-normal/arm64/ConcurrencyHelpers-Swift.h -arch arm64_32 /Users/admin/builder/spi-builder-workspace/.derivedData/Build/Intermediates.noindex/swift-service-lifecycle.build/Debug-watchos/ConcurrencyHelpers-t.build/Objects-normal/arm64_32/ConcurrencyHelpers-Swift.h -o /Users/admin/builder/spi-builder-workspace/.derivedData/Build/Intermediates.noindex/GeneratedModuleMaps-watchos/ConcurrencyHelpers-Swift.h
Copy /Users/admin/builder/spi-builder-workspace/.derivedData/Build/Products/Debug-watchos/Crypto.swiftmodule/arm64_32-apple-watchos.swiftmodule /Users/admin/builder/spi-builder-workspace/.derivedData/Build/Intermediates.noindex/swift-crypto.build/Debug-watchos/Crypto-t.build/Objects-normal/arm64_32/Crypto.swiftmodule (in target 'Crypto' from project 'swift-crypto')
    cd /Users/admin/builder/spi-builder-workspace/.dependencies/checkouts/swift-crypto
    builtin-copy -exclude .DS_Store -exclude CVS -exclude .svn -exclude .git -exclude .hg -resolve-src-symlinks -rename /Users/admin/builder/spi-builder-workspace/.derivedData/Build/Intermediates.noindex/swift-crypto.build/Debug-watchos/Crypto-t.build/Objects-normal/arm64_32/Crypto.swiftmodule /Users/admin/builder/spi-builder-workspace/.derivedData/Build/Products/Debug-watchos/Crypto.swiftmodule/arm64_32-apple-watchos.swiftmodule
Copy /Users/admin/builder/spi-builder-workspace/.derivedData/Build/Products/Debug-watchos/Crypto.swiftmodule/arm64_32-apple-watchos.swiftdoc /Users/admin/builder/spi-builder-workspace/.derivedData/Build/Intermediates.noindex/swift-crypto.build/Debug-watchos/Crypto-t.build/Objects-normal/arm64_32/Crypto.swiftdoc (in target 'Crypto' from project 'swift-crypto')
    cd /Users/admin/builder/spi-builder-workspace/.dependencies/checkouts/swift-crypto
    builtin-copy -exclude .DS_Store -exclude CVS -exclude .svn -exclude .git -exclude .hg -resolve-src-symlinks -rename /Users/admin/builder/spi-builder-workspace/.derivedData/Build/Intermediates.noindex/swift-crypto.build/Debug-watchos/Crypto-t.build/Objects-normal/arm64_32/Crypto.swiftdoc /Users/admin/builder/spi-builder-workspace/.derivedData/Build/Products/Debug-watchos/Crypto.swiftmodule/arm64_32-apple-watchos.swiftdoc
Copy /Users/admin/builder/spi-builder-workspace/.derivedData/Build/Products/Debug-watchos/Crypto.swiftmodule/arm64_32-apple-watchos.abi.json /Users/admin/builder/spi-builder-workspace/.derivedData/Build/Intermediates.noindex/swift-crypto.build/Debug-watchos/Crypto-t.build/Objects-normal/arm64_32/Crypto.abi.json (in target 'Crypto' from project 'swift-crypto')
    cd /Users/admin/builder/spi-builder-workspace/.dependencies/checkouts/swift-crypto
    builtin-copy -exclude .DS_Store -exclude CVS -exclude .svn -exclude .git -exclude .hg -resolve-src-symlinks -rename /Users/admin/builder/spi-builder-workspace/.derivedData/Build/Intermediates.noindex/swift-crypto.build/Debug-watchos/Crypto-t.build/Objects-normal/arm64_32/Crypto.abi.json /Users/admin/builder/spi-builder-workspace/.derivedData/Build/Products/Debug-watchos/Crypto.swiftmodule/arm64_32-apple-watchos.abi.json
Copy /Users/admin/builder/spi-builder-workspace/.derivedData/Build/Products/Debug-watchos/Crypto.swiftmodule/Project/arm64_32-apple-watchos.swiftsourceinfo /Users/admin/builder/spi-builder-workspace/.derivedData/Build/Intermediates.noindex/swift-crypto.build/Debug-watchos/Crypto-t.build/Objects-normal/arm64_32/Crypto.swiftsourceinfo (in target 'Crypto' from project 'swift-crypto')
    cd /Users/admin/builder/spi-builder-workspace/.dependencies/checkouts/swift-crypto
    builtin-copy -exclude .DS_Store -exclude CVS -exclude .svn -exclude .git -exclude .hg -resolve-src-symlinks -rename /Users/admin/builder/spi-builder-workspace/.derivedData/Build/Intermediates.noindex/swift-crypto.build/Debug-watchos/Crypto-t.build/Objects-normal/arm64_32/Crypto.swiftsourceinfo /Users/admin/builder/spi-builder-workspace/.derivedData/Build/Products/Debug-watchos/Crypto.swiftmodule/Project/arm64_32-apple-watchos.swiftsourceinfo
Copy /Users/admin/builder/spi-builder-workspace/.derivedData/Build/Products/Debug-watchos/ConcurrencyHelpers.swiftmodule/arm64-apple-watchos.swiftmodule /Users/admin/builder/spi-builder-workspace/.derivedData/Build/Intermediates.noindex/swift-service-lifecycle.build/Debug-watchos/ConcurrencyHelpers-t.build/Objects-normal/arm64/ConcurrencyHelpers.swiftmodule (in target 'ConcurrencyHelpers' from project 'swift-service-lifecycle')
    cd /Users/admin/builder/spi-builder-workspace/.dependencies/checkouts/swift-service-lifecycle
    builtin-copy -exclude .DS_Store -exclude CVS -exclude .svn -exclude .git -exclude .hg -resolve-src-symlinks -rename /Users/admin/builder/spi-builder-workspace/.derivedData/Build/Intermediates.noindex/swift-service-lifecycle.build/Debug-watchos/ConcurrencyHelpers-t.build/Objects-normal/arm64/ConcurrencyHelpers.swiftmodule /Users/admin/builder/spi-builder-workspace/.derivedData/Build/Products/Debug-watchos/ConcurrencyHelpers.swiftmodule/arm64-apple-watchos.swiftmodule
Copy /Users/admin/builder/spi-builder-workspace/.derivedData/Build/Products/Debug-watchos/ConcurrencyHelpers.swiftmodule/arm64-apple-watchos.swiftdoc /Users/admin/builder/spi-builder-workspace/.derivedData/Build/Intermediates.noindex/swift-service-lifecycle.build/Debug-watchos/ConcurrencyHelpers-t.build/Objects-normal/arm64/ConcurrencyHelpers.swiftdoc (in target 'ConcurrencyHelpers' from project 'swift-service-lifecycle')
    cd /Users/admin/builder/spi-builder-workspace/.dependencies/checkouts/swift-service-lifecycle
    builtin-copy -exclude .DS_Store -exclude CVS -exclude .svn -exclude .git -exclude .hg -resolve-src-symlinks -rename /Users/admin/builder/spi-builder-workspace/.derivedData/Build/Intermediates.noindex/swift-service-lifecycle.build/Debug-watchos/ConcurrencyHelpers-t.build/Objects-normal/arm64/ConcurrencyHelpers.swiftdoc /Users/admin/builder/spi-builder-workspace/.derivedData/Build/Products/Debug-watchos/ConcurrencyHelpers.swiftmodule/arm64-apple-watchos.swiftdoc
Copy /Users/admin/builder/spi-builder-workspace/.derivedData/Build/Products/Debug-watchos/ConcurrencyHelpers.swiftmodule/arm64-apple-watchos.abi.json /Users/admin/builder/spi-builder-workspace/.derivedData/Build/Intermediates.noindex/swift-service-lifecycle.build/Debug-watchos/ConcurrencyHelpers-t.build/Objects-normal/arm64/ConcurrencyHelpers.abi.json (in target 'ConcurrencyHelpers' from project 'swift-service-lifecycle')
    cd /Users/admin/builder/spi-builder-workspace/.dependencies/checkouts/swift-service-lifecycle
    builtin-copy -exclude .DS_Store -exclude CVS -exclude .svn -exclude .git -exclude .hg -resolve-src-symlinks -rename /Users/admin/builder/spi-builder-workspace/.derivedData/Build/Intermediates.noindex/swift-service-lifecycle.build/Debug-watchos/ConcurrencyHelpers-t.build/Objects-normal/arm64/ConcurrencyHelpers.abi.json /Users/admin/builder/spi-builder-workspace/.derivedData/Build/Products/Debug-watchos/ConcurrencyHelpers.swiftmodule/arm64-apple-watchos.abi.json
Copy /Users/admin/builder/spi-builder-workspace/.derivedData/Build/Products/Debug-watchos/ConcurrencyHelpers.swiftmodule/Project/arm64-apple-watchos.swiftsourceinfo /Users/admin/builder/spi-builder-workspace/.derivedData/Build/Intermediates.noindex/swift-service-lifecycle.build/Debug-watchos/ConcurrencyHelpers-t.build/Objects-normal/arm64/ConcurrencyHelpers.swiftsourceinfo (in target 'ConcurrencyHelpers' from project 'swift-service-lifecycle')
    cd /Users/admin/builder/spi-builder-workspace/.dependencies/checkouts/swift-service-lifecycle
    builtin-copy -exclude .DS_Store -exclude CVS -exclude .svn -exclude .git -exclude .hg -resolve-src-symlinks -rename /Users/admin/builder/spi-builder-workspace/.derivedData/Build/Intermediates.noindex/swift-service-lifecycle.build/Debug-watchos/ConcurrencyHelpers-t.build/Objects-normal/arm64/ConcurrencyHelpers.swiftsourceinfo /Users/admin/builder/spi-builder-workspace/.derivedData/Build/Products/Debug-watchos/ConcurrencyHelpers.swiftmodule/Project/arm64-apple-watchos.swiftsourceinfo
CompileC /Users/admin/builder/spi-builder-workspace/.derivedData/Build/Intermediates.noindex/mlx-swift.build/Debug-watchos/Cmlx-t.build/Objects-normal/arm64_32/utils-3cb0c889f8442e68e808bc25ff0e56ed.o /Users/admin/builder/spi-builder-workspace/.dependencies/checkouts/mlx-swift/Source/Cmlx/mlx/mlx/backend/common/utils.cpp normal arm64_32 c++ com.apple.compilers.llvm.clang.1_0.compiler (in target 'Cmlx' from project 'mlx-swift')
    cd /Users/admin/builder/spi-builder-workspace/.swiftpm/xcode

    Using response file: /Users/admin/builder/spi-builder-workspace/.derivedData/Build/Intermediates.noindex/mlx-swift.build/Debug-watchos/Cmlx-t.build/Objects-normal/arm64_32/82b82416624d2658e5098eb0a28c15c5-common-args.resp

    /Applications/Xcode-27.0.0.app/Contents/Developer/Toolchains/XcodeDefault.xctoolchain/usr/bin/clang -x c++ -ivfsstatcache /Users/admin/builder/spi-builder-workspace/.derivedData/SDKStatCaches.noindex/watchos27.0-24R360-e829b21a6f8c9b70876ba0858053c044b9db9bc9c079ee3c7b5f3373b13d10bc.sdkstatcache -target arm64_32-apple-watchos10.0 -fmessage-length\=0 -fdiagnostics-show-note-include-stack -fmacro-backtrace-limit\=0 -fno-color-diagnostics -fmodules-prune-interval\=86400 -fmodules-prune-after\=345600 -fbuild-session-file\=/Users/admin/builder/spi-builder-workspace/.derivedData/ModuleCache.noindex/Session.modulevalidation -fmodules-validate-once-per-build-session -Wnon-modular-include-in-framework-module -Werror\=non-modular-include-in-framework-module -Wno-trigraphs -Wno-missing-field-initializers -Wno-missing-prototypes -Wno-return-type -Wno-non-virtual-dtor -Wno-overloaded-virtual -Wno-exit-time-destructors -Wno-missing-braces -Wparentheses -Wswitch -Wno-unused-function -Wno-unused-label -Wno-unused-parameter -Wno-unused-variable -Wunused-value -Wno-empty-body -Wno-uninitialized -Wno-unknown-pragmas -w -Wno-shadow -Wno-four-char-constants -Wno-conversion -Wno-constant-conversion -Wno-int-conversion -Wno-bool-conversion -Wno-enum-conversion -Wno-float-conversion -Wno-non-literal-null-conversion -Wno-objc-literal-conversion -Wno-shorten-64-to-32 -Wno-newline-eof -Wno-c++11-extensions -Wno-implicit-fallthrough -isysroot /Applications/Xcode-27.0.0.app/Contents/Developer/Platforms/WatchOS.platform/Developer/SDKs/WatchOS27.0.sdk -fstrict-aliasing -Wdeprecated-declarations -Winvalid-offsetof -Wno-sign-conversion -Wno-infinite-recursion -Wno-move -Wno-comma -Wno-block-capture-autoreleasing -Wno-strict-prototypes -Wno-range-loop-analysis -Wno-semicolon-before-method-body -index-store-path /Users/admin/builder/spi-builder-workspace/.derivedData/Index.noindex/DataStore @/Users/admin/builder/spi-builder-workspace/.derivedData/Build/Intermediates.noindex/mlx-swift.build/Debug-watchos/Cmlx-t.build/Objects-normal/arm64_32/82b82416624d2658e5098eb0a28c15c5-common-args.resp -MMD -MT dependencies -MF /Users/admin/builder/spi-builder-workspace/.derivedData/Build/Intermediates.noindex/mlx-swift.build/Debug-watchos/Cmlx-t.build/Objects-normal/arm64_32/utils-3cb0c889f8442e68e808bc25ff0e56ed.d --serialize-diagnostics /Users/admin/builder/spi-builder-workspace/.derivedData/Build/Intermediates.noindex/mlx-swift.build/Debug-watchos/Cmlx-t.build/Objects-normal/arm64_32/utils-3cb0c889f8442e68e808bc25ff0e56ed.dia -c /Users/admin/builder/spi-builder-workspace/.dependencies/checkouts/mlx-swift/Source/Cmlx/mlx/mlx/backend/common/utils.cpp -o /Users/admin/builder/spi-builder-workspace/.derivedData/Build/Intermediates.noindex/mlx-swift.build/Debug-watchos/Cmlx-t.build/Objects-normal/arm64_32/utils-3cb0c889f8442e68e808bc25ff0e56ed.o -index-unit-output-path /mlx-swift.build/Debug-watchos/Cmlx-t.build/Objects-normal/arm64_32/utils-3cb0c889f8442e68e808bc25ff0e56ed.o
CompileC /Users/admin/builder/spi-builder-workspace/.derivedData/Build/Intermediates.noindex/mlx-swift.build/Debug-watchos/Cmlx-t.build/Objects-normal/arm64_32/utils-1d7185a8c8ca7990d65aa885c1ad6a55.o /Users/admin/builder/spi-builder-workspace/.dependencies/checkouts/mlx-swift/Source/Cmlx/mlx/mlx/distributed/utils.cpp normal arm64_32 c++ com.apple.compilers.llvm.clang.1_0.compiler (in target 'Cmlx' from project 'mlx-swift')
    cd /Users/admin/builder/spi-builder-workspace/.swiftpm/xcode

    Using response file: /Users/admin/builder/spi-builder-workspace/.derivedData/Build/Intermediates.noindex/mlx-swift.build/Debug-watchos/Cmlx-t.build/Objects-normal/arm64_32/82b82416624d2658e5098eb0a28c15c5-common-args.resp

    /Applications/Xcode-27.0.0.app/Contents/Developer/Toolchains/XcodeDefault.xctoolchain/usr/bin/clang -x c++ -ivfsstatcache /Users/admin/builder/spi-builder-workspace/.derivedData/SDKStatCaches.noindex/watchos27.0-24R360-e829b21a6f8c9b70876ba0858053c044b9db9bc9c079ee3c7b5f3373b13d10bc.sdkstatcache -target arm64_32-apple-watchos10.0 -fmessage-length\=0 -fdiagnostics-show-note-include-stack -fmacro-backtrace-limit\=0 -fno-color-diagnostics -fmodules-prune-interval\=86400 -fmodules-prune-after\=345600 -fbuild-session-file\=/Users/admin/builder/spi-builder-workspace/.derivedData/ModuleCache.noindex/Session.modulevalidation -fmodules-validate-once-per-build-session -Wnon-modular-include-in-framework-module -Werror\=non-modular-include-in-framework-module -Wno-trigraphs -Wno-missing-field-initializers -Wno-missing-prototypes -Wno-return-type -Wno-non-virtual-dtor -Wno-overloaded-virtual -Wno-exit-time-destructors -Wno-missing-braces -Wparentheses -Wswitch -Wno-unused-function -Wno-unused-label -Wno-unused-parameter -Wno-unused-variable -Wunused-value -Wno-empty-body -Wno-uninitialized -Wno-unknown-pragmas -w -Wno-shadow -Wno-four-char-constants -Wno-conversion -Wno-constant-conversion -Wno-int-conversion -Wno-bool-conversion -Wno-enum-conversion -Wno-float-conversion -Wno-non-literal-null-conversion -Wno-objc-literal-conversion -Wno-shorten-64-to-32 -Wno-newline-eof -Wno-c++11-extensions -Wno-implicit-fallthrough -isysroot /Applications/Xcode-27.0.0.app/Contents/Developer/Platforms/WatchOS.platform/Developer/SDKs/WatchOS27.0.sdk -fstrict-aliasing -Wdeprecated-declarations -Winvalid-offsetof -Wno-sign-conversion -Wno-infinite-recursion -Wno-move -Wno-comma -Wno-block-capture-autoreleasing -Wno-strict-prototypes -Wno-range-loop-analysis -Wno-semicolon-before-method-body -index-store-path /Users/admin/builder/spi-builder-workspace/.derivedData/Index.noindex/DataStore @/Users/admin/builder/spi-builder-workspace/.derivedData/Build/Intermediates.noindex/mlx-swift.build/Debug-watchos/Cmlx-t.build/Objects-normal/arm64_32/82b82416624d2658e5098eb0a28c15c5-common-args.resp -MMD -MT dependencies -MF /Users/admin/builder/spi-builder-workspace/.derivedData/Build/Intermediates.noindex/mlx-swift.build/Debug-watchos/Cmlx-t.build/Objects-normal/arm64_32/utils-1d7185a8c8ca7990d65aa885c1ad6a55.d --serialize-diagnostics /Users/admin/builder/spi-builder-workspace/.derivedData/Build/Intermediates.noindex/mlx-swift.build/Debug-watchos/Cmlx-t.build/Objects-normal/arm64_32/utils-1d7185a8c8ca7990d65aa885c1ad6a55.dia -c /Users/admin/builder/spi-builder-workspace/.dependencies/checkouts/mlx-swift/Source/Cmlx/mlx/mlx/distributed/utils.cpp -o /Users/admin/builder/spi-builder-workspace/.derivedData/Build/Intermediates.noindex/mlx-swift.build/Debug-watchos/Cmlx-t.build/Objects-normal/arm64_32/utils-1d7185a8c8ca7990d65aa885c1ad6a55.o -index-unit-output-path /mlx-swift.build/Debug-watchos/Cmlx-t.build/Objects-normal/arm64_32/utils-1d7185a8c8ca7990d65aa885c1ad6a55.o
SwiftDriverJobDiscovery normal arm64 Compiling ChatCompletionRequest.swift, ChatCompletionResponse.swift, ChatCompletionStream.swift, ChatCompletions.swift, ExtractJSON.swift, TextGenerator.swift (in target 'OpenJevCore' from project 'OpenJevSwift')
CompileC /Users/admin/builder/spi-builder-workspace/.derivedData/Build/Intermediates.noindex/mlx-swift.build/Debug-watchos/Cmlx-t.build/Objects-normal/arm64_32/unary_ops.o /Users/admin/builder/spi-builder-workspace/.dependencies/checkouts/mlx-swift/Source/Cmlx/mlx-generated/unary_ops.cpp normal arm64_32 c++ com.apple.compilers.llvm.clang.1_0.compiler (in target 'Cmlx' from project 'mlx-swift')
    cd /Users/admin/builder/spi-builder-workspace/.swiftpm/xcode

    Using response file: /Users/admin/builder/spi-builder-workspace/.derivedData/Build/Intermediates.noindex/mlx-swift.build/Debug-watchos/Cmlx-t.build/Objects-normal/arm64_32/82b82416624d2658e5098eb0a28c15c5-common-args.resp

    /Applications/Xcode-27.0.0.app/Contents/Developer/Toolchains/XcodeDefault.xctoolchain/usr/bin/clang -x c++ -ivfsstatcache /Users/admin/builder/spi-builder-workspace/.derivedData/SDKStatCaches.noindex/watchos27.0-24R360-e829b21a6f8c9b70876ba0858053c044b9db9bc9c079ee3c7b5f3373b13d10bc.sdkstatcache -target arm64_32-apple-watchos10.0 -fmessage-length\=0 -fdiagnostics-show-note-include-stack -fmacro-backtrace-limit\=0 -fno-color-diagnostics -fmodules-prune-interval\=86400 -fmodules-prune-after\=345600 -fbuild-session-file\=/Users/admin/builder/spi-builder-workspace/.derivedData/ModuleCache.noindex/Session.modulevalidation -fmodules-validate-once-per-build-session -Wnon-modular-include-in-framework-module -Werror\=non-modular-include-in-framework-module -Wno-trigraphs -Wno-missing-field-initializers -Wno-missing-prototypes -Wno-return-type -Wno-non-virtual-dtor -Wno-overloaded-virtual -Wno-exit-time-destructors -Wno-missing-braces -Wparentheses -Wswitch -Wno-unused-function -Wno-unused-label -Wno-unused-parameter -Wno-unused-variable -Wunused-value -Wno-empty-body -Wno-uninitialized -Wno-unknown-pragmas -w -Wno-shadow -Wno-four-char-constants -Wno-conversion -Wno-constant-conversion -Wno-int-conversion -Wno-bool-conversion -Wno-enum-conversion -Wno-float-conversion -Wno-non-literal-null-conversion -Wno-objc-literal-conversion -Wno-shorten-64-to-32 -Wno-newline-eof -Wno-c++11-extensions -Wno-implicit-fallthrough -isysroot /Applications/Xcode-27.0.0.app/Contents/Developer/Platforms/WatchOS.platform/Developer/SDKs/WatchOS27.0.sdk -fstrict-aliasing -Wdeprecated-declarations -Winvalid-offsetof -Wno-sign-conversion -Wno-infinite-recursion -Wno-move -Wno-comma -Wno-block-capture-autoreleasing -Wno-strict-prototypes -Wno-range-loop-analysis -Wno-semicolon-before-method-body -index-store-path /Users/admin/builder/spi-builder-workspace/.derivedData/Index.noindex/DataStore @/Users/admin/builder/spi-builder-workspace/.derivedData/Build/Intermediates.noindex/mlx-swift.build/Debug-watchos/Cmlx-t.build/Objects-normal/arm64_32/82b82416624d2658e5098eb0a28c15c5-common-args.resp -MMD -MT dependencies -MF /Users/admin/builder/spi-builder-workspace/.derivedData/Build/Intermediates.noindex/mlx-swift.build/Debug-watchos/Cmlx-t.build/Objects-normal/arm64_32/unary_ops.d --serialize-diagnostics /Users/admin/builder/spi-builder-workspace/.derivedData/Build/Intermediates.noindex/mlx-swift.build/Debug-watchos/Cmlx-t.build/Objects-normal/arm64_32/unary_ops.dia -c /Users/admin/builder/spi-builder-workspace/.dependencies/checkouts/mlx-swift/Source/Cmlx/mlx-generated/unary_ops.cpp -o /Users/admin/builder/spi-builder-workspace/.derivedData/Build/Intermediates.noindex/mlx-swift.build/Debug-watchos/Cmlx-t.build/Objects-normal/arm64_32/unary_ops.o -index-unit-output-path /mlx-swift.build/Debug-watchos/Cmlx-t.build/Objects-normal/arm64_32/unary_ops.o
SwiftDriverJobDiscovery normal arm64 Emitting module for Crypto (in target 'Crypto' from project 'swift-crypto')
SwiftDriver\ Compilation\ Requirements Crypto normal arm64 com.apple.xcode.tools.swift.compiler (in target 'Crypto' from project 'swift-crypto')
    cd /Users/admin/builder/spi-builder-workspace/.swiftpm/xcode
    builtin-Swift-Compilation-Requirements -- /Applications/Xcode-27.0.0.app/Contents/Developer/Toolchains/XcodeDefault.xctoolchain/usr/bin/swiftc -parse-as-library -module-name Crypto -Onone @/Users/admin/builder/spi-builder-workspace/.derivedData/Build/Intermediates.noindex/swift-crypto.build/Debug-watchos/Crypto-t.build/Objects-normal/arm64/Crypto.SwiftFileList -DSWIFT_PACKAGE -DDEBUG -DSWIFT_MODULE_RESOURCE_BUNDLE_AVAILABLE -DCRYPTO_IN_SWIFTPM -DXcode -enable-upcoming-feature MemberImportVisibility -plugin-path /Applications/Xcode-27.0.0.app/Contents/Developer/Toolchains/XcodeDefault.xctoolchain/usr/lib/swift/host/plugins/testing -enable-experimental-feature DebugDescriptionMacro -sdk /Applications/Xcode-27.0.0.app/Contents/Developer/Platforms/WatchOS.platform/Developer/SDKs/WatchOS27.0.sdk -target arm64-apple-watchos9.0 -g -module-cache-path /Users/admin/builder/spi-builder-workspace/.derivedData/ModuleCache.noindex -Xfrontend -serialize-debugging-options -profile-coverage-mapping -profile-generate -enable-testing -suppress-warnings -index-store-path /Users/admin/builder/spi-builder-workspace/.derivedData/Index.noindex/DataStore -Xcc -D_LIBCPP_HARDENING_MODE\=_LIBCPP_HARDENING_MODE_DEBUG -swift-version 6 -I /Users/admin/builder/spi-builder-workspace/.derivedData/Build/Products/Debug-watchos -Isystem /Applications/Xcode-27.0.0.app/Contents/Developer/Platforms/WatchOS.platform/Developer/usr/lib -F /Users/admin/builder/spi-builder-workspace/.derivedData/Build/Products/Debug-watchos -F /Applications/Xcode-27.0.0.app/Contents/Developer/Platforms/WatchOS.platform/Developer/Library/Frameworks -F /Applications/Xcode-27.0.0.app/Contents/Developer/Platforms/WatchOS.platform/Developer/SDKs/WatchOS27.0.sdk/Developer/Library/Frameworks -c -j10 -enable-batch-mode -incremental -Xcc -ivfsstatcache -Xcc /Users/admin/builder/spi-builder-workspace/.derivedData/SDKStatCaches.noindex/watchos27.0-24R360-e829b21a6f8c9b70876ba0858053c044b9db9bc9c079ee3c7b5f3373b13d10bc.sdkstatcache -output-file-map /Users/admin/builder/spi-builder-workspace/.derivedData/Build/Intermediates.noindex/swift-crypto.build/Debug-watchos/Crypto-t.build/Objects-normal/arm64/Crypto-OutputFileMap.json -save-temps -no-color-diagnostics -explicit-module-build -module-cache-path /Users/admin/builder/spi-builder-workspace/.derivedData/Build/Intermediates.noindex/SwiftExplicitPrecompiledModules -clang-scanner-module-cache-path /Users/admin/builder/spi-builder-workspace/.derivedData/ModuleCache.noindex -sdk-module-cache-path /Users/admin/builder/spi-builder-workspace/.derivedData/SDKExplicitPrecompiledModules -emit-dependencies -emit-module -emit-module-path /Users/admin/builder/spi-builder-workspace/.derivedData/Build/Intermediates.noindex/swift-crypto.build/Debug-watchos/Crypto-t.build/Objects-normal/arm64/Crypto.swiftmodule -serialize-diagnostics -dependency-scan-serialize-diagnostics-path /Users/admin/builder/spi-builder-workspace/.derivedData/Build/Intermediates.noindex/swift-crypto.build/Debug-watchos/Crypto-t.build/Objects-normal/arm64/Crypto-dependency-scan.dia -user-module-version 4.5.2 -validate-clang-modules-once -clang-build-session-file /Users/admin/builder/spi-builder-workspace/.derivedData/ModuleCache.noindex/Session.modulevalidation -Xcc -fmodules-prune-interval\=86400 -Xcc -fmodules-prune-after\=345600 -package-name swift_crypto -emit-const-values -const-gather-protocols-list /Users/admin/builder/spi-builder-workspace/.derivedData/Build/Intermediates.noindex/swift-crypto.build/Debug-watchos/Crypto-t.build/Objects-normal/arm64/Crypto_const_extract_protocols.json -Xcc -I/Users/admin/builder/spi-builder-workspace/.derivedData/Build/Products/Debug-watchos/include -Xcc -I/Users/admin/builder/spi-builder-workspace/.derivedData/Build/Intermediates.noindex/swift-crypto.build/Debug-watchos/Crypto-t.build/DerivedSources-normal/arm64 -Xcc -I/Users/admin/builder/spi-builder-workspace/.derivedData/Build/Intermediates.noindex/swift-crypto.build/Debug-watchos/Crypto-t.build/DerivedSources/arm64 -Xcc -I/Users/admin/builder/spi-builder-workspace/.derivedData/Build/Intermediates.noindex/swift-crypto.build/Debug-watchos/Crypto-t.build/DerivedSources -Xcc -DSWIFT_PACKAGE -Xcc -DDEBUG\=1 -emit-objc-header -emit-objc-header-path /Users/admin/builder/spi-builder-workspace/.derivedData/Build/Intermediates.noindex/swift-crypto.build/Debug-watchos/Crypto-t.build/Objects-normal/arm64/Crypto-Swift.h -working-directory /Users/admin/builder/spi-builder-workspace/.swiftpm/xcode -experimental-emit-module-separately -disable-cmo
SwiftDriverJobDiscovery normal arm64_32 Compiling Decision.swift, DecisionBackend.swift, DecisionEngine.swift, EncoderDecisionEngine.swift, EncoderEngineConfiguration.swift, EngineConfiguration.swift, ModelReleasing.swift (in target 'OpenJevCore' from project 'OpenJevSwift')
CompileC /Users/admin/builder/spi-builder-workspace/.derivedData/Build/Intermediates.noindex/mlx-swift.build/Debug-watchos/Cmlx-t.build/Objects-normal/arm64_32/unary-cc4050d370f4f7e76a793bfe3ac0f69a.o /Users/admin/builder/spi-builder-workspace/.dependencies/checkouts/mlx-swift/Source/Cmlx/mlx/mlx/backend/cpu/unary.cpp normal arm64_32 c++ com.apple.compilers.llvm.clang.1_0.compiler (in target 'Cmlx' from project 'mlx-swift')
    cd /Users/admin/builder/spi-builder-workspace/.swiftpm/xcode

    Using response file: /Users/admin/builder/spi-builder-workspace/.derivedData/Build/Intermediates.noindex/mlx-swift.build/Debug-watchos/Cmlx-t.build/Objects-normal/arm64_32/82b82416624d2658e5098eb0a28c15c5-common-args.resp

    /Applications/Xcode-27.0.0.app/Contents/Developer/Toolchains/XcodeDefault.xctoolchain/usr/bin/clang -x c++ -ivfsstatcache /Users/admin/builder/spi-builder-workspace/.derivedData/SDKStatCaches.noindex/watchos27.0-24R360-e829b21a6f8c9b70876ba0858053c044b9db9bc9c079ee3c7b5f3373b13d10bc.sdkstatcache -target arm64_32-apple-watchos10.0 -fmessage-length\=0 -fdiagnostics-show-note-include-stack -fmacro-backtrace-limit\=0 -fno-color-diagnostics -fmodules-prune-interval\=86400 -fmodules-prune-after\=345600 -fbuild-session-file\=/Users/admin/builder/spi-builder-workspace/.derivedData/ModuleCache.noindex/Session.modulevalidation -fmodules-validate-once-per-build-session -Wnon-modular-include-in-framework-module -Werror\=non-modular-include-in-framework-module -Wno-trigraphs -Wno-missing-field-initializers -Wno-missing-prototypes -Wno-return-type -Wno-non-virtual-dtor -Wno-overloaded-virtual -Wno-exit-time-destructors -Wno-missing-braces -Wparentheses -Wswitch -Wno-unused-function -Wno-unused-label -Wno-unused-parameter -Wno-unused-variable -Wunused-value -Wno-empty-body -Wno-uninitialized -Wno-unknown-pragmas -w -Wno-shadow -Wno-four-char-constants -Wno-conversion -Wno-constant-conversion -Wno-int-conversion -Wno-bool-conversion -Wno-enum-conversion -Wno-float-conversion -Wno-non-literal-null-conversion -Wno-objc-literal-conversion -Wno-shorten-64-to-32 -Wno-newline-eof -Wno-c++11-extensions -Wno-implicit-fallthrough -isysroot /Applications/Xcode-27.0.0.app/Contents/Developer/Platforms/WatchOS.platform/Developer/SDKs/WatchOS27.0.sdk -fstrict-aliasing -Wdeprecated-declarations -Winvalid-offsetof -Wno-sign-conversion -Wno-infinite-recursion -Wno-move -Wno-comma -Wno-block-capture-autoreleasing -Wno-strict-prototypes -Wno-range-loop-analysis -Wno-semicolon-before-method-body -index-store-path /Users/admin/builder/spi-builder-workspace/.derivedData/Index.noindex/DataStore @/Users/admin/builder/spi-builder-workspace/.derivedData/Build/Intermediates.noindex/mlx-swift.build/Debug-watchos/Cmlx-t.build/Objects-normal/arm64_32/82b82416624d2658e5098eb0a28c15c5-common-args.resp -MMD -MT dependencies -MF /Users/admin/builder/spi-builder-workspace/.derivedData/Build/Intermediates.noindex/mlx-swift.build/Debug-watchos/Cmlx-t.build/Objects-normal/arm64_32/unary-cc4050d370f4f7e76a793bfe3ac0f69a.d --serialize-diagnostics /Users/admin/builder/spi-builder-workspace/.derivedData/Build/Intermediates.noindex/mlx-swift.build/Debug-watchos/Cmlx-t.build/Objects-normal/arm64_32/unary-cc4050d370f4f7e76a793bfe3ac0f69a.dia -c /Users/admin/builder/spi-builder-workspace/.dependencies/checkouts/mlx-swift/Source/Cmlx/mlx/mlx/backend/cpu/unary.cpp -o /Users/admin/builder/spi-builder-workspace/.derivedData/Build/Intermediates.noindex/mlx-swift.build/Debug-watchos/Cmlx-t.build/Objects-normal/arm64_32/unary-cc4050d370f4f7e76a793bfe3ac0f69a.o -index-unit-output-path /mlx-swift.build/Debug-watchos/Cmlx-t.build/Objects-normal/arm64_32/unary-cc4050d370f4f7e76a793bfe3ac0f69a.o
CompileC /Users/admin/builder/spi-builder-workspace/.derivedData/Build/Intermediates.noindex/mlx-swift.build/Debug-watchos/Cmlx-t.build/Objects-normal/arm64_32/unary-6e1d4578540dbb1c15df5fc47f7a18d7.o /Users/admin/builder/spi-builder-workspace/.dependencies/checkouts/mlx-swift/Source/Cmlx/mlx/mlx/backend/metal/unary.cpp normal arm64_32 c++ com.apple.compilers.llvm.clang.1_0.compiler (in target 'Cmlx' from project 'mlx-swift')
    cd /Users/admin/builder/spi-builder-workspace/.swiftpm/xcode

    Using response file: /Users/admin/builder/spi-builder-workspace/.derivedData/Build/Intermediates.noindex/mlx-swift.build/Debug-watchos/Cmlx-t.build/Objects-normal/arm64_32/82b82416624d2658e5098eb0a28c15c5-common-args.resp

    /Applications/Xcode-27.0.0.app/Contents/Developer/Toolchains/XcodeDefault.xctoolchain/usr/bin/clang -x c++ -ivfsstatcache /Users/admin/builder/spi-builder-workspace/.derivedData/SDKStatCaches.noindex/watchos27.0-24R360-e829b21a6f8c9b70876ba0858053c044b9db9bc9c079ee3c7b5f3373b13d10bc.sdkstatcache -target arm64_32-apple-watchos10.0 -fmessage-length\=0 -fdiagnostics-show-note-include-stack -fmacro-backtrace-limit\=0 -fno-color-diagnostics -fmodules-prune-interval\=86400 -fmodules-prune-after\=345600 -fbuild-session-file\=/Users/admin/builder/spi-builder-workspace/.derivedData/ModuleCache.noindex/Session.modulevalidation -fmodules-validate-once-per-build-session -Wnon-modular-include-in-framework-module -Werror\=non-modular-include-in-framework-module -Wno-trigraphs -Wno-missing-field-initializers -Wno-missing-prototypes -Wno-return-type -Wno-non-virtual-dtor -Wno-overloaded-virtual -Wno-exit-time-destructors -Wno-missing-braces -Wparentheses -Wswitch -Wno-unused-function -Wno-unused-label -Wno-unused-parameter -Wno-unused-variable -Wunused-value -Wno-empty-body -Wno-uninitialized -Wno-unknown-pragmas -w -Wno-shadow -Wno-four-char-constants -Wno-conversion -Wno-constant-conversion -Wno-int-conversion -Wno-bool-conversion -Wno-enum-conversion -Wno-float-conversion -Wno-non-literal-null-conversion -Wno-objc-literal-conversion -Wno-shorten-64-to-32 -Wno-newline-eof -Wno-c++11-extensions -Wno-implicit-fallthrough -isysroot /Applications/Xcode-27.0.0.app/Contents/Developer/Platforms/WatchOS.platform/Developer/SDKs/WatchOS27.0.sdk -fstrict-aliasing -Wdeprecated-declarations -Winvalid-offsetof -Wno-sign-conversion -Wno-infinite-recursion -Wno-move -Wno-comma -Wno-block-capture-autoreleasing -Wno-strict-prototypes -Wno-range-loop-analysis -Wno-semicolon-before-method-body -index-store-path /Users/admin/builder/spi-builder-workspace/.derivedData/Index.noindex/DataStore @/Users/admin/builder/spi-builder-workspace/.derivedData/Build/Intermediates.noindex/mlx-swift.build/Debug-watchos/Cmlx-t.build/Objects-normal/arm64_32/82b82416624d2658e5098eb0a28c15c5-common-args.resp -MMD -MT dependencies -MF /Users/admin/builder/spi-builder-workspace/.derivedData/Build/Intermediates.noindex/mlx-swift.build/Debug-watchos/Cmlx-t.build/Objects-normal/arm64_32/unary-6e1d4578540dbb1c15df5fc47f7a18d7.d --serialize-diagnostics /Users/admin/builder/spi-builder-workspace/.derivedData/Build/Intermediates.noindex/mlx-swift.build/Debug-watchos/Cmlx-t.build/Objects-normal/arm64_32/unary-6e1d4578540dbb1c15df5fc47f7a18d7.dia -c /Users/admin/builder/spi-builder-workspace/.dependencies/checkouts/mlx-swift/Source/Cmlx/mlx/mlx/backend/metal/unary.cpp -o /Users/admin/builder/spi-builder-workspace/.derivedData/Build/Intermediates.noindex/mlx-swift.build/Debug-watchos/Cmlx-t.build/Objects-normal/arm64_32/unary-6e1d4578540dbb1c15df5fc47f7a18d7.o -index-unit-output-path /mlx-swift.build/Debug-watchos/Cmlx-t.build/Objects-normal/arm64_32/unary-6e1d4578540dbb1c15df5fc47f7a18d7.o
In file included from /Users/admin/builder/spi-builder-workspace/.dependencies/checkouts/mlx-swift/Source/Cmlx/mlx/mlx/backend/metal/unary.cpp:4:
In file included from /Users/admin/builder/spi-builder-workspace/.dependencies/checkouts/mlx-swift/Source/Cmlx/mlx/mlx/backend/metal/device.h:5:
In file included from /Users/admin/builder/spi-builder-workspace/.dependencies/checkouts/mlx-swift/Source/Cmlx/metal-cpp/Metal/Metal.hpp:25:
In file included from /Users/admin/builder/spi-builder-workspace/.dependencies/checkouts/mlx-swift/Source/Cmlx/metal-cpp/Metal/MTLAccelerationStructure.hpp:24:
In file included from /Users/admin/builder/spi-builder-workspace/.dependencies/checkouts/mlx-swift/Source/Cmlx/metal-cpp/Metal/MTLAccelerationStructureTypes.hpp:28:
In file included from /Users/admin/builder/spi-builder-workspace/.dependencies/checkouts/mlx-swift/Source/Cmlx/metal-cpp/Metal/MTLStageInputOutputDescriptor.hpp:24:
In file included from /Users/admin/builder/spi-builder-workspace/.dependencies/checkouts/mlx-swift/Source/Cmlx/metal-cpp/Metal/MTLArgument.hpp:29:
/Users/admin/builder/spi-builder-workspace/.dependencies/checkouts/mlx-swift/Source/Cmlx/metal-cpp/Metal/MTLTexture.hpp:30:10: fatal error: 'IOSurface/IOSurfaceRef.h' file not found
   30 | #include <IOSurface/IOSurfaceRef.h>
      |          ^~~~~~~~~~~~~~~~~~~~~~~~~~
CompileC /Users/admin/builder/spi-builder-workspace/.derivedData/Build/Intermediates.noindex/mlx-swift.build/Debug-watchos/Cmlx-t.build/Objects-normal/arm64_32/unary-26cc5073337a9ef62063ca2922bf04c5.o /Users/admin/builder/spi-builder-workspace/.dependencies/checkouts/mlx-swift/Source/Cmlx/mlx-generated/unary.cpp normal arm64_32 c++ com.apple.compilers.llvm.clang.1_0.compiler (in target 'Cmlx' from project 'mlx-swift')
    cd /Users/admin/builder/spi-builder-workspace/.swiftpm/xcode

    Using response file: /Users/admin/builder/spi-builder-workspace/.derivedData/Build/Intermediates.noindex/mlx-swift.build/Debug-watchos/Cmlx-t.build/Objects-normal/arm64_32/82b82416624d2658e5098eb0a28c15c5-common-args.resp

    /Applications/Xcode-27.0.0.app/Contents/Developer/Toolchains/XcodeDefault.xctoolchain/usr/bin/clang -x c++ -ivfsstatcache /Users/admin/builder/spi-builder-workspace/.derivedData/SDKStatCaches.noindex/watchos27.0-24R360-e829b21a6f8c9b70876ba0858053c044b9db9bc9c079ee3c7b5f3373b13d10bc.sdkstatcache -target arm64_32-apple-watchos10.0 -fmessage-length\=0 -fdiagnostics-show-note-include-stack -fmacro-backtrace-limit\=0 -fno-color-diagnostics -fmodules-prune-interval\=86400 -fmodules-prune-after\=345600 -fbuild-session-file\=/Users/admin/builder/spi-builder-workspace/.derivedData/ModuleCache.noindex/Session.modulevalidation -fmodules-validate-once-per-build-session -Wnon-modular-include-in-framework-module -Werror\=non-modular-include-in-framework-module -Wno-trigraphs -Wno-missing-field-initializers -Wno-missing-prototypes -Wno-return-type -Wno-non-virtual-dtor -Wno-overloaded-virtual -Wno-exit-time-destructors -Wno-missing-braces -Wparentheses -Wswitch -Wno-unused-function -Wno-unused-label -Wno-unused-parameter -Wno-unused-variable -Wunused-value -Wno-empty-body -Wno-uninitialized -Wno-unknown-pragmas -w -Wno-shadow -Wno-four-char-constants -Wno-conversion -Wno-constant-conversion -Wno-int-conversion -Wno-bool-conversion -Wno-enum-conversion -Wno-float-conversion -Wno-non-literal-null-conversion -Wno-objc-literal-conversion -Wno-shorten-64-to-32 -Wno-newline-eof -Wno-c++11-extensions -Wno-implicit-fallthrough -isysroot /Applications/Xcode-27.0.0.app/Contents/Developer/Platforms/WatchOS.platform/Developer/SDKs/WatchOS27.0.sdk -fstrict-aliasing -Wdeprecated-declarations -Winvalid-offsetof -Wno-sign-conversion -Wno-infinite-recursion -Wno-move -Wno-comma -Wno-block-capture-autoreleasing -Wno-strict-prototypes -Wno-range-loop-analysis -Wno-semicolon-before-method-body -index-store-path /Users/admin/builder/spi-builder-workspace/.derivedData/Index.noindex/DataStore @/Users/admin/builder/spi-builder-workspace/.derivedData/Build/Intermediates.noindex/mlx-swift.build/Debug-watchos/Cmlx-t.build/Objects-normal/arm64_32/82b82416624d2658e5098eb0a28c15c5-common-args.resp -MMD -MT dependencies -MF /Users/admin/builder/spi-builder-workspace/.derivedData/Build/Intermediates.noindex/mlx-swift.build/Debug-watchos/Cmlx-t.build/Objects-normal/arm64_32/unary-26cc5073337a9ef62063ca2922bf04c5.d --serialize-diagnostics /Users/admin/builder/spi-builder-workspace/.derivedData/Build/Intermediates.noindex/mlx-swift.build/Debug-watchos/Cmlx-t.build/Objects-normal/arm64_32/unary-26cc5073337a9ef62063ca2922bf04c5.dia -c /Users/admin/builder/spi-builder-workspace/.dependencies/checkouts/mlx-swift/Source/Cmlx/mlx-generated/unary.cpp -o /Users/admin/builder/spi-builder-workspace/.derivedData/Build/Intermediates.noindex/mlx-swift.build/Debug-watchos/Cmlx-t.build/Objects-normal/arm64_32/unary-26cc5073337a9ef62063ca2922bf04c5.o -index-unit-output-path /mlx-swift.build/Debug-watchos/Cmlx-t.build/Objects-normal/arm64_32/unary-26cc5073337a9ef62063ca2922bf04c5.o
SwiftDriverJobDiscovery normal arm64 Compiling OrderedMap.swift, RequestValidator.swift, SystemOneRequest.swift, SystemOneResponse.swift, WireEncoder.swift, WireError.swift (in target 'OpenJevCore' from project 'OpenJevSwift')
SwiftMergeGeneratedHeaders /Users/admin/builder/spi-builder-workspace/.derivedData/Build/Intermediates.noindex/GeneratedModuleMaps-watchos/Crypto-Swift.h /Users/admin/builder/spi-builder-workspace/.derivedData/Build/Intermediates.noindex/swift-crypto.build/Debug-watchos/Crypto-t.build/Objects-normal/arm64/Crypto-Swift.h /Users/admin/builder/spi-builder-workspace/.derivedData/Build/Intermediates.noindex/swift-crypto.build/Debug-watchos/Crypto-t.build/Objects-normal/arm64_32/Crypto-Swift.h (in target 'Crypto' from project 'swift-crypto')
    cd /Users/admin/builder/spi-builder-workspace/.dependencies/checkouts/swift-crypto
    builtin-swiftHeaderTool -arch arm64 /Users/admin/builder/spi-builder-workspace/.derivedData/Build/Intermediates.noindex/swift-crypto.build/Debug-watchos/Crypto-t.build/Objects-normal/arm64/Crypto-Swift.h -arch arm64_32 /Users/admin/builder/spi-builder-workspace/.derivedData/Build/Intermediates.noindex/swift-crypto.build/Debug-watchos/Crypto-t.build/Objects-normal/arm64_32/Crypto-Swift.h -o /Users/admin/builder/spi-builder-workspace/.derivedData/Build/Intermediates.noindex/GeneratedModuleMaps-watchos/Crypto-Swift.h
Copy /Users/admin/builder/spi-builder-workspace/.derivedData/Build/Products/Debug-watchos/Crypto.swiftmodule/arm64-apple-watchos.swiftmodule /Users/admin/builder/spi-builder-workspace/.derivedData/Build/Intermediates.noindex/swift-crypto.build/Debug-watchos/Crypto-t.build/Objects-normal/arm64/Crypto.swiftmodule (in target 'Crypto' from project 'swift-crypto')
    cd /Users/admin/builder/spi-builder-workspace/.dependencies/checkouts/swift-crypto
    builtin-copy -exclude .DS_Store -exclude CVS -exclude .svn -exclude .git -exclude .hg -resolve-src-symlinks -rename /Users/admin/builder/spi-builder-workspace/.derivedData/Build/Intermediates.noindex/swift-crypto.build/Debug-watchos/Crypto-t.build/Objects-normal/arm64/Crypto.swiftmodule /Users/admin/builder/spi-builder-workspace/.derivedData/Build/Products/Debug-watchos/Crypto.swiftmodule/arm64-apple-watchos.swiftmodule
Copy /Users/admin/builder/spi-builder-workspace/.derivedData/Build/Products/Debug-watchos/Crypto.swiftmodule/arm64-apple-watchos.swiftdoc /Users/admin/builder/spi-builder-workspace/.derivedData/Build/Intermediates.noindex/swift-crypto.build/Debug-watchos/Crypto-t.build/Objects-normal/arm64/Crypto.swiftdoc (in target 'Crypto' from project 'swift-crypto')
    cd /Users/admin/builder/spi-builder-workspace/.dependencies/checkouts/swift-crypto
    builtin-copy -exclude .DS_Store -exclude CVS -exclude .svn -exclude .git -exclude .hg -resolve-src-symlinks -rename /Users/admin/builder/spi-builder-workspace/.derivedData/Build/Intermediates.noindex/swift-crypto.build/Debug-watchos/Crypto-t.build/Objects-normal/arm64/Crypto.swiftdoc /Users/admin/builder/spi-builder-workspace/.derivedData/Build/Products/Debug-watchos/Crypto.swiftmodule/arm64-apple-watchos.swiftdoc
Copy /Users/admin/builder/spi-builder-workspace/.derivedData/Build/Products/Debug-watchos/Crypto.swiftmodule/arm64-apple-watchos.abi.json /Users/admin/builder/spi-builder-workspace/.derivedData/Build/Intermediates.noindex/swift-crypto.build/Debug-watchos/Crypto-t.build/Objects-normal/arm64/Crypto.abi.json (in target 'Crypto' from project 'swift-crypto')
    cd /Users/admin/builder/spi-builder-workspace/.dependencies/checkouts/swift-crypto
    builtin-copy -exclude .DS_Store -exclude CVS -exclude .svn -exclude .git -exclude .hg -resolve-src-symlinks -rename /Users/admin/builder/spi-builder-workspace/.derivedData/Build/Intermediates.noindex/swift-crypto.build/Debug-watchos/Crypto-t.build/Objects-normal/arm64/Crypto.abi.json /Users/admin/builder/spi-builder-workspace/.derivedData/Build/Products/Debug-watchos/Crypto.swiftmodule/arm64-apple-watchos.abi.json
Copy /Users/admin/builder/spi-builder-workspace/.derivedData/Build/Products/Debug-watchos/Crypto.swiftmodule/Project/arm64-apple-watchos.swiftsourceinfo /Users/admin/builder/spi-builder-workspace/.derivedData/Build/Intermediates.noindex/swift-crypto.build/Debug-watchos/Crypto-t.build/Objects-normal/arm64/Crypto.swiftsourceinfo (in target 'Crypto' from project 'swift-crypto')
    cd /Users/admin/builder/spi-builder-workspace/.dependencies/checkouts/swift-crypto
    builtin-copy -exclude .DS_Store -exclude CVS -exclude .svn -exclude .git -exclude .hg -resolve-src-symlinks -rename /Users/admin/builder/spi-builder-workspace/.derivedData/Build/Intermediates.noindex/swift-crypto.build/Debug-watchos/Crypto-t.build/Objects-normal/arm64/Crypto.swiftsourceinfo /Users/admin/builder/spi-builder-workspace/.derivedData/Build/Products/Debug-watchos/Crypto.swiftmodule/Project/arm64-apple-watchos.swiftsourceinfo
CompileC /Users/admin/builder/spi-builder-workspace/.derivedData/Build/Intermediates.noindex/mlx-swift.build/Debug-watchos/Cmlx-t.build/Objects-normal/arm64_32/transforms_impl.o /Users/admin/builder/spi-builder-workspace/.dependencies/checkouts/mlx-swift/Source/Cmlx/mlx-c/mlx/c/transforms_impl.cpp normal arm64_32 c++ com.apple.compilers.llvm.clang.1_0.compiler (in target 'Cmlx' from project 'mlx-swift')
    cd /Users/admin/builder/spi-builder-workspace/.swiftpm/xcode

    Using response file: /Users/admin/builder/spi-builder-workspace/.derivedData/Build/Intermediates.noindex/mlx-swift.build/Debug-watchos/Cmlx-t.build/Objects-normal/arm64_32/82b82416624d2658e5098eb0a28c15c5-common-args.resp

    /Applications/Xcode-27.0.0.app/Contents/Developer/Toolchains/XcodeDefault.xctoolchain/usr/bin/clang -x c++ -ivfsstatcache /Users/admin/builder/spi-builder-workspace/.derivedData/SDKStatCaches.noindex/watchos27.0-24R360-e829b21a6f8c9b70876ba0858053c044b9db9bc9c079ee3c7b5f3373b13d10bc.sdkstatcache -target arm64_32-apple-watchos10.0 -fmessage-length\=0 -fdiagnostics-show-note-include-stack -fmacro-backtrace-limit\=0 -fno-color-diagnostics -fmodules-prune-interval\=86400 -fmodules-prune-after\=345600 -fbuild-session-file\=/Users/admin/builder/spi-builder-workspace/.derivedData/ModuleCache.noindex/Session.modulevalidation -fmodules-validate-once-per-build-session -Wnon-modular-include-in-framework-module -Werror\=non-modular-include-in-framework-module -Wno-trigraphs -Wno-missing-field-initializers -Wno-missing-prototypes -Wno-return-type -Wno-non-virtual-dtor -Wno-overloaded-virtual -Wno-exit-time-destructors -Wno-missing-braces -Wparentheses -Wswitch -Wno-unused-function -Wno-unused-label -Wno-unused-parameter -Wno-unused-variable -Wunused-value -Wno-empty-body -Wno-uninitialized -Wno-unknown-pragmas -w -Wno-shadow -Wno-four-char-constants -Wno-conversion -Wno-constant-conversion -Wno-int-conversion -Wno-bool-conversion -Wno-enum-conversion -Wno-float-conversion -Wno-non-literal-null-conversion -Wno-objc-literal-conversion -Wno-shorten-64-to-32 -Wno-newline-eof -Wno-c++11-extensions -Wno-implicit-fallthrough -isysroot /Applications/Xcode-27.0.0.app/Contents/Developer/Platforms/WatchOS.platform/Developer/SDKs/WatchOS27.0.sdk -fstrict-aliasing -Wdeprecated-declarations -Winvalid-offsetof -Wno-sign-conversion -Wno-infinite-recursion -Wno-move -Wno-comma -Wno-block-capture-autoreleasing -Wno-strict-prototypes -Wno-range-loop-analysis -Wno-semicolon-before-method-body -index-store-path /Users/admin/builder/spi-builder-workspace/.derivedData/Index.noindex/DataStore @/Users/admin/builder/spi-builder-workspace/.derivedData/Build/Intermediates.noindex/mlx-swift.build/Debug-watchos/Cmlx-t.build/Objects-normal/arm64_32/82b82416624d2658e5098eb0a28c15c5-common-args.resp -MMD -MT dependencies -MF /Users/admin/builder/spi-builder-workspace/.derivedData/Build/Intermediates.noindex/mlx-swift.build/Debug-watchos/Cmlx-t.build/Objects-normal/arm64_32/transforms_impl.d --serialize-diagnostics /Users/admin/builder/spi-builder-workspace/.derivedData/Build/Intermediates.noindex/mlx-swift.build/Debug-watchos/Cmlx-t.build/Objects-normal/arm64_32/transforms_impl.dia -c /Users/admin/builder/spi-builder-workspace/.dependencies/checkouts/mlx-swift/Source/Cmlx/mlx-c/mlx/c/transforms_impl.cpp -o /Users/admin/builder/spi-builder-workspace/.derivedData/Build/Intermediates.noindex/mlx-swift.build/Debug-watchos/Cmlx-t.build/Objects-normal/arm64_32/transforms_impl.o -index-unit-output-path /mlx-swift.build/Debug-watchos/Cmlx-t.build/Objects-normal/arm64_32/transforms_impl.o
CompileC /Users/admin/builder/spi-builder-workspace/.derivedData/Build/Intermediates.noindex/mlx-swift.build/Debug-watchos/Cmlx-t.build/Objects-normal/arm64_32/transforms-d7906654fea2ef75ba2d3db78cef7bc2.o /Users/admin/builder/spi-builder-workspace/.dependencies/checkouts/mlx-swift/Source/Cmlx/mlx/mlx/transforms.cpp normal arm64_32 c++ com.apple.compilers.llvm.clang.1_0.compiler (in target 'Cmlx' from project 'mlx-swift')
    cd /Users/admin/builder/spi-builder-workspace/.swiftpm/xcode

    Using response file: /Users/admin/builder/spi-builder-workspace/.derivedData/Build/Intermediates.noindex/mlx-swift.build/Debug-watchos/Cmlx-t.build/Objects-normal/arm64_32/82b82416624d2658e5098eb0a28c15c5-common-args.resp

    /Applications/Xcode-27.0.0.app/Contents/Developer/Toolchains/XcodeDefault.xctoolchain/usr/bin/clang -x c++ -ivfsstatcache /Users/admin/builder/spi-builder-workspace/.derivedData/SDKStatCaches.noindex/watchos27.0-24R360-e829b21a6f8c9b70876ba0858053c044b9db9bc9c079ee3c7b5f3373b13d10bc.sdkstatcache -target arm64_32-apple-watchos10.0 -fmessage-length\=0 -fdiagnostics-show-note-include-stack -fmacro-backtrace-limit\=0 -fno-color-diagnostics -fmodules-prune-interval\=86400 -fmodules-prune-after\=345600 -fbuild-session-file\=/Users/admin/builder/spi-builder-workspace/.derivedData/ModuleCache.noindex/Session.modulevalidation -fmodules-validate-once-per-build-session -Wnon-modular-include-in-framework-module -Werror\=non-modular-include-in-framework-module -Wno-trigraphs -Wno-missing-field-initializers -Wno-missing-prototypes -Wno-return-type -Wno-non-virtual-dtor -Wno-overloaded-virtual -Wno-exit-time-destructors -Wno-missing-braces -Wparentheses -Wswitch -Wno-unused-function -Wno-unused-label -Wno-unused-parameter -Wno-unused-variable -Wunused-value -Wno-empty-body -Wno-uninitialized -Wno-unknown-pragmas -w -Wno-shadow -Wno-four-char-constants -Wno-conversion -Wno-constant-conversion -Wno-int-conversion -Wno-bool-conversion -Wno-enum-conversion -Wno-float-conversion -Wno-non-literal-null-conversion -Wno-objc-literal-conversion -Wno-shorten-64-to-32 -Wno-newline-eof -Wno-c++11-extensions -Wno-implicit-fallthrough -isysroot /Applications/Xcode-27.0.0.app/Contents/Developer/Platforms/WatchOS.platform/Developer/SDKs/WatchOS27.0.sdk -fstrict-aliasing -Wdeprecated-declarations -Winvalid-offsetof -Wno-sign-conversion -Wno-infinite-recursion -Wno-move -Wno-comma -Wno-block-capture-autoreleasing -Wno-strict-prototypes -Wno-range-loop-analysis -Wno-semicolon-before-method-body -index-store-path /Users/admin/builder/spi-builder-workspace/.derivedData/Index.noindex/DataStore @/Users/admin/builder/spi-builder-workspace/.derivedData/Build/Intermediates.noindex/mlx-swift.build/Debug-watchos/Cmlx-t.build/Objects-normal/arm64_32/82b82416624d2658e5098eb0a28c15c5-common-args.resp -MMD -MT dependencies -MF /Users/admin/builder/spi-builder-workspace/.derivedData/Build/Intermediates.noindex/mlx-swift.build/Debug-watchos/Cmlx-t.build/Objects-normal/arm64_32/transforms-d7906654fea2ef75ba2d3db78cef7bc2.d --serialize-diagnostics /Users/admin/builder/spi-builder-workspace/.derivedData/Build/Intermediates.noindex/mlx-swift.build/Debug-watchos/Cmlx-t.build/Objects-normal/arm64_32/transforms-d7906654fea2ef75ba2d3db78cef7bc2.dia -c /Users/admin/builder/spi-builder-workspace/.dependencies/checkouts/mlx-swift/Source/Cmlx/mlx/mlx/transforms.cpp -o /Users/admin/builder/spi-builder-workspace/.derivedData/Build/Intermediates.noindex/mlx-swift.build/Debug-watchos/Cmlx-t.build/Objects-normal/arm64_32/transforms-d7906654fea2ef75ba2d3db78cef7bc2.o -index-unit-output-path /mlx-swift.build/Debug-watchos/Cmlx-t.build/Objects-normal/arm64_32/transforms-d7906654fea2ef75ba2d3db78cef7bc2.o
SwiftDriverJobDiscovery normal arm64 Compiling Decision.swift, DecisionBackend.swift, DecisionEngine.swift, EncoderDecisionEngine.swift, EncoderEngineConfiguration.swift, EngineConfiguration.swift, ModelReleasing.swift (in target 'OpenJevCore' from project 'OpenJevSwift')
CompileC /Users/admin/builder/spi-builder-workspace/.derivedData/Build/Intermediates.noindex/mlx-swift.build/Debug-watchos/Cmlx-t.build/Objects-normal/arm64_32/transforms-ab093ac3bb79c19dc3cb7faff5161d52.o /Users/admin/builder/spi-builder-workspace/.dependencies/checkouts/mlx-swift/Source/Cmlx/mlx-c/mlx/c/transforms.cpp normal arm64_32 c++ com.apple.compilers.llvm.clang.1_0.compiler (in target 'Cmlx' from project 'mlx-swift')
    cd /Users/admin/builder/spi-builder-workspace/.swiftpm/xcode

    Using response file: /Users/admin/builder/spi-builder-workspace/.derivedData/Build/Intermediates.noindex/mlx-swift.build/Debug-watchos/Cmlx-t.build/Objects-normal/arm64_32/82b82416624d2658e5098eb0a28c15c5-common-args.resp

    /Applications/Xcode-27.0.0.app/Contents/Developer/Toolchains/XcodeDefault.xctoolchain/usr/bin/clang -x c++ -ivfsstatcache /Users/admin/builder/spi-builder-workspace/.derivedData/SDKStatCaches.noindex/watchos27.0-24R360-e829b21a6f8c9b70876ba0858053c044b9db9bc9c079ee3c7b5f3373b13d10bc.sdkstatcache -target arm64_32-apple-watchos10.0 -fmessage-length\=0 -fdiagnostics-show-note-include-stack -fmacro-backtrace-limit\=0 -fno-color-diagnostics -fmodules-prune-interval\=86400 -fmodules-prune-after\=345600 -fbuild-session-file\=/Users/admin/builder/spi-builder-workspace/.derivedData/ModuleCache.noindex/Session.modulevalidation -fmodules-validate-once-per-build-session -Wnon-modular-include-in-framework-module -Werror\=non-modular-include-in-framework-module -Wno-trigraphs -Wno-missing-field-initializers -Wno-missing-prototypes -Wno-return-type -Wno-non-virtual-dtor -Wno-overloaded-virtual -Wno-exit-time-destructors -Wno-missing-braces -Wparentheses -Wswitch -Wno-unused-function -Wno-unused-label -Wno-unused-parameter -Wno-unused-variable -Wunused-value -Wno-empty-body -Wno-uninitialized -Wno-unknown-pragmas -w -Wno-shadow -Wno-four-char-constants -Wno-conversion -Wno-constant-conversion -Wno-int-conversion -Wno-bool-conversion -Wno-enum-conversion -Wno-float-conversion -Wno-non-literal-null-conversion -Wno-objc-literal-conversion -Wno-shorten-64-to-32 -Wno-newline-eof -Wno-c++11-extensions -Wno-implicit-fallthrough -isysroot /Applications/Xcode-27.0.0.app/Contents/Developer/Platforms/WatchOS.platform/Developer/SDKs/WatchOS27.0.sdk -fstrict-aliasing -Wdeprecated-declarations -Winvalid-offsetof -Wno-sign-conversion -Wno-infinite-recursion -Wno-move -Wno-comma -Wno-block-capture-autoreleasing -Wno-strict-prototypes -Wno-range-loop-analysis -Wno-semicolon-before-method-body -index-store-path /Users/admin/builder/spi-builder-workspace/.derivedData/Index.noindex/DataStore @/Users/admin/builder/spi-builder-workspace/.derivedData/Build/Intermediates.noindex/mlx-swift.build/Debug-watchos/Cmlx-t.build/Objects-normal/arm64_32/82b82416624d2658e5098eb0a28c15c5-common-args.resp -MMD -MT dependencies -MF /Users/admin/builder/spi-builder-workspace/.derivedData/Build/Intermediates.noindex/mlx-swift.build/Debug-watchos/Cmlx-t.build/Objects-normal/arm64_32/transforms-ab093ac3bb79c19dc3cb7faff5161d52.d --serialize-diagnostics /Users/admin/builder/spi-builder-workspace/.derivedData/Build/Intermediates.noindex/mlx-swift.build/Debug-watchos/Cmlx-t.build/Objects-normal/arm64_32/transforms-ab093ac3bb79c19dc3cb7faff5161d52.dia -c /Users/admin/builder/spi-builder-workspace/.dependencies/checkouts/mlx-swift/Source/Cmlx/mlx-c/mlx/c/transforms.cpp -o /Users/admin/builder/spi-builder-workspace/.derivedData/Build/Intermediates.noindex/mlx-swift.build/Debug-watchos/Cmlx-t.build/Objects-normal/arm64_32/transforms-ab093ac3bb79c19dc3cb7faff5161d52.o -index-unit-output-path /mlx-swift.build/Debug-watchos/Cmlx-t.build/Objects-normal/arm64_32/transforms-ab093ac3bb79c19dc3cb7faff5161d52.o
CompileC /Users/admin/builder/spi-builder-workspace/.derivedData/Build/Intermediates.noindex/mlx-swift.build/Debug-watchos/Cmlx-t.build/Objects-normal/arm64_32/threefry.o /Users/admin/builder/spi-builder-workspace/.dependencies/checkouts/mlx-swift/Source/Cmlx/mlx/mlx/backend/cpu/threefry.cpp normal arm64_32 c++ com.apple.compilers.llvm.clang.1_0.compiler (in target 'Cmlx' from project 'mlx-swift')
    cd /Users/admin/builder/spi-builder-workspace/.swiftpm/xcode

    Using response file: /Users/admin/builder/spi-builder-workspace/.derivedData/Build/Intermediates.noindex/mlx-swift.build/Debug-watchos/Cmlx-t.build/Objects-normal/arm64_32/82b82416624d2658e5098eb0a28c15c5-common-args.resp

    /Applications/Xcode-27.0.0.app/Contents/Developer/Toolchains/XcodeDefault.xctoolchain/usr/bin/clang -x c++ -ivfsstatcache /Users/admin/builder/spi-builder-workspace/.derivedData/SDKStatCaches.noindex/watchos27.0-24R360-e829b21a6f8c9b70876ba0858053c044b9db9bc9c079ee3c7b5f3373b13d10bc.sdkstatcache -target arm64_32-apple-watchos10.0 -fmessage-length\=0 -fdiagnostics-show-note-include-stack -fmacro-backtrace-limit\=0 -fno-color-diagnostics -fmodules-prune-interval\=86400 -fmodules-prune-after\=345600 -fbuild-session-file\=/Users/admin/builder/spi-builder-workspace/.derivedData/ModuleCache.noindex/Session.modulevalidation -fmodules-validate-once-per-build-session -Wnon-modular-include-in-framework-module -Werror\=non-modular-include-in-framework-module -Wno-trigraphs -Wno-missing-field-initializers -Wno-missing-prototypes -Wno-return-type -Wno-non-virtual-dtor -Wno-overloaded-virtual -Wno-exit-time-destructors -Wno-missing-braces -Wparentheses -Wswitch -Wno-unused-function -Wno-unused-label -Wno-unused-parameter -Wno-unused-variable -Wunused-value -Wno-empty-body -Wno-uninitialized -Wno-unknown-pragmas -w -Wno-shadow -Wno-four-char-constants -Wno-conversion -Wno-constant-conversion -Wno-int-conversion -Wno-bool-conversion -Wno-enum-conversion -Wno-float-conversion -Wno-non-literal-null-conversion -Wno-objc-literal-conversion -Wno-shorten-64-to-32 -Wno-newline-eof -Wno-c++11-extensions -Wno-implicit-fallthrough -isysroot /Applications/Xcode-27.0.0.app/Contents/Developer/Platforms/WatchOS.platform/Developer/SDKs/WatchOS27.0.sdk -fstrict-aliasing -Wdeprecated-declarations -Winvalid-offsetof -Wno-sign-conversion -Wno-infinite-recursion -Wno-move -Wno-comma -Wno-block-capture-autoreleasing -Wno-strict-prototypes -Wno-range-loop-analysis -Wno-semicolon-before-method-body -index-store-path /Users/admin/builder/spi-builder-workspace/.derivedData/Index.noindex/DataStore @/Users/admin/builder/spi-builder-workspace/.derivedData/Build/Intermediates.noindex/mlx-swift.build/Debug-watchos/Cmlx-t.build/Objects-normal/arm64_32/82b82416624d2658e5098eb0a28c15c5-common-args.resp -MMD -MT dependencies -MF /Users/admin/builder/spi-builder-workspace/.derivedData/Build/Intermediates.noindex/mlx-swift.build/Debug-watchos/Cmlx-t.build/Objects-normal/arm64_32/threefry.d --serialize-diagnostics /Users/admin/builder/spi-builder-workspace/.derivedData/Build/Intermediates.noindex/mlx-swift.build/Debug-watchos/Cmlx-t.build/Objects-normal/arm64_32/threefry.dia -c /Users/admin/builder/spi-builder-workspace/.dependencies/checkouts/mlx-swift/Source/Cmlx/mlx/mlx/backend/cpu/threefry.cpp -o /Users/admin/builder/spi-builder-workspace/.derivedData/Build/Intermediates.noindex/mlx-swift.build/Debug-watchos/Cmlx-t.build/Objects-normal/arm64_32/threefry.o -index-unit-output-path /mlx-swift.build/Debug-watchos/Cmlx-t.build/Objects-normal/arm64_32/threefry.o
CompileC /Users/admin/builder/spi-builder-workspace/.derivedData/Build/Intermediates.noindex/mlx-swift.build/Debug-watchos/Cmlx-t.build/Objects-normal/arm64_32/ternary_ops.o /Users/admin/builder/spi-builder-workspace/.dependencies/checkouts/mlx-swift/Source/Cmlx/mlx-generated/ternary_ops.cpp normal arm64_32 c++ com.apple.compilers.llvm.clang.1_0.compiler (in target 'Cmlx' from project 'mlx-swift')
    cd /Users/admin/builder/spi-builder-workspace/.swiftpm/xcode

    Using response file: /Users/admin/builder/spi-builder-workspace/.derivedData/Build/Intermediates.noindex/mlx-swift.build/Debug-watchos/Cmlx-t.build/Objects-normal/arm64_32/82b82416624d2658e5098eb0a28c15c5-common-args.resp

    /Applications/Xcode-27.0.0.app/Contents/Developer/Toolchains/XcodeDefault.xctoolchain/usr/bin/clang -x c++ -ivfsstatcache /Users/admin/builder/spi-builder-workspace/.derivedData/SDKStatCaches.noindex/watchos27.0-24R360-e829b21a6f8c9b70876ba0858053c044b9db9bc9c079ee3c7b5f3373b13d10bc.sdkstatcache -target arm64_32-apple-watchos10.0 -fmessage-length\=0 -fdiagnostics-show-note-include-stack -fmacro-backtrace-limit\=0 -fno-color-diagnostics -fmodules-prune-interval\=86400 -fmodules-prune-after\=345600 -fbuild-session-file\=/Users/admin/builder/spi-builder-workspace/.derivedData/ModuleCache.noindex/Session.modulevalidation -fmodules-validate-once-per-build-session -Wnon-modular-include-in-framework-module -Werror\=non-modular-include-in-framework-module -Wno-trigraphs -Wno-missing-field-initializers -Wno-missing-prototypes -Wno-return-type -Wno-non-virtual-dtor -Wno-overloaded-virtual -Wno-exit-time-destructors -Wno-missing-braces -Wparentheses -Wswitch -Wno-unused-function -Wno-unused-label -Wno-unused-parameter -Wno-unused-variable -Wunused-value -Wno-empty-body -Wno-uninitialized -Wno-unknown-pragmas -w -Wno-shadow -Wno-four-char-constants -Wno-conversion -Wno-constant-conversion -Wno-int-conversion -Wno-bool-conversion -Wno-enum-conversion -Wno-float-conversion -Wno-non-literal-null-conversion -Wno-objc-literal-conversion -Wno-shorten-64-to-32 -Wno-newline-eof -Wno-c++11-extensions -Wno-implicit-fallthrough -isysroot /Applications/Xcode-27.0.0.app/Contents/Developer/Platforms/WatchOS.platform/Developer/SDKs/WatchOS27.0.sdk -fstrict-aliasing -Wdeprecated-declarations -Winvalid-offsetof -Wno-sign-conversion -Wno-infinite-recursion -Wno-move -Wno-comma -Wno-block-capture-autoreleasing -Wno-strict-prototypes -Wno-range-loop-analysis -Wno-semicolon-before-method-body -index-store-path /Users/admin/builder/spi-builder-workspace/.derivedData/Index.noindex/DataStore @/Users/admin/builder/spi-builder-workspace/.derivedData/Build/Intermediates.noindex/mlx-swift.build/Debug-watchos/Cmlx-t.build/Objects-normal/arm64_32/82b82416624d2658e5098eb0a28c15c5-common-args.resp -MMD -MT dependencies -MF /Users/admin/builder/spi-builder-workspace/.derivedData/Build/Intermediates.noindex/mlx-swift.build/Debug-watchos/Cmlx-t.build/Objects-normal/arm64_32/ternary_ops.d --serialize-diagnostics /Users/admin/builder/spi-builder-workspace/.derivedData/Build/Intermediates.noindex/mlx-swift.build/Debug-watchos/Cmlx-t.build/Objects-normal/arm64_32/ternary_ops.dia -c /Users/admin/builder/spi-builder-workspace/.dependencies/checkouts/mlx-swift/Source/Cmlx/mlx-generated/ternary_ops.cpp -o /Users/admin/builder/spi-builder-workspace/.derivedData/Build/Intermediates.noindex/mlx-swift.build/Debug-watchos/Cmlx-t.build/Objects-normal/arm64_32/ternary_ops.o -index-unit-output-path /mlx-swift.build/Debug-watchos/Cmlx-t.build/Objects-normal/arm64_32/ternary_ops.o
CompileC /Users/admin/builder/spi-builder-workspace/.derivedData/Build/Intermediates.noindex/mlx-swift.build/Debug-watchos/Cmlx-t.build/Objects-normal/arm64_32/ternary-c4692503ea46fc9c160255f032213e87.o /Users/admin/builder/spi-builder-workspace/.dependencies/checkouts/mlx-swift/Source/Cmlx/mlx/mlx/backend/metal/ternary.cpp normal arm64_32 c++ com.apple.compilers.llvm.clang.1_0.compiler (in target 'Cmlx' from project 'mlx-swift')
    cd /Users/admin/builder/spi-builder-workspace/.swiftpm/xcode

    Using response file: /Users/admin/builder/spi-builder-workspace/.derivedData/Build/Intermediates.noindex/mlx-swift.build/Debug-watchos/Cmlx-t.build/Objects-normal/arm64_32/82b82416624d2658e5098eb0a28c15c5-common-args.resp

    /Applications/Xcode-27.0.0.app/Contents/Developer/Toolchains/XcodeDefault.xctoolchain/usr/bin/clang -x c++ -ivfsstatcache /Users/admin/builder/spi-builder-workspace/.derivedData/SDKStatCaches.noindex/watchos27.0-24R360-e829b21a6f8c9b70876ba0858053c044b9db9bc9c079ee3c7b5f3373b13d10bc.sdkstatcache -target arm64_32-apple-watchos10.0 -fmessage-length\=0 -fdiagnostics-show-note-include-stack -fmacro-backtrace-limit\=0 -fno-color-diagnostics -fmodules-prune-interval\=86400 -fmodules-prune-after\=345600 -fbuild-session-file\=/Users/admin/builder/spi-builder-workspace/.derivedData/ModuleCache.noindex/Session.modulevalidation -fmodules-validate-once-per-build-session -Wnon-modular-include-in-framework-module -Werror\=non-modular-include-in-framework-module -Wno-trigraphs -Wno-missing-field-initializers -Wno-missing-prototypes -Wno-return-type -Wno-non-virtual-dtor -Wno-overloaded-virtual -Wno-exit-time-destructors -Wno-missing-braces -Wparentheses -Wswitch -Wno-unused-function -Wno-unused-label -Wno-unused-parameter -Wno-unused-variable -Wunused-value -Wno-empty-body -Wno-uninitialized -Wno-unknown-pragmas -w -Wno-shadow -Wno-four-char-constants -Wno-conversion -Wno-constant-conversion -Wno-int-conversion -Wno-bool-conversion -Wno-enum-conversion -Wno-float-conversion -Wno-non-literal-null-conversion -Wno-objc-literal-conversion -Wno-shorten-64-to-32 -Wno-newline-eof -Wno-c++11-extensions -Wno-implicit-fallthrough -isysroot /Applications/Xcode-27.0.0.app/Contents/Developer/Platforms/WatchOS.platform/Developer/SDKs/WatchOS27.0.sdk -fstrict-aliasing -Wdeprecated-declarations -Winvalid-offsetof -Wno-sign-conversion -Wno-infinite-recursion -Wno-move -Wno-comma -Wno-block-capture-autoreleasing -Wno-strict-prototypes -Wno-range-loop-analysis -Wno-semicolon-before-method-body -index-store-path /Users/admin/builder/spi-builder-workspace/.derivedData/Index.noindex/DataStore @/Users/admin/builder/spi-builder-workspace/.derivedData/Build/Intermediates.noindex/mlx-swift.build/Debug-watchos/Cmlx-t.build/Objects-normal/arm64_32/82b82416624d2658e5098eb0a28c15c5-common-args.resp -MMD -MT dependencies -MF /Users/admin/builder/spi-builder-workspace/.derivedData/Build/Intermediates.noindex/mlx-swift.build/Debug-watchos/Cmlx-t.build/Objects-normal/arm64_32/ternary-c4692503ea46fc9c160255f032213e87.d --serialize-diagnostics /Users/admin/builder/spi-builder-workspace/.derivedData/Build/Intermediates.noindex/mlx-swift.build/Debug-watchos/Cmlx-t.build/Objects-normal/arm64_32/ternary-c4692503ea46fc9c160255f032213e87.dia -c /Users/admin/builder/spi-builder-workspace/.dependencies/checkouts/mlx-swift/Source/Cmlx/mlx/mlx/backend/metal/ternary.cpp -o /Users/admin/builder/spi-builder-workspace/.derivedData/Build/Intermediates.noindex/mlx-swift.build/Debug-watchos/Cmlx-t.build/Objects-normal/arm64_32/ternary-c4692503ea46fc9c160255f032213e87.o -index-unit-output-path /mlx-swift.build/Debug-watchos/Cmlx-t.build/Objects-normal/arm64_32/ternary-c4692503ea46fc9c160255f032213e87.o
CompileC /Users/admin/builder/spi-builder-workspace/.derivedData/Build/Intermediates.noindex/mlx-swift.build/Debug-watchos/Cmlx-t.build/Objects-normal/arm64_32/ternary-0bf710a45af1d9192c5b93bd91307fe9.o /Users/admin/builder/spi-builder-workspace/.dependencies/checkouts/mlx-swift/Source/Cmlx/mlx-generated/ternary.cpp normal arm64_32 c++ com.apple.compilers.llvm.clang.1_0.compiler (in target 'Cmlx' from project 'mlx-swift')
    cd /Users/admin/builder/spi-builder-workspace/.swiftpm/xcode

    Using response file: /Users/admin/builder/spi-builder-workspace/.derivedData/Build/Intermediates.noindex/mlx-swift.build/Debug-watchos/Cmlx-t.build/Objects-normal/arm64_32/82b82416624d2658e5098eb0a28c15c5-common-args.resp

    /Applications/Xcode-27.0.0.app/Contents/Developer/Toolchains/XcodeDefault.xctoolchain/usr/bin/clang -x c++ -ivfsstatcache /Users/admin/builder/spi-builder-workspace/.derivedData/SDKStatCaches.noindex/watchos27.0-24R360-e829b21a6f8c9b70876ba0858053c044b9db9bc9c079ee3c7b5f3373b13d10bc.sdkstatcache -target arm64_32-apple-watchos10.0 -fmessage-length\=0 -fdiagnostics-show-note-include-stack -fmacro-backtrace-limit\=0 -fno-color-diagnostics -fmodules-prune-interval\=86400 -fmodules-prune-after\=345600 -fbuild-session-file\=/Users/admin/builder/spi-builder-workspace/.derivedData/ModuleCache.noindex/Session.modulevalidation -fmodules-validate-once-per-build-session -Wnon-modular-include-in-framework-module -Werror\=non-modular-include-in-framework-module -Wno-trigraphs -Wno-missing-field-initializers -Wno-missing-prototypes -Wno-return-type -Wno-non-virtual-dtor -Wno-overloaded-virtual -Wno-exit-time-destructors -Wno-missing-braces -Wparentheses -Wswitch -Wno-unused-function -Wno-unused-label -Wno-unused-parameter -Wno-unused-variable -Wunused-value -Wno-empty-body -Wno-uninitialized -Wno-unknown-pragmas -w -Wno-shadow -Wno-four-char-constants -Wno-conversion -Wno-constant-conversion -Wno-int-conversion -Wno-bool-conversion -Wno-enum-conversion -Wno-float-conversion -Wno-non-literal-null-conversion -Wno-objc-literal-conversion -Wno-shorten-64-to-32 -Wno-newline-eof -Wno-c++11-extensions -Wno-implicit-fallthrough -isysroot /Applications/Xcode-27.0.0.app/Contents/Developer/Platforms/WatchOS.platform/Developer/SDKs/WatchOS27.0.sdk -fstrict-aliasing -Wdeprecated-declarations -Winvalid-offsetof -Wno-sign-conversion -Wno-infinite-recursion -Wno-move -Wno-comma -Wno-block-capture-autoreleasing -Wno-strict-prototypes -Wno-range-loop-analysis -Wno-semicolon-before-method-body -index-store-path /Users/admin/builder/spi-builder-workspace/.derivedData/Index.noindex/DataStore @/Users/admin/builder/spi-builder-workspace/.derivedData/Build/Intermediates.noindex/mlx-swift.build/Debug-watchos/Cmlx-t.build/Objects-normal/arm64_32/82b82416624d2658e5098eb0a28c15c5-common-args.resp -MMD -MT dependencies -MF /Users/admin/builder/spi-builder-workspace/.derivedData/Build/Intermediates.noindex/mlx-swift.build/Debug-watchos/Cmlx-t.build/Objects-normal/arm64_32/ternary-0bf710a45af1d9192c5b93bd91307fe9.d --serialize-diagnostics /Users/admin/builder/spi-builder-workspace/.derivedData/Build/Intermediates.noindex/mlx-swift.build/Debug-watchos/Cmlx-t.build/Objects-normal/arm64_32/ternary-0bf710a45af1d9192c5b93bd91307fe9.dia -c /Users/admin/builder/spi-builder-workspace/.dependencies/checkouts/mlx-swift/Source/Cmlx/mlx-generated/ternary.cpp -o /Users/admin/builder/spi-builder-workspace/.derivedData/Build/Intermediates.noindex/mlx-swift.build/Debug-watchos/Cmlx-t.build/Objects-normal/arm64_32/ternary-0bf710a45af1d9192c5b93bd91307fe9.o -index-unit-output-path /mlx-swift.build/Debug-watchos/Cmlx-t.build/Objects-normal/arm64_32/ternary-0bf710a45af1d9192c5b93bd91307fe9.o
CompileC /Users/admin/builder/spi-builder-workspace/.derivedData/Build/Intermediates.noindex/mlx-swift.build/Debug-watchos/Cmlx-t.build/Objects-normal/arm64_32/svd.o /Users/admin/builder/spi-builder-workspace/.dependencies/checkouts/mlx-swift/Source/Cmlx/mlx/mlx/backend/cpu/svd.cpp normal arm64_32 c++ com.apple.compilers.llvm.clang.1_0.compiler (in target 'Cmlx' from project 'mlx-swift')
    cd /Users/admin/builder/spi-builder-workspace/.swiftpm/xcode

    Using response file: /Users/admin/builder/spi-builder-workspace/.derivedData/Build/Intermediates.noindex/mlx-swift.build/Debug-watchos/Cmlx-t.build/Objects-normal/arm64_32/82b82416624d2658e5098eb0a28c15c5-common-args.resp

    /Applications/Xcode-27.0.0.app/Contents/Developer/Toolchains/XcodeDefault.xctoolchain/usr/bin/clang -x c++ -ivfsstatcache /Users/admin/builder/spi-builder-workspace/.derivedData/SDKStatCaches.noindex/watchos27.0-24R360-e829b21a6f8c9b70876ba0858053c044b9db9bc9c079ee3c7b5f3373b13d10bc.sdkstatcache -target arm64_32-apple-watchos10.0 -fmessage-length\=0 -fdiagnostics-show-note-include-stack -fmacro-backtrace-limit\=0 -fno-color-diagnostics -fmodules-prune-interval\=86400 -fmodules-prune-after\=345600 -fbuild-session-file\=/Users/admin/builder/spi-builder-workspace/.derivedData/ModuleCache.noindex/Session.modulevalidation -fmodules-validate-once-per-build-session -Wnon-modular-include-in-framework-module -Werror\=non-modular-include-in-framework-module -Wno-trigraphs -Wno-missing-field-initializers -Wno-missing-prototypes -Wno-return-type -Wno-non-virtual-dtor -Wno-overloaded-virtual -Wno-exit-time-destructors -Wno-missing-braces -Wparentheses -Wswitch -Wno-unused-function -Wno-unused-label -Wno-unused-parameter -Wno-unused-variable -Wunused-value -Wno-empty-body -Wno-uninitialized -Wno-unknown-pragmas -w -Wno-shadow -Wno-four-char-constants -Wno-conversion -Wno-constant-conversion -Wno-int-conversion -Wno-bool-conversion -Wno-enum-conversion -Wno-float-conversion -Wno-non-literal-null-conversion -Wno-objc-literal-conversion -Wno-shorten-64-to-32 -Wno-newline-eof -Wno-c++11-extensions -Wno-implicit-fallthrough -isysroot /Applications/Xcode-27.0.0.app/Contents/Developer/Platforms/WatchOS.platform/Developer/SDKs/WatchOS27.0.sdk -fstrict-aliasing -Wdeprecated-declarations -Winvalid-offsetof -Wno-sign-conversion -Wno-infinite-recursion -Wno-move -Wno-comma -Wno-block-capture-autoreleasing -Wno-strict-prototypes -Wno-range-loop-analysis -Wno-semicolon-before-method-body -index-store-path /Users/admin/builder/spi-builder-workspace/.derivedData/Index.noindex/DataStore @/Users/admin/builder/spi-builder-workspace/.derivedData/Build/Intermediates.noindex/mlx-swift.build/Debug-watchos/Cmlx-t.build/Objects-normal/arm64_32/82b82416624d2658e5098eb0a28c15c5-common-args.resp -MMD -MT dependencies -MF /Users/admin/builder/spi-builder-workspace/.derivedData/Build/Intermediates.noindex/mlx-swift.build/Debug-watchos/Cmlx-t.build/Objects-normal/arm64_32/svd.d --serialize-diagnostics /Users/admin/builder/spi-builder-workspace/.derivedData/Build/Intermediates.noindex/mlx-swift.build/Debug-watchos/Cmlx-t.build/Objects-normal/arm64_32/svd.dia -c /Users/admin/builder/spi-builder-workspace/.dependencies/checkouts/mlx-swift/Source/Cmlx/mlx/mlx/backend/cpu/svd.cpp -o /Users/admin/builder/spi-builder-workspace/.derivedData/Build/Intermediates.noindex/mlx-swift.build/Debug-watchos/Cmlx-t.build/Objects-normal/arm64_32/svd.o -index-unit-output-path /mlx-swift.build/Debug-watchos/Cmlx-t.build/Objects-normal/arm64_32/svd.o
CompileC /Users/admin/builder/spi-builder-workspace/.derivedData/Build/Intermediates.noindex/mlx-swift.build/Debug-watchos/Cmlx-t.build/Objects-normal/arm64_32/string.o /Users/admin/builder/spi-builder-workspace/.dependencies/checkouts/mlx-swift/Source/Cmlx/mlx-c/mlx/c/string.cpp normal arm64_32 c++ com.apple.compilers.llvm.clang.1_0.compiler (in target 'Cmlx' from project 'mlx-swift')
    cd /Users/admin/builder/spi-builder-workspace/.swiftpm/xcode

    Using response file: /Users/admin/builder/spi-builder-workspace/.derivedData/Build/Intermediates.noindex/mlx-swift.build/Debug-watchos/Cmlx-t.build/Objects-normal/arm64_32/82b82416624d2658e5098eb0a28c15c5-common-args.resp

    /Applications/Xcode-27.0.0.app/Contents/Developer/Toolchains/XcodeDefault.xctoolchain/usr/bin/clang -x c++ -ivfsstatcache /Users/admin/builder/spi-builder-workspace/.derivedData/SDKStatCaches.noindex/watchos27.0-24R360-e829b21a6f8c9b70876ba0858053c044b9db9bc9c079ee3c7b5f3373b13d10bc.sdkstatcache -target arm64_32-apple-watchos10.0 -fmessage-length\=0 -fdiagnostics-show-note-include-stack -fmacro-backtrace-limit\=0 -fno-color-diagnostics -fmodules-prune-interval\=86400 -fmodules-prune-after\=345600 -fbuild-session-file\=/Users/admin/builder/spi-builder-workspace/.derivedData/ModuleCache.noindex/Session.modulevalidation -fmodules-validate-once-per-build-session -Wnon-modular-include-in-framework-module -Werror\=non-modular-include-in-framework-module -Wno-trigraphs -Wno-missing-field-initializers -Wno-missing-prototypes -Wno-return-type -Wno-non-virtual-dtor -Wno-overloaded-virtual -Wno-exit-time-destructors -Wno-missing-braces -Wparentheses -Wswitch -Wno-unused-function -Wno-unused-label -Wno-unused-parameter -Wno-unused-variable -Wunused-value -Wno-empty-body -Wno-uninitialized -Wno-unknown-pragmas -w -Wno-shadow -Wno-four-char-constants -Wno-conversion -Wno-constant-conversion -Wno-int-conversion -Wno-bool-conversion -Wno-enum-conversion -Wno-float-conversion -Wno-non-literal-null-conversion -Wno-objc-literal-conversion -Wno-shorten-64-to-32 -Wno-newline-eof -Wno-c++11-extensions -Wno-implicit-fallthrough -isysroot /Applications/Xcode-27.0.0.app/Contents/Developer/Platforms/WatchOS.platform/Developer/SDKs/WatchOS27.0.sdk -fstrict-aliasing -Wdeprecated-declarations -Winvalid-offsetof -Wno-sign-conversion -Wno-infinite-recursion -Wno-move -Wno-comma -Wno-block-capture-autoreleasing -Wno-strict-prototypes -Wno-range-loop-analysis -Wno-semicolon-before-method-body -index-store-path /Users/admin/builder/spi-builder-workspace/.derivedData/Index.noindex/DataStore @/Users/admin/builder/spi-builder-workspace/.derivedData/Build/Intermediates.noindex/mlx-swift.build/Debug-watchos/Cmlx-t.build/Objects-normal/arm64_32/82b82416624d2658e5098eb0a28c15c5-common-args.resp -MMD -MT dependencies -MF /Users/admin/builder/spi-builder-workspace/.derivedData/Build/Intermediates.noindex/mlx-swift.build/Debug-watchos/Cmlx-t.build/Objects-normal/arm64_32/string.d --serialize-diagnostics /Users/admin/builder/spi-builder-workspace/.derivedData/Build/Intermediates.noindex/mlx-swift.build/Debug-watchos/Cmlx-t.build/Objects-normal/arm64_32/string.dia -c /Users/admin/builder/spi-builder-workspace/.dependencies/checkouts/mlx-swift/Source/Cmlx/mlx-c/mlx/c/string.cpp -o /Users/admin/builder/spi-builder-workspace/.derivedData/Build/Intermediates.noindex/mlx-swift.build/Debug-watchos/Cmlx-t.build/Objects-normal/arm64_32/string.o -index-unit-output-path /mlx-swift.build/Debug-watchos/Cmlx-t.build/Objects-normal/arm64_32/string.o
PruneExplicitPrecompiledModules /Users/admin/builder/spi-builder-workspace/.derivedData/Build/Intermediates.noindex/ExplicitPrecompiledModules
PruneExplicitPrecompiledModules /Users/admin/builder/spi-builder-workspace/.derivedData/SDKExplicitPrecompiledModules
PruneExplicitPrecompiledModules /Users/admin/builder/spi-builder-workspace/.derivedData/Build/Intermediates.noindex/SwiftExplicitPrecompiledModules
2026-10-09 14:53:51.159 xcodebuild[2245:11263] [MT] IDERunDestination: Supported platforms for the buildables in the current scheme is empty.
2026-10-09 14:53:51.258 xcodebuild[2245:11263] [MT] IDERunDestination: Supported platforms for the buildables in the current scheme is empty.
** BUILD FAILED **
The following build commands failed:
	CompileC /Users/admin/builder/spi-builder-workspace/.derivedData/Build/Intermediates.noindex/mlx-swift.build/Debug-watchos/Cmlx-t.build/Objects-normal/arm64_32/utils-cece7f7ad05e390b4c43c3ff21479e10.o /Users/admin/builder/spi-builder-workspace/.dependencies/checkouts/mlx-swift/Source/Cmlx/mlx/mlx/backend/metal/utils.cpp normal arm64_32 c++ com.apple.compilers.llvm.clang.1_0.compiler (in target 'Cmlx' from project 'mlx-swift')
	Building workspace OpenJevSwift with scheme OpenJevSwift-Package
(2 failures)
Command line invocation:
    /Applications/Xcode-27.0.0.app/Contents/Developer/usr/bin/xcodebuild -IDEClonedSourcePackagesDirPathOverride=/Users/admin/builder/spi-builder-workspace/.dependencies -resolvePackageDependencies
Resolve Package Graph
Resolved source packages:
  swift-syntax: https://github.com/swiftlang/swift-syntax.git @ 603.0.2
  EventSource: https://github.com/mattt/EventSource.git @ 1.5.1
  yyjson: https://github.com/ibireme/yyjson.git @ 0.12.0
  swift-configuration: https://github.com/apple/swift-configuration.git @ 1.2.2
  mlx-swift-lm: https://github.com/ml-explore/mlx-swift-lm @ 3.32.3
  swift-atomics: https://github.com/apple/swift-atomics.git @ 1.3.1
  mlx-swift: https://github.com/ml-explore/mlx-swift @ 0.32.3
  swift-collections: https://github.com/apple/swift-collections.git @ 1.7.2
  swift-nio-ssl: https://github.com/apple/swift-nio-ssl.git @ 2.37.5
  swift-log: https://github.com/apple/swift-log.git @ 1.16.1
  swift-distributed-tracing: https://github.com/apple/swift-distributed-tracing.git @ 1.5.0
  swift-certificates: https://github.com/apple/swift-certificates.git @ 1.21.0
  swift-service-context: https://github.com/apple/swift-service-context.git @ 1.3.0
  swift-metrics: https://github.com/apple/swift-metrics.git @ 2.12.0
  swift-algorithms: https://github.com/apple/swift-algorithms.git @ 1.2.1
  swift-asn1: https://github.com/apple/swift-asn1.git @ 1.7.3
  swift-nio-transport-services: https://github.com/apple/swift-nio-transport-services.git @ 1.28.0
  swift-system: https://github.com/apple/swift-system.git @ 1.8.1
  SymbolKit: https://github.com/swiftlang/swift-docc-symbolkit @ 1.0.0
  swift-crypto: https://github.com/apple/swift-crypto.git @ 4.5.2
  SwiftDocCPlugin: https://github.com/swiftlang/swift-docc-plugin @ 1.5.0
  Jinja: https://github.com/huggingface/swift-jinja.git @ 2.5.1
  hummingbird: https://github.com/hummingbird-project/hummingbird.git @ 2.27.1
  swift-async-algorithms: https://github.com/apple/swift-async-algorithms.git @ 1.1.7
  swift-transformers: https://github.com/huggingface/swift-transformers.git @ 1.3.4
  swift-nio-http2: https://github.com/apple/swift-nio-http2.git @ 1.46.0
  swift-service-lifecycle: https://github.com/swift-server/swift-service-lifecycle.git @ 2.12.1
  OpenJevSwift: /Users/admin/builder/spi-builder-workspace
  swift-huggingface: https://github.com/huggingface/swift-huggingface.git @ 0.13.0
  swift-nio-extras: https://github.com/apple/swift-nio-extras.git @ 1.35.1
  swift-argument-parser: https://github.com/apple/swift-argument-parser.git @ 1.8.2
  swift-http-types: https://github.com/apple/swift-http-types.git @ 1.8.0
  async-http-client: https://github.com/swift-server/async-http-client.git @ 1.36.2
  swift-nio: https://github.com/apple/swift-nio.git @ 2.104.0
  swift-numerics: https://github.com/apple/swift-numerics @ 1.1.1
  swift-http-structured-headers: https://github.com/apple/swift-http-structured-headers.git @ 1.7.0
resolved source packages: swift-syntax, EventSource, yyjson, swift-configuration, mlx-swift-lm, swift-atomics, mlx-swift, swift-collections, swift-nio-ssl, swift-log, swift-distributed-tracing, swift-certificates, swift-service-context, swift-metrics, swift-algorithms, swift-asn1, swift-nio-transport-services, swift-system, SymbolKit, swift-crypto, SwiftDocCPlugin, Jinja, hummingbird, swift-async-algorithms, swift-transformers, swift-nio-http2, swift-service-lifecycle, OpenJevSwift, swift-huggingface, swift-nio-extras, swift-argument-parser, swift-http-types, async-http-client, swift-nio, swift-numerics, swift-http-structured-headers
2026-10-09 14:54:40.209 xcodebuild[2947:15004] [MT] IDERunDestination: Supported platforms for the buildables in the current scheme is empty.
2026-10-09 14:54:40.308 xcodebuild[2947:15004] [MT] IDERunDestination: Supported platforms for the buildables in the current scheme is empty.
{
  "dependencies" : [
    {
      "identity" : "hummingbird",
      "requirement" : {
        "range" : [
          {
            "lower_bound" : "2.23.0",
            "upper_bound" : "3.0.0"
          }
        ]
      },
      "type" : "sourceControl",
      "url" : "https://github.com/hummingbird-project/hummingbird.git"
    },
    {
      "identity" : "swift-argument-parser",
      "requirement" : {
        "range" : [
          {
            "lower_bound" : "1.8.0",
            "upper_bound" : "2.0.0"
          }
        ]
      },
      "type" : "sourceControl",
      "url" : "https://github.com/apple/swift-argument-parser.git"
    },
    {
      "identity" : "swift-http-types",
      "requirement" : {
        "range" : [
          {
            "lower_bound" : "1.8.0",
            "upper_bound" : "2.0.0"
          }
        ]
      },
      "type" : "sourceControl",
      "url" : "https://github.com/apple/swift-http-types.git"
    },
    {
      "identity" : "swift-log",
      "requirement" : {
        "range" : [
          {
            "lower_bound" : "1.15.1",
            "upper_bound" : "2.0.0"
          }
        ]
      },
      "type" : "sourceControl",
      "url" : "https://github.com/apple/swift-log.git"
    },
    {
      "identity" : "swift-nio",
      "requirement" : {
        "range" : [
          {
            "lower_bound" : "2.103.0",
            "upper_bound" : "3.0.0"
          }
        ]
      },
      "type" : "sourceControl",
      "url" : "https://github.com/apple/swift-nio.git"
    },
    {
      "identity" : "swift-service-lifecycle",
      "requirement" : {
        "range" : [
          {
            "lower_bound" : "2.12.0",
            "upper_bound" : "3.0.0"
          }
        ]
      },
      "type" : "sourceControl",
      "url" : "https://github.com/swift-server/swift-service-lifecycle.git"
    },
    {
      "identity" : "async-http-client",
      "requirement" : {
        "range" : [
          {
            "lower_bound" : "1.36.2",
            "upper_bound" : "2.0.0"
          }
        ]
      },
      "type" : "sourceControl",
      "url" : "https://github.com/swift-server/async-http-client.git"
    },
    {
      "identity" : "swift-docc-plugin",
      "requirement" : {
        "range" : [
          {
            "lower_bound" : "1.5.0",
            "upper_bound" : "2.0.0"
          }
        ]
      },
      "type" : "sourceControl",
      "url" : "https://github.com/swiftlang/swift-docc-plugin"
    },
    {
      "identity" : "mlx-swift",
      "requirement" : {
        "exact" : [
          "0.32.3"
        ]
      },
      "type" : "sourceControl",
      "url" : "https://github.com/ml-explore/mlx-swift"
    },
    {
      "identity" : "mlx-swift-lm",
      "requirement" : {
        "exact" : [
          "3.32.3"
        ]
      },
      "type" : "sourceControl",
      "url" : "https://github.com/ml-explore/mlx-swift-lm"
    },
    {
      "identity" : "swift-transformers",
      "requirement" : {
        "range" : [
          {
            "lower_bound" : "1.3.0",
            "upper_bound" : "1.4.0"
          }
        ]
      },
      "type" : "sourceControl",
      "url" : "https://github.com/huggingface/swift-transformers.git"
    },
    {
      "identity" : "swift-jinja",
      "requirement" : {
        "range" : [
          {
            "lower_bound" : "2.4.2",
            "upper_bound" : "3.0.0"
          }
        ]
      },
      "type" : "sourceControl",
      "url" : "https://github.com/huggingface/swift-jinja.git"
    }
  ],
  "manifest_display_name" : "OpenJevSwift",
  "name" : "OpenJevSwift",
  "path" : "/Users/admin/builder/spi-builder-workspace",
  "platforms" : [
    {
      "name" : "macos",
      "version" : "14.0"
    },
    {
      "name" : "ios",
      "version" : "17.0"
    }
  ],
  "products" : [
    {
      "name" : "OpenJevCore",
      "targets" : [
        "OpenJevCore"
      ],
      "type" : {
        "library" : [
          "automatic"
        ]
      }
    },
    {
      "name" : "openjev",
      "targets" : [
        "openjev"
      ],
      "type" : {
        "executable" : null
      }
    },
    {
      "name" : "OpenJevDiffusionGemma",
      "targets" : [
        "OpenJevDiffusionGemma"
      ],
      "type" : {
        "library" : [
          "automatic"
        ]
      }
    },
    {
      "name" : "OpenJevEncoders",
      "targets" : [
        "OpenJevEncoders"
      ],
      "type" : {
        "library" : [
          "automatic"
        ]
      }
    },
    {
      "name" : "OpenJevLetterReadout",
      "targets" : [
        "OpenJevLetterReadout"
      ],
      "type" : {
        "library" : [
          "automatic"
        ]
      }
    },
    {
      "name" : "openjev-stub-server",
      "targets" : [
        "openjev-stub-server"
      ],
      "type" : {
        "executable" : null
      }
    },
    {
      "name" : "openjev-bench",
      "targets" : [
        "openjev-bench"
      ],
      "type" : {
        "executable" : null
      }
    }
  ],
  "targets" : [
    {
      "c99name" : "openjev_stub_server",
      "module_type" : "SwiftTarget",
      "name" : "openjev-stub-server",
      "path" : "Sources/openjev-stub-server",
      "product_dependencies" : [
        "Logging",
        "ServiceLifecycle",
        "UnixSignals"
      ],
      "product_memberships" : [
        "openjev-stub-server"
      ],
      "sources" : [
        "StubServer.swift"
      ],
      "target_dependencies" : [
        "OpenJevCore",
        "OpenJevServer",
        "OpenJevTestSupport"
      ],
      "type" : "executable"
    },
    {
      "c99name" : "openjev_bench",
      "module_type" : "SwiftTarget",
      "name" : "openjev-bench",
      "path" : "Sources/openjev-bench",
      "product_dependencies" : [
        "ArgumentParser"
      ],
      "product_memberships" : [
        "openjev-bench"
      ],
      "sources" : [
        "BenchCommand.swift",
        "Profile.swift",
        "Statistics.swift",
        "Targets.swift",
        "Workload.swift"
      ],
      "target_dependencies" : [
        "OpenJevCore",
        "OpenJevDiffusionGemma"
      ],
      "type" : "executable"
    },
    {
      "c99name" : "openjev",
      "module_type" : "SwiftTarget",
      "name" : "openjev",
      "path" : "Sources/openjev",
      "product_dependencies" : [
        "ArgumentParser",
        "Logging",
        "ServiceLifecycle",
        "UnixSignals"
      ],
      "product_memberships" : [
        "openjev"
      ],
      "sources" : [
        "BackendOption.swift",
        "BackendRegistry.swift",
        "CommandContext.swift",
        "CommandFailure.swift",
        "DecideCommand.swift",
        "ModelsCommand.swift",
        "OpenJevCommand.swift",
        "ServeCommand.swift"
      ],
      "target_dependencies" : [
        "OpenJevCore",
        "OpenJevServer",
        "OpenJevEncoders",
        "OpenJevDiffusionGemma",
        "OpenJevLetterReadout"
      ],
      "type" : "executable"
    },
    {
      "c99name" : "OpenJevTestSupport",
      "module_type" : "SwiftTarget",
      "name" : "OpenJevTestSupport",
      "path" : "Sources/OpenJevTestSupport",
      "product_memberships" : [
        "openjev-stub-server"
      ],
      "sources" : [
        "AnyPromptTokenizer.swift",
        "ChatFixtures.swift",
        "FixtureError.swift",
        "FixtureTokenizer.swift",
        "PolicyFixtures.swift",
        "ReadBarrier.swift",
        "ReadGate.swift",
        "StubBackend.swift",
        "StubGeneratingBackend.swift",
        "StubQuestionReadBackend.swift",
        "StubTextGenerator.swift",
        "UpstreamFixtures.swift",
        "WireFixtures.swift"
      ],
      "target_dependencies" : [
        "OpenJevCore"
      ],
      "type" : "library"
    },
    {
      "c99name" : "OpenJevServerTests",
      "module_type" : "SwiftTarget",
      "name" : "OpenJevServerTests",
      "path" : "Tests/OpenJevServerTests",
      "product_dependencies" : [
        "HummingbirdTesting",
        "HTTPTypes",
        "Logging",
        "NIOEmbedded",
        "NIOCore",
        "ServiceLifecycle",
        "AsyncHTTPClient"
      ],
      "sources" : [
        "ApplicationTests.swift",
        "AuthenticationTests.swift",
        "CapacityTests.swift",
        "ChatCompletionsRouteTests.swift",
        "ChatLiveServerTests.swift",
        "ChatRouteFixtureTests.swift",
        "ConfigurationReferenceTests.swift",
        "ConnectionTests.swift",
        "ErrorContractTests.swift",
        "ImageRequestTests.swift",
        "LiveServerTests.swift",
        "ModelRouteTests.swift",
        "RequestLogTests.swift",
        "ServerSettingsTests.swift",
        "Support/ChatHarness.swift",
        "Support/LiveServer.swift",
        "Support/RoutedTarget.swift",
        "Support/ServerHarness.swift",
        "VersionTests.swift"
      ],
      "target_dependencies" : [
        "OpenJevServer",
        "OpenJevCore",
        "OpenJevTestSupport"
      ],
      "type" : "test"
    },
    {
      "c99name" : "OpenJevServer",
      "module_type" : "SwiftTarget",
      "name" : "OpenJevServer",
      "path" : "Sources/OpenJevServer",
      "product_dependencies" : [
        "Hummingbird",
        "HummingbirdCore",
        "HTTPTypes",
        "Logging",
        "NIOCore",
        "ServiceLifecycle",
        "AsyncHTTPClient",
        "NIOPosix",
        "NIOHTTP1"
      ],
      "product_memberships" : [
        "openjev",
        "openjev-stub-server"
      ],
      "sources" : [
        "AuthenticationMiddleware.swift",
        "BackendProvider.swift",
        "BodyCapMiddleware.swift",
        "ChatCompletionsRoute.swift",
        "ClientConnection.swift",
        "DecisionServer.swift",
        "HeaderText.swift",
        "ModelRouter.swift",
        "OpenJevApplication.swift",
        "RefusalLog.swift",
        "RequestBodyReader.swift",
        "RequestLogMiddleware.swift",
        "RequestsInFlight.swift",
        "ResponseHeadersMiddleware.swift",
        "ServerSettings.swift",
        "SystemOneHandler.swift",
        "Version.swift",
        "WireResponses.swift"
      ],
      "target_dependencies" : [
        "OpenJevCore"
      ],
      "type" : "library"
    },
    {
      "c99name" : "OpenJevLiveTests",
      "module_type" : "SwiftTarget",
      "name" : "OpenJevLiveTests",
      "path" : "Tests/OpenJevLiveTests",
      "sources" : [
        "JevContract.swift",
        "LiveClient.swift",
        "LiveClientTests.swift",
        "LiveSettings.swift",
        "LiveSettingsTests.swift",
        "LiveTests.swift"
      ],
      "target_dependencies" : [
        "OpenJevCore",
        "OpenJevTestSupport"
      ],
      "type" : "test"
    },
    {
      "c99name" : "OpenJevLetterReadoutTests",
      "module_type" : "SwiftTarget",
      "name" : "OpenJevLetterReadoutTests",
      "path" : "Tests/OpenJevLetterReadoutTests",
      "product_dependencies" : [
        "Hummingbird",
        "HummingbirdTesting",
        "HTTPTypes",
        "MLX"
      ],
      "sources" : [
        "JevK5BackendTests.swift",
        "JevK5CheckpointTests.swift",
        "JevK5LiveTests.swift",
        "JevK5PromptTests.swift",
        "JevK5ReadoutTests.swift",
        "Support/JevK5Fixtures.swift",
        "Support/MetalLibrary.swift",
        "Support/StubLetterReadout.swift"
      ],
      "target_dependencies" : [
        "OpenJevLetterReadout",
        "OpenJevCore",
        "OpenJevTestSupport",
        "OpenJevDiffusionGemma",
        "OpenJevServer"
      ],
      "type" : "test"
    },
    {
      "c99name" : "OpenJevLetterReadout",
      "module_type" : "SwiftTarget",
      "name" : "OpenJevLetterReadout",
      "path" : "Sources/OpenJevLetterReadout",
      "product_dependencies" : [
        "MLX",
        "MLXNN",
        "MLXLMCommon",
        "MLXLLM",
        "Tokenizers",
        "Hub"
      ],
      "product_memberships" : [
        "openjev",
        "OpenJevLetterReadout"
      ],
      "sources" : [
        "Backend/JevK5Backend.swift",
        "Backend/JevK5PromptLimit.swift",
        "Files/JevK5Checkpoint.swift",
        "MLX/JevK5Backend+Load.swift",
        "MLX/JevK5Tokenizer.swift",
        "MLX/Qwen35LetterReadoutModel.swift",
        "Prompt/JevK5Prompt.swift",
        "Prompt/PythonStr.swift",
        "Readout/JevK5Readout.swift",
        "Version.swift"
      ],
      "target_dependencies" : [
        "OpenJevCore",
        "OpenJevDiffusionGemma"
      ],
      "type" : "library"
    },
    {
      "c99name" : "OpenJevEncodersTests",
      "module_type" : "SwiftTarget",
      "name" : "OpenJevEncodersTests",
      "path" : "Tests/OpenJevEncodersTests",
      "sources" : [
        "EncoderPackageSpecTests.swift",
        "EncoderPackageStoreTests.swift",
        "LayaBackendTests.swift",
        "LayaCalibrationTests.swift",
        "LayaLiveTests.swift",
        "LayaPackageStoreTests.swift",
        "LayaPlantedBugTests.swift",
        "LayaPromptTests.swift",
        "LayaSequenceTests.swift",
        "LayaTokenizerTests.swift",
        "PlantedBugTests.swift",
        "Support/EncoderCorpus.swift",
        "Support/LayaFixtures.swift",
        "Support/ParityBounds.swift",
        "Support/ReplayModel.swift",
        "Support/VerdictFixtures.swift",
        "VerdictBackendTests.swift",
        "VerdictCalibrationTests.swift",
        "VerdictLiveTests.swift",
        "VerdictPromptTests.swift",
        "VerdictTokenizerTests.swift"
      ],
      "target_dependencies" : [
        "OpenJevEncoders",
        "OpenJevCore",
        "OpenJevTestSupport"
      ],
      "type" : "test"
    },
    {
      "c99name" : "OpenJevEncoders",
      "module_type" : "SwiftTarget",
      "name" : "OpenJevEncoders",
      "path" : "Sources/OpenJevEncoders",
      "product_dependencies" : [
        "Tokenizers"
      ],
      "product_memberships" : [
        "openjev",
        "OpenJevEncoders"
      ],
      "sources" : [
        "CoreML/CompiledEncoderModel.swift",
        "CoreML/CoreMLEncoderModel.swift",
        "CoreML/CoreMLPackagesByLength.swift",
        "CoreML/EncoderModelRunner.swift",
        "CoreML/EncoderPackageSpec.swift",
        "CoreML/LeastRecentlyUsed.swift",
        "EncoderLoadError.swift",
        "Laya/LayaBackend.swift",
        "Laya/LayaCalibration.swift",
        "Laya/LayaPrompt.swift",
        "Laya/LayaSequence.swift",
        "Laya/LayaTokenizer.swift",
        "Store/EncoderPackageManifest+Laya.swift",
        "Store/EncoderPackageManifest+Verdict.swift",
        "Store/EncoderPackageManifest.swift",
        "Store/EncoderPackageStore.swift",
        "TokenizerFolder.swift",
        "Verdict/VerdictBackend.swift",
        "Verdict/VerdictCalibration.swift",
        "Verdict/VerdictPrompt.swift",
        "Verdict/VerdictTokenizer.swift",
        "Version.swift"
      ],
      "target_dependencies" : [
        "OpenJevCore"
      ],
      "type" : "library"
    },
    {
      "c99name" : "OpenJevDiffusionGemmaTests",
      "module_type" : "SwiftTarget",
      "name" : "OpenJevDiffusionGemmaTests",
      "path" : "Tests/OpenJevDiffusionGemmaTests",
      "product_dependencies" : [
        "MLX",
        "MLXNN",
        "MLXLMCommon",
        "MLXHuggingFace",
        "MLXVLM",
        "Tokenizers"
      ],
      "sources" : [
        "Download/HubDownloadTests.swift",
        "Download/ModelResolverTests.swift",
        "Generation/GenerationOracleTests.swift",
        "Generation/GenerationRuntimeTests.swift",
        "Generation/SamplerTests.swift",
        "Generation/StreamingDetokenizerTests.swift",
        "Model/BlockTests.swift",
        "Model/CheckpointTests.swift",
        "Model/ConfigurationTests.swift",
        "Model/ImageReadOracleTests.swift",
        "Model/ImageStageTests.swift",
        "Model/LayerCacheTests.swift",
        "Model/ReadOracleTests.swift",
        "Model/ReadPassTests.swift",
        "Model/WeightLoadingTests.swift",
        "Runtime/ImageRuntimeTests.swift",
        "Runtime/PrefillCacheTests.swift",
        "Runtime/ReadPolicyLiveTests.swift",
        "Runtime/RegressionTests.swift",
        "Runtime/RuntimeLiveTests.swift",
        "Runtime/RuntimeStubs.swift",
        "Runtime/RuntimeTests.swift",
        "Runtime/UpstreamReadCaseTests.swift",
        "Support/GenerationFixtures.swift",
        "Support/JPEGCases.swift",
        "Support/LiveCheckpoint.swift",
        "Support/LiveRequests.swift",
        "Support/MetalLibrary.swift",
        "Support/ModelFixtures.swift",
        "Support/ReadDivergence.swift",
        "Support/ReplayTokenizer.swift",
        "Support/TestHubServer.swift",
        "Support/TokenizerFixtures.swift",
        "Support/VisionFixtures.swift",
        "Tokenization/ChatCompletionPromptTests.swift",
        "Tokenization/ChatTemplateDictsortTests.swift",
        "Tokenization/ChatTemplateParityTests.swift",
        "Tokenization/ChatTemplateTrimTests.swift",
        "Tokenization/MLXTokenizerLoaderTests.swift",
        "Tokenization/TokenizerParityTests.swift",
        "VersionTests.swift",
        "Vision/JPEGParityTests.swift",
        "Vision/JPEGRobustnessTests.swift",
        "Vision/VisionPreprocessingTests.swift"
      ],
      "target_dependencies" : [
        "OpenJevDiffusionGemma",
        "OpenJevCore",
        "OpenJevTestSupport"
      ],
      "type" : "test"
    },
    {
      "c99name" : "OpenJevDiffusionGemma",
      "module_type" : "SwiftTarget",
      "name" : "OpenJevDiffusionGemma",
      "path" : "Sources/OpenJevDiffusionGemma",
      "product_dependencies" : [
        "MLX",
        "MLXNN",
        "MLXLMCommon",
        "Tokenizers",
        "Hub",
        "Jinja"
      ],
      "product_memberships" : [
        "openjev",
        "OpenJevDiffusionGemma",
        "OpenJevLetterReadout",
        "openjev-bench"
      ],
      "sources" : [
        "Download/ModelResolver.swift",
        "Download/ModelSource.swift",
        "Generation/BlockDenoising.swift",
        "Generation/DiffusionSampler.swift",
        "Generation/StreamingDetokenizer.swift",
        "Model/Attention.swift",
        "Model/Configuration.swift",
        "Model/DecoderLayer.swift",
        "Model/DecoderPass.swift",
        "Model/DenseMLP.swift",
        "Model/Experts.swift",
        "Model/ImagePrefill.swift",
        "Model/LayerCache.swift",
        "Model/ModelTree.swift",
        "Model/Norms.swift",
        "Model/Prefill.swift",
        "Model/Read.swift",
        "Model/Router.swift",
        "Model/SelfConditioning.swift",
        "Model/Softcap.swift",
        "Model/VisionConfiguration.swift",
        "Model/VisionTower.swift",
        "Model/WeightLoading.swift",
        "Runtime/DiffusionGemmaRuntime.swift",
        "Runtime/Generation.swift",
        "Runtime/PrefillCache.swift",
        "Runtime/RuntimeConfiguration.swift",
        "Tokenization/SwiftTransformersTokenizer.swift",
        "Tokenization/TokenizerFiles.swift",
        "Version.swift",
        "Vision/Gemma4ImageProcessor.swift",
        "Vision/ImagePromptInputs.swift",
        "Vision/LibjpegTurboDecoder.swift",
        "Vision/LibjpegTurboNEONIDCT.swift",
        "Vision/PillowGIFDecoder.swift",
        "Vision/PillowJPEGHeader.swift",
        "Vision/PillowResample.swift",
        "Vision/RGBImage.swift",
        "Vision/VisionError.swift"
      ],
      "target_dependencies" : [
        "OpenJevCore"
      ],
      "type" : "library"
    },
    {
      "c99name" : "OpenJevCoreTests",
      "module_type" : "SwiftTarget",
      "name" : "OpenJevCoreTests",
      "path" : "Tests/OpenJevCoreTests",
      "sources" : [
        "Canvas/CanvasTests.swift",
        "Canvas/TemplateResolverTests.swift",
        "Engine/CapacityTests.swift",
        "Engine/DecisionEnginePolicyTests.swift",
        "Engine/DecisionEngineTests.swift",
        "Engine/EncoderDecisionEngineTests.swift",
        "Engine/ReadGroupFixtureTests.swift",
        "Engine/ServedModelsTests.swift",
        "Errors/PythonReprTests.swift",
        "Fixtures/FixturePinTests.swift",
        "Generation/ChatCompletionsTests.swift",
        "Generation/ChatFixtureTests.swift",
        "Images/ImageValidationTests.swift",
        "JSON/JSONObjectTests.swift",
        "JSON/JSONParserTests.swift",
        "JSON/JSONRoundTripTests.swift",
        "JSON/JSONValueTests.swift",
        "JSON/PythonFixtures.swift",
        "JSON/PythonJSONLoadsTests.swift",
        "JSON/PythonJSONWriterTests.swift",
        "Prompt/PromptTextTests.swift",
        "Random/PythonRandomTests.swift",
        "Random/SHA256Tests.swift",
        "Random/SeedDerivationTests.swift",
        "Random/SeedFixtures.swift",
        "Read/DistributionFixtures.swift",
        "Read/ReadTests.swift",
        "Schema/QuestionSchemaTests.swift",
        "Support/MissingMessages.swift",
        "Support/WordTokenizer.swift",
        "Tokenization/FixtureTokenizerTests.swift",
        "Tokenization/LabelDiscoveryTests.swift",
        "VersionTests.swift",
        "Wire/RequestValidatorTests.swift",
        "Wire/WireFixtureTests.swift",
        "Wire/WireTypesTests.swift"
      ],
      "target_dependencies" : [
        "OpenJevCore",
        "OpenJevTestSupport"
      ],
      "type" : "test"
    },
    {
      "c99name" : "OpenJevCore",
      "module_type" : "SwiftTarget",
      "name" : "OpenJevCore",
      "path" : "Sources/OpenJevCore",
      "product_memberships" : [
        "OpenJevCore",
        "openjev",
        "OpenJevDiffusionGemma",
        "OpenJevEncoders",
        "OpenJevLetterReadout",
        "openjev-stub-server",
        "openjev-bench"
      ],
      "sources" : [
        "Canvas/CanvasBuilder.swift",
        "Canvas/CanvasGeometry.swift",
        "Canvas/Grouping.swift",
        "Canvas/TemplateCache.swift",
        "Canvas/TemplateResolver.swift",
        "Engine/AsyncSemaphore.swift",
        "Engine/BackendRefusal.swift",
        "Engine/Decision.swift",
        "Engine/DecisionBackend.swift",
        "Engine/DecisionEngine.swift",
        "Engine/EncoderDecisionEngine.swift",
        "Engine/EncoderEngineConfiguration.swift",
        "Engine/EngineConfiguration.swift",
        "Engine/ModelReleasing.swift",
        "Engine/ModelTimeRecorder.swift",
        "Engine/QuestionReadBackend.swift",
        "Engine/RequestAdmission.swift",
        "Engine/SystemOneService.swift",
        "Errors/PythonRepr.swift",
        "Errors/SchemaError.swift",
        "Generation/ChatCompletionError.swift",
        "Generation/ChatCompletionRequest.swift",
        "Generation/ChatCompletionResponse.swift",
        "Generation/ChatCompletionStream.swift",
        "Generation/ChatCompletions.swift",
        "Generation/ExtractJSON.swift",
        "Generation/TextGenerator.swift",
        "Images/ImageValidation.swift",
        "JSON/JSONObject.swift",
        "JSON/JSONParser.swift",
        "JSON/JSONValue+Codable.swift",
        "JSON/JSONValue+Python.swift",
        "JSON/JSONValue+Trimmed.swift",
        "JSON/JSONValue.swift",
        "JSON/PythonJSONLoads.swift",
        "JSON/PythonJSONWriter.swift",
        "Prompt/AnswerText.swift",
        "Prompt/StateText.swift",
        "Prompt/SystemText.swift",
        "Random/MT19937.swift",
        "Random/PythonRandom.swift",
        "Random/SHA256.swift",
        "Random/SeedDerivation.swift",
        "Read/AnswerAssembly.swift",
        "Read/Confidence.swift",
        "Read/PythonSum.swift",
        "Read/ReadAveraging.swift",
        "Read/SlotDistribution.swift",
        "Schema/AnswerFormat.swift",
        "Schema/EncoderQuestionSchema.swift",
        "Schema/QuestionSchema.swift",
        "Schema/TextOf.swift",
        "Tokenization/DecisionTokenizer.swift",
        "Tokenization/EngineTokens.swift",
        "Tokenization/LabelDiscovery.swift",
        "Version.swift",
        "Wire/ModelsResponse.swift",
        "Wire/OrderedMap.swift",
        "Wire/RequestValidator.swift",
        "Wire/SystemOneRequest.swift",
        "Wire/SystemOneResponse.swift",
        "Wire/WireEncoder.swift",
        "Wire/WireError.swift"
      ],
      "type" : "library"
    },
    {
      "c99name" : "OpenJevCLITests",
      "module_type" : "SwiftTarget",
      "name" : "OpenJevCLITests",
      "path" : "Tests/OpenJevCLITests",
      "product_dependencies" : [
        "ArgumentParser",
        "HTTPTypes",
        "Hummingbird",
        "HummingbirdTesting",
        "Logging"
      ],
      "sources" : [
        "ArgumentParsingTests.swift",
        "BinaryTests.swift",
        "CommandTests.swift",
        "LiveMLXSmokeTests.swift",
        "LiveSmokeTests.swift",
        "Support/BuiltBinary.swift",
        "Support/CommandHarness.swift"
      ],
      "target_dependencies" : [
        "openjev",
        "OpenJevServer",
        "OpenJevCore",
        "OpenJevTestSupport",
        "OpenJevEncoders",
        "OpenJevDiffusionGemma",
        "OpenJevLetterReadout"
      ],
      "type" : "test"
    },
    {
      "c99name" : "OpenJevBenchTests",
      "module_type" : "SwiftTarget",
      "name" : "OpenJevBenchTests",
      "path" : "Tests/OpenJevBenchTests",
      "product_dependencies" : [
        "ArgumentParser"
      ],
      "sources" : [
        "StatisticsTests.swift"
      ],
      "target_dependencies" : [
        "openjev-bench"
      ],
      "type" : "test"
    }
  ],
  "tools_version" : "6.2"
}
{
  "workspace" : {
    "name" : "OpenJevSwift",
    "schemes" : [
      "openjev",
      "openjev-bench",
      "openjev-stub-server",
      "OpenJevCore",
      "OpenJevCore-iOS",
      "OpenJevDiffusionGemma",
      "OpenJevEncoders",
      "OpenJevLetterReadout",
      "OpenJevSwift-Package"
    ]
  }
}
2026-10-09 14:54:50.801 xcodebuild[3014:15464] [MT] IDERunDestination: Supported platforms for the buildables in the current scheme is empty.
2026-10-09 14:54:50.901 xcodebuild[3014:15464] [MT] IDERunDestination: Supported platforms for the buildables in the current scheme is empty.
Running build ...
env DEVELOPER_DIR=/Applications/Xcode-27.0.0-Release.Candidate.app xcrun xcodebuild -IDEClonedSourcePackagesDirPathOverride=$PWD/.dependencies -skipMacroValidation -skipPackagePluginValidation -derivedDataPath $PWD/.derivedData build -scheme OpenJevSwift-Package -destination generic/platform=watchOS
Command line invocation:
    /Applications/Xcode-27.0.0.app/Contents/Developer/usr/bin/xcodebuild -IDEClonedSourcePackagesDirPathOverride=/Users/admin/builder/spi-builder-workspace/.dependencies -skipMacroValidation -skipPackagePluginValidation -derivedDataPath /Users/admin/builder/spi-builder-workspace/.derivedData build -scheme OpenJevSwift-Package -destination generic/platform=watchOS
Resolve Package Graph
Resolved source packages:
  SwiftDocCPlugin: https://github.com/swiftlang/swift-docc-plugin @ 1.5.0
  swift-http-structured-headers: https://github.com/apple/swift-http-structured-headers.git @ 1.7.0
  swift-service-lifecycle: https://github.com/swift-server/swift-service-lifecycle.git @ 2.12.1
  swift-service-context: https://github.com/apple/swift-service-context.git @ 1.3.0
  swift-log: https://github.com/apple/swift-log.git @ 1.16.1
  EventSource: https://github.com/mattt/EventSource.git @ 1.5.1
  swift-transformers: https://github.com/huggingface/swift-transformers.git @ 1.3.4
  swift-asn1: https://github.com/apple/swift-asn1.git @ 1.7.3
  yyjson: https://github.com/ibireme/yyjson.git @ 0.12.0
  async-http-client: https://github.com/swift-server/async-http-client.git @ 1.36.2
  swift-distributed-tracing: https://github.com/apple/swift-distributed-tracing.git @ 1.5.0
  Jinja: https://github.com/huggingface/swift-jinja.git @ 2.5.1
  swift-nio-transport-services: https://github.com/apple/swift-nio-transport-services.git @ 1.28.0
  swift-algorithms: https://github.com/apple/swift-algorithms.git @ 1.2.1
  swift-huggingface: https://github.com/huggingface/swift-huggingface.git @ 0.13.0
  swift-configuration: https://github.com/apple/swift-configuration.git @ 1.2.2
  swift-argument-parser: https://github.com/apple/swift-argument-parser.git @ 1.8.2
  swift-numerics: https://github.com/apple/swift-numerics @ 1.1.1
  mlx-swift: https://github.com/ml-explore/mlx-swift @ 0.32.3
  swift-async-algorithms: https://github.com/apple/swift-async-algorithms.git @ 1.1.7
  SymbolKit: https://github.com/swiftlang/swift-docc-symbolkit @ 1.0.0
  swift-nio-ssl: https://github.com/apple/swift-nio-ssl.git @ 2.37.5
  mlx-swift-lm: https://github.com/ml-explore/mlx-swift-lm @ 3.32.3
  swift-atomics: https://github.com/apple/swift-atomics.git @ 1.3.1
  swift-certificates: https://github.com/apple/swift-certificates.git @ 1.21.0
  swift-nio: https://github.com/apple/swift-nio.git @ 2.104.0
  hummingbird: https://github.com/hummingbird-project/hummingbird.git @ 2.27.1
  swift-metrics: https://github.com/apple/swift-metrics.git @ 2.12.0
  swift-syntax: https://github.com/swiftlang/swift-syntax.git @ 603.0.2
  swift-nio-http2: https://github.com/apple/swift-nio-http2.git @ 1.46.0
  swift-collections: https://github.com/apple/swift-collections.git @ 1.7.2
  swift-nio-extras: https://github.com/apple/swift-nio-extras.git @ 1.35.1
  OpenJevSwift: /Users/admin/builder/spi-builder-workspace
  swift-system: https://github.com/apple/swift-system.git @ 1.8.1
  swift-crypto: https://github.com/apple/swift-crypto.git @ 4.5.2
  swift-http-types: https://github.com/apple/swift-http-types.git @ 1.8.0
ComputePackagePrebuildTargetDependencyGraph
Prepare packages
CreateBuildRequest
SendProjectDescription
CreateBuildOperation
ComputeTargetDependencyGraph
note: Building targets in dependency order
note: Target dependency graph (56 targets)
    Target 'OpenJevLetterReadout-product' in project 'OpenJevSwift'
        ➜ Explicit dependency on target 'OpenJevLetterReadout' in project 'OpenJevSwift'
        ➜ Explicit dependency on target 'OpenJevCore' in project 'OpenJevSwift'
        ➜ Explicit dependency on target 'OpenJevDiffusionGemma' in project 'OpenJevSwift'
        ➜ Explicit dependency on target 'MLX-product' in project 'mlx-swift'
        ➜ Explicit dependency on target 'MLXNN-product' in project 'mlx-swift'
        ➜ Explicit dependency on target 'MLXLMCommon-product' in project 'mlx-swift-lm'
        ➜ Explicit dependency on target 'Tokenizers-product' in project 'swift-transformers'
        ➜ Explicit dependency on target 'Hub-product' in project 'swift-transformers'
        ➜ Explicit dependency on target 'Jinja-product' in project 'Jinja'
        ➜ Explicit dependency on target 'MLXLLM-product' in project 'mlx-swift-lm'
    Target 'openjev-bench-product' in project 'OpenJevSwift'
        ➜ Explicit dependency on target 'OpenJevCore' in project 'OpenJevSwift'
        ➜ Explicit dependency on target 'OpenJevDiffusionGemma' in project 'OpenJevSwift'
        ➜ Explicit dependency on target 'MLX-product' in project 'mlx-swift'
        ➜ Explicit dependency on target 'MLXNN-product' in project 'mlx-swift'
        ➜ Explicit dependency on target 'MLXLMCommon-product' in project 'mlx-swift-lm'
        ➜ Explicit dependency on target 'Tokenizers-product' in project 'swift-transformers'
        ➜ Explicit dependency on target 'Hub-product' in project 'swift-transformers'
        ➜ Explicit dependency on target 'Jinja-product' in project 'Jinja'
        ➜ Explicit dependency on target 'ArgumentParser-product' in project 'swift-argument-parser'
    Target 'openjev-stub-server-product' in project 'OpenJevSwift'
        ➜ Explicit dependency on target 'OpenJevCore' in project 'OpenJevSwift'
        ➜ Explicit dependency on target 'OpenJevServer' in project 'OpenJevSwift'
        ➜ Explicit dependency on target 'OpenJevTestSupport' in project 'OpenJevSwift'
        ➜ Explicit dependency on target 'UnixSignals-product' in project 'swift-service-lifecycle'
    Target 'OpenJevTestSupport' in project 'OpenJevSwift'
        ➜ Explicit dependency on target 'OpenJevCore' in project 'OpenJevSwift'
    Target 'openjev-product' in project 'OpenJevSwift'
        ➜ Explicit dependency on target 'OpenJevCore' in project 'OpenJevSwift'
        ➜ Explicit dependency on target 'OpenJevServer' in project 'OpenJevSwift'
        ➜ Explicit dependency on target 'OpenJevEncoders' in project 'OpenJevSwift'
        ➜ Explicit dependency on target 'OpenJevDiffusionGemma' in project 'OpenJevSwift'
        ➜ Explicit dependency on target 'OpenJevLetterReadout' in project 'OpenJevSwift'
        ➜ Explicit dependency on target 'Tokenizers-product' in project 'swift-transformers'
        ➜ Explicit dependency on target 'MLX-product' in project 'mlx-swift'
        ➜ Explicit dependency on target 'MLXNN-product' in project 'mlx-swift'
        ➜ Explicit dependency on target 'MLXLMCommon-product' in project 'mlx-swift-lm'
        ➜ Explicit dependency on target 'Hub-product' in project 'swift-transformers'
        ➜ Explicit dependency on target 'Jinja-product' in project 'Jinja'
        ➜ Explicit dependency on target 'MLXLLM-product' in project 'mlx-swift-lm'
        ➜ Explicit dependency on target 'ArgumentParser-product' in project 'swift-argument-parser'
        ➜ Explicit dependency on target 'UnixSignals-product' in project 'swift-service-lifecycle'
    Target 'UnixSignals-product' in project 'swift-service-lifecycle'
        ➜ Explicit dependency on target 'UnixSignals' in project 'swift-service-lifecycle'
        ➜ Explicit dependency on target 'ConcurrencyHelpers' in project 'swift-service-lifecycle'
    Target 'UnixSignals' in project 'swift-service-lifecycle'
        ➜ Explicit dependency on target 'ConcurrencyHelpers' in project 'swift-service-lifecycle'
    Target 'ConcurrencyHelpers' in project 'swift-service-lifecycle' (no dependencies)
    Target 'ArgumentParser-product' in project 'swift-argument-parser'
        ➜ Explicit dependency on target 'ArgumentParser' in project 'swift-argument-parser'
        ➜ Explicit dependency on target 'ArgumentParserToolInfo' in project 'swift-argument-parser'
    Target 'ArgumentParser' in project 'swift-argument-parser'
        ➜ Explicit dependency on target 'ArgumentParserToolInfo' in project 'swift-argument-parser'
    Target 'ArgumentParserToolInfo' in project 'swift-argument-parser' (no dependencies)
    Target 'OpenJevLetterReadout' in project 'OpenJevSwift'
        ➜ Explicit dependency on target 'OpenJevCore' in project 'OpenJevSwift'
        ➜ Explicit dependency on target 'OpenJevDiffusionGemma' in project 'OpenJevSwift'
        ➜ Explicit dependency on target 'MLX-product' in project 'mlx-swift'
        ➜ Explicit dependency on target 'MLXNN-product' in project 'mlx-swift'
        ➜ Explicit dependency on target 'MLXLMCommon-product' in project 'mlx-swift-lm'
        ➜ Explicit dependency on target 'Tokenizers-product' in project 'swift-transformers'
        ➜ Explicit dependency on target 'Hub-product' in project 'swift-transformers'
        ➜ Explicit dependency on target 'Jinja-product' in project 'Jinja'
        ➜ Explicit dependency on target 'MLXLLM-product' in project 'mlx-swift-lm'
    Target 'MLXLLM-product' in project 'mlx-swift-lm'
        ➜ Explicit dependency on target 'MLXLLM' in project 'mlx-swift-lm'
        ➜ Explicit dependency on target 'MLXLMCommon' in project 'mlx-swift-lm'
        ➜ Explicit dependency on target 'MLX-product' in project 'mlx-swift'
        ➜ Explicit dependency on target 'MLXNN-product' in project 'mlx-swift'
        ➜ Explicit dependency on target 'MLXOptimizers-product' in project 'mlx-swift'
    Target 'MLXLLM' in project 'mlx-swift-lm'
        ➜ Explicit dependency on target 'MLXLMCommon' in project 'mlx-swift-lm'
        ➜ Explicit dependency on target 'MLX-product' in project 'mlx-swift'
        ➜ Explicit dependency on target 'MLXNN-product' in project 'mlx-swift'
        ➜ Explicit dependency on target 'MLXOptimizers-product' in project 'mlx-swift'
    Target 'OpenJevServer' in project 'OpenJevSwift'
        ➜ Explicit dependency on target 'OpenJevCore' in project 'OpenJevSwift'
    Target 'OpenJevEncoders-product' in project 'OpenJevSwift'
        ➜ Explicit dependency on target 'OpenJevEncoders' in project 'OpenJevSwift'
        ➜ Explicit dependency on target 'OpenJevCore' in project 'OpenJevSwift'
        ➜ Explicit dependency on target 'Tokenizers-product' in project 'swift-transformers'
    Target 'OpenJevEncoders' in project 'OpenJevSwift'
        ➜ Explicit dependency on target 'OpenJevCore' in project 'OpenJevSwift'
        ➜ Explicit dependency on target 'Tokenizers-product' in project 'swift-transformers'
    Target 'OpenJevDiffusionGemma-product' in project 'OpenJevSwift'
        ➜ Explicit dependency on target 'OpenJevDiffusionGemma' in project 'OpenJevSwift'
        ➜ Explicit dependency on target 'OpenJevCore' in project 'OpenJevSwift'
        ➜ Explicit dependency on target 'MLX-product' in project 'mlx-swift'
        ➜ Explicit dependency on target 'MLXNN-product' in project 'mlx-swift'
        ➜ Explicit dependency on target 'MLXLMCommon-product' in project 'mlx-swift-lm'
        ➜ Explicit dependency on target 'Tokenizers-product' in project 'swift-transformers'
        ➜ Explicit dependency on target 'Hub-product' in project 'swift-transformers'
        ➜ Explicit dependency on target 'Jinja-product' in project 'Jinja'
    Target 'OpenJevDiffusionGemma' in project 'OpenJevSwift'
        ➜ Explicit dependency on target 'OpenJevCore' in project 'OpenJevSwift'
        ➜ Explicit dependency on target 'MLX-product' in project 'mlx-swift'
        ➜ Explicit dependency on target 'MLXNN-product' in project 'mlx-swift'
        ➜ Explicit dependency on target 'MLXLMCommon-product' in project 'mlx-swift-lm'
        ➜ Explicit dependency on target 'Tokenizers-product' in project 'swift-transformers'
        ➜ Explicit dependency on target 'Hub-product' in project 'swift-transformers'
        ➜ Explicit dependency on target 'Jinja-product' in project 'Jinja'
    Target 'Hub-product' in project 'swift-transformers'
        ➜ Explicit dependency on target 'Hub' in project 'swift-transformers'
        ➜ Explicit dependency on target 'swift-transformers_Hub' in project 'swift-transformers'
        ➜ Explicit dependency on target 'Jinja-product' in project 'Jinja'
        ➜ Explicit dependency on target 'HuggingFace-product' in project 'swift-huggingface'
        ➜ Explicit dependency on target 'OrderedCollections-product' in project 'swift-collections'
        ➜ Explicit dependency on target 'Crypto-product' in project 'swift-crypto'
        ➜ Explicit dependency on target 'yyjson-product' in project 'yyjson'
    Target 'Tokenizers-product' in project 'swift-transformers'
        ➜ Explicit dependency on target 'Tokenizers' in project 'swift-transformers'
        ➜ Explicit dependency on target 'Hub' in project 'swift-transformers'
        ➜ Explicit dependency on target 'Jinja-product' in project 'Jinja'
        ➜ Explicit dependency on target 'HuggingFace-product' in project 'swift-huggingface'
        ➜ Explicit dependency on target 'OrderedCollections-product' in project 'swift-collections'
        ➜ Explicit dependency on target 'Crypto-product' in project 'swift-crypto'
        ➜ Explicit dependency on target 'yyjson-product' in project 'yyjson'
    Target 'Tokenizers' in project 'swift-transformers'
        ➜ Explicit dependency on target 'Hub' in project 'swift-transformers'
        ➜ Explicit dependency on target 'Jinja-product' in project 'Jinja'
        ➜ Explicit dependency on target 'HuggingFace-product' in project 'swift-huggingface'
        ➜ Explicit dependency on target 'OrderedCollections-product' in project 'swift-collections'
        ➜ Explicit dependency on target 'Crypto-product' in project 'swift-crypto'
        ➜ Explicit dependency on target 'yyjson-product' in project 'yyjson'
    Target 'Hub' in project 'swift-transformers'
        ➜ Explicit dependency on target 'swift-transformers_Hub' in project 'swift-transformers'
        ➜ Explicit dependency on target 'Jinja-product' in project 'Jinja'
        ➜ Explicit dependency on target 'HuggingFace-product' in project 'swift-huggingface'
        ➜ Explicit dependency on target 'OrderedCollections-product' in project 'swift-collections'
        ➜ Explicit dependency on target 'Crypto-product' in project 'swift-crypto'
        ➜ Explicit dependency on target 'yyjson-product' in project 'yyjson'
    Target 'yyjson-product' in project 'yyjson'
        ➜ Explicit dependency on target 'yyjson' in project 'yyjson'
    Target 'yyjson' in project 'yyjson' (no dependencies)
    Target 'HuggingFace-product' in project 'swift-huggingface'
        ➜ Explicit dependency on target 'HuggingFace' in project 'swift-huggingface'
        ➜ Explicit dependency on target 'EventSource-product' in project 'EventSource'
        ➜ Explicit dependency on target 'Crypto-product' in project 'swift-crypto'
    Target 'HuggingFace' in project 'swift-huggingface'
        ➜ Explicit dependency on target 'EventSource-product' in project 'EventSource'
        ➜ Explicit dependency on target 'Crypto-product' in project 'swift-crypto'
    Target 'Crypto-product' in project 'swift-crypto'
        ➜ Explicit dependency on target 'Crypto' in project 'swift-crypto'
        ➜ Explicit dependency on target 'swift-crypto_Crypto' in project 'swift-crypto'
    Target 'Crypto' in project 'swift-crypto'
        ➜ Explicit dependency on target 'swift-crypto_Crypto' in project 'swift-crypto'
    Target 'swift-crypto_Crypto' in project 'swift-crypto' (no dependencies)
    Target 'EventSource-product' in project 'EventSource'
        ➜ Explicit dependency on target 'EventSource' in project 'EventSource'
    Target 'EventSource' in project 'EventSource' (no dependencies)
    Target 'Jinja-product' in project 'Jinja'
        ➜ Explicit dependency on target 'Jinja' in project 'Jinja'
        ➜ Explicit dependency on target 'OrderedCollections-product' in project 'swift-collections'
    Target 'Jinja' in project 'Jinja'
        ➜ Explicit dependency on target 'OrderedCollections-product' in project 'swift-collections'
    Target 'OrderedCollections-product' in project 'swift-collections'
        ➜ Explicit dependency on target 'OrderedCollections' in project 'swift-collections'
        ➜ Explicit dependency on target 'InternalCollectionsUtilities' in project 'swift-collections'
    Target 'OrderedCollections' in project 'swift-collections'
        ➜ Explicit dependency on target 'InternalCollectionsUtilities' in project 'swift-collections'
    Target 'InternalCollectionsUtilities' in project 'swift-collections' (no dependencies)
    Target 'swift-transformers_Hub' in project 'swift-transformers' (no dependencies)
    Target 'MLXLMCommon-product' in project 'mlx-swift-lm'
        ➜ Explicit dependency on target 'MLXLMCommon' in project 'mlx-swift-lm'
        ➜ Explicit dependency on target 'MLX-product' in project 'mlx-swift'
        ➜ Explicit dependency on target 'MLXNN-product' in project 'mlx-swift'
        ➜ Explicit dependency on target 'MLXOptimizers-product' in project 'mlx-swift'
    Target 'MLXLMCommon' in project 'mlx-swift-lm'
        ➜ Explicit dependency on target 'MLX-product' in project 'mlx-swift'
        ➜ Explicit dependency on target 'MLXNN-product' in project 'mlx-swift'
        ➜ Explicit dependency on target 'MLXOptimizers-product' in project 'mlx-swift'
    Target 'MLXOptimizers-product' in project 'mlx-swift'
        ➜ Explicit dependency on target 'MLXOptimizers' in project 'mlx-swift'
        ➜ Explicit dependency on target 'Cmlx' in project 'mlx-swift'
        ➜ Explicit dependency on target 'cLogSupport' in project 'mlx-swift'
        ➜ Explicit dependency on target 'MLX' in project 'mlx-swift'
        ➜ Explicit dependency on target 'MLXNN' in project 'mlx-swift'
        ➜ Explicit dependency on target 'Numerics-product' in project 'swift-numerics'
    Target 'MLXOptimizers' in project 'mlx-swift'
        ➜ Explicit dependency on target 'Cmlx' in project 'mlx-swift'
        ➜ Explicit dependency on target 'cLogSupport' in project 'mlx-swift'
        ➜ Explicit dependency on target 'MLX' in project 'mlx-swift'
        ➜ Explicit dependency on target 'MLXNN' in project 'mlx-swift'
        ➜ Explicit dependency on target 'Numerics-product' in project 'swift-numerics'
    Target 'MLXNN-product' in project 'mlx-swift'
        ➜ Explicit dependency on target 'MLXNN' in project 'mlx-swift'
        ➜ Explicit dependency on target 'Cmlx' in project 'mlx-swift'
        ➜ Explicit dependency on target 'cLogSupport' in project 'mlx-swift'
        ➜ Explicit dependency on target 'MLX' in project 'mlx-swift'
        ➜ Explicit dependency on target 'Numerics-product' in project 'swift-numerics'
    Target 'MLXNN' in project 'mlx-swift'
        ➜ Explicit dependency on target 'Cmlx' in project 'mlx-swift'
        ➜ Explicit dependency on target 'cLogSupport' in project 'mlx-swift'
        ➜ Explicit dependency on target 'MLX' in project 'mlx-swift'
        ➜ Explicit dependency on target 'Numerics-product' in project 'swift-numerics'
    Target 'MLX-product' in project 'mlx-swift'
        ➜ Explicit dependency on target 'MLX' in project 'mlx-swift'
        ➜ Explicit dependency on target 'Cmlx' in project 'mlx-swift'
        ➜ Explicit dependency on target 'cLogSupport' in project 'mlx-swift'
        ➜ Explicit dependency on target 'Numerics-product' in project 'swift-numerics'
    Target 'MLX' in project 'mlx-swift'
        ➜ Explicit dependency on target 'Cmlx' in project 'mlx-swift'
        ➜ Explicit dependency on target 'cLogSupport' in project 'mlx-swift'
        ➜ Explicit dependency on target 'Numerics-product' in project 'swift-numerics'
    Target 'Numerics-product' in project 'swift-numerics'
        ➜ Explicit dependency on target 'Numerics' in project 'swift-numerics'
        ➜ Explicit dependency on target '_NumericsShims' in project 'swift-numerics'
        ➜ Explicit dependency on target 'RealModule' in project 'swift-numerics'
        ➜ Explicit dependency on target 'ComplexModule' in project 'swift-numerics'
    Target 'Numerics' in project 'swift-numerics'
        ➜ Explicit dependency on target '_NumericsShims' in project 'swift-numerics'
        ➜ Explicit dependency on target 'RealModule' in project 'swift-numerics'
        ➜ Explicit dependency on target 'ComplexModule' in project 'swift-numerics'
    Target 'ComplexModule' in project 'swift-numerics'
        ➜ Explicit dependency on target '_NumericsShims' in project 'swift-numerics'
        ➜ Explicit dependency on target 'RealModule' in project 'swift-numerics'
    Target 'RealModule' in project 'swift-numerics'
        ➜ Explicit dependency on target '_NumericsShims' in project 'swift-numerics'
    Target '_NumericsShims' in project 'swift-numerics' (no dependencies)
    Target 'cLogSupport' in project 'mlx-swift' (no dependencies)
    Target 'Cmlx' in project 'mlx-swift'
        ➜ Explicit dependency on target 'mlx-swift_Cmlx' in project 'mlx-swift'
    Target 'mlx-swift_Cmlx' in project 'mlx-swift' (no dependencies)
    Target 'OpenJevCore-product' in project 'OpenJevSwift'
        ➜ Explicit dependency on target 'OpenJevCore' in project 'OpenJevSwift'
    Target 'OpenJevCore' in project 'OpenJevSwift' (no dependencies)
GatherProvisioningInputs
CreateBuildDescription
ClangStatCache /Applications/Xcode-27.0.0.app/Contents/Developer/Toolchains/XcodeDefault.xctoolchain/usr/bin/clang-stat-cache /Applications/Xcode-27.0.0.app/Contents/Developer/Platforms/WatchOS.platform/Developer/SDKs/WatchOS27.0.sdk /Users/admin/builder/spi-builder-workspace/.derivedData/SDKStatCaches.noindex/watchos27.0-24R360-e829b21a6f8c9b70876ba0858053c044b9db9bc9c079ee3c7b5f3373b13d10bc.sdkstatcache
    cd /Users/admin/builder/spi-builder-workspace/.swiftpm/xcode
    /Applications/Xcode-27.0.0.app/Contents/Developer/Toolchains/XcodeDefault.xctoolchain/usr/bin/clang-stat-cache /Applications/Xcode-27.0.0.app/Contents/Developer/Platforms/WatchOS.platform/Developer/SDKs/WatchOS27.0.sdk -o /Users/admin/builder/spi-builder-workspace/.derivedData/SDKStatCaches.noindex/watchos27.0-24R360-e829b21a6f8c9b70876ba0858053c044b9db9bc9c079ee3c7b5f3373b13d10bc.sdkstatcache
CompileC /Users/admin/builder/spi-builder-workspace/.derivedData/Build/Intermediates.noindex/mlx-swift.build/Debug-watchos/Cmlx-t.build/Objects-normal/arm64_32/transforms-d7906654fea2ef75ba2d3db78cef7bc2.o /Users/admin/builder/spi-builder-workspace/.dependencies/checkouts/mlx-swift/Source/Cmlx/mlx/mlx/transforms.cpp normal arm64_32 c++ com.apple.compilers.llvm.clang.1_0.compiler (in target 'Cmlx' from project 'mlx-swift')
    cd /Users/admin/builder/spi-builder-workspace/.swiftpm/xcode

    Using response file: /Users/admin/builder/spi-builder-workspace/.derivedData/Build/Intermediates.noindex/mlx-swift.build/Debug-watchos/Cmlx-t.build/Objects-normal/arm64_32/82b82416624d2658e5098eb0a28c15c5-common-args.resp

    /Applications/Xcode-27.0.0.app/Contents/Developer/Toolchains/XcodeDefault.xctoolchain/usr/bin/clang -x c++ -ivfsstatcache /Users/admin/builder/spi-builder-workspace/.derivedData/SDKStatCaches.noindex/watchos27.0-24R360-e829b21a6f8c9b70876ba0858053c044b9db9bc9c079ee3c7b5f3373b13d10bc.sdkstatcache -target arm64_32-apple-watchos10.0 -fmessage-length\=0 -fdiagnostics-show-note-include-stack -fmacro-backtrace-limit\=0 -fno-color-diagnostics -fmodules-prune-interval\=86400 -fmodules-prune-after\=345600 -fbuild-session-file\=/Users/admin/builder/spi-builder-workspace/.derivedData/ModuleCache.noindex/Session.modulevalidation -fmodules-validate-once-per-build-session -Wnon-modular-include-in-framework-module -Werror\=non-modular-include-in-framework-module -Wno-trigraphs -Wno-missing-field-initializers -Wno-missing-prototypes -Wno-return-type -Wno-non-virtual-dtor -Wno-overloaded-virtual -Wno-exit-time-destructors -Wno-missing-braces -Wparentheses -Wswitch -Wno-unused-function -Wno-unused-label -Wno-unused-parameter -Wno-unused-variable -Wunused-value -Wno-empty-body -Wno-uninitialized -Wno-unknown-pragmas -w -Wno-shadow -Wno-four-char-constants -Wno-conversion -Wno-constant-conversion -Wno-int-conversion -Wno-bool-conversion -Wno-enum-conversion -Wno-float-conversion -Wno-non-literal-null-conversion -Wno-objc-literal-conversion -Wno-shorten-64-to-32 -Wno-newline-eof -Wno-c++11-extensions -Wno-implicit-fallthrough -isysroot /Applications/Xcode-27.0.0.app/Contents/Developer/Platforms/WatchOS.platform/Developer/SDKs/WatchOS27.0.sdk -fstrict-aliasing -Wdeprecated-declarations -Winvalid-offsetof -Wno-sign-conversion -Wno-infinite-recursion -Wno-move -Wno-comma -Wno-block-capture-autoreleasing -Wno-strict-prototypes -Wno-range-loop-analysis -Wno-semicolon-before-method-body -index-store-path /Users/admin/builder/spi-builder-workspace/.derivedData/Index.noindex/DataStore @/Users/admin/builder/spi-builder-workspace/.derivedData/Build/Intermediates.noindex/mlx-swift.build/Debug-watchos/Cmlx-t.build/Objects-normal/arm64_32/82b82416624d2658e5098eb0a28c15c5-common-args.resp -MMD -MT dependencies -MF /Users/admin/builder/spi-builder-workspace/.derivedData/Build/Intermediates.noindex/mlx-swift.build/Debug-watchos/Cmlx-t.build/Objects-normal/arm64_32/transforms-d7906654fea2ef75ba2d3db78cef7bc2.d --serialize-diagnostics /Users/admin/builder/spi-builder-workspace/.derivedData/Build/Intermediates.noindex/mlx-swift.build/Debug-watchos/Cmlx-t.build/Objects-normal/arm64_32/transforms-d7906654fea2ef75ba2d3db78cef7bc2.dia -c /Users/admin/builder/spi-builder-workspace/.dependencies/checkouts/mlx-swift/Source/Cmlx/mlx/mlx/transforms.cpp -o /Users/admin/builder/spi-builder-workspace/.derivedData/Build/Intermediates.noindex/mlx-swift.build/Debug-watchos/Cmlx-t.build/Objects-normal/arm64_32/transforms-d7906654fea2ef75ba2d3db78cef7bc2.o -index-unit-output-path /mlx-swift.build/Debug-watchos/Cmlx-t.build/Objects-normal/arm64_32/transforms-d7906654fea2ef75ba2d3db78cef7bc2.o
CompileC /Users/admin/builder/spi-builder-workspace/.derivedData/Build/Intermediates.noindex/mlx-swift.build/Debug-watchos/Cmlx-t.build/Objects-normal/arm64_32/scheduler.o /Users/admin/builder/spi-builder-workspace/.dependencies/checkouts/mlx-swift/Source/Cmlx/mlx/mlx/scheduler.cpp normal arm64_32 c++ com.apple.compilers.llvm.clang.1_0.compiler (in target 'Cmlx' from project 'mlx-swift')
    cd /Users/admin/builder/spi-builder-workspace/.swiftpm/xcode

    Using response file: /Users/admin/builder/spi-builder-workspace/.derivedData/Build/Intermediates.noindex/mlx-swift.build/Debug-watchos/Cmlx-t.build/Objects-normal/arm64_32/82b82416624d2658e5098eb0a28c15c5-common-args.resp

    /Applications/Xcode-27.0.0.app/Contents/Developer/Toolchains/XcodeDefault.xctoolchain/usr/bin/clang -x c++ -ivfsstatcache /Users/admin/builder/spi-builder-workspace/.derivedData/SDKStatCaches.noindex/watchos27.0-24R360-e829b21a6f8c9b70876ba0858053c044b9db9bc9c079ee3c7b5f3373b13d10bc.sdkstatcache -target arm64_32-apple-watchos10.0 -fmessage-length\=0 -fdiagnostics-show-note-include-stack -fmacro-backtrace-limit\=0 -fno-color-diagnostics -fmodules-prune-interval\=86400 -fmodules-prune-after\=345600 -fbuild-session-file\=/Users/admin/builder/spi-builder-workspace/.derivedData/ModuleCache.noindex/Session.modulevalidation -fmodules-validate-once-per-build-session -Wnon-modular-include-in-framework-module -Werror\=non-modular-include-in-framework-module -Wno-trigraphs -Wno-missing-field-initializers -Wno-missing-prototypes -Wno-return-type -Wno-non-virtual-dtor -Wno-overloaded-virtual -Wno-exit-time-destructors -Wno-missing-braces -Wparentheses -Wswitch -Wno-unused-function -Wno-unused-label -Wno-unused-parameter -Wno-unused-variable -Wunused-value -Wno-empty-body -Wno-uninitialized -Wno-unknown-pragmas -w -Wno-shadow -Wno-four-char-constants -Wno-conversion -Wno-constant-conversion -Wno-int-conversion -Wno-bool-conversion -Wno-enum-conversion -Wno-float-conversion -Wno-non-literal-null-conversion -Wno-objc-literal-conversion -Wno-shorten-64-to-32 -Wno-newline-eof -Wno-c++11-extensions -Wno-implicit-fallthrough -isysroot /Applications/Xcode-27.0.0.app/Contents/Developer/Platforms/WatchOS.platform/Developer/SDKs/WatchOS27.0.sdk -fstrict-aliasing -Wdeprecated-declarations -Winvalid-offsetof -Wno-sign-conversion -Wno-infinite-recursion -Wno-move -Wno-comma -Wno-block-capture-autoreleasing -Wno-strict-prototypes -Wno-range-loop-analysis -Wno-semicolon-before-method-body -index-store-path /Users/admin/builder/spi-builder-workspace/.derivedData/Index.noindex/DataStore @/Users/admin/builder/spi-builder-workspace/.derivedData/Build/Intermediates.noindex/mlx-swift.build/Debug-watchos/Cmlx-t.build/Objects-normal/arm64_32/82b82416624d2658e5098eb0a28c15c5-common-args.resp -MMD -MT dependencies -MF /Users/admin/builder/spi-builder-workspace/.derivedData/Build/Intermediates.noindex/mlx-swift.build/Debug-watchos/Cmlx-t.build/Objects-normal/arm64_32/scheduler.d --serialize-diagnostics /Users/admin/builder/spi-builder-workspace/.derivedData/Build/Intermediates.noindex/mlx-swift.build/Debug-watchos/Cmlx-t.build/Objects-normal/arm64_32/scheduler.dia -c /Users/admin/builder/spi-builder-workspace/.dependencies/checkouts/mlx-swift/Source/Cmlx/mlx/mlx/scheduler.cpp -o /Users/admin/builder/spi-builder-workspace/.derivedData/Build/Intermediates.noindex/mlx-swift.build/Debug-watchos/Cmlx-t.build/Objects-normal/arm64_32/scheduler.o -index-unit-output-path /mlx-swift.build/Debug-watchos/Cmlx-t.build/Objects-normal/arm64_32/scheduler.o
CompileC /Users/admin/builder/spi-builder-workspace/.derivedData/Build/Intermediates.noindex/mlx-swift.build/Debug-watchos/Cmlx-t.build/Objects-normal/arm64_32/stream-6e87ca43734d8126bcb3d70fa0cc730a.o /Users/admin/builder/spi-builder-workspace/.dependencies/checkouts/mlx-swift/Source/Cmlx/mlx/mlx/stream.cpp normal arm64_32 c++ com.apple.compilers.llvm.clang.1_0.compiler (in target 'Cmlx' from project 'mlx-swift')
    cd /Users/admin/builder/spi-builder-workspace/.swiftpm/xcode

    Using response file: /Users/admin/builder/spi-builder-workspace/.derivedData/Build/Intermediates.noindex/mlx-swift.build/Debug-watchos/Cmlx-t.build/Objects-normal/arm64_32/82b82416624d2658e5098eb0a28c15c5-common-args.resp

    /Applications/Xcode-27.0.0.app/Contents/Developer/Toolchains/XcodeDefault.xctoolchain/usr/bin/clang -x c++ -ivfsstatcache /Users/admin/builder/spi-builder-workspace/.derivedData/SDKStatCaches.noindex/watchos27.0-24R360-e829b21a6f8c9b70876ba0858053c044b9db9bc9c079ee3c7b5f3373b13d10bc.sdkstatcache -target arm64_32-apple-watchos10.0 -fmessage-length\=0 -fdiagnostics-show-note-include-stack -fmacro-backtrace-limit\=0 -fno-color-diagnostics -fmodules-prune-interval\=86400 -fmodules-prune-after\=345600 -fbuild-session-file\=/Users/admin/builder/spi-builder-workspace/.derivedData/ModuleCache.noindex/Session.modulevalidation -fmodules-validate-once-per-build-session -Wnon-modular-include-in-framework-module -Werror\=non-modular-include-in-framework-module -Wno-trigraphs -Wno-missing-field-initializers -Wno-missing-prototypes -Wno-return-type -Wno-non-virtual-dtor -Wno-overloaded-virtual -Wno-exit-time-destructors -Wno-missing-braces -Wparentheses -Wswitch -Wno-unused-function -Wno-unused-label -Wno-unused-parameter -Wno-unused-variable -Wunused-value -Wno-empty-body -Wno-uninitialized -Wno-unknown-pragmas -w -Wno-shadow -Wno-four-char-constants -Wno-conversion -Wno-constant-conversion -Wno-int-conversion -Wno-bool-conversion -Wno-enum-conversion -Wno-float-conversion -Wno-non-literal-null-conversion -Wno-objc-literal-conversion -Wno-shorten-64-to-32 -Wno-newline-eof -Wno-c++11-extensions -Wno-implicit-fallthrough -isysroot /Applications/Xcode-27.0.0.app/Contents/Developer/Platforms/WatchOS.platform/Developer/SDKs/WatchOS27.0.sdk -fstrict-aliasing -Wdeprecated-declarations -Winvalid-offsetof -Wno-sign-conversion -Wno-infinite-recursion -Wno-move -Wno-comma -Wno-block-capture-autoreleasing -Wno-strict-prototypes -Wno-range-loop-analysis -Wno-semicolon-before-method-body -index-store-path /Users/admin/builder/spi-builder-workspace/.derivedData/Index.noindex/DataStore @/Users/admin/builder/spi-builder-workspace/.derivedData/Build/Intermediates.noindex/mlx-swift.build/Debug-watchos/Cmlx-t.build/Objects-normal/arm64_32/82b82416624d2658e5098eb0a28c15c5-common-args.resp -MMD -MT dependencies -MF /Users/admin/builder/spi-builder-workspace/.derivedData/Build/Intermediates.noindex/mlx-swift.build/Debug-watchos/Cmlx-t.build/Objects-normal/arm64_32/stream-6e87ca43734d8126bcb3d70fa0cc730a.d --serialize-diagnostics /Users/admin/builder/spi-builder-workspace/.derivedData/Build/Intermediates.noindex/mlx-swift.build/Debug-watchos/Cmlx-t.build/Objects-normal/arm64_32/stream-6e87ca43734d8126bcb3d70fa0cc730a.dia -c /Users/admin/builder/spi-builder-workspace/.dependencies/checkouts/mlx-swift/Source/Cmlx/mlx/mlx/stream.cpp -o /Users/admin/builder/spi-builder-workspace/.derivedData/Build/Intermediates.noindex/mlx-swift.build/Debug-watchos/Cmlx-t.build/Objects-normal/arm64_32/stream-6e87ca43734d8126bcb3d70fa0cc730a.o -index-unit-output-path /mlx-swift.build/Debug-watchos/Cmlx-t.build/Objects-normal/arm64_32/stream-6e87ca43734d8126bcb3d70fa0cc730a.o
CompileC /Users/admin/builder/spi-builder-workspace/.derivedData/Build/Intermediates.noindex/mlx-swift.build/Debug-watchos/Cmlx-t.build/Objects-normal/arm64_32/random-d81e65494e84cab2b7ce1efc5abf36fe.o /Users/admin/builder/spi-builder-workspace/.dependencies/checkouts/mlx-swift/Source/Cmlx/mlx/mlx/random.cpp normal arm64_32 c++ com.apple.compilers.llvm.clang.1_0.compiler (in target 'Cmlx' from project 'mlx-swift')
    cd /Users/admin/builder/spi-builder-workspace/.swiftpm/xcode

    Using response file: /Users/admin/builder/spi-builder-workspace/.derivedData/Build/Intermediates.noindex/mlx-swift.build/Debug-watchos/Cmlx-t.build/Objects-normal/arm64_32/82b82416624d2658e5098eb0a28c15c5-common-args.resp

    /Applications/Xcode-27.0.0.app/Contents/Developer/Toolchains/XcodeDefault.xctoolchain/usr/bin/clang -x c++ -ivfsstatcache /Users/admin/builder/spi-builder-workspace/.derivedData/SDKStatCaches.noindex/watchos27.0-24R360-e829b21a6f8c9b70876ba0858053c044b9db9bc9c079ee3c7b5f3373b13d10bc.sdkstatcache -target arm64_32-apple-watchos10.0 -fmessage-length\=0 -fdiagnostics-show-note-include-stack -fmacro-backtrace-limit\=0 -fno-color-diagnostics -fmodules-prune-interval\=86400 -fmodules-prune-after\=345600 -fbuild-session-file\=/Users/admin/builder/spi-builder-workspace/.derivedData/ModuleCache.noindex/Session.modulevalidation -fmodules-validate-once-per-build-session -Wnon-modular-include-in-framework-module -Werror\=non-modular-include-in-framework-module -Wno-trigraphs -Wno-missing-field-initializers -Wno-missing-prototypes -Wno-return-type -Wno-non-virtual-dtor -Wno-overloaded-virtual -Wno-exit-time-destructors -Wno-missing-braces -Wparentheses -Wswitch -Wno-unused-function -Wno-unused-label -Wno-unused-parameter -Wno-unused-variable -Wunused-value -Wno-empty-body -Wno-uninitialized -Wno-unknown-pragmas -w -Wno-shadow -Wno-four-char-constants -Wno-conversion -Wno-constant-conversion -Wno-int-conversion -Wno-bool-conversion -Wno-enum-conversion -Wno-float-conversion -Wno-non-literal-null-conversion -Wno-objc-literal-conversion -Wno-shorten-64-to-32 -Wno-newline-eof -Wno-c++11-extensions -Wno-implicit-fallthrough -isysroot /Applications/Xcode-27.0.0.app/Contents/Developer/Platforms/WatchOS.platform/Developer/SDKs/WatchOS27.0.sdk -fstrict-aliasing -Wdeprecated-declarations -Winvalid-offsetof -Wno-sign-conversion -Wno-infinite-recursion -Wno-move -Wno-comma -Wno-block-capture-autoreleasing -Wno-strict-prototypes -Wno-range-loop-analysis -Wno-semicolon-before-method-body -index-store-path /Users/admin/builder/spi-builder-workspace/.derivedData/Index.noindex/DataStore @/Users/admin/builder/spi-builder-workspace/.derivedData/Build/Intermediates.noindex/mlx-swift.build/Debug-watchos/Cmlx-t.build/Objects-normal/arm64_32/82b82416624d2658e5098eb0a28c15c5-common-args.resp -MMD -MT dependencies -MF /Users/admin/builder/spi-builder-workspace/.derivedData/Build/Intermediates.noindex/mlx-swift.build/Debug-watchos/Cmlx-t.build/Objects-normal/arm64_32/random-d81e65494e84cab2b7ce1efc5abf36fe.d --serialize-diagnostics /Users/admin/builder/spi-builder-workspace/.derivedData/Build/Intermediates.noindex/mlx-swift.build/Debug-watchos/Cmlx-t.build/Objects-normal/arm64_32/random-d81e65494e84cab2b7ce1efc5abf36fe.dia -c /Users/admin/builder/spi-builder-workspace/.dependencies/checkouts/mlx-swift/Source/Cmlx/mlx/mlx/random.cpp -o /Users/admin/builder/spi-builder-workspace/.derivedData/Build/Intermediates.noindex/mlx-swift.build/Debug-watchos/Cmlx-t.build/Objects-normal/arm64_32/random-d81e65494e84cab2b7ce1efc5abf36fe.o -index-unit-output-path /mlx-swift.build/Debug-watchos/Cmlx-t.build/Objects-normal/arm64_32/random-d81e65494e84cab2b7ce1efc5abf36fe.o
CompileC /Users/admin/builder/spi-builder-workspace/.derivedData/Build/Intermediates.noindex/mlx-swift.build/Debug-watchos/Cmlx-t.build/Objects-normal/arm64_32/primitives-d3e15f443ca3fd3c9f943f0f360e138f.o /Users/admin/builder/spi-builder-workspace/.dependencies/checkouts/mlx-swift/Source/Cmlx/mlx/mlx/primitives.cpp normal arm64_32 c++ com.apple.compilers.llvm.clang.1_0.compiler (in target 'Cmlx' from project 'mlx-swift')
    cd /Users/admin/builder/spi-builder-workspace/.swiftpm/xcode

    Using response file: /Users/admin/builder/spi-builder-workspace/.derivedData/Build/Intermediates.noindex/mlx-swift.build/Debug-watchos/Cmlx-t.build/Objects-normal/arm64_32/82b82416624d2658e5098eb0a28c15c5-common-args.resp

    /Applications/Xcode-27.0.0.app/Contents/Developer/Toolchains/XcodeDefault.xctoolchain/usr/bin/clang -x c++ -ivfsstatcache /Users/admin/builder/spi-builder-workspace/.derivedData/SDKStatCaches.noindex/watchos27.0-24R360-e829b21a6f8c9b70876ba0858053c044b9db9bc9c079ee3c7b5f3373b13d10bc.sdkstatcache -target arm64_32-apple-watchos10.0 -fmessage-length\=0 -fdiagnostics-show-note-include-stack -fmacro-backtrace-limit\=0 -fno-color-diagnostics -fmodules-prune-interval\=86400 -fmodules-prune-after\=345600 -fbuild-session-file\=/Users/admin/builder/spi-builder-workspace/.derivedData/ModuleCache.noindex/Session.modulevalidation -fmodules-validate-once-per-build-session -Wnon-modular-include-in-framework-module -Werror\=non-modular-include-in-framework-module -Wno-trigraphs -Wno-missing-field-initializers -Wno-missing-prototypes -Wno-return-type -Wno-non-virtual-dtor -Wno-overloaded-virtual -Wno-exit-time-destructors -Wno-missing-braces -Wparentheses -Wswitch -Wno-unused-function -Wno-unused-label -Wno-unused-parameter -Wno-unused-variable -Wunused-value -Wno-empty-body -Wno-uninitialized -Wno-unknown-pragmas -w -Wno-shadow -Wno-four-char-constants -Wno-conversion -Wno-constant-conversion -Wno-int-conversion -Wno-bool-conversion -Wno-enum-conversion -Wno-float-conversion -Wno-non-literal-null-conversion -Wno-objc-literal-conversion -Wno-shorten-64-to-32 -Wno-newline-eof -Wno-c++11-extensions -Wno-implicit-fallthrough -isysroot /Applications/Xcode-27.0.0.app/Contents/Developer/Platforms/WatchOS.platform/Developer/SDKs/WatchOS27.0.sdk -fstrict-aliasing -Wdeprecated-declarations -Winvalid-offsetof -Wno-sign-conversion -Wno-infinite-recursion -Wno-move -Wno-comma -Wno-block-capture-autoreleasing -Wno-strict-prototypes -Wno-range-loop-analysis -Wno-semicolon-before-method-body -index-store-path /Users/admin/builder/spi-builder-workspace/.derivedData/Index.noindex/DataStore @/Users/admin/builder/spi-builder-workspace/.derivedData/Build/Intermediates.noindex/mlx-swift.build/Debug-watchos/Cmlx-t.build/Objects-normal/arm64_32/82b82416624d2658e5098eb0a28c15c5-common-args.resp -MMD -MT dependencies -MF /Users/admin/builder/spi-builder-workspace/.derivedData/Build/Intermediates.noindex/mlx-swift.build/Debug-watchos/Cmlx-t.build/Objects-normal/arm64_32/primitives-d3e15f443ca3fd3c9f943f0f360e138f.d --serialize-diagnostics /Users/admin/builder/spi-builder-workspace/.derivedData/Build/Intermediates.noindex/mlx-swift.build/Debug-watchos/Cmlx-t.build/Objects-normal/arm64_32/primitives-d3e15f443ca3fd3c9f943f0f360e138f.dia -c /Users/admin/builder/spi-builder-workspace/.dependencies/checkouts/mlx-swift/Source/Cmlx/mlx/mlx/primitives.cpp -o /Users/admin/builder/spi-builder-workspace/.derivedData/Build/Intermediates.noindex/mlx-swift.build/Debug-watchos/Cmlx-t.build/Objects-normal/arm64_32/primitives-d3e15f443ca3fd3c9f943f0f360e138f.o -index-unit-output-path /mlx-swift.build/Debug-watchos/Cmlx-t.build/Objects-normal/arm64_32/primitives-d3e15f443ca3fd3c9f943f0f360e138f.o
CompileC /Users/admin/builder/spi-builder-workspace/.derivedData/Build/Intermediates.noindex/mlx-swift.build/Debug-watchos/Cmlx-t.build/Objects-normal/arm64_32/linalg-d53391257990b9545882d90ae1ab50ef.o /Users/admin/builder/spi-builder-workspace/.dependencies/checkouts/mlx-swift/Source/Cmlx/mlx/mlx/linalg.cpp normal arm64_32 c++ com.apple.compilers.llvm.clang.1_0.compiler (in target 'Cmlx' from project 'mlx-swift')
    cd /Users/admin/builder/spi-builder-workspace/.swiftpm/xcode

    Using response file: /Users/admin/builder/spi-builder-workspace/.derivedData/Build/Intermediates.noindex/mlx-swift.build/Debug-watchos/Cmlx-t.build/Objects-normal/arm64_32/82b82416624d2658e5098eb0a28c15c5-common-args.resp

    /Applications/Xcode-27.0.0.app/Contents/Developer/Toolchains/XcodeDefault.xctoolchain/usr/bin/clang -x c++ -ivfsstatcache /Users/admin/builder/spi-builder-workspace/.derivedData/SDKStatCaches.noindex/watchos27.0-24R360-e829b21a6f8c9b70876ba0858053c044b9db9bc9c079ee3c7b5f3373b13d10bc.sdkstatcache -target arm64_32-apple-watchos10.0 -fmessage-length\=0 -fdiagnostics-show-note-include-stack -fmacro-backtrace-limit\=0 -fno-color-diagnostics -fmodules-prune-interval\=86400 -fmodules-prune-after\=345600 -fbuild-session-file\=/Users/admin/builder/spi-builder-workspace/.derivedData/ModuleCache.noindex/Session.modulevalidation -fmodules-validate-once-per-build-session -Wnon-modular-include-in-framework-module -Werror\=non-modular-include-in-framework-module -Wno-trigraphs -Wno-missing-field-initializers -Wno-missing-prototypes -Wno-return-type -Wno-non-virtual-dtor -Wno-overloaded-virtual -Wno-exit-time-destructors -Wno-missing-braces -Wparentheses -Wswitch -Wno-unused-function -Wno-unused-label -Wno-unused-parameter -Wno-unused-variable -Wunused-value -Wno-empty-body -Wno-uninitialized -Wno-unknown-pragmas -w -Wno-shadow -Wno-four-char-constants -Wno-conversion -Wno-constant-conversion -Wno-int-conversion -Wno-bool-conversion -Wno-enum-conversion -Wno-float-conversion -Wno-non-literal-null-conversion -Wno-objc-literal-conversion -Wno-shorten-64-to-32 -Wno-newline-eof -Wno-c++11-extensions -Wno-implicit-fallthrough -isysroot /Applications/Xcode-27.0.0.app/Contents/Developer/Platforms/WatchOS.platform/Developer/SDKs/WatchOS27.0.sdk -fstrict-aliasing -Wdeprecated-declarations -Winvalid-offsetof -Wno-sign-conversion -Wno-infinite-recursion -Wno-move -Wno-comma -Wno-block-capture-autoreleasing -Wno-strict-prototypes -Wno-range-loop-analysis -Wno-semicolon-before-method-body -index-store-path /Users/admin/builder/spi-builder-workspace/.derivedData/Index.noindex/DataStore @/Users/admin/builder/spi-builder-workspace/.derivedData/Build/Intermediates.noindex/mlx-swift.build/Debug-watchos/Cmlx-t.build/Objects-normal/arm64_32/82b82416624d2658e5098eb0a28c15c5-common-args.resp -MMD -MT dependencies -MF /Users/admin/builder/spi-builder-workspace/.derivedData/Build/Intermediates.noindex/mlx-swift.build/Debug-watchos/Cmlx-t.build/Objects-normal/arm64_32/linalg-d53391257990b9545882d90ae1ab50ef.d --serialize-diagnostics /Users/admin/builder/spi-builder-workspace/.derivedData/Build/Intermediates.noindex/mlx-swift.build/Debug-watchos/Cmlx-t.build/Objects-normal/arm64_32/linalg-d53391257990b9545882d90ae1ab50ef.dia -c /Users/admin/builder/spi-builder-workspace/.dependencies/checkouts/mlx-swift/Source/Cmlx/mlx/mlx/linalg.cpp -o /Users/admin/builder/spi-builder-workspace/.derivedData/Build/Intermediates.noindex/mlx-swift.build/Debug-watchos/Cmlx-t.build/Objects-normal/arm64_32/linalg-d53391257990b9545882d90ae1ab50ef.o -index-unit-output-path /mlx-swift.build/Debug-watchos/Cmlx-t.build/Objects-normal/arm64_32/linalg-d53391257990b9545882d90ae1ab50ef.o
CompileC /Users/admin/builder/spi-builder-workspace/.derivedData/Build/Intermediates.noindex/mlx-swift.build/Debug-watchos/Cmlx-t.build/Objects-normal/arm64_32/ops-ecb27fb66c1bf1d3f581644bc6a47e42.o /Users/admin/builder/spi-builder-workspace/.dependencies/checkouts/mlx-swift/Source/Cmlx/mlx/mlx/ops.cpp normal arm64_32 c++ com.apple.compilers.llvm.clang.1_0.compiler (in target 'Cmlx' from project 'mlx-swift')
    cd /Users/admin/builder/spi-builder-workspace/.swiftpm/xcode

    Using response file: /Users/admin/builder/spi-builder-workspace/.derivedData/Build/Intermediates.noindex/mlx-swift.build/Debug-watchos/Cmlx-t.build/Objects-normal/arm64_32/82b82416624d2658e5098eb0a28c15c5-common-args.resp

    /Applications/Xcode-27.0.0.app/Contents/Developer/Toolchains/XcodeDefault.xctoolchain/usr/bin/clang -x c++ -ivfsstatcache /Users/admin/builder/spi-builder-workspace/.derivedData/SDKStatCaches.noindex/watchos27.0-24R360-e829b21a6f8c9b70876ba0858053c044b9db9bc9c079ee3c7b5f3373b13d10bc.sdkstatcache -target arm64_32-apple-watchos10.0 -fmessage-length\=0 -fdiagnostics-show-note-include-stack -fmacro-backtrace-limit\=0 -fno-color-diagnostics -fmodules-prune-interval\=86400 -fmodules-prune-after\=345600 -fbuild-session-file\=/Users/admin/builder/spi-builder-workspace/.derivedData/ModuleCache.noindex/Session.modulevalidation -fmodules-validate-once-per-build-session -Wnon-modular-include-in-framework-module -Werror\=non-modular-include-in-framework-module -Wno-trigraphs -Wno-missing-field-initializers -Wno-missing-prototypes -Wno-return-type -Wno-non-virtual-dtor -Wno-overloaded-virtual -Wno-exit-time-destructors -Wno-missing-braces -Wparentheses -Wswitch -Wno-unused-function -Wno-unused-label -Wno-unused-parameter -Wno-unused-variable -Wunused-value -Wno-empty-body -Wno-uninitialized -Wno-unknown-pragmas -w -Wno-shadow -Wno-four-char-constants -Wno-conversion -Wno-constant-conversion -Wno-int-conversion -Wno-bool-conversion -Wno-enum-conversion -Wno-float-conversion -Wno-non-literal-null-conversion -Wno-objc-literal-conversion -Wno-shorten-64-to-32 -Wno-newline-eof -Wno-c++11-extensions -Wno-implicit-fallthrough -isysroot /Applications/Xcode-27.0.0.app/Contents/Developer/Platforms/WatchOS.platform/Developer/SDKs/WatchOS27.0.sdk -fstrict-aliasing -Wdeprecated-declarations -Winvalid-offsetof -Wno-sign-conversion -Wno-infinite-recursion -Wno-move -Wno-comma -Wno-block-capture-autoreleasing -Wno-strict-prototypes -Wno-range-loop-analysis -Wno-semicolon-before-method-body -index-store-path /Users/admin/builder/spi-builder-workspace/.derivedData/Index.noindex/DataStore @/Users/admin/builder/spi-builder-workspace/.derivedData/Build/Intermediates.noindex/mlx-swift.build/Debug-watchos/Cmlx-t.build/Objects-normal/arm64_32/82b82416624d2658e5098eb0a28c15c5-common-args.resp -MMD -MT dependencies -MF /Users/admin/builder/spi-builder-workspace/.derivedData/Build/Intermediates.noindex/mlx-swift.build/Debug-watchos/Cmlx-t.build/Objects-normal/arm64_32/ops-ecb27fb66c1bf1d3f581644bc6a47e42.d --serialize-diagnostics /Users/admin/builder/spi-builder-workspace/.derivedData/Build/Intermediates.noindex/mlx-swift.build/Debug-watchos/Cmlx-t.build/Objects-normal/arm64_32/ops-ecb27fb66c1bf1d3f581644bc6a47e42.dia -c /Users/admin/builder/spi-builder-workspace/.dependencies/checkouts/mlx-swift/Source/Cmlx/mlx/mlx/ops.cpp -o /Users/admin/builder/spi-builder-workspace/.derivedData/Build/Intermediates.noindex/mlx-swift.build/Debug-watchos/Cmlx-t.build/Objects-normal/arm64_32/ops-ecb27fb66c1bf1d3f581644bc6a47e42.o -index-unit-output-path /mlx-swift.build/Debug-watchos/Cmlx-t.build/Objects-normal/arm64_32/ops-ecb27fb66c1bf1d3f581644bc6a47e42.o
CompileC /Users/admin/builder/spi-builder-workspace/.derivedData/Build/Intermediates.noindex/mlx-swift.build/Debug-watchos/Cmlx-t.build/Objects-normal/arm64_32/safetensors.o /Users/admin/builder/spi-builder-workspace/.dependencies/checkouts/mlx-swift/Source/Cmlx/mlx/mlx/io/safetensors.cpp normal arm64_32 c++ com.apple.compilers.llvm.clang.1_0.compiler (in target 'Cmlx' from project 'mlx-swift')
    cd /Users/admin/builder/spi-builder-workspace/.swiftpm/xcode

    Using response file: /Users/admin/builder/spi-builder-workspace/.derivedData/Build/Intermediates.noindex/mlx-swift.build/Debug-watchos/Cmlx-t.build/Objects-normal/arm64_32/82b82416624d2658e5098eb0a28c15c5-common-args.resp

    /Applications/Xcode-27.0.0.app/Contents/Developer/Toolchains/XcodeDefault.xctoolchain/usr/bin/clang -x c++ -ivfsstatcache /Users/admin/builder/spi-builder-workspace/.derivedData/SDKStatCaches.noindex/watchos27.0-24R360-e829b21a6f8c9b70876ba0858053c044b9db9bc9c079ee3c7b5f3373b13d10bc.sdkstatcache -target arm64_32-apple-watchos10.0 -fmessage-length\=0 -fdiagnostics-show-note-include-stack -fmacro-backtrace-limit\=0 -fno-color-diagnostics -fmodules-prune-interval\=86400 -fmodules-prune-after\=345600 -fbuild-session-file\=/Users/admin/builder/spi-builder-workspace/.derivedData/ModuleCache.noindex/Session.modulevalidation -fmodules-validate-once-per-build-session -Wnon-modular-include-in-framework-module -Werror\=non-modular-include-in-framework-module -Wno-trigraphs -Wno-missing-field-initializers -Wno-missing-prototypes -Wno-return-type -Wno-non-virtual-dtor -Wno-overloaded-virtual -Wno-exit-time-destructors -Wno-missing-braces -Wparentheses -Wswitch -Wno-unused-function -Wno-unused-label -Wno-unused-parameter -Wno-unused-variable -Wunused-value -Wno-empty-body -Wno-uninitialized -Wno-unknown-pragmas -w -Wno-shadow -Wno-four-char-constants -Wno-conversion -Wno-constant-conversion -Wno-int-conversion -Wno-bool-conversion -Wno-enum-conversion -Wno-float-conversion -Wno-non-literal-null-conversion -Wno-objc-literal-conversion -Wno-shorten-64-to-32 -Wno-newline-eof -Wno-c++11-extensions -Wno-implicit-fallthrough -isysroot /Applications/Xcode-27.0.0.app/Contents/Developer/Platforms/WatchOS.platform/Developer/SDKs/WatchOS27.0.sdk -fstrict-aliasing -Wdeprecated-declarations -Winvalid-offsetof -Wno-sign-conversion -Wno-infinite-recursion -Wno-move -Wno-comma -Wno-block-capture-autoreleasing -Wno-strict-prototypes -Wno-range-loop-analysis -Wno-semicolon-before-method-body -index-store-path /Users/admin/builder/spi-builder-workspace/.derivedData/Index.noindex/DataStore @/Users/admin/builder/spi-builder-workspace/.derivedData/Build/Intermediates.noindex/mlx-swift.build/Debug-watchos/Cmlx-t.build/Objects-normal/arm64_32/82b82416624d2658e5098eb0a28c15c5-common-args.resp -MMD -MT dependencies -MF /Users/admin/builder/spi-builder-workspace/.derivedData/Build/Intermediates.noindex/mlx-swift.build/Debug-watchos/Cmlx-t.build/Objects-normal/arm64_32/safetensors.d --serialize-diagnostics /Users/admin/builder/spi-builder-workspace/.derivedData/Build/Intermediates.noindex/mlx-swift.build/Debug-watchos/Cmlx-t.build/Objects-normal/arm64_32/safetensors.dia -c /Users/admin/builder/spi-builder-workspace/.dependencies/checkouts/mlx-swift/Source/Cmlx/mlx/mlx/io/safetensors.cpp -o /Users/admin/builder/spi-builder-workspace/.derivedData/Build/Intermediates.noindex/mlx-swift.build/Debug-watchos/Cmlx-t.build/Objects-normal/arm64_32/safetensors.o -index-unit-output-path /mlx-swift.build/Debug-watchos/Cmlx-t.build/Objects-normal/arm64_32/safetensors.o
CompileC /Users/admin/builder/spi-builder-workspace/.derivedData/Build/Intermediates.noindex/mlx-swift.build/Debug-watchos/Cmlx-t.build/Objects-normal/arm64_32/utils-cece7f7ad05e390b4c43c3ff21479e10.o /Users/admin/builder/spi-builder-workspace/.dependencies/checkouts/mlx-swift/Source/Cmlx/mlx/mlx/backend/metal/utils.cpp normal arm64_32 c++ com.apple.compilers.llvm.clang.1_0.compiler (in target 'Cmlx' from project 'mlx-swift')
    cd /Users/admin/builder/spi-builder-workspace/.swiftpm/xcode

    Using response file: /Users/admin/builder/spi-builder-workspace/.derivedData/Build/Intermediates.noindex/mlx-swift.build/Debug-watchos/Cmlx-t.build/Objects-normal/arm64_32/82b82416624d2658e5098eb0a28c15c5-common-args.resp

    /Applications/Xcode-27.0.0.app/Contents/Developer/Toolchains/XcodeDefault.xctoolchain/usr/bin/clang -x c++ -ivfsstatcache /Users/admin/builder/spi-builder-workspace/.derivedData/SDKStatCaches.noindex/watchos27.0-24R360-e829b21a6f8c9b70876ba0858053c044b9db9bc9c079ee3c7b5f3373b13d10bc.sdkstatcache -target arm64_32-apple-watchos10.0 -fmessage-length\=0 -fdiagnostics-show-note-include-stack -fmacro-backtrace-limit\=0 -fno-color-diagnostics -fmodules-prune-interval\=86400 -fmodules-prune-after\=345600 -fbuild-session-file\=/Users/admin/builder/spi-builder-workspace/.derivedData/ModuleCache.noindex/Session.modulevalidation -fmodules-validate-once-per-build-session -Wnon-modular-include-in-framework-module -Werror\=non-modular-include-in-framework-module -Wno-trigraphs -Wno-missing-field-initializers -Wno-missing-prototypes -Wno-return-type -Wno-non-virtual-dtor -Wno-overloaded-virtual -Wno-exit-time-destructors -Wno-missing-braces -Wparentheses -Wswitch -Wno-unused-function -Wno-unused-label -Wno-unused-parameter -Wno-unused-variable -Wunused-value -Wno-empty-body -Wno-uninitialized -Wno-unknown-pragmas -w -Wno-shadow -Wno-four-char-constants -Wno-conversion -Wno-constant-conversion -Wno-int-conversion -Wno-bool-conversion -Wno-enum-conversion -Wno-float-conversion -Wno-non-literal-null-conversion -Wno-objc-literal-conversion -Wno-shorten-64-to-32 -Wno-newline-eof -Wno-c++11-extensions -Wno-implicit-fallthrough -isysroot /Applications/Xcode-27.0.0.app/Contents/Developer/Platforms/WatchOS.platform/Developer/SDKs/WatchOS27.0.sdk -fstrict-aliasing -Wdeprecated-declarations -Winvalid-offsetof -Wno-sign-conversion -Wno-infinite-recursion -Wno-move -Wno-comma -Wno-block-capture-autoreleasing -Wno-strict-prototypes -Wno-range-loop-analysis -Wno-semicolon-before-method-body -index-store-path /Users/admin/builder/spi-builder-workspace/.derivedData/Index.noindex/DataStore @/Users/admin/builder/spi-builder-workspace/.derivedData/Build/Intermediates.noindex/mlx-swift.build/Debug-watchos/Cmlx-t.build/Objects-normal/arm64_32/82b82416624d2658e5098eb0a28c15c5-common-args.resp -MMD -MT dependencies -MF /Users/admin/builder/spi-builder-workspace/.derivedData/Build/Intermediates.noindex/mlx-swift.build/Debug-watchos/Cmlx-t.build/Objects-normal/arm64_32/utils-cece7f7ad05e390b4c43c3ff21479e10.d --serialize-diagnostics /Users/admin/builder/spi-builder-workspace/.derivedData/Build/Intermediates.noindex/mlx-swift.build/Debug-watchos/Cmlx-t.build/Objects-normal/arm64_32/utils-cece7f7ad05e390b4c43c3ff21479e10.dia -c /Users/admin/builder/spi-builder-workspace/.dependencies/checkouts/mlx-swift/Source/Cmlx/mlx/mlx/backend/metal/utils.cpp -o /Users/admin/builder/spi-builder-workspace/.derivedData/Build/Intermediates.noindex/mlx-swift.build/Debug-watchos/Cmlx-t.build/Objects-normal/arm64_32/utils-cece7f7ad05e390b4c43c3ff21479e10.o -index-unit-output-path /mlx-swift.build/Debug-watchos/Cmlx-t.build/Objects-normal/arm64_32/utils-cece7f7ad05e390b4c43c3ff21479e10.o
In file included from /Users/admin/builder/spi-builder-workspace/.dependencies/checkouts/mlx-swift/Source/Cmlx/mlx/mlx/backend/metal/utils.cpp:3:
In file included from /Users/admin/builder/spi-builder-workspace/.dependencies/checkouts/mlx-swift/Source/Cmlx/mlx/mlx/backend/metal/utils.h:8:
In file included from /Users/admin/builder/spi-builder-workspace/.dependencies/checkouts/mlx-swift/Source/Cmlx/mlx/mlx/backend/metal/device.h:5:
In file included from /Users/admin/builder/spi-builder-workspace/.dependencies/checkouts/mlx-swift/Source/Cmlx/metal-cpp/Metal/Metal.hpp:25:
In file included from /Users/admin/builder/spi-builder-workspace/.dependencies/checkouts/mlx-swift/Source/Cmlx/metal-cpp/Metal/MTLAccelerationStructure.hpp:24:
In file included from /Users/admin/builder/spi-builder-workspace/.dependencies/checkouts/mlx-swift/Source/Cmlx/metal-cpp/Metal/MTLAccelerationStructureTypes.hpp:28:
In file included from /Users/admin/builder/spi-builder-workspace/.dependencies/checkouts/mlx-swift/Source/Cmlx/metal-cpp/Metal/MTLStageInputOutputDescriptor.hpp:24:
In file included from /Users/admin/builder/spi-builder-workspace/.dependencies/checkouts/mlx-swift/Source/Cmlx/metal-cpp/Metal/MTLArgument.hpp:29:
/Users/admin/builder/spi-builder-workspace/.dependencies/checkouts/mlx-swift/Source/Cmlx/metal-cpp/Metal/MTLTexture.hpp:30:10: fatal error: 'IOSurface/IOSurfaceRef.h' file not found
   30 | #include <IOSurface/IOSurfaceRef.h>
      |          ^~~~~~~~~~~~~~~~~~~~~~~~~~
1 error generated.
CompileC /Users/admin/builder/spi-builder-workspace/.derivedData/Build/Intermediates.noindex/mlx-swift.build/Debug-watchos/Cmlx-t.build/Objects-normal/arm64_32/unary-6e1d4578540dbb1c15df5fc47f7a18d7.o /Users/admin/builder/spi-builder-workspace/.dependencies/checkouts/mlx-swift/Source/Cmlx/mlx/mlx/backend/metal/unary.cpp normal arm64_32 c++ com.apple.compilers.llvm.clang.1_0.compiler (in target 'Cmlx' from project 'mlx-swift')
    cd /Users/admin/builder/spi-builder-workspace/.swiftpm/xcode

    Using response file: /Users/admin/builder/spi-builder-workspace/.derivedData/Build/Intermediates.noindex/mlx-swift.build/Debug-watchos/Cmlx-t.build/Objects-normal/arm64_32/82b82416624d2658e5098eb0a28c15c5-common-args.resp

    /Applications/Xcode-27.0.0.app/Contents/Developer/Toolchains/XcodeDefault.xctoolchain/usr/bin/clang -x c++ -ivfsstatcache /Users/admin/builder/spi-builder-workspace/.derivedData/SDKStatCaches.noindex/watchos27.0-24R360-e829b21a6f8c9b70876ba0858053c044b9db9bc9c079ee3c7b5f3373b13d10bc.sdkstatcache -target arm64_32-apple-watchos10.0 -fmessage-length\=0 -fdiagnostics-show-note-include-stack -fmacro-backtrace-limit\=0 -fno-color-diagnostics -fmodules-prune-interval\=86400 -fmodules-prune-after\=345600 -fbuild-session-file\=/Users/admin/builder/spi-builder-workspace/.derivedData/ModuleCache.noindex/Session.modulevalidation -fmodules-validate-once-per-build-session -Wnon-modular-include-in-framework-module -Werror\=non-modular-include-in-framework-module -Wno-trigraphs -Wno-missing-field-initializers -Wno-missing-prototypes -Wno-return-type -Wno-non-virtual-dtor -Wno-overloaded-virtual -Wno-exit-time-destructors -Wno-missing-braces -Wparentheses -Wswitch -Wno-unused-function -Wno-unused-label -Wno-unused-parameter -Wno-unused-variable -Wunused-value -Wno-empty-body -Wno-uninitialized -Wno-unknown-pragmas -w -Wno-shadow -Wno-four-char-constants -Wno-conversion -Wno-constant-conversion -Wno-int-conversion -Wno-bool-conversion -Wno-enum-conversion -Wno-float-conversion -Wno-non-literal-null-conversion -Wno-objc-literal-conversion -Wno-shorten-64-to-32 -Wno-newline-eof -Wno-c++11-extensions -Wno-implicit-fallthrough -isysroot /Applications/Xcode-27.0.0.app/Contents/Developer/Platforms/WatchOS.platform/Developer/SDKs/WatchOS27.0.sdk -fstrict-aliasing -Wdeprecated-declarations -Winvalid-offsetof -Wno-sign-conversion -Wno-infinite-recursion -Wno-move -Wno-comma -Wno-block-capture-autoreleasing -Wno-strict-prototypes -Wno-range-loop-analysis -Wno-semicolon-before-method-body -index-store-path /Users/admin/builder/spi-builder-workspace/.derivedData/Index.noindex/DataStore @/Users/admin/builder/spi-builder-workspace/.derivedData/Build/Intermediates.noindex/mlx-swift.build/Debug-watchos/Cmlx-t.build/Objects-normal/arm64_32/82b82416624d2658e5098eb0a28c15c5-common-args.resp -MMD -MT dependencies -MF /Users/admin/builder/spi-builder-workspace/.derivedData/Build/Intermediates.noindex/mlx-swift.build/Debug-watchos/Cmlx-t.build/Objects-normal/arm64_32/unary-6e1d4578540dbb1c15df5fc47f7a18d7.d --serialize-diagnostics /Users/admin/builder/spi-builder-workspace/.derivedData/Build/Intermediates.noindex/mlx-swift.build/Debug-watchos/Cmlx-t.build/Objects-normal/arm64_32/unary-6e1d4578540dbb1c15df5fc47f7a18d7.dia -c /Users/admin/builder/spi-builder-workspace/.dependencies/checkouts/mlx-swift/Source/Cmlx/mlx/mlx/backend/metal/unary.cpp -o /Users/admin/builder/spi-builder-workspace/.derivedData/Build/Intermediates.noindex/mlx-swift.build/Debug-watchos/Cmlx-t.build/Objects-normal/arm64_32/unary-6e1d4578540dbb1c15df5fc47f7a18d7.o -index-unit-output-path /mlx-swift.build/Debug-watchos/Cmlx-t.build/Objects-normal/arm64_32/unary-6e1d4578540dbb1c15df5fc47f7a18d7.o
In file included from /Users/admin/builder/spi-builder-workspace/.dependencies/checkouts/mlx-swift/Source/Cmlx/mlx/mlx/backend/metal/unary.cpp:4:
In file included from /Users/admin/builder/spi-builder-workspace/.dependencies/checkouts/mlx-swift/Source/Cmlx/mlx/mlx/backend/metal/device.h:5:
In file included from /Users/admin/builder/spi-builder-workspace/.dependencies/checkouts/mlx-swift/Source/Cmlx/metal-cpp/Metal/Metal.hpp:25:
In file included from /Users/admin/builder/spi-builder-workspace/.dependencies/checkouts/mlx-swift/Source/Cmlx/metal-cpp/Metal/MTLAccelerationStructure.hpp:24:
In file included from /Users/admin/builder/spi-builder-workspace/.dependencies/checkouts/mlx-swift/Source/Cmlx/metal-cpp/Metal/MTLAccelerationStructureTypes.hpp:28:
In file included from /Users/admin/builder/spi-builder-workspace/.dependencies/checkouts/mlx-swift/Source/Cmlx/metal-cpp/Metal/MTLStageInputOutputDescriptor.hpp:24:
In file included from /Users/admin/builder/spi-builder-workspace/.dependencies/checkouts/mlx-swift/Source/Cmlx/metal-cpp/Metal/MTLArgument.hpp:29:
/Users/admin/builder/spi-builder-workspace/.dependencies/checkouts/mlx-swift/Source/Cmlx/metal-cpp/Metal/MTLTexture.hpp:30:10: fatal error: 'IOSurface/IOSurfaceRef.h' file not found
   30 | #include <IOSurface/IOSurfaceRef.h>
      |          ^~~~~~~~~~~~~~~~~~~~~~~~~~
SwiftDriver OpenJevCore normal arm64 com.apple.xcode.tools.swift.compiler (in target 'OpenJevCore' from project 'OpenJevSwift')
    cd /Users/admin/builder/spi-builder-workspace/.swiftpm/xcode
    builtin-SwiftDriver -- /Applications/Xcode-27.0.0.app/Contents/Developer/Toolchains/XcodeDefault.xctoolchain/usr/bin/swiftc -parse-as-library -module-name OpenJevCore -Onone @/Users/admin/builder/spi-builder-workspace/.derivedData/Build/Intermediates.noindex/OpenJevSwift.build/Debug-watchos/OpenJevCore-t.build/Objects-normal/arm64/OpenJevCore.SwiftFileList -DSWIFT_PACKAGE -DDEBUG -DSWIFT_MODULE_RESOURCE_BUNDLE_UNAVAILABLE -DXcode -plugin-path /Applications/Xcode-27.0.0.app/Contents/Developer/Toolchains/XcodeDefault.xctoolchain/usr/lib/swift/host/plugins/testing -enable-experimental-feature DebugDescriptionMacro -sdk /Applications/Xcode-27.0.0.app/Contents/Developer/Platforms/WatchOS.platform/Developer/SDKs/WatchOS27.0.sdk -target arm64-apple-watchos10.0 -g -module-cache-path /Users/admin/builder/spi-builder-workspace/.derivedData/ModuleCache.noindex -Xfrontend -serialize-debugging-options -profile-coverage-mapping -profile-generate -enable-testing -index-store-path /Users/admin/builder/spi-builder-workspace/.derivedData/Index.noindex/DataStore -Xcc -D_LIBCPP_HARDENING_MODE\=_LIBCPP_HARDENING_MODE_DEBUG -swift-version 6 -I /Users/admin/builder/spi-builder-workspace/.derivedData/Build/Products/Debug-watchos -Isystem /Applications/Xcode-27.0.0.app/Contents/Developer/Platforms/WatchOS.platform/Developer/usr/lib -F /Users/admin/builder/spi-builder-workspace/.derivedData/Build/Products/Debug-watchos -F /Applications/Xcode-27.0.0.app/Contents/Developer/Platforms/WatchOS.platform/Developer/Library/Frameworks -F /Applications/Xcode-27.0.0.app/Contents/Developer/Platforms/WatchOS.platform/Developer/SDKs/WatchOS27.0.sdk/Developer/Library/Frameworks -c -j10 -enable-batch-mode -incremental -Xcc -ivfsstatcache -Xcc /Users/admin/builder/spi-builder-workspace/.derivedData/SDKStatCaches.noindex/watchos27.0-24R360-e829b21a6f8c9b70876ba0858053c044b9db9bc9c079ee3c7b5f3373b13d10bc.sdkstatcache -output-file-map /Users/admin/builder/spi-builder-workspace/.derivedData/Build/Intermediates.noindex/OpenJevSwift.build/Debug-watchos/OpenJevCore-t.build/Objects-normal/arm64/OpenJevCore-OutputFileMap.json -save-temps -no-color-diagnostics -explicit-module-build -module-cache-path /Users/admin/builder/spi-builder-workspace/.derivedData/Build/Intermediates.noindex/SwiftExplicitPrecompiledModules -clang-scanner-module-cache-path /Users/admin/builder/spi-builder-workspace/.derivedData/ModuleCache.noindex -sdk-module-cache-path /Users/admin/builder/spi-builder-workspace/.derivedData/SDKExplicitPrecompiledModules -emit-dependencies -emit-module -emit-module-path /Users/admin/builder/spi-builder-workspace/.derivedData/Build/Intermediates.noindex/OpenJevSwift.build/Debug-watchos/OpenJevCore-t.build/Objects-normal/arm64/OpenJevCore.swiftmodule -serialize-diagnostics -dependency-scan-serialize-diagnostics-path /Users/admin/builder/spi-builder-workspace/.derivedData/Build/Intermediates.noindex/OpenJevSwift.build/Debug-watchos/OpenJevCore-t.build/Objects-normal/arm64/OpenJevCore-dependency-scan.dia -validate-clang-modules-once -clang-build-session-file /Users/admin/builder/spi-builder-workspace/.derivedData/ModuleCache.noindex/Session.modulevalidation -Xcc -fmodules-prune-interval\=86400 -Xcc -fmodules-prune-after\=345600 -package-name spi_builder_workspace -emit-const-values -const-gather-protocols-list /Users/admin/builder/spi-builder-workspace/.derivedData/Build/Intermediates.noindex/OpenJevSwift.build/Debug-watchos/OpenJevCore-t.build/Objects-normal/arm64/OpenJevCore_const_extract_protocols.json -Xcc -I/Users/admin/builder/spi-builder-workspace/.derivedData/Build/Products/Debug-watchos/include -Xcc -I/Users/admin/builder/spi-builder-workspace/.derivedData/Build/Intermediates.noindex/OpenJevSwift.build/Debug-watchos/OpenJevCore-t.build/DerivedSources-normal/arm64 -Xcc -I/Users/admin/builder/spi-builder-workspace/.derivedData/Build/Intermediates.noindex/OpenJevSwift.build/Debug-watchos/OpenJevCore-t.build/DerivedSources/arm64 -Xcc -I/Users/admin/builder/spi-builder-workspace/.derivedData/Build/Intermediates.noindex/OpenJevSwift.build/Debug-watchos/OpenJevCore-t.build/DerivedSources -Xcc -DSWIFT_PACKAGE -Xcc -DDEBUG\=1 -emit-objc-header -emit-objc-header-path /Users/admin/builder/spi-builder-workspace/.derivedData/Build/Intermediates.noindex/OpenJevSwift.build/Debug-watchos/OpenJevCore-t.build/Objects-normal/arm64/OpenJevCore-Swift.h -working-directory /Users/admin/builder/spi-builder-workspace/.swiftpm/xcode -experimental-emit-module-separately -disable-cmo
SwiftDriver OpenJevCore normal arm64_32 com.apple.xcode.tools.swift.compiler (in target 'OpenJevCore' from project 'OpenJevSwift')
    cd /Users/admin/builder/spi-builder-workspace/.swiftpm/xcode
    builtin-SwiftDriver -- /Applications/Xcode-27.0.0.app/Contents/Developer/Toolchains/XcodeDefault.xctoolchain/usr/bin/swiftc -parse-as-library -module-name OpenJevCore -Onone @/Users/admin/builder/spi-builder-workspace/.derivedData/Build/Intermediates.noindex/OpenJevSwift.build/Debug-watchos/OpenJevCore-t.build/Objects-normal/arm64_32/OpenJevCore.SwiftFileList -DSWIFT_PACKAGE -DDEBUG -DSWIFT_MODULE_RESOURCE_BUNDLE_UNAVAILABLE -DXcode -plugin-path /Applications/Xcode-27.0.0.app/Contents/Developer/Toolchains/XcodeDefault.xctoolchain/usr/lib/swift/host/plugins/testing -enable-experimental-feature DebugDescriptionMacro -sdk /Applications/Xcode-27.0.0.app/Contents/Developer/Platforms/WatchOS.platform/Developer/SDKs/WatchOS27.0.sdk -target arm64_32-apple-watchos10.0 -g -module-cache-path /Users/admin/builder/spi-builder-workspace/.derivedData/ModuleCache.noindex -Xfrontend -serialize-debugging-options -profile-coverage-mapping -profile-generate -enable-testing -index-store-path /Users/admin/builder/spi-builder-workspace/.derivedData/Index.noindex/DataStore -Xcc -D_LIBCPP_HARDENING_MODE\=_LIBCPP_HARDENING_MODE_DEBUG -swift-version 6 -I /Users/admin/builder/spi-builder-workspace/.derivedData/Build/Products/Debug-watchos -Isystem /Applications/Xcode-27.0.0.app/Contents/Developer/Platforms/WatchOS.platform/Developer/usr/lib -F /Users/admin/builder/spi-builder-workspace/.derivedData/Build/Products/Debug-watchos -F /Applications/Xcode-27.0.0.app/Contents/Developer/Platforms/WatchOS.platform/Developer/Library/Frameworks -F /Applications/Xcode-27.0.0.app/Contents/Developer/Platforms/WatchOS.platform/Developer/SDKs/WatchOS27.0.sdk/Developer/Library/Frameworks -c -j10 -enable-batch-mode -incremental -Xcc -ivfsstatcache -Xcc /Users/admin/builder/spi-builder-workspace/.derivedData/SDKStatCaches.noindex/watchos27.0-24R360-e829b21a6f8c9b70876ba0858053c044b9db9bc9c079ee3c7b5f3373b13d10bc.sdkstatcache -output-file-map /Users/admin/builder/spi-builder-workspace/.derivedData/Build/Intermediates.noindex/OpenJevSwift.build/Debug-watchos/OpenJevCore-t.build/Objects-normal/arm64_32/OpenJevCore-OutputFileMap.json -save-temps -no-color-diagnostics -explicit-module-build -module-cache-path /Users/admin/builder/spi-builder-workspace/.derivedData/Build/Intermediates.noindex/SwiftExplicitPrecompiledModules -clang-scanner-module-cache-path /Users/admin/builder/spi-builder-workspace/.derivedData/ModuleCache.noindex -sdk-module-cache-path /Users/admin/builder/spi-builder-workspace/.derivedData/SDKExplicitPrecompiledModules -emit-dependencies -emit-module -emit-module-path /Users/admin/builder/spi-builder-workspace/.derivedData/Build/Intermediates.noindex/OpenJevSwift.build/Debug-watchos/OpenJevCore-t.build/Objects-normal/arm64_32/OpenJevCore.swiftmodule -serialize-diagnostics -dependency-scan-serialize-diagnostics-path /Users/admin/builder/spi-builder-workspace/.derivedData/Build/Intermediates.noindex/OpenJevSwift.build/Debug-watchos/OpenJevCore-t.build/Objects-normal/arm64_32/OpenJevCore-dependency-scan.dia -validate-clang-modules-once -clang-build-session-file /Users/admin/builder/spi-builder-workspace/.derivedData/ModuleCache.noindex/Session.modulevalidation -Xcc -fmodules-prune-interval\=86400 -Xcc -fmodules-prune-after\=345600 -package-name spi_builder_workspace -emit-const-values -const-gather-protocols-list /Users/admin/builder/spi-builder-workspace/.derivedData/Build/Intermediates.noindex/OpenJevSwift.build/Debug-watchos/OpenJevCore-t.build/Objects-normal/arm64_32/OpenJevCore_const_extract_protocols.json -Xcc -I/Users/admin/builder/spi-builder-workspace/.derivedData/Build/Products/Debug-watchos/include -Xcc -I/Users/admin/builder/spi-builder-workspace/.derivedData/Build/Intermediates.noindex/OpenJevSwift.build/Debug-watchos/OpenJevCore-t.build/DerivedSources-normal/arm64_32 -Xcc -I/Users/admin/builder/spi-builder-workspace/.derivedData/Build/Intermediates.noindex/OpenJevSwift.build/Debug-watchos/OpenJevCore-t.build/DerivedSources/arm64_32 -Xcc -I/Users/admin/builder/spi-builder-workspace/.derivedData/Build/Intermediates.noindex/OpenJevSwift.build/Debug-watchos/OpenJevCore-t.build/DerivedSources -Xcc -DSWIFT_PACKAGE -Xcc -DDEBUG\=1 -emit-objc-header -emit-objc-header-path /Users/admin/builder/spi-builder-workspace/.derivedData/Build/Intermediates.noindex/OpenJevSwift.build/Debug-watchos/OpenJevCore-t.build/Objects-normal/arm64_32/OpenJevCore-Swift.h -working-directory /Users/admin/builder/spi-builder-workspace/.swiftpm/xcode -experimental-emit-module-separately -disable-cmo
PruneExplicitPrecompiledModules /Users/admin/builder/spi-builder-workspace/.derivedData/Build/Intermediates.noindex/SwiftExplicitPrecompiledModules
PruneExplicitPrecompiledModules /Users/admin/builder/spi-builder-workspace/.derivedData/SDKExplicitPrecompiledModules
PruneExplicitPrecompiledModules /Users/admin/builder/spi-builder-workspace/.derivedData/Build/Intermediates.noindex/ExplicitPrecompiledModules
2026-10-09 14:55:00.963 xcodebuild[3074:15889] [MT] IDERunDestination: Supported platforms for the buildables in the current scheme is empty.
2026-10-09 14:55:01.062 xcodebuild[3074:15889] [MT] IDERunDestination: Supported platforms for the buildables in the current scheme is empty.
** BUILD FAILED **
The following build commands failed:
	CompileC /Users/admin/builder/spi-builder-workspace/.derivedData/Build/Intermediates.noindex/mlx-swift.build/Debug-watchos/Cmlx-t.build/Objects-normal/arm64_32/utils-cece7f7ad05e390b4c43c3ff21479e10.o /Users/admin/builder/spi-builder-workspace/.dependencies/checkouts/mlx-swift/Source/Cmlx/mlx/mlx/backend/metal/utils.cpp normal arm64_32 c++ com.apple.compilers.llvm.clang.1_0.compiler (in target 'Cmlx' from project 'mlx-swift')
	Building workspace OpenJevSwift with scheme OpenJevSwift-Package
(2 failures)
BUILD FAILURE 6.4 watchOS