Build Information
Failed to build VerID2To3Migration, reference main (ddfef7), with Swift 6.4 for watchOS using Xcode 27.0 on 23 Sep 2026 08:45:15 UTC.
Build Command
env DEVELOPER_DIR=/Applications/Xcode-27.0.0-Release.Candidate.app xcrun xcodebuild -IDEClonedSourcePackagesDirPathOverride=$PWD/.dependencies -skipMacroValidation -skipPackagePluginValidation -derivedDataPath $PWD/.derivedData build -scheme VerID2To3Migration -destination generic/platform=watchOSBuild Log
========================================
RunAll
========================================
Builder version: 5.1.0
Interrupt handler set up.
========================================
Checkout
========================================
Clone URL: https://github.com/AppliedRecognition/Ver-ID-2-3-Migration-Apple.git
Reference: main
Initialized empty Git repository in /Users/admin/builder/spi-builder-workspace/.git/
From https://github.com/AppliedRecognition/Ver-ID-2-3-Migration-Apple
* branch main -> FETCH_HEAD
* [new branch] main -> origin/main
HEAD is now at ddfef77 Make `default` property static
Cloned https://github.com/AppliedRecognition/Ver-ID-2-3-Migration-Apple.git
Revision (git rev-parse @):
ddfef7773c6369cef3d3e08e7ca3d6b7147b3342
SUCCESS checkout https://github.com/AppliedRecognition/Ver-ID-2-3-Migration-Apple.git at main
========================================
Build
========================================
Selected platform: watchOS
Swift version: 6.4
Building package at path: $PWD
https://github.com/AppliedRecognition/Ver-ID-2-3-Migration-Apple.git
Command line invocation:
/Applications/Xcode-27.0.0-Release.Candidate.app/Contents/Developer/usr/bin/xcodebuild -IDEClonedSourcePackagesDirPathOverride=/Users/admin/builder/spi-builder-workspace/.dependencies -resolvePackageDependencies
Resolve Package Graph
Fetching from https://github.com/AppliedRecognition/Face-Recognition-ArcFace-Apple.git
Fetching from https://github.com/AppliedRecognition/Face-Recognition-Dlib-Apple.git
Fetching from https://github.com/AppliedRecognition/Ver-ID-Common-Types-Apple.git
Fetching from https://github.com/microsoft/onnxruntime-swift-package-manager.git
Creating working copy of package ‘Face-Recognition-Dlib-Apple’
Checking out 1.1.3 of package ‘Face-Recognition-Dlib-Apple’
Creating working copy of package ‘Ver-ID-Common-Types-Apple’
Checking out 3.3.0 of package ‘Ver-ID-Common-Types-Apple’
Creating working copy of package ‘onnxruntime-swift-package-manager’
Checking out 1.24.2 of package ‘onnxruntime-swift-package-manager’
Creating working copy of package ‘Face-Recognition-ArcFace-Apple’
Checking out 1.2.2 of package ‘Face-Recognition-ArcFace-Apple’
Resolve Package Graph
Resolved source packages:
FaceRecognitionArcFace: https://github.com/AppliedRecognition/Face-Recognition-ArcFace-Apple.git @ 1.2.2
FaceRecognitionDlib: https://github.com/AppliedRecognition/Face-Recognition-Dlib-Apple.git @ 1.1.3
VerIDCommonTypes: https://github.com/AppliedRecognition/Ver-ID-Common-Types-Apple.git @ 3.3.0
onnxruntime: https://github.com/microsoft/onnxruntime-swift-package-manager.git @ 1.24.2
VerID2To3Migration: /Users/admin/builder/spi-builder-workspace
resolved source packages: FaceRecognitionArcFace, FaceRecognitionDlib, VerIDCommonTypes, onnxruntime, VerID2To3Migration
2026-09-23 04:44:33.098 xcodebuild[563:3067] [MT] IDERunDestination: Supported platforms for the buildables in the current scheme is empty.
{
"dependencies" : [
{
"identity" : "face-recognition-arcface-apple",
"requirement" : {
"range" : [
{
"lower_bound" : "1.1.1",
"upper_bound" : "2.0.0"
}
]
},
"type" : "sourceControl",
"url" : "https://github.com/AppliedRecognition/Face-Recognition-ArcFace-Apple.git"
},
{
"identity" : "face-recognition-dlib-apple",
"requirement" : {
"range" : [
{
"lower_bound" : "1.1.2",
"upper_bound" : "2.0.0"
}
]
},
"type" : "sourceControl",
"url" : "https://github.com/AppliedRecognition/Face-Recognition-Dlib-Apple.git"
}
],
"manifest_display_name" : "VerID2To3Migration",
"name" : "VerID2To3Migration",
"path" : "/Users/admin/builder/spi-builder-workspace",
"platforms" : [
{
"name" : "ios",
"version" : "15.0"
}
],
"products" : [
{
"name" : "VerID2To3Migration",
"targets" : [
"VerID2To3Migration"
],
"type" : {
"library" : [
"automatic"
]
}
}
],
"targets" : [
{
"c99name" : "VerID2To3MigrationTests",
"module_type" : "SwiftTarget",
"name" : "VerID2To3MigrationTests",
"path" : "Tests/VerID2To3MigrationTests",
"product_dependencies" : [
"FaceRecognitionDlib",
"FaceRecognitionArcFaceCore",
"FaceRecognitionArcFaceCloud"
],
"sources" : [
"FaceTemplateMigrationTests.swift"
],
"target_dependencies" : [
"VerID2To3Migration"
],
"type" : "test"
},
{
"c99name" : "VerID2To3Migration",
"module_type" : "SwiftTarget",
"name" : "VerID2To3Migration",
"path" : "Sources/VerID2To3Migration",
"product_dependencies" : [
"FaceRecognitionDlib",
"FaceRecognitionArcFaceCore"
],
"product_memberships" : [
"VerID2To3Migration"
],
"sources" : [
"AMF3Decoder.swift",
"FPVCDecoder.swift",
"FaceTemplateMigration.swift",
"V2Prototype.swift"
],
"type" : "library"
}
],
"tools_version" : "5.9"
}
{
"workspace" : {
"name" : "VerID2To3Migration",
"schemes" : [
"VerID2To3Migration"
]
}
}
2026-09-23 04:45:05.806 xcodebuild[887:4847] [MT] IDERunDestination: Supported platforms for the buildables in the current scheme is empty.
Running build ...
env DEVELOPER_DIR=/Applications/Xcode-27.0.0-Release.Candidate.app xcrun xcodebuild -IDEClonedSourcePackagesDirPathOverride=$PWD/.dependencies -skipMacroValidation -skipPackagePluginValidation -derivedDataPath $PWD/.derivedData build -scheme VerID2To3Migration -destination generic/platform=watchOS
Command line invocation:
/Applications/Xcode-27.0.0-Release.Candidate.app/Contents/Developer/usr/bin/xcodebuild -IDEClonedSourcePackagesDirPathOverride=/Users/admin/builder/spi-builder-workspace/.dependencies -skipMacroValidation -skipPackagePluginValidation -derivedDataPath /Users/admin/builder/spi-builder-workspace/.derivedData build -scheme VerID2To3Migration -destination generic/platform=watchOS
Resolve Package Graph
Resolve Package Graph
Resolved source packages:
VerIDCommonTypes: https://github.com/AppliedRecognition/Ver-ID-Common-Types-Apple.git @ 3.3.0
onnxruntime: https://github.com/microsoft/onnxruntime-swift-package-manager.git @ 1.24.2
FaceRecognitionArcFace: https://github.com/AppliedRecognition/Face-Recognition-ArcFace-Apple.git @ 1.2.2
VerID2To3Migration: /Users/admin/builder/spi-builder-workspace
FaceRecognitionDlib: https://github.com/AppliedRecognition/Face-Recognition-Dlib-Apple.git @ 1.1.3
ComputePackagePrebuildTargetDependencyGraph
Prepare packages
CreateBuildRequest
SendProjectDescription
CreateBuildOperation
ComputeTargetDependencyGraph
note: Building targets in dependency order
note: Target dependency graph (14 targets)
Target 'VerID2To3Migration-product' in project 'VerID2To3Migration'
➜ Explicit dependency on target 'VerID2To3Migration' in project 'VerID2To3Migration'
➜ Explicit dependency on target 'FaceRecognitionDlib-product' in project 'FaceRecognitionDlib'
➜ Explicit dependency on target 'FaceRecognitionArcFaceCore-product' in project 'FaceRecognitionArcFace'
Target 'VerID2To3Migration' in project 'VerID2To3Migration'
➜ Explicit dependency on target 'FaceRecognitionDlib-product' in project 'FaceRecognitionDlib'
➜ Explicit dependency on target 'FaceRecognitionArcFaceCore-product' in project 'FaceRecognitionArcFace'
Target 'FaceRecognitionArcFaceCore-product' in project 'FaceRecognitionArcFace'
➜ Explicit dependency on target 'FaceRecognitionArcFaceCore' in project 'FaceRecognitionArcFace'
➜ Explicit dependency on target 'VerIDCommonTypes-product' in project 'VerIDCommonTypes'
➜ Explicit dependency on target 'FaceDetectionRetinaFaceOrt' in project 'FaceRecognitionArcFace'
➜ Explicit dependency on target 'onnxruntime-product' in project 'onnxruntime'
Target 'FaceRecognitionArcFaceCore' in project 'FaceRecognitionArcFace'
➜ Explicit dependency on target 'VerIDCommonTypes-product' in project 'VerIDCommonTypes'
➜ Explicit dependency on target 'FaceDetectionRetinaFaceOrt' in project 'FaceRecognitionArcFace'
➜ Explicit dependency on target 'onnxruntime-product' in project 'onnxruntime'
Target 'FaceDetectionRetinaFaceOrt' in project 'FaceRecognitionArcFace'
➜ Explicit dependency on target 'FaceRecognitionArcFace_FaceDetectionRetinaFaceOrt' in project 'FaceRecognitionArcFace'
➜ Explicit dependency on target 'VerIDCommonTypes-product' in project 'VerIDCommonTypes'
➜ Explicit dependency on target 'onnxruntime-product' in project 'onnxruntime'
Target 'onnxruntime-product' in project 'onnxruntime'
➜ Explicit dependency on target 'OnnxRuntimeBindings' in project 'onnxruntime'
Target 'OnnxRuntimeBindings' in project 'onnxruntime' (no dependencies)
Target 'FaceRecognitionArcFace_FaceDetectionRetinaFaceOrt' in project 'FaceRecognitionArcFace' (no dependencies)
Target 'FaceRecognitionDlib-product' in project 'FaceRecognitionDlib'
➜ Explicit dependency on target 'FaceRecognitionDlib' in project 'FaceRecognitionDlib'
➜ Explicit dependency on target 'FaceRecognitionDlib_FaceRecognitionDlib' in project 'FaceRecognitionDlib'
➜ Explicit dependency on target 'DlibLandmarks' in project 'FaceRecognitionDlib'
➜ Explicit dependency on target 'VerIDCommonTypes-product' in project 'VerIDCommonTypes'
Target 'FaceRecognitionDlib' in project 'FaceRecognitionDlib'
➜ Explicit dependency on target 'FaceRecognitionDlib_FaceRecognitionDlib' in project 'FaceRecognitionDlib'
➜ Explicit dependency on target 'DlibLandmarks' in project 'FaceRecognitionDlib'
➜ Explicit dependency on target 'VerIDCommonTypes-product' in project 'VerIDCommonTypes'
Target 'VerIDCommonTypes-product' in project 'VerIDCommonTypes'
➜ Explicit dependency on target 'VerIDCommonTypes' in project 'VerIDCommonTypes'
Target 'VerIDCommonTypes' in project 'VerIDCommonTypes' (no dependencies)
Target 'DlibLandmarks' in project 'FaceRecognitionDlib' (no dependencies)
Target 'FaceRecognitionDlib_FaceRecognitionDlib' in project 'FaceRecognitionDlib' (no dependencies)
GatherProvisioningInputs
CreateBuildDescription
ExecuteExternalTool /Applications/Xcode-27.0.0-Release.Candidate.app/Contents/Developer/Toolchains/XcodeDefault.xctoolchain/usr/bin/clang -v -E -dM -arch arm64 -isysroot /Applications/Xcode-27.0.0-Release.Candidate.app/Contents/Developer/Platforms/WatchOS.platform/Developer/SDKs/WatchOS27.0.sdk -x objective-c -c /dev/null
ExecuteExternalTool /usr/bin/what -q /Applications/Xcode-27.0.0-Release.Candidate.app/Contents/Developer/Toolchains/XcodeDefault.xctoolchain/usr/bin/coremlc
ExecuteExternalTool /Applications/Xcode-27.0.0-Release.Candidate.app/Contents/Developer/Toolchains/XcodeDefault.xctoolchain/usr/bin/swiftc --version
ExecuteExternalTool /Applications/Xcode-27.0.0-Release.Candidate.app/Contents/Developer/Toolchains/XcodeDefault.xctoolchain/usr/bin/clang -v -E -dM -arch arm64 -isysroot /Applications/Xcode-27.0.0-Release.Candidate.app/Contents/Developer/Platforms/WatchOS.platform/Developer/SDKs/WatchOS27.0.sdk -x objective-c++ -c /dev/null
ExecuteExternalTool /Applications/Xcode-27.0.0-Release.Candidate.app/Contents/Developer/Toolchains/XcodeDefault.xctoolchain/usr/bin/clang -v -E -dM -isysroot /Applications/Xcode-27.0.0-Release.Candidate.app/Contents/Developer/Platforms/WatchOS.platform/Developer/SDKs/WatchOS27.0.sdk -x c -c /dev/null
ExecuteExternalTool /Applications/Xcode-27.0.0-Release.Candidate.app/Contents/Developer/Toolchains/XcodeDefault.xctoolchain/usr/bin/clang -v -E -dM -arch arm64 -isysroot /Applications/Xcode-27.0.0-Release.Candidate.app/Contents/Developer/Platforms/WatchOS.platform/Developer/SDKs/WatchOS27.0.sdk -x c -c /dev/null
ExecuteExternalTool /Applications/Xcode-27.0.0-Release.Candidate.app/Contents/Developer/Toolchains/XcodeDefault.xctoolchain/usr/bin/ld -version_details
ExecuteExternalTool /Applications/Xcode-27.0.0-Release.Candidate.app/Contents/Developer/Toolchains/XcodeDefault.xctoolchain/usr/bin/clang -v -E -dM -arch arm64_32 -isysroot /Applications/Xcode-27.0.0-Release.Candidate.app/Contents/Developer/Platforms/WatchOS.platform/Developer/SDKs/WatchOS27.0.sdk -x objective-c -c /dev/null
ExecuteExternalTool /Applications/Xcode-27.0.0-Release.Candidate.app/Contents/Developer/Toolchains/XcodeDefault.xctoolchain/usr/bin/clang -v -E -dM -arch arm64_32 -isysroot /Applications/Xcode-27.0.0-Release.Candidate.app/Contents/Developer/Platforms/WatchOS.platform/Developer/SDKs/WatchOS27.0.sdk -x objective-c++ -c /dev/null
ExecuteExternalTool /Applications/Xcode-27.0.0-Release.Candidate.app/Contents/Developer/Toolchains/XcodeDefault.xctoolchain/usr/bin/clang -v -E -dM -arch arm64_32 -isysroot /Applications/Xcode-27.0.0-Release.Candidate.app/Contents/Developer/Platforms/WatchOS.platform/Developer/SDKs/WatchOS27.0.sdk -x c -c /dev/null
ReadFileContents /Applications/Xcode-27.0.0-Release.Candidate.app/Contents/Developer/Toolchains/XcodeDefault.xctoolchain/usr/share/docc/features.json
ExecuteExternalTool /Applications/Xcode-27.0.0-Release.Candidate.app/Contents/Developer/Toolchains/XcodeDefault.xctoolchain/usr/bin/coremlc generate /Users/admin/builder/spi-builder-workspace/.dependencies/checkouts/Face-Recognition-Dlib-Apple/Sources/FaceRecognitionDlib/Resources/DlibFaceRecognitionResnetV1.mlpackage /Users/admin/builder/spi-builder-workspace/.derivedData/Build/Intermediates.noindex/FaceRecognitionDlib.build/Debug-watchos/FaceRecognitionDlib-t.build/DerivedSources/CoreMLGenerated/DlibFaceRecognitionResnetV1 --dry-run yes --deployment-target 9.0 --sdkroot /Applications/Xcode-27.0.0-Release.Candidate.app/Contents/Developer/Platforms/WatchOS.platform/Developer/SDKs/WatchOS27.0.sdk --platform watchos --output-partial-info-plist /Users/admin/builder/spi-builder-workspace/.derivedData/Build/Intermediates.noindex/FaceRecognitionDlib.build/Debug-watchos/FaceRecognitionDlib-t.build/DlibFaceRecognitionResnetV1-CoreMLPartialInfo.plist --container swift-package --language Swift --swift-version 5 --public-access
Build description signature: fa5e901b87e0baa910e13df3b355f71c
Build description path: /Users/admin/builder/spi-builder-workspace/.derivedData/Build/Intermediates.noindex/XCBuildData/fa5e901b87e0baa910e13df3b355f71c.xcbuilddata
/Users/admin/builder/spi-builder-workspace/.dependencies/artifacts/onnxruntime-swift-package-manager/onnxruntime/onnxruntime.xcframework:1:1: error: While building for watchOS, no library for this platform was found in '/Users/admin/builder/spi-builder-workspace/.dependencies/artifacts/onnxruntime-swift-package-manager/onnxruntime/onnxruntime.xcframework'. (in target 'OnnxRuntimeBindings' from project 'onnxruntime')
/Users/admin/builder/spi-builder-workspace/.dependencies/artifacts/onnxruntime-swift-package-manager/onnxruntime/onnxruntime.xcframework:1:1: error: While building for watchOS, no library for this platform was found in '/Users/admin/builder/spi-builder-workspace/.dependencies/artifacts/onnxruntime-swift-package-manager/onnxruntime/onnxruntime.xcframework'. (in target 'VerID2To3Migration-product' from project 'VerID2To3Migration')
/Users/admin/builder/spi-builder-workspace/.dependencies/artifacts/onnxruntime-swift-package-manager/onnxruntime/onnxruntime.xcframework:1:1: error: While building for watchOS, no library for this platform was found in '/Users/admin/builder/spi-builder-workspace/.dependencies/artifacts/onnxruntime-swift-package-manager/onnxruntime/onnxruntime.xcframework'. (in target 'FaceRecognitionArcFaceCore-product' from project 'FaceRecognitionArcFace')
/Users/admin/builder/spi-builder-workspace/.dependencies/artifacts/onnxruntime-swift-package-manager/onnxruntime/onnxruntime.xcframework:1:1: error: While building for watchOS, no library for this platform was found in '/Users/admin/builder/spi-builder-workspace/.dependencies/artifacts/onnxruntime-swift-package-manager/onnxruntime/onnxruntime.xcframework'. (in target 'onnxruntime-product' from project 'onnxruntime')
2026-09-23 04:45:09.640 xcodebuild[888:4890] [MT] IDERunDestination: Supported platforms for the buildables in the current scheme is empty.
** BUILD FAILED **
The following build commands failed:
Building workspace VerID2To3Migration with scheme VerID2To3Migration
(1 failure)
Command line invocation:
/Applications/Xcode-27.0.0-Release.Candidate.app/Contents/Developer/usr/bin/xcodebuild -IDEClonedSourcePackagesDirPathOverride=/Users/admin/builder/spi-builder-workspace/.dependencies -resolvePackageDependencies
Resolve Package Graph
Resolved source packages:
onnxruntime: https://github.com/microsoft/onnxruntime-swift-package-manager.git @ 1.24.2
FaceRecognitionDlib: https://github.com/AppliedRecognition/Face-Recognition-Dlib-Apple.git @ 1.1.3
VerID2To3Migration: /Users/admin/builder/spi-builder-workspace
FaceRecognitionArcFace: https://github.com/AppliedRecognition/Face-Recognition-ArcFace-Apple.git @ 1.2.2
VerIDCommonTypes: https://github.com/AppliedRecognition/Ver-ID-Common-Types-Apple.git @ 3.3.0
resolved source packages: onnxruntime, FaceRecognitionDlib, VerID2To3Migration, FaceRecognitionArcFace, VerIDCommonTypes
2026-09-23 04:45:12.169 xcodebuild[948:5179] [MT] IDERunDestination: Supported platforms for the buildables in the current scheme is empty.
{
"dependencies" : [
{
"identity" : "face-recognition-arcface-apple",
"requirement" : {
"range" : [
{
"lower_bound" : "1.1.1",
"upper_bound" : "2.0.0"
}
]
},
"type" : "sourceControl",
"url" : "https://github.com/AppliedRecognition/Face-Recognition-ArcFace-Apple.git"
},
{
"identity" : "face-recognition-dlib-apple",
"requirement" : {
"range" : [
{
"lower_bound" : "1.1.2",
"upper_bound" : "2.0.0"
}
]
},
"type" : "sourceControl",
"url" : "https://github.com/AppliedRecognition/Face-Recognition-Dlib-Apple.git"
}
],
"manifest_display_name" : "VerID2To3Migration",
"name" : "VerID2To3Migration",
"path" : "/Users/admin/builder/spi-builder-workspace",
"platforms" : [
{
"name" : "ios",
"version" : "15.0"
}
],
"products" : [
{
"name" : "VerID2To3Migration",
"targets" : [
"VerID2To3Migration"
],
"type" : {
"library" : [
"automatic"
]
}
}
],
"targets" : [
{
"c99name" : "VerID2To3MigrationTests",
"module_type" : "SwiftTarget",
"name" : "VerID2To3MigrationTests",
"path" : "Tests/VerID2To3MigrationTests",
"product_dependencies" : [
"FaceRecognitionDlib",
"FaceRecognitionArcFaceCore",
"FaceRecognitionArcFaceCloud"
],
"sources" : [
"FaceTemplateMigrationTests.swift"
],
"target_dependencies" : [
"VerID2To3Migration"
],
"type" : "test"
},
{
"c99name" : "VerID2To3Migration",
"module_type" : "SwiftTarget",
"name" : "VerID2To3Migration",
"path" : "Sources/VerID2To3Migration",
"product_dependencies" : [
"FaceRecognitionDlib",
"FaceRecognitionArcFaceCore"
],
"product_memberships" : [
"VerID2To3Migration"
],
"sources" : [
"AMF3Decoder.swift",
"FPVCDecoder.swift",
"FaceTemplateMigration.swift",
"V2Prototype.swift"
],
"type" : "library"
}
],
"tools_version" : "5.9"
}
{
"workspace" : {
"name" : "VerID2To3Migration",
"schemes" : [
"VerID2To3Migration"
]
}
}
2026-09-23 04:45:13.608 xcodebuild[956:5247] [MT] IDERunDestination: Supported platforms for the buildables in the current scheme is empty.
Running build ...
env DEVELOPER_DIR=/Applications/Xcode-27.0.0-Release.Candidate.app xcrun xcodebuild -IDEClonedSourcePackagesDirPathOverride=$PWD/.dependencies -skipMacroValidation -skipPackagePluginValidation -derivedDataPath $PWD/.derivedData build -scheme VerID2To3Migration -destination generic/platform=watchOS
Command line invocation:
/Applications/Xcode-27.0.0-Release.Candidate.app/Contents/Developer/usr/bin/xcodebuild -IDEClonedSourcePackagesDirPathOverride=/Users/admin/builder/spi-builder-workspace/.dependencies -skipMacroValidation -skipPackagePluginValidation -derivedDataPath /Users/admin/builder/spi-builder-workspace/.derivedData build -scheme VerID2To3Migration -destination generic/platform=watchOS
Resolve Package Graph
Resolved source packages:
VerIDCommonTypes: https://github.com/AppliedRecognition/Ver-ID-Common-Types-Apple.git @ 3.3.0
FaceRecognitionArcFace: https://github.com/AppliedRecognition/Face-Recognition-ArcFace-Apple.git @ 1.2.2
FaceRecognitionDlib: https://github.com/AppliedRecognition/Face-Recognition-Dlib-Apple.git @ 1.1.3
VerID2To3Migration: /Users/admin/builder/spi-builder-workspace
onnxruntime: https://github.com/microsoft/onnxruntime-swift-package-manager.git @ 1.24.2
ComputePackagePrebuildTargetDependencyGraph
Prepare packages
CreateBuildRequest
SendProjectDescription
CreateBuildOperation
ComputeTargetDependencyGraph
note: Building targets in dependency order
note: Target dependency graph (14 targets)
Target 'VerID2To3Migration-product' in project 'VerID2To3Migration'
➜ Explicit dependency on target 'VerID2To3Migration' in project 'VerID2To3Migration'
➜ Explicit dependency on target 'FaceRecognitionDlib-product' in project 'FaceRecognitionDlib'
➜ Explicit dependency on target 'FaceRecognitionArcFaceCore-product' in project 'FaceRecognitionArcFace'
Target 'VerID2To3Migration' in project 'VerID2To3Migration'
➜ Explicit dependency on target 'FaceRecognitionDlib-product' in project 'FaceRecognitionDlib'
➜ Explicit dependency on target 'FaceRecognitionArcFaceCore-product' in project 'FaceRecognitionArcFace'
Target 'FaceRecognitionArcFaceCore-product' in project 'FaceRecognitionArcFace'
➜ Explicit dependency on target 'FaceRecognitionArcFaceCore' in project 'FaceRecognitionArcFace'
➜ Explicit dependency on target 'VerIDCommonTypes-product' in project 'VerIDCommonTypes'
➜ Explicit dependency on target 'FaceDetectionRetinaFaceOrt' in project 'FaceRecognitionArcFace'
➜ Explicit dependency on target 'onnxruntime-product' in project 'onnxruntime'
Target 'FaceRecognitionArcFaceCore' in project 'FaceRecognitionArcFace'
➜ Explicit dependency on target 'VerIDCommonTypes-product' in project 'VerIDCommonTypes'
➜ Explicit dependency on target 'FaceDetectionRetinaFaceOrt' in project 'FaceRecognitionArcFace'
➜ Explicit dependency on target 'onnxruntime-product' in project 'onnxruntime'
Target 'FaceDetectionRetinaFaceOrt' in project 'FaceRecognitionArcFace'
➜ Explicit dependency on target 'FaceRecognitionArcFace_FaceDetectionRetinaFaceOrt' in project 'FaceRecognitionArcFace'
➜ Explicit dependency on target 'VerIDCommonTypes-product' in project 'VerIDCommonTypes'
➜ Explicit dependency on target 'onnxruntime-product' in project 'onnxruntime'
Target 'onnxruntime-product' in project 'onnxruntime'
➜ Explicit dependency on target 'OnnxRuntimeBindings' in project 'onnxruntime'
Target 'OnnxRuntimeBindings' in project 'onnxruntime' (no dependencies)
Target 'FaceRecognitionArcFace_FaceDetectionRetinaFaceOrt' in project 'FaceRecognitionArcFace' (no dependencies)
Target 'FaceRecognitionDlib-product' in project 'FaceRecognitionDlib'
➜ Explicit dependency on target 'FaceRecognitionDlib' in project 'FaceRecognitionDlib'
➜ Explicit dependency on target 'FaceRecognitionDlib_FaceRecognitionDlib' in project 'FaceRecognitionDlib'
➜ Explicit dependency on target 'DlibLandmarks' in project 'FaceRecognitionDlib'
➜ Explicit dependency on target 'VerIDCommonTypes-product' in project 'VerIDCommonTypes'
Target 'FaceRecognitionDlib' in project 'FaceRecognitionDlib'
➜ Explicit dependency on target 'FaceRecognitionDlib_FaceRecognitionDlib' in project 'FaceRecognitionDlib'
➜ Explicit dependency on target 'DlibLandmarks' in project 'FaceRecognitionDlib'
➜ Explicit dependency on target 'VerIDCommonTypes-product' in project 'VerIDCommonTypes'
Target 'VerIDCommonTypes-product' in project 'VerIDCommonTypes'
➜ Explicit dependency on target 'VerIDCommonTypes' in project 'VerIDCommonTypes'
Target 'VerIDCommonTypes' in project 'VerIDCommonTypes' (no dependencies)
Target 'DlibLandmarks' in project 'FaceRecognitionDlib' (no dependencies)
Target 'FaceRecognitionDlib_FaceRecognitionDlib' in project 'FaceRecognitionDlib' (no dependencies)
GatherProvisioningInputs
CreateBuildDescription
/Users/admin/builder/spi-builder-workspace/.dependencies/artifacts/onnxruntime-swift-package-manager/onnxruntime/onnxruntime.xcframework:1:1: error: While building for watchOS, no library for this platform was found in '/Users/admin/builder/spi-builder-workspace/.dependencies/artifacts/onnxruntime-swift-package-manager/onnxruntime/onnxruntime.xcframework'. (in target 'FaceRecognitionArcFaceCore-product' from project 'FaceRecognitionArcFace')
/Users/admin/builder/spi-builder-workspace/.dependencies/artifacts/onnxruntime-swift-package-manager/onnxruntime/onnxruntime.xcframework:1:1: error: While building for watchOS, no library for this platform was found in '/Users/admin/builder/spi-builder-workspace/.dependencies/artifacts/onnxruntime-swift-package-manager/onnxruntime/onnxruntime.xcframework'. (in target 'VerID2To3Migration-product' from project 'VerID2To3Migration')
/Users/admin/builder/spi-builder-workspace/.dependencies/artifacts/onnxruntime-swift-package-manager/onnxruntime/onnxruntime.xcframework:1:1: error: While building for watchOS, no library for this platform was found in '/Users/admin/builder/spi-builder-workspace/.dependencies/artifacts/onnxruntime-swift-package-manager/onnxruntime/onnxruntime.xcframework'. (in target 'OnnxRuntimeBindings' from project 'onnxruntime')
/Users/admin/builder/spi-builder-workspace/.dependencies/artifacts/onnxruntime-swift-package-manager/onnxruntime/onnxruntime.xcframework:1:1: error: While building for watchOS, no library for this platform was found in '/Users/admin/builder/spi-builder-workspace/.dependencies/artifacts/onnxruntime-swift-package-manager/onnxruntime/onnxruntime.xcframework'. (in target 'onnxruntime-product' from project 'onnxruntime')
2026-09-23 04:45:14.805 xcodebuild[957:5274] [MT] IDERunDestination: Supported platforms for the buildables in the current scheme is empty.
** BUILD FAILED **
The following build commands failed:
Building workspace VerID2To3Migration with scheme VerID2To3Migration
(1 failure)
BUILD FAILURE 6.4 watchOS