Build Information
Failed to build VideoFrames, reference main (9d9954), with Swift 6.2 for watchOS using Xcode 26.3 on 9 Sep 2026 00:40:47 UTC.
Build Command
env DEVELOPER_DIR=/Applications/Xcode-26.3.0.app xcrun xcodebuild -IDEClonedSourcePackagesDirPathOverride=$PWD/.dependencies -skipMacroValidation -skipPackagePluginValidation -derivedDataPath $PWD/.derivedData build -scheme VideoFrames -destination generic/platform=watchOSBuild Log
========================================
RunAll
========================================
Builder version: 5.0.2
Interrupt handler set up.
========================================
Checkout
========================================
Clone URL: https://github.com/heestand-xyz/VideoFrames.git
Reference: main
Initialized empty Git repository in /Users/admin/builder/spi-builder-workspace/.git/
From https://github.com/heestand-xyz/VideoFrames
* branch main -> FETCH_HEAD
* [new branch] main -> origin/main
HEAD is now at 9d99543 Unit Test Fix
Cloned https://github.com/heestand-xyz/VideoFrames.git
Revision (git rev-parse @):
9d995433278f6d93c7403c24d139015c03c38931
SUCCESS checkout https://github.com/heestand-xyz/VideoFrames.git at main
========================================
Build
========================================
Selected platform: watchOS
Swift version: 6.2
Building package at path: $PWD
https://github.com/heestand-xyz/VideoFrames.git
Command line invocation:
/Applications/Xcode-26.3.0.app/Contents/Developer/usr/bin/xcodebuild -IDEClonedSourcePackagesDirPathOverride=/Users/admin/builder/spi-builder-workspace/.dependencies -resolvePackageDependencies
Resolve Package Graph
Resolve Package Graph
Resolved source packages:
VideoFrames: /Users/admin/builder/spi-builder-workspace
resolved source packages: VideoFrames
2026-09-08 20:40:20.737 xcodebuild[532:3043] [MT] IDERunDestination: Supported platforms for the buildables in the current scheme is empty.
{
"dependencies" : [
],
"manifest_display_name" : "VideoFrames",
"name" : "VideoFrames",
"path" : "/Users/admin/builder/spi-builder-workspace",
"platforms" : [
{
"name" : "ios",
"version" : "15.0"
},
{
"name" : "tvos",
"version" : "15.0"
},
{
"name" : "macos",
"version" : "12.0"
},
{
"name" : "visionos",
"version" : "1.0"
}
],
"products" : [
{
"name" : "VideoFrames",
"targets" : [
"VideoFrames"
],
"type" : {
"library" : [
"automatic"
]
}
}
],
"targets" : [
{
"c99name" : "VideoFramesTests",
"module_type" : "SwiftTarget",
"name" : "VideoFramesTests",
"path" : "Tests/VideoFramesTests",
"sources" : [
"VideoFramesTests.swift",
"XCTestManifests.swift"
],
"target_dependencies" : [
"VideoFrames"
],
"type" : "test"
},
{
"c99name" : "VideoFrames",
"module_type" : "SwiftTarget",
"name" : "VideoFrames",
"path" : "Sources/VideoFrames",
"product_memberships" : [
"VideoFrames"
],
"sources" : [
"Shared.swift",
"ToFrames.swift",
"ToVideo.swift"
],
"type" : "library"
}
],
"tools_version" : "6.0"
}
{
"workspace" : {
"name" : "spi-builder-workspace",
"schemes" : [
"VideoFrames"
]
}
}
2026-09-08 20:40:38.926 xcodebuild[670:4164] [MT] IDERunDestination: Supported platforms for the buildables in the current scheme is empty.
Running build ...
env DEVELOPER_DIR=/Applications/Xcode-26.3.0.app xcrun xcodebuild -IDEClonedSourcePackagesDirPathOverride=$PWD/.dependencies -skipMacroValidation -skipPackagePluginValidation -derivedDataPath $PWD/.derivedData build -scheme VideoFrames -destination generic/platform=watchOS
Command line invocation:
/Applications/Xcode-26.3.0.app/Contents/Developer/usr/bin/xcodebuild -IDEClonedSourcePackagesDirPathOverride=/Users/admin/builder/spi-builder-workspace/.dependencies -skipMacroValidation -skipPackagePluginValidation -derivedDataPath /Users/admin/builder/spi-builder-workspace/.derivedData build -scheme VideoFrames -destination generic/platform=watchOS
Resolve Package Graph
Resolved source packages:
VideoFrames: /Users/admin/builder/spi-builder-workspace
ComputePackagePrebuildTargetDependencyGraph
Prepare packages
CreateBuildRequest
SendProjectDescription
CreateBuildOperation
ComputeTargetDependencyGraph
note: Building targets in dependency order
note: Target dependency graph (2 targets)
Target 'VideoFrames' in project 'VideoFrames'
➜ Explicit dependency on target 'VideoFrames' in project 'VideoFrames'
Target 'VideoFrames' in project 'VideoFrames' (no dependencies)
GatherProvisioningInputs
CreateBuildDescription
ExecuteExternalTool /Applications/Xcode-26.3.0.app/Contents/Developer/Toolchains/XcodeDefault.xctoolchain/usr/bin/clang -v -E -dM -isysroot /Applications/Xcode-26.3.0.app/Contents/Developer/Platforms/WatchOS.platform/Developer/SDKs/WatchOS26.2.sdk -x c -c /dev/null
ExecuteExternalTool /Applications/Xcode-26.3.0.app/Contents/Developer/Toolchains/XcodeDefault.xctoolchain/usr/bin/swiftc --version
ExecuteExternalTool /Applications/Xcode-26.3.0.app/Contents/Developer/Toolchains/XcodeDefault.xctoolchain/usr/bin/ld -version_details
Build description signature: 575cabe324367b7abca50ba1c7a58633
Build description path: /Users/admin/builder/spi-builder-workspace/.derivedData/Build/Intermediates.noindex/XCBuildData/575cabe324367b7abca50ba1c7a58633.xcbuilddata
CreateBuildDirectory /Users/admin/builder/spi-builder-workspace/.derivedData/Build/Intermediates.noindex
cd /Users/admin/builder/spi-builder-workspace/.swiftpm/xcode
builtin-create-build-directory /Users/admin/builder/spi-builder-workspace/.derivedData/Build/Intermediates.noindex
CreateBuildDirectory /Users/admin/builder/spi-builder-workspace/.derivedData/Build/Products
cd /Users/admin/builder/spi-builder-workspace/.swiftpm/xcode
builtin-create-build-directory /Users/admin/builder/spi-builder-workspace/.derivedData/Build/Products
ClangStatCache /Applications/Xcode-26.3.0.app/Contents/Developer/Toolchains/XcodeDefault.xctoolchain/usr/bin/clang-stat-cache /Applications/Xcode-26.3.0.app/Contents/Developer/Platforms/WatchOS.platform/Developer/SDKs/WatchOS26.2.sdk /Users/admin/builder/spi-builder-workspace/.derivedData/SDKStatCaches.noindex/watchos26.2-23S303-dc75598d0054f22ec865fa860f139d721753b489057de6bda919edfa1c59a62b.sdkstatcache
cd /Users/admin/builder/spi-builder-workspace/.swiftpm/xcode
/Applications/Xcode-26.3.0.app/Contents/Developer/Toolchains/XcodeDefault.xctoolchain/usr/bin/clang-stat-cache /Applications/Xcode-26.3.0.app/Contents/Developer/Platforms/WatchOS.platform/Developer/SDKs/WatchOS26.2.sdk -o /Users/admin/builder/spi-builder-workspace/.derivedData/SDKStatCaches.noindex/watchos26.2-23S303-dc75598d0054f22ec865fa860f139d721753b489057de6bda919edfa1c59a62b.sdkstatcache
CreateBuildDirectory /Users/admin/builder/spi-builder-workspace/.derivedData/Build/Intermediates.noindex/SwiftExplicitPrecompiledModules
cd /Users/admin/builder/spi-builder-workspace/.swiftpm/xcode
builtin-create-build-directory /Users/admin/builder/spi-builder-workspace/.derivedData/Build/Intermediates.noindex/SwiftExplicitPrecompiledModules
CreateBuildDirectory /Users/admin/builder/spi-builder-workspace/.derivedData/Build/Intermediates.noindex/ExplicitPrecompiledModules
cd /Users/admin/builder/spi-builder-workspace/.swiftpm/xcode
builtin-create-build-directory /Users/admin/builder/spi-builder-workspace/.derivedData/Build/Intermediates.noindex/ExplicitPrecompiledModules
CreateBuildDirectory /Users/admin/builder/spi-builder-workspace/.derivedData/Build/Intermediates.noindex/EagerLinkingTBDs/Debug-watchos
cd /Users/admin/builder/spi-builder-workspace/.swiftpm/xcode
builtin-create-build-directory /Users/admin/builder/spi-builder-workspace/.derivedData/Build/Intermediates.noindex/EagerLinkingTBDs/Debug-watchos
CreateBuildDirectory /Users/admin/builder/spi-builder-workspace/.derivedData/Build/Products/Debug-watchos
cd /Users/admin/builder/spi-builder-workspace/.swiftpm/xcode
builtin-create-build-directory /Users/admin/builder/spi-builder-workspace/.derivedData/Build/Products/Debug-watchos
CreateBuildDirectory /Users/admin/builder/spi-builder-workspace/.derivedData/Build/Products/Debug-watchos/PackageFrameworks
cd /Users/admin/builder/spi-builder-workspace/.swiftpm/xcode
builtin-create-build-directory /Users/admin/builder/spi-builder-workspace/.derivedData/Build/Products/Debug-watchos/PackageFrameworks
WriteAuxiliaryFile /Users/admin/builder/spi-builder-workspace/.derivedData/Build/Intermediates.noindex/VideoFrames.build/Debug-watchos/VideoFrames.build/VideoFrames.modulemap (in target 'VideoFrames' from project 'VideoFrames')
cd /Users/admin/builder/spi-builder-workspace
write-file /Users/admin/builder/spi-builder-workspace/.derivedData/Build/Intermediates.noindex/VideoFrames.build/Debug-watchos/VideoFrames.build/VideoFrames.modulemap
WriteAuxiliaryFile /Users/admin/builder/spi-builder-workspace/.derivedData/Build/Intermediates.noindex/VideoFrames.build/Debug-watchos/VideoFrames.build/VideoFrames.DependencyStaticMetadataFileList (in target 'VideoFrames' from project 'VideoFrames')
cd /Users/admin/builder/spi-builder-workspace
write-file /Users/admin/builder/spi-builder-workspace/.derivedData/Build/Intermediates.noindex/VideoFrames.build/Debug-watchos/VideoFrames.build/VideoFrames.DependencyStaticMetadataFileList
WriteAuxiliaryFile /Users/admin/builder/spi-builder-workspace/.derivedData/Build/Intermediates.noindex/VideoFrames.build/Debug-watchos/VideoFrames.build/VideoFrames.DependencyMetadataFileList (in target 'VideoFrames' from project 'VideoFrames')
cd /Users/admin/builder/spi-builder-workspace
write-file /Users/admin/builder/spi-builder-workspace/.derivedData/Build/Intermediates.noindex/VideoFrames.build/Debug-watchos/VideoFrames.build/VideoFrames.DependencyMetadataFileList
WriteAuxiliaryFile /Users/admin/builder/spi-builder-workspace/.derivedData/Build/Intermediates.noindex/VideoFrames.build/Debug-watchos/VideoFrames.build/Objects-normal/arm64_32/VideoFrames_const_extract_protocols.json (in target 'VideoFrames' from project 'VideoFrames')
cd /Users/admin/builder/spi-builder-workspace
write-file /Users/admin/builder/spi-builder-workspace/.derivedData/Build/Intermediates.noindex/VideoFrames.build/Debug-watchos/VideoFrames.build/Objects-normal/arm64_32/VideoFrames_const_extract_protocols.json
WriteAuxiliaryFile /Users/admin/builder/spi-builder-workspace/.derivedData/Build/Intermediates.noindex/VideoFrames.build/Debug-watchos/VideoFrames.build/Objects-normal/armv7k/VideoFrames.LinkFileList (in target 'VideoFrames' from project 'VideoFrames')
cd /Users/admin/builder/spi-builder-workspace
write-file /Users/admin/builder/spi-builder-workspace/.derivedData/Build/Intermediates.noindex/VideoFrames.build/Debug-watchos/VideoFrames.build/Objects-normal/armv7k/VideoFrames.LinkFileList
WriteAuxiliaryFile /Users/admin/builder/spi-builder-workspace/.derivedData/Build/Intermediates.noindex/VideoFrames.build/Debug-watchos/VideoFrames.build/Objects-normal/armv7k/VideoFrames_const_extract_protocols.json (in target 'VideoFrames' from project 'VideoFrames')
cd /Users/admin/builder/spi-builder-workspace
write-file /Users/admin/builder/spi-builder-workspace/.derivedData/Build/Intermediates.noindex/VideoFrames.build/Debug-watchos/VideoFrames.build/Objects-normal/armv7k/VideoFrames_const_extract_protocols.json
WriteAuxiliaryFile /Users/admin/builder/spi-builder-workspace/.derivedData/Build/Intermediates.noindex/VideoFrames.build/Debug-watchos/VideoFrames.build/Objects-normal/armv7k/VideoFrames.SwiftFileList (in target 'VideoFrames' from project 'VideoFrames')
cd /Users/admin/builder/spi-builder-workspace
write-file /Users/admin/builder/spi-builder-workspace/.derivedData/Build/Intermediates.noindex/VideoFrames.build/Debug-watchos/VideoFrames.build/Objects-normal/armv7k/VideoFrames.SwiftFileList
WriteAuxiliaryFile /Users/admin/builder/spi-builder-workspace/.derivedData/Build/Intermediates.noindex/VideoFrames.build/Debug-watchos/VideoFrames.build/Objects-normal/armv7k/VideoFrames-OutputFileMap.json (in target 'VideoFrames' from project 'VideoFrames')
cd /Users/admin/builder/spi-builder-workspace
write-file /Users/admin/builder/spi-builder-workspace/.derivedData/Build/Intermediates.noindex/VideoFrames.build/Debug-watchos/VideoFrames.build/Objects-normal/armv7k/VideoFrames-OutputFileMap.json
WriteAuxiliaryFile /Users/admin/builder/spi-builder-workspace/.derivedData/Build/Intermediates.noindex/VideoFrames.build/Debug-watchos/VideoFrames.build/Objects-normal/armv7k/VideoFrames.SwiftConstValuesFileList (in target 'VideoFrames' from project 'VideoFrames')
cd /Users/admin/builder/spi-builder-workspace
write-file /Users/admin/builder/spi-builder-workspace/.derivedData/Build/Intermediates.noindex/VideoFrames.build/Debug-watchos/VideoFrames.build/Objects-normal/armv7k/VideoFrames.SwiftConstValuesFileList
WriteAuxiliaryFile /Users/admin/builder/spi-builder-workspace/.derivedData/Build/Intermediates.noindex/VideoFrames.build/Debug-watchos/VideoFrames.build/Objects-normal/arm64_32/VideoFrames.SwiftFileList (in target 'VideoFrames' from project 'VideoFrames')
cd /Users/admin/builder/spi-builder-workspace
write-file /Users/admin/builder/spi-builder-workspace/.derivedData/Build/Intermediates.noindex/VideoFrames.build/Debug-watchos/VideoFrames.build/Objects-normal/arm64_32/VideoFrames.SwiftFileList
WriteAuxiliaryFile /Users/admin/builder/spi-builder-workspace/.derivedData/Build/Intermediates.noindex/VideoFrames.build/Debug-watchos/VideoFrames.build/Objects-normal/arm64_32/VideoFrames.SwiftConstValuesFileList (in target 'VideoFrames' from project 'VideoFrames')
cd /Users/admin/builder/spi-builder-workspace
write-file /Users/admin/builder/spi-builder-workspace/.derivedData/Build/Intermediates.noindex/VideoFrames.build/Debug-watchos/VideoFrames.build/Objects-normal/arm64_32/VideoFrames.SwiftConstValuesFileList
WriteAuxiliaryFile /Users/admin/builder/spi-builder-workspace/.derivedData/Build/Intermediates.noindex/VideoFrames.build/Debug-watchos/VideoFrames.build/Objects-normal/arm64_32/VideoFrames.LinkFileList (in target 'VideoFrames' from project 'VideoFrames')
cd /Users/admin/builder/spi-builder-workspace
write-file /Users/admin/builder/spi-builder-workspace/.derivedData/Build/Intermediates.noindex/VideoFrames.build/Debug-watchos/VideoFrames.build/Objects-normal/arm64_32/VideoFrames.LinkFileList
WriteAuxiliaryFile /Users/admin/builder/spi-builder-workspace/.derivedData/Build/Intermediates.noindex/VideoFrames.build/Debug-watchos/VideoFrames.build/Objects-normal/arm64_32/VideoFrames-OutputFileMap.json (in target 'VideoFrames' from project 'VideoFrames')
cd /Users/admin/builder/spi-builder-workspace
write-file /Users/admin/builder/spi-builder-workspace/.derivedData/Build/Intermediates.noindex/VideoFrames.build/Debug-watchos/VideoFrames.build/Objects-normal/arm64_32/VideoFrames-OutputFileMap.json
WriteAuxiliaryFile /Users/admin/builder/spi-builder-workspace/.derivedData/Build/Intermediates.noindex/VideoFrames.build/Debug-watchos/VideoFrames.build/Objects-normal/arm64/VideoFrames_const_extract_protocols.json (in target 'VideoFrames' from project 'VideoFrames')
cd /Users/admin/builder/spi-builder-workspace
write-file /Users/admin/builder/spi-builder-workspace/.derivedData/Build/Intermediates.noindex/VideoFrames.build/Debug-watchos/VideoFrames.build/Objects-normal/arm64/VideoFrames_const_extract_protocols.json
WriteAuxiliaryFile /Users/admin/builder/spi-builder-workspace/.derivedData/Build/Intermediates.noindex/VideoFrames.build/Debug-watchos/VideoFrames.build/Objects-normal/arm64/VideoFrames.SwiftFileList (in target 'VideoFrames' from project 'VideoFrames')
cd /Users/admin/builder/spi-builder-workspace
write-file /Users/admin/builder/spi-builder-workspace/.derivedData/Build/Intermediates.noindex/VideoFrames.build/Debug-watchos/VideoFrames.build/Objects-normal/arm64/VideoFrames.SwiftFileList
WriteAuxiliaryFile /Users/admin/builder/spi-builder-workspace/.derivedData/Build/Intermediates.noindex/VideoFrames.build/Debug-watchos/VideoFrames.build/Objects-normal/arm64/VideoFrames.SwiftConstValuesFileList (in target 'VideoFrames' from project 'VideoFrames')
cd /Users/admin/builder/spi-builder-workspace
write-file /Users/admin/builder/spi-builder-workspace/.derivedData/Build/Intermediates.noindex/VideoFrames.build/Debug-watchos/VideoFrames.build/Objects-normal/arm64/VideoFrames.SwiftConstValuesFileList
WriteAuxiliaryFile /Users/admin/builder/spi-builder-workspace/.derivedData/Build/Intermediates.noindex/VideoFrames.build/Debug-watchos/VideoFrames.build/Objects-normal/arm64/VideoFrames.LinkFileList (in target 'VideoFrames' from project 'VideoFrames')
cd /Users/admin/builder/spi-builder-workspace
write-file /Users/admin/builder/spi-builder-workspace/.derivedData/Build/Intermediates.noindex/VideoFrames.build/Debug-watchos/VideoFrames.build/Objects-normal/arm64/VideoFrames.LinkFileList
WriteAuxiliaryFile /Users/admin/builder/spi-builder-workspace/.derivedData/Build/Intermediates.noindex/VideoFrames.build/Debug-watchos/VideoFrames.build/Objects-normal/arm64/VideoFrames-OutputFileMap.json (in target 'VideoFrames' from project 'VideoFrames')
cd /Users/admin/builder/spi-builder-workspace
write-file /Users/admin/builder/spi-builder-workspace/.derivedData/Build/Intermediates.noindex/VideoFrames.build/Debug-watchos/VideoFrames.build/Objects-normal/arm64/VideoFrames-OutputFileMap.json
Copy /Users/admin/builder/spi-builder-workspace/.derivedData/Build/Intermediates.noindex/GeneratedModuleMaps-watchos/VideoFrames.modulemap /Users/admin/builder/spi-builder-workspace/.derivedData/Build/Intermediates.noindex/VideoFrames.build/Debug-watchos/VideoFrames.build/VideoFrames.modulemap (in target 'VideoFrames' from project 'VideoFrames')
cd /Users/admin/builder/spi-builder-workspace
builtin-copy -exclude .DS_Store -exclude CVS -exclude .svn -exclude .git -exclude .hg -resolve-src-symlinks /Users/admin/builder/spi-builder-workspace/.derivedData/Build/Intermediates.noindex/VideoFrames.build/Debug-watchos/VideoFrames.build/VideoFrames.modulemap /Users/admin/builder/spi-builder-workspace/.derivedData/Build/Intermediates.noindex/GeneratedModuleMaps-watchos
SwiftDriver VideoFrames normal arm64 com.apple.xcode.tools.swift.compiler (in target 'VideoFrames' from project 'VideoFrames')
cd /Users/admin/builder/spi-builder-workspace/.swiftpm/xcode
builtin-SwiftDriver -- /Applications/Xcode-26.3.0.app/Contents/Developer/Toolchains/XcodeDefault.xctoolchain/usr/bin/swiftc -module-name VideoFrames -Onone -enforce-exclusivity\=checked @/Users/admin/builder/spi-builder-workspace/.derivedData/Build/Intermediates.noindex/VideoFrames.build/Debug-watchos/VideoFrames.build/Objects-normal/arm64/VideoFrames.SwiftFileList -DSWIFT_PACKAGE -DDEBUG -DSWIFT_MODULE_RESOURCE_BUNDLE_UNAVAILABLE -DXcode -plugin-path /Applications/Xcode-26.3.0.app/Contents/Developer/Toolchains/XcodeDefault.xctoolchain/usr/lib/swift/host/plugins/testing -enable-experimental-feature DebugDescriptionMacro -sdk /Applications/Xcode-26.3.0.app/Contents/Developer/Platforms/WatchOS.platform/Developer/SDKs/WatchOS26.2.sdk -target arm64-apple-watchos8.0 -g -module-cache-path /Users/admin/builder/spi-builder-workspace/.derivedData/ModuleCache.noindex -Xfrontend -serialize-debugging-options -profile-coverage-mapping -profile-generate -enable-testing -index-store-path /Users/admin/builder/spi-builder-workspace/.derivedData/Index.noindex/DataStore -Xcc -D_LIBCPP_HARDENING_MODE\=_LIBCPP_HARDENING_MODE_DEBUG -swift-version 6 -I /Users/admin/builder/spi-builder-workspace/.derivedData/Build/Products/Debug-watchos -Isystem /Applications/Xcode-26.3.0.app/Contents/Developer/Platforms/WatchOS.platform/Developer/usr/lib -F /Users/admin/builder/spi-builder-workspace/.derivedData/Build/Products/Debug-watchos -F /Applications/Xcode-26.3.0.app/Contents/Developer/Platforms/WatchOS.platform/Developer/Library/Frameworks -F /Applications/Xcode-26.3.0.app/Contents/Developer/Platforms/WatchOS.platform/Developer/SDKs/WatchOS26.2.sdk/Developer/Library/Frameworks -c -j10 -enable-batch-mode -incremental -Xcc -ivfsstatcache -Xcc /Users/admin/builder/spi-builder-workspace/.derivedData/SDKStatCaches.noindex/watchos26.2-23S303-dc75598d0054f22ec865fa860f139d721753b489057de6bda919edfa1c59a62b.sdkstatcache -output-file-map /Users/admin/builder/spi-builder-workspace/.derivedData/Build/Intermediates.noindex/VideoFrames.build/Debug-watchos/VideoFrames.build/Objects-normal/arm64/VideoFrames-OutputFileMap.json -use-frontend-parseable-output -save-temps -no-color-diagnostics -explicit-module-build -module-cache-path /Users/admin/builder/spi-builder-workspace/.derivedData/Build/Intermediates.noindex/SwiftExplicitPrecompiledModules -clang-scanner-module-cache-path /Users/admin/builder/spi-builder-workspace/.derivedData/ModuleCache.noindex -sdk-module-cache-path /Users/admin/builder/spi-builder-workspace/.derivedData/ModuleCache.noindex -serialize-diagnostics -emit-dependencies -emit-module -emit-module-path /Users/admin/builder/spi-builder-workspace/.derivedData/Build/Intermediates.noindex/VideoFrames.build/Debug-watchos/VideoFrames.build/Objects-normal/arm64/VideoFrames.swiftmodule -validate-clang-modules-once -clang-build-session-file /Users/admin/builder/spi-builder-workspace/.derivedData/ModuleCache.noindex/Session.modulevalidation -package-name spi_builder_workspace -Xcc -I/Users/admin/builder/spi-builder-workspace/.derivedData/Build/Intermediates.noindex/VideoFrames.build/Debug-watchos/VideoFrames.build/swift-overrides.hmap -emit-const-values -Xfrontend -const-gather-protocols-file -Xfrontend /Users/admin/builder/spi-builder-workspace/.derivedData/Build/Intermediates.noindex/VideoFrames.build/Debug-watchos/VideoFrames.build/Objects-normal/arm64/VideoFrames_const_extract_protocols.json -Xcc -I/Users/admin/builder/spi-builder-workspace/.derivedData/Build/Products/Debug-watchos/include -Xcc -I/Users/admin/builder/spi-builder-workspace/.derivedData/Build/Intermediates.noindex/VideoFrames.build/Debug-watchos/VideoFrames.build/DerivedSources-normal/arm64 -Xcc -I/Users/admin/builder/spi-builder-workspace/.derivedData/Build/Intermediates.noindex/VideoFrames.build/Debug-watchos/VideoFrames.build/DerivedSources/arm64 -Xcc -I/Users/admin/builder/spi-builder-workspace/.derivedData/Build/Intermediates.noindex/VideoFrames.build/Debug-watchos/VideoFrames.build/DerivedSources -Xcc -DSWIFT_PACKAGE -Xcc -DDEBUG\=1 -emit-objc-header -emit-objc-header-path /Users/admin/builder/spi-builder-workspace/.derivedData/Build/Intermediates.noindex/VideoFrames.build/Debug-watchos/VideoFrames.build/Objects-normal/arm64/VideoFrames-Swift.h -working-directory /Users/admin/builder/spi-builder-workspace/.swiftpm/xcode -experimental-emit-module-separately -disable-cmo
/Users/admin/builder/spi-builder-workspace/Sources/VideoFrames/ToFrames.swift:7:8: error: Unable to find module dependency: 'VideoToolbox'
import VideoToolbox
^ (in target 'VideoFrames' from project 'VideoFrames')
/Users/admin/builder/spi-builder-workspace/Sources/VideoFrames/ToFrames.swift:7:8: note: A dependency of main module 'VideoFrames'
import VideoToolbox
^ (in target 'VideoFrames' from project 'VideoFrames')
SwiftDriver VideoFrames normal armv7k com.apple.xcode.tools.swift.compiler (in target 'VideoFrames' from project 'VideoFrames')
cd /Users/admin/builder/spi-builder-workspace/.swiftpm/xcode
builtin-SwiftDriver -- /Applications/Xcode-26.3.0.app/Contents/Developer/Toolchains/XcodeDefault.xctoolchain/usr/bin/swiftc -module-name VideoFrames -Onone -enforce-exclusivity\=checked @/Users/admin/builder/spi-builder-workspace/.derivedData/Build/Intermediates.noindex/VideoFrames.build/Debug-watchos/VideoFrames.build/Objects-normal/armv7k/VideoFrames.SwiftFileList -DSWIFT_PACKAGE -DDEBUG -DSWIFT_MODULE_RESOURCE_BUNDLE_UNAVAILABLE -DXcode -plugin-path /Applications/Xcode-26.3.0.app/Contents/Developer/Toolchains/XcodeDefault.xctoolchain/usr/lib/swift/host/plugins/testing -enable-experimental-feature DebugDescriptionMacro -sdk /Applications/Xcode-26.3.0.app/Contents/Developer/Platforms/WatchOS.platform/Developer/SDKs/WatchOS26.2.sdk -target armv7k-apple-watchos8.0 -g -module-cache-path /Users/admin/builder/spi-builder-workspace/.derivedData/ModuleCache.noindex -Xfrontend -serialize-debugging-options -profile-coverage-mapping -profile-generate -enable-testing -index-store-path /Users/admin/builder/spi-builder-workspace/.derivedData/Index.noindex/DataStore -Xcc -D_LIBCPP_HARDENING_MODE\=_LIBCPP_HARDENING_MODE_DEBUG -swift-version 6 -I /Users/admin/builder/spi-builder-workspace/.derivedData/Build/Products/Debug-watchos -Isystem /Applications/Xcode-26.3.0.app/Contents/Developer/Platforms/WatchOS.platform/Developer/usr/lib -F /Users/admin/builder/spi-builder-workspace/.derivedData/Build/Products/Debug-watchos -F /Applications/Xcode-26.3.0.app/Contents/Developer/Platforms/WatchOS.platform/Developer/Library/Frameworks -F /Applications/Xcode-26.3.0.app/Contents/Developer/Platforms/WatchOS.platform/Developer/SDKs/WatchOS26.2.sdk/Developer/Library/Frameworks -c -j10 -enable-batch-mode -incremental -Xcc -ivfsstatcache -Xcc /Users/admin/builder/spi-builder-workspace/.derivedData/SDKStatCaches.noindex/watchos26.2-23S303-dc75598d0054f22ec865fa860f139d721753b489057de6bda919edfa1c59a62b.sdkstatcache -output-file-map /Users/admin/builder/spi-builder-workspace/.derivedData/Build/Intermediates.noindex/VideoFrames.build/Debug-watchos/VideoFrames.build/Objects-normal/armv7k/VideoFrames-OutputFileMap.json -use-frontend-parseable-output -save-temps -no-color-diagnostics -explicit-module-build -module-cache-path /Users/admin/builder/spi-builder-workspace/.derivedData/Build/Intermediates.noindex/SwiftExplicitPrecompiledModules -clang-scanner-module-cache-path /Users/admin/builder/spi-builder-workspace/.derivedData/ModuleCache.noindex -sdk-module-cache-path /Users/admin/builder/spi-builder-workspace/.derivedData/ModuleCache.noindex -serialize-diagnostics -emit-dependencies -emit-module -emit-module-path /Users/admin/builder/spi-builder-workspace/.derivedData/Build/Intermediates.noindex/VideoFrames.build/Debug-watchos/VideoFrames.build/Objects-normal/armv7k/VideoFrames.swiftmodule -validate-clang-modules-once -clang-build-session-file /Users/admin/builder/spi-builder-workspace/.derivedData/ModuleCache.noindex/Session.modulevalidation -package-name spi_builder_workspace -Xcc -I/Users/admin/builder/spi-builder-workspace/.derivedData/Build/Intermediates.noindex/VideoFrames.build/Debug-watchos/VideoFrames.build/swift-overrides.hmap -emit-const-values -Xfrontend -const-gather-protocols-file -Xfrontend /Users/admin/builder/spi-builder-workspace/.derivedData/Build/Intermediates.noindex/VideoFrames.build/Debug-watchos/VideoFrames.build/Objects-normal/armv7k/VideoFrames_const_extract_protocols.json -Xcc -I/Users/admin/builder/spi-builder-workspace/.derivedData/Build/Products/Debug-watchos/include -Xcc -I/Users/admin/builder/spi-builder-workspace/.derivedData/Build/Intermediates.noindex/VideoFrames.build/Debug-watchos/VideoFrames.build/DerivedSources-normal/armv7k -Xcc -I/Users/admin/builder/spi-builder-workspace/.derivedData/Build/Intermediates.noindex/VideoFrames.build/Debug-watchos/VideoFrames.build/DerivedSources/armv7k -Xcc -I/Users/admin/builder/spi-builder-workspace/.derivedData/Build/Intermediates.noindex/VideoFrames.build/Debug-watchos/VideoFrames.build/DerivedSources -Xcc -DSWIFT_PACKAGE -Xcc -DDEBUG\=1 -emit-objc-header -emit-objc-header-path /Users/admin/builder/spi-builder-workspace/.derivedData/Build/Intermediates.noindex/VideoFrames.build/Debug-watchos/VideoFrames.build/Objects-normal/armv7k/VideoFrames-Swift.h -working-directory /Users/admin/builder/spi-builder-workspace/.swiftpm/xcode -experimental-emit-module-separately -disable-cmo
/Users/admin/builder/spi-builder-workspace/Sources/VideoFrames/ToFrames.swift:7:8: error: Unable to find module dependency: 'VideoToolbox'
import VideoToolbox
^ (in target 'VideoFrames' from project 'VideoFrames')
/Users/admin/builder/spi-builder-workspace/Sources/VideoFrames/ToFrames.swift:7:8: note: A dependency of main module 'VideoFrames'
import VideoToolbox
^ (in target 'VideoFrames' from project 'VideoFrames')
SwiftDriver VideoFrames normal arm64_32 com.apple.xcode.tools.swift.compiler (in target 'VideoFrames' from project 'VideoFrames')
cd /Users/admin/builder/spi-builder-workspace/.swiftpm/xcode
builtin-SwiftDriver -- /Applications/Xcode-26.3.0.app/Contents/Developer/Toolchains/XcodeDefault.xctoolchain/usr/bin/swiftc -module-name VideoFrames -Onone -enforce-exclusivity\=checked @/Users/admin/builder/spi-builder-workspace/.derivedData/Build/Intermediates.noindex/VideoFrames.build/Debug-watchos/VideoFrames.build/Objects-normal/arm64_32/VideoFrames.SwiftFileList -DSWIFT_PACKAGE -DDEBUG -DSWIFT_MODULE_RESOURCE_BUNDLE_UNAVAILABLE -DXcode -plugin-path /Applications/Xcode-26.3.0.app/Contents/Developer/Toolchains/XcodeDefault.xctoolchain/usr/lib/swift/host/plugins/testing -enable-experimental-feature DebugDescriptionMacro -sdk /Applications/Xcode-26.3.0.app/Contents/Developer/Platforms/WatchOS.platform/Developer/SDKs/WatchOS26.2.sdk -target arm64_32-apple-watchos8.0 -g -module-cache-path /Users/admin/builder/spi-builder-workspace/.derivedData/ModuleCache.noindex -Xfrontend -serialize-debugging-options -profile-coverage-mapping -profile-generate -enable-testing -index-store-path /Users/admin/builder/spi-builder-workspace/.derivedData/Index.noindex/DataStore -Xcc -D_LIBCPP_HARDENING_MODE\=_LIBCPP_HARDENING_MODE_DEBUG -swift-version 6 -I /Users/admin/builder/spi-builder-workspace/.derivedData/Build/Products/Debug-watchos -Isystem /Applications/Xcode-26.3.0.app/Contents/Developer/Platforms/WatchOS.platform/Developer/usr/lib -F /Users/admin/builder/spi-builder-workspace/.derivedData/Build/Products/Debug-watchos -F /Applications/Xcode-26.3.0.app/Contents/Developer/Platforms/WatchOS.platform/Developer/Library/Frameworks -F /Applications/Xcode-26.3.0.app/Contents/Developer/Platforms/WatchOS.platform/Developer/SDKs/WatchOS26.2.sdk/Developer/Library/Frameworks -c -j10 -enable-batch-mode -incremental -Xcc -ivfsstatcache -Xcc /Users/admin/builder/spi-builder-workspace/.derivedData/SDKStatCaches.noindex/watchos26.2-23S303-dc75598d0054f22ec865fa860f139d721753b489057de6bda919edfa1c59a62b.sdkstatcache -output-file-map /Users/admin/builder/spi-builder-workspace/.derivedData/Build/Intermediates.noindex/VideoFrames.build/Debug-watchos/VideoFrames.build/Objects-normal/arm64_32/VideoFrames-OutputFileMap.json -use-frontend-parseable-output -save-temps -no-color-diagnostics -explicit-module-build -module-cache-path /Users/admin/builder/spi-builder-workspace/.derivedData/Build/Intermediates.noindex/SwiftExplicitPrecompiledModules -clang-scanner-module-cache-path /Users/admin/builder/spi-builder-workspace/.derivedData/ModuleCache.noindex -sdk-module-cache-path /Users/admin/builder/spi-builder-workspace/.derivedData/ModuleCache.noindex -serialize-diagnostics -emit-dependencies -emit-module -emit-module-path /Users/admin/builder/spi-builder-workspace/.derivedData/Build/Intermediates.noindex/VideoFrames.build/Debug-watchos/VideoFrames.build/Objects-normal/arm64_32/VideoFrames.swiftmodule -validate-clang-modules-once -clang-build-session-file /Users/admin/builder/spi-builder-workspace/.derivedData/ModuleCache.noindex/Session.modulevalidation -package-name spi_builder_workspace -Xcc -I/Users/admin/builder/spi-builder-workspace/.derivedData/Build/Intermediates.noindex/VideoFrames.build/Debug-watchos/VideoFrames.build/swift-overrides.hmap -emit-const-values -Xfrontend -const-gather-protocols-file -Xfrontend /Users/admin/builder/spi-builder-workspace/.derivedData/Build/Intermediates.noindex/VideoFrames.build/Debug-watchos/VideoFrames.build/Objects-normal/arm64_32/VideoFrames_const_extract_protocols.json -Xcc -I/Users/admin/builder/spi-builder-workspace/.derivedData/Build/Products/Debug-watchos/include -Xcc -I/Users/admin/builder/spi-builder-workspace/.derivedData/Build/Intermediates.noindex/VideoFrames.build/Debug-watchos/VideoFrames.build/DerivedSources-normal/arm64_32 -Xcc -I/Users/admin/builder/spi-builder-workspace/.derivedData/Build/Intermediates.noindex/VideoFrames.build/Debug-watchos/VideoFrames.build/DerivedSources/arm64_32 -Xcc -I/Users/admin/builder/spi-builder-workspace/.derivedData/Build/Intermediates.noindex/VideoFrames.build/Debug-watchos/VideoFrames.build/DerivedSources -Xcc -DSWIFT_PACKAGE -Xcc -DDEBUG\=1 -emit-objc-header -emit-objc-header-path /Users/admin/builder/spi-builder-workspace/.derivedData/Build/Intermediates.noindex/VideoFrames.build/Debug-watchos/VideoFrames.build/Objects-normal/arm64_32/VideoFrames-Swift.h -working-directory /Users/admin/builder/spi-builder-workspace/.swiftpm/xcode -experimental-emit-module-separately -disable-cmo
/Users/admin/builder/spi-builder-workspace/Sources/VideoFrames/ToFrames.swift:7:8: error: Unable to find module dependency: 'VideoToolbox'
import VideoToolbox
^ (in target 'VideoFrames' from project 'VideoFrames')
/Users/admin/builder/spi-builder-workspace/Sources/VideoFrames/ToFrames.swift:7:8: note: A dependency of main module 'VideoFrames'
import VideoToolbox
^ (in target 'VideoFrames' from project 'VideoFrames')
2026-09-08 20:40:40.382 xcodebuild[672:4218] [MT] IDERunDestination: Supported platforms for the buildables in the current scheme is empty.
/Users/admin/builder/spi-builder-workspace/Sources/VideoFrames/ToFrames.swift:7:8: error: Unable to find module dependency: 'VideoToolbox'
import VideoToolbox
^
/Users/admin/builder/spi-builder-workspace/Sources/VideoFrames/ToFrames.swift:7:8: error: Unable to find module dependency: 'VideoToolbox'
import VideoToolbox
^
/Users/admin/builder/spi-builder-workspace/Sources/VideoFrames/ToFrames.swift:7:8: error: Unable to find module dependency: 'VideoToolbox'
import VideoToolbox
^
/Users/admin/builder/spi-builder-workspace/Sources/VideoFrames/ToFrames.swift:7:8: note: a dependency of main module 'VideoFrames'
import VideoToolbox
^
/Users/admin/builder/spi-builder-workspace/Sources/VideoFrames/ToFrames.swift:7:8: note: a dependency of main module 'VideoFrames'
import VideoToolbox
^
/Users/admin/builder/spi-builder-workspace/Sources/VideoFrames/ToFrames.swift:7:8: note: a dependency of main module 'VideoFrames'
import VideoToolbox
^
** BUILD FAILED **
The following build commands failed:
SwiftDriver VideoFrames normal arm64 com.apple.xcode.tools.swift.compiler (in target 'VideoFrames' from project 'VideoFrames')
SwiftDriver VideoFrames normal armv7k com.apple.xcode.tools.swift.compiler (in target 'VideoFrames' from project 'VideoFrames')
SwiftDriver VideoFrames normal arm64_32 com.apple.xcode.tools.swift.compiler (in target 'VideoFrames' from project 'VideoFrames')
Building workspace spi-builder-workspace with scheme VideoFrames
(4 failures)
Command line invocation:
/Applications/Xcode-26.3.0.app/Contents/Developer/usr/bin/xcodebuild -IDEClonedSourcePackagesDirPathOverride=/Users/admin/builder/spi-builder-workspace/.dependencies -resolvePackageDependencies
Resolve Package Graph
Resolved source packages:
VideoFrames: /Users/admin/builder/spi-builder-workspace
resolved source packages: VideoFrames
2026-09-08 20:40:44.763 xcodebuild[688:4530] [MT] IDERunDestination: Supported platforms for the buildables in the current scheme is empty.
{
"dependencies" : [
],
"manifest_display_name" : "VideoFrames",
"name" : "VideoFrames",
"path" : "/Users/admin/builder/spi-builder-workspace",
"platforms" : [
{
"name" : "ios",
"version" : "15.0"
},
{
"name" : "tvos",
"version" : "15.0"
},
{
"name" : "macos",
"version" : "12.0"
},
{
"name" : "visionos",
"version" : "1.0"
}
],
"products" : [
{
"name" : "VideoFrames",
"targets" : [
"VideoFrames"
],
"type" : {
"library" : [
"automatic"
]
}
}
],
"targets" : [
{
"c99name" : "VideoFramesTests",
"module_type" : "SwiftTarget",
"name" : "VideoFramesTests",
"path" : "Tests/VideoFramesTests",
"sources" : [
"VideoFramesTests.swift",
"XCTestManifests.swift"
],
"target_dependencies" : [
"VideoFrames"
],
"type" : "test"
},
{
"c99name" : "VideoFrames",
"module_type" : "SwiftTarget",
"name" : "VideoFrames",
"path" : "Sources/VideoFrames",
"product_memberships" : [
"VideoFrames"
],
"sources" : [
"Shared.swift",
"ToFrames.swift",
"ToVideo.swift"
],
"type" : "library"
}
],
"tools_version" : "6.0"
}
{
"workspace" : {
"name" : "spi-builder-workspace",
"schemes" : [
"VideoFrames"
]
}
}
2026-09-08 20:40:45.865 xcodebuild[696:4598] [MT] IDERunDestination: Supported platforms for the buildables in the current scheme is empty.
Running build ...
env DEVELOPER_DIR=/Applications/Xcode-26.3.0.app xcrun xcodebuild -IDEClonedSourcePackagesDirPathOverride=$PWD/.dependencies -skipMacroValidation -skipPackagePluginValidation -derivedDataPath $PWD/.derivedData build -scheme VideoFrames -destination generic/platform=watchOS
Command line invocation:
/Applications/Xcode-26.3.0.app/Contents/Developer/usr/bin/xcodebuild -IDEClonedSourcePackagesDirPathOverride=/Users/admin/builder/spi-builder-workspace/.dependencies -skipMacroValidation -skipPackagePluginValidation -derivedDataPath /Users/admin/builder/spi-builder-workspace/.derivedData build -scheme VideoFrames -destination generic/platform=watchOS
Resolve Package Graph
Resolved source packages:
VideoFrames: /Users/admin/builder/spi-builder-workspace
ComputePackagePrebuildTargetDependencyGraph
Prepare packages
CreateBuildRequest
SendProjectDescription
CreateBuildOperation
ComputeTargetDependencyGraph
note: Building targets in dependency order
note: Target dependency graph (2 targets)
Target 'VideoFrames' in project 'VideoFrames'
➜ Explicit dependency on target 'VideoFrames' in project 'VideoFrames'
Target 'VideoFrames' in project 'VideoFrames' (no dependencies)
GatherProvisioningInputs
CreateBuildDescription
ClangStatCache /Applications/Xcode-26.3.0.app/Contents/Developer/Toolchains/XcodeDefault.xctoolchain/usr/bin/clang-stat-cache /Applications/Xcode-26.3.0.app/Contents/Developer/Platforms/WatchOS.platform/Developer/SDKs/WatchOS26.2.sdk /Users/admin/builder/spi-builder-workspace/.derivedData/SDKStatCaches.noindex/watchos26.2-23S303-dc75598d0054f22ec865fa860f139d721753b489057de6bda919edfa1c59a62b.sdkstatcache
cd /Users/admin/builder/spi-builder-workspace/.swiftpm/xcode
/Applications/Xcode-26.3.0.app/Contents/Developer/Toolchains/XcodeDefault.xctoolchain/usr/bin/clang-stat-cache /Applications/Xcode-26.3.0.app/Contents/Developer/Platforms/WatchOS.platform/Developer/SDKs/WatchOS26.2.sdk -o /Users/admin/builder/spi-builder-workspace/.derivedData/SDKStatCaches.noindex/watchos26.2-23S303-dc75598d0054f22ec865fa860f139d721753b489057de6bda919edfa1c59a62b.sdkstatcache
SwiftDriver VideoFrames normal arm64_32 com.apple.xcode.tools.swift.compiler (in target 'VideoFrames' from project 'VideoFrames')
cd /Users/admin/builder/spi-builder-workspace/.swiftpm/xcode
builtin-SwiftDriver -- /Applications/Xcode-26.3.0.app/Contents/Developer/Toolchains/XcodeDefault.xctoolchain/usr/bin/swiftc -module-name VideoFrames -Onone -enforce-exclusivity\=checked @/Users/admin/builder/spi-builder-workspace/.derivedData/Build/Intermediates.noindex/VideoFrames.build/Debug-watchos/VideoFrames.build/Objects-normal/arm64_32/VideoFrames.SwiftFileList -DSWIFT_PACKAGE -DDEBUG -DSWIFT_MODULE_RESOURCE_BUNDLE_UNAVAILABLE -DXcode -plugin-path /Applications/Xcode-26.3.0.app/Contents/Developer/Toolchains/XcodeDefault.xctoolchain/usr/lib/swift/host/plugins/testing -enable-experimental-feature DebugDescriptionMacro -sdk /Applications/Xcode-26.3.0.app/Contents/Developer/Platforms/WatchOS.platform/Developer/SDKs/WatchOS26.2.sdk -target arm64_32-apple-watchos8.0 -g -module-cache-path /Users/admin/builder/spi-builder-workspace/.derivedData/ModuleCache.noindex -Xfrontend -serialize-debugging-options -profile-coverage-mapping -profile-generate -enable-testing -index-store-path /Users/admin/builder/spi-builder-workspace/.derivedData/Index.noindex/DataStore -Xcc -D_LIBCPP_HARDENING_MODE\=_LIBCPP_HARDENING_MODE_DEBUG -swift-version 6 -I /Users/admin/builder/spi-builder-workspace/.derivedData/Build/Products/Debug-watchos -Isystem /Applications/Xcode-26.3.0.app/Contents/Developer/Platforms/WatchOS.platform/Developer/usr/lib -F /Users/admin/builder/spi-builder-workspace/.derivedData/Build/Products/Debug-watchos -F /Applications/Xcode-26.3.0.app/Contents/Developer/Platforms/WatchOS.platform/Developer/Library/Frameworks -F /Applications/Xcode-26.3.0.app/Contents/Developer/Platforms/WatchOS.platform/Developer/SDKs/WatchOS26.2.sdk/Developer/Library/Frameworks -c -j10 -enable-batch-mode -incremental -Xcc -ivfsstatcache -Xcc /Users/admin/builder/spi-builder-workspace/.derivedData/SDKStatCaches.noindex/watchos26.2-23S303-dc75598d0054f22ec865fa860f139d721753b489057de6bda919edfa1c59a62b.sdkstatcache -output-file-map /Users/admin/builder/spi-builder-workspace/.derivedData/Build/Intermediates.noindex/VideoFrames.build/Debug-watchos/VideoFrames.build/Objects-normal/arm64_32/VideoFrames-OutputFileMap.json -use-frontend-parseable-output -save-temps -no-color-diagnostics -explicit-module-build -module-cache-path /Users/admin/builder/spi-builder-workspace/.derivedData/Build/Intermediates.noindex/SwiftExplicitPrecompiledModules -clang-scanner-module-cache-path /Users/admin/builder/spi-builder-workspace/.derivedData/ModuleCache.noindex -sdk-module-cache-path /Users/admin/builder/spi-builder-workspace/.derivedData/ModuleCache.noindex -serialize-diagnostics -emit-dependencies -emit-module -emit-module-path /Users/admin/builder/spi-builder-workspace/.derivedData/Build/Intermediates.noindex/VideoFrames.build/Debug-watchos/VideoFrames.build/Objects-normal/arm64_32/VideoFrames.swiftmodule -validate-clang-modules-once -clang-build-session-file /Users/admin/builder/spi-builder-workspace/.derivedData/ModuleCache.noindex/Session.modulevalidation -package-name spi_builder_workspace -Xcc -I/Users/admin/builder/spi-builder-workspace/.derivedData/Build/Intermediates.noindex/VideoFrames.build/Debug-watchos/VideoFrames.build/swift-overrides.hmap -emit-const-values -Xfrontend -const-gather-protocols-file -Xfrontend /Users/admin/builder/spi-builder-workspace/.derivedData/Build/Intermediates.noindex/VideoFrames.build/Debug-watchos/VideoFrames.build/Objects-normal/arm64_32/VideoFrames_const_extract_protocols.json -Xcc -I/Users/admin/builder/spi-builder-workspace/.derivedData/Build/Products/Debug-watchos/include -Xcc -I/Users/admin/builder/spi-builder-workspace/.derivedData/Build/Intermediates.noindex/VideoFrames.build/Debug-watchos/VideoFrames.build/DerivedSources-normal/arm64_32 -Xcc -I/Users/admin/builder/spi-builder-workspace/.derivedData/Build/Intermediates.noindex/VideoFrames.build/Debug-watchos/VideoFrames.build/DerivedSources/arm64_32 -Xcc -I/Users/admin/builder/spi-builder-workspace/.derivedData/Build/Intermediates.noindex/VideoFrames.build/Debug-watchos/VideoFrames.build/DerivedSources -Xcc -DSWIFT_PACKAGE -Xcc -DDEBUG\=1 -emit-objc-header -emit-objc-header-path /Users/admin/builder/spi-builder-workspace/.derivedData/Build/Intermediates.noindex/VideoFrames.build/Debug-watchos/VideoFrames.build/Objects-normal/arm64_32/VideoFrames-Swift.h -working-directory /Users/admin/builder/spi-builder-workspace/.swiftpm/xcode -experimental-emit-module-separately -disable-cmo
/Users/admin/builder/spi-builder-workspace/Sources/VideoFrames/ToFrames.swift:7:8: error: Unable to find module dependency: 'VideoToolbox'
import VideoToolbox
^ (in target 'VideoFrames' from project 'VideoFrames')
/Users/admin/builder/spi-builder-workspace/Sources/VideoFrames/ToFrames.swift:7:8: note: A dependency of main module 'VideoFrames'
import VideoToolbox
^ (in target 'VideoFrames' from project 'VideoFrames')
SwiftDriver VideoFrames normal armv7k com.apple.xcode.tools.swift.compiler (in target 'VideoFrames' from project 'VideoFrames')
cd /Users/admin/builder/spi-builder-workspace/.swiftpm/xcode
builtin-SwiftDriver -- /Applications/Xcode-26.3.0.app/Contents/Developer/Toolchains/XcodeDefault.xctoolchain/usr/bin/swiftc -module-name VideoFrames -Onone -enforce-exclusivity\=checked @/Users/admin/builder/spi-builder-workspace/.derivedData/Build/Intermediates.noindex/VideoFrames.build/Debug-watchos/VideoFrames.build/Objects-normal/armv7k/VideoFrames.SwiftFileList -DSWIFT_PACKAGE -DDEBUG -DSWIFT_MODULE_RESOURCE_BUNDLE_UNAVAILABLE -DXcode -plugin-path /Applications/Xcode-26.3.0.app/Contents/Developer/Toolchains/XcodeDefault.xctoolchain/usr/lib/swift/host/plugins/testing -enable-experimental-feature DebugDescriptionMacro -sdk /Applications/Xcode-26.3.0.app/Contents/Developer/Platforms/WatchOS.platform/Developer/SDKs/WatchOS26.2.sdk -target armv7k-apple-watchos8.0 -g -module-cache-path /Users/admin/builder/spi-builder-workspace/.derivedData/ModuleCache.noindex -Xfrontend -serialize-debugging-options -profile-coverage-mapping -profile-generate -enable-testing -index-store-path /Users/admin/builder/spi-builder-workspace/.derivedData/Index.noindex/DataStore -Xcc -D_LIBCPP_HARDENING_MODE\=_LIBCPP_HARDENING_MODE_DEBUG -swift-version 6 -I /Users/admin/builder/spi-builder-workspace/.derivedData/Build/Products/Debug-watchos -Isystem /Applications/Xcode-26.3.0.app/Contents/Developer/Platforms/WatchOS.platform/Developer/usr/lib -F /Users/admin/builder/spi-builder-workspace/.derivedData/Build/Products/Debug-watchos -F /Applications/Xcode-26.3.0.app/Contents/Developer/Platforms/WatchOS.platform/Developer/Library/Frameworks -F /Applications/Xcode-26.3.0.app/Contents/Developer/Platforms/WatchOS.platform/Developer/SDKs/WatchOS26.2.sdk/Developer/Library/Frameworks -c -j10 -enable-batch-mode -incremental -Xcc -ivfsstatcache -Xcc /Users/admin/builder/spi-builder-workspace/.derivedData/SDKStatCaches.noindex/watchos26.2-23S303-dc75598d0054f22ec865fa860f139d721753b489057de6bda919edfa1c59a62b.sdkstatcache -output-file-map /Users/admin/builder/spi-builder-workspace/.derivedData/Build/Intermediates.noindex/VideoFrames.build/Debug-watchos/VideoFrames.build/Objects-normal/armv7k/VideoFrames-OutputFileMap.json -use-frontend-parseable-output -save-temps -no-color-diagnostics -explicit-module-build -module-cache-path /Users/admin/builder/spi-builder-workspace/.derivedData/Build/Intermediates.noindex/SwiftExplicitPrecompiledModules -clang-scanner-module-cache-path /Users/admin/builder/spi-builder-workspace/.derivedData/ModuleCache.noindex -sdk-module-cache-path /Users/admin/builder/spi-builder-workspace/.derivedData/ModuleCache.noindex -serialize-diagnostics -emit-dependencies -emit-module -emit-module-path /Users/admin/builder/spi-builder-workspace/.derivedData/Build/Intermediates.noindex/VideoFrames.build/Debug-watchos/VideoFrames.build/Objects-normal/armv7k/VideoFrames.swiftmodule -validate-clang-modules-once -clang-build-session-file /Users/admin/builder/spi-builder-workspace/.derivedData/ModuleCache.noindex/Session.modulevalidation -package-name spi_builder_workspace -Xcc -I/Users/admin/builder/spi-builder-workspace/.derivedData/Build/Intermediates.noindex/VideoFrames.build/Debug-watchos/VideoFrames.build/swift-overrides.hmap -emit-const-values -Xfrontend -const-gather-protocols-file -Xfrontend /Users/admin/builder/spi-builder-workspace/.derivedData/Build/Intermediates.noindex/VideoFrames.build/Debug-watchos/VideoFrames.build/Objects-normal/armv7k/VideoFrames_const_extract_protocols.json -Xcc -I/Users/admin/builder/spi-builder-workspace/.derivedData/Build/Products/Debug-watchos/include -Xcc -I/Users/admin/builder/spi-builder-workspace/.derivedData/Build/Intermediates.noindex/VideoFrames.build/Debug-watchos/VideoFrames.build/DerivedSources-normal/armv7k -Xcc -I/Users/admin/builder/spi-builder-workspace/.derivedData/Build/Intermediates.noindex/VideoFrames.build/Debug-watchos/VideoFrames.build/DerivedSources/armv7k -Xcc -I/Users/admin/builder/spi-builder-workspace/.derivedData/Build/Intermediates.noindex/VideoFrames.build/Debug-watchos/VideoFrames.build/DerivedSources -Xcc -DSWIFT_PACKAGE -Xcc -DDEBUG\=1 -emit-objc-header -emit-objc-header-path /Users/admin/builder/spi-builder-workspace/.derivedData/Build/Intermediates.noindex/VideoFrames.build/Debug-watchos/VideoFrames.build/Objects-normal/armv7k/VideoFrames-Swift.h -working-directory /Users/admin/builder/spi-builder-workspace/.swiftpm/xcode -experimental-emit-module-separately -disable-cmo
/Users/admin/builder/spi-builder-workspace/Sources/VideoFrames/ToFrames.swift:7:8: error: Unable to find module dependency: 'VideoToolbox'
import VideoToolbox
^ (in target 'VideoFrames' from project 'VideoFrames')
/Users/admin/builder/spi-builder-workspace/Sources/VideoFrames/ToFrames.swift:7:8: note: A dependency of main module 'VideoFrames'
import VideoToolbox
^ (in target 'VideoFrames' from project 'VideoFrames')
SwiftDriver VideoFrames normal arm64 com.apple.xcode.tools.swift.compiler (in target 'VideoFrames' from project 'VideoFrames')
cd /Users/admin/builder/spi-builder-workspace/.swiftpm/xcode
builtin-SwiftDriver -- /Applications/Xcode-26.3.0.app/Contents/Developer/Toolchains/XcodeDefault.xctoolchain/usr/bin/swiftc -module-name VideoFrames -Onone -enforce-exclusivity\=checked @/Users/admin/builder/spi-builder-workspace/.derivedData/Build/Intermediates.noindex/VideoFrames.build/Debug-watchos/VideoFrames.build/Objects-normal/arm64/VideoFrames.SwiftFileList -DSWIFT_PACKAGE -DDEBUG -DSWIFT_MODULE_RESOURCE_BUNDLE_UNAVAILABLE -DXcode -plugin-path /Applications/Xcode-26.3.0.app/Contents/Developer/Toolchains/XcodeDefault.xctoolchain/usr/lib/swift/host/plugins/testing -enable-experimental-feature DebugDescriptionMacro -sdk /Applications/Xcode-26.3.0.app/Contents/Developer/Platforms/WatchOS.platform/Developer/SDKs/WatchOS26.2.sdk -target arm64-apple-watchos8.0 -g -module-cache-path /Users/admin/builder/spi-builder-workspace/.derivedData/ModuleCache.noindex -Xfrontend -serialize-debugging-options -profile-coverage-mapping -profile-generate -enable-testing -index-store-path /Users/admin/builder/spi-builder-workspace/.derivedData/Index.noindex/DataStore -Xcc -D_LIBCPP_HARDENING_MODE\=_LIBCPP_HARDENING_MODE_DEBUG -swift-version 6 -I /Users/admin/builder/spi-builder-workspace/.derivedData/Build/Products/Debug-watchos -Isystem /Applications/Xcode-26.3.0.app/Contents/Developer/Platforms/WatchOS.platform/Developer/usr/lib -F /Users/admin/builder/spi-builder-workspace/.derivedData/Build/Products/Debug-watchos -F /Applications/Xcode-26.3.0.app/Contents/Developer/Platforms/WatchOS.platform/Developer/Library/Frameworks -F /Applications/Xcode-26.3.0.app/Contents/Developer/Platforms/WatchOS.platform/Developer/SDKs/WatchOS26.2.sdk/Developer/Library/Frameworks -c -j10 -enable-batch-mode -incremental -Xcc -ivfsstatcache -Xcc /Users/admin/builder/spi-builder-workspace/.derivedData/SDKStatCaches.noindex/watchos26.2-23S303-dc75598d0054f22ec865fa860f139d721753b489057de6bda919edfa1c59a62b.sdkstatcache -output-file-map /Users/admin/builder/spi-builder-workspace/.derivedData/Build/Intermediates.noindex/VideoFrames.build/Debug-watchos/VideoFrames.build/Objects-normal/arm64/VideoFrames-OutputFileMap.json -use-frontend-parseable-output -save-temps -no-color-diagnostics -explicit-module-build -module-cache-path /Users/admin/builder/spi-builder-workspace/.derivedData/Build/Intermediates.noindex/SwiftExplicitPrecompiledModules -clang-scanner-module-cache-path /Users/admin/builder/spi-builder-workspace/.derivedData/ModuleCache.noindex -sdk-module-cache-path /Users/admin/builder/spi-builder-workspace/.derivedData/ModuleCache.noindex -serialize-diagnostics -emit-dependencies -emit-module -emit-module-path /Users/admin/builder/spi-builder-workspace/.derivedData/Build/Intermediates.noindex/VideoFrames.build/Debug-watchos/VideoFrames.build/Objects-normal/arm64/VideoFrames.swiftmodule -validate-clang-modules-once -clang-build-session-file /Users/admin/builder/spi-builder-workspace/.derivedData/ModuleCache.noindex/Session.modulevalidation -package-name spi_builder_workspace -Xcc -I/Users/admin/builder/spi-builder-workspace/.derivedData/Build/Intermediates.noindex/VideoFrames.build/Debug-watchos/VideoFrames.build/swift-overrides.hmap -emit-const-values -Xfrontend -const-gather-protocols-file -Xfrontend /Users/admin/builder/spi-builder-workspace/.derivedData/Build/Intermediates.noindex/VideoFrames.build/Debug-watchos/VideoFrames.build/Objects-normal/arm64/VideoFrames_const_extract_protocols.json -Xcc -I/Users/admin/builder/spi-builder-workspace/.derivedData/Build/Products/Debug-watchos/include -Xcc -I/Users/admin/builder/spi-builder-workspace/.derivedData/Build/Intermediates.noindex/VideoFrames.build/Debug-watchos/VideoFrames.build/DerivedSources-normal/arm64 -Xcc -I/Users/admin/builder/spi-builder-workspace/.derivedData/Build/Intermediates.noindex/VideoFrames.build/Debug-watchos/VideoFrames.build/DerivedSources/arm64 -Xcc -I/Users/admin/builder/spi-builder-workspace/.derivedData/Build/Intermediates.noindex/VideoFrames.build/Debug-watchos/VideoFrames.build/DerivedSources -Xcc -DSWIFT_PACKAGE -Xcc -DDEBUG\=1 -emit-objc-header -emit-objc-header-path /Users/admin/builder/spi-builder-workspace/.derivedData/Build/Intermediates.noindex/VideoFrames.build/Debug-watchos/VideoFrames.build/Objects-normal/arm64/VideoFrames-Swift.h -working-directory /Users/admin/builder/spi-builder-workspace/.swiftpm/xcode -experimental-emit-module-separately -disable-cmo
/Users/admin/builder/spi-builder-workspace/Sources/VideoFrames/ToFrames.swift:7:8: error: Unable to find module dependency: 'VideoToolbox'
import VideoToolbox
^ (in target 'VideoFrames' from project 'VideoFrames')
/Users/admin/builder/spi-builder-workspace/Sources/VideoFrames/ToFrames.swift:7:8: note: A dependency of main module 'VideoFrames'
import VideoToolbox
^ (in target 'VideoFrames' from project 'VideoFrames')
2026-09-08 20:40:46.726 xcodebuild[698:4628] [MT] IDERunDestination: Supported platforms for the buildables in the current scheme is empty.
/Users/admin/builder/spi-builder-workspace/Sources/VideoFrames/ToFrames.swift:7:8: error: Unable to find module dependency: 'VideoToolbox'
import VideoToolbox
^
/Users/admin/builder/spi-builder-workspace/Sources/VideoFrames/ToFrames.swift:7:8: error: Unable to find module dependency: 'VideoToolbox'
import VideoToolbox
^
/Users/admin/builder/spi-builder-workspace/Sources/VideoFrames/ToFrames.swift:7:8: note: a dependency of main module 'VideoFrames'
import VideoToolbox
^
/Users/admin/builder/spi-builder-workspace/Sources/VideoFrames/ToFrames.swift:7:8: note: a dependency of main module 'VideoFrames'
import VideoToolbox
^
/Users/admin/builder/spi-builder-workspace/Sources/VideoFrames/ToFrames.swift:7:8: error: Unable to find module dependency: 'VideoToolbox'
import VideoToolbox
^
/Users/admin/builder/spi-builder-workspace/Sources/VideoFrames/ToFrames.swift:7:8: note: a dependency of main module 'VideoFrames'
import VideoToolbox
^
** BUILD FAILED **
The following build commands failed:
SwiftDriver VideoFrames normal arm64_32 com.apple.xcode.tools.swift.compiler (in target 'VideoFrames' from project 'VideoFrames')
SwiftDriver VideoFrames normal armv7k com.apple.xcode.tools.swift.compiler (in target 'VideoFrames' from project 'VideoFrames')
SwiftDriver VideoFrames normal arm64 com.apple.xcode.tools.swift.compiler (in target 'VideoFrames' from project 'VideoFrames')
Building workspace spi-builder-workspace with scheme VideoFrames
(4 failures)
BUILD FAILURE 6.2 watchOS