Build Information
Failed to build GoogleCloudTelcoAutomationV1, reference 0.5.0 (59e818), with Swift 6.2 for Android on 12 Oct 2026 00:05:57 UTC.
Build Command
bash -c docker run --pull=always --rm -v "checkouts-54344847-2":/host -w "$PWD" -e JAVA_HOME="/root/.sdkman/candidates/java/current" -e SPI_BUILD="1" -e SPI_PROCESSING="1" registry.gitlab.com/saguaro1/spi-images:android-6.2-latest swift build --swift-sdk aarch64-unknown-linux-android28 2>&1Build Log
========================================
RunAll
========================================
Builder version: 5.1.1
Interrupt handler set up.
========================================
Checkout
========================================
Clone URL: https://github.com/googleapis/swift-google-cloud-telcoautomation-v1.git
Reference: 0.5.0
Initialized empty Git repository in /host/spi-builder-workspace/.git/
hint: Using 'master' as the name for the initial branch. This default branch name
hint: is subject to change. To configure the initial branch name to use in all
hint: of your new repositories, which will suppress this warning, call:
hint:
hint: git config --global init.defaultBranch <name>
hint:
hint: Names commonly chosen instead of 'master' are 'main', 'trunk' and
hint: 'development'. The just-created branch can be renamed via this command:
hint:
hint: git branch -m <name>
From https://github.com/googleapis/swift-google-cloud-telcoautomation-v1
* tag 0.5.0 -> FETCH_HEAD
HEAD is now at 59e8186 chore: release circa 2026-10-07 (#1382)
Cloned https://github.com/googleapis/swift-google-cloud-telcoautomation-v1.git
Revision (git rev-parse @):
59e81861a87766e809a7974911bcdae3e7a06223
SPI manifest file found: $PWD/.spi.yml
SUCCESS checkout https://github.com/googleapis/swift-google-cloud-telcoautomation-v1.git at 0.5.0
========================================
Build
========================================
Selected platform: android
Swift version: 6.2
Building package at path: $PWD
https://github.com/googleapis/swift-google-cloud-telcoautomation-v1.git
Running build ...
bash -c docker run --pull=always --rm -v "checkouts-54344847-2":/host -w "$PWD" -e JAVA_HOME="/root/.sdkman/candidates/java/current" -e SPI_BUILD="1" -e SPI_PROCESSING="1" registry.gitlab.com/saguaro1/spi-images:android-6.2-latest swift build --swift-sdk aarch64-unknown-linux-android28 2>&1
android-6.2-latest: Pulling from saguaro1/spi-images
Digest: sha256:a839c9ce201f1dacc8eb056626ec7ab0a1c6d53d7b77c83feda395f4507c51be
Status: Image is up to date for registry.gitlab.com/saguaro1/spi-images:android-6.2-latest
Fetching https://github.com/apple/swift-log
Fetching https://github.com/googleapis/swift-google-gax
Fetching https://github.com/googleapis/swift-google-cloud-location
Fetching https://github.com/googleapis/swift-google-wkt
Fetching https://github.com/googleapis/swift-google-rpc
Fetching https://github.com/googleapis/swift-google-longrunning
[6/552] Fetching swift-google-cloud-location
[553/974] Fetching swift-google-cloud-location, swift-google-rpc
[975/1593] Fetching swift-google-cloud-location, swift-google-rpc, swift-google-longrunning
Fetched https://github.com/googleapis/swift-google-rpc from cache (0.53s)
Fetched https://github.com/googleapis/swift-google-longrunning from cache (0.53s)
[1/1748] Fetching swift-google-gax
Fetching https://github.com/googleapis/swift-google-auth
[788/2771] Fetching swift-google-gax, swift-google-wkt
[2077/11028] Fetching swift-google-gax, swift-google-wkt, swift-log
Fetched https://github.com/googleapis/swift-google-cloud-location from cache (0.81s)
Fetched https://github.com/googleapis/swift-google-wkt from cache (0.81s)
Fetched https://github.com/googleapis/swift-google-gax from cache (0.81s)
[83/8257] Fetching swift-log
[414/9280] Fetching swift-log, swift-google-auth
Fetched https://github.com/googleapis/swift-google-auth from cache (0.44s)
[1074/8257] Fetching swift-log
Fetched https://github.com/apple/swift-log from cache (1.33s)
Computing version for https://github.com/googleapis/swift-google-wkt
Computed https://github.com/googleapis/swift-google-wkt at 0.5.0 (1.65s)
Fetching https://github.com/swift-extras/swift-extras-base64
[1/954] Fetching swift-extras-base64
Fetched https://github.com/swift-extras/swift-extras-base64 from cache (0.51s)
Computing version for https://github.com/googleapis/swift-google-rpc
Computed https://github.com/googleapis/swift-google-rpc at 0.5.0 (0.86s)
Computing version for https://github.com/googleapis/swift-google-longrunning
Computed https://github.com/googleapis/swift-google-longrunning at 0.5.0 (0.29s)
Computing version for https://github.com/googleapis/swift-google-gax
Computed https://github.com/googleapis/swift-google-gax at 0.5.0 (0.31s)
Fetching https://github.com/apple/swift-nio
Fetching https://github.com/swift-server/async-http-client.git
[1/16464] Fetching async-http-client
[16465/102838] Fetching async-http-client, swift-nio
Fetched https://github.com/swift-server/async-http-client.git from cache (5.25s)
Fetched https://github.com/apple/swift-nio from cache (5.31s)
Computing version for https://github.com/googleapis/swift-google-cloud-location
Computed https://github.com/googleapis/swift-google-cloud-location at 0.5.0 (5.67s)
Computing version for https://github.com/googleapis/swift-google-auth
Computed https://github.com/googleapis/swift-google-auth at 0.5.0 (0.38s)
Fetching https://github.com/vapor/jwt-kit.git
Fetching https://github.com/apple/swift-system.git
[1/7241] Fetching swift-system
[1522/17495] Fetching swift-system, jwt-kit
Fetched https://github.com/apple/swift-system.git from cache (0.83s)
[1539/10254] Fetching jwt-kit
Fetched https://github.com/vapor/jwt-kit.git from cache (1.25s)
Computing version for https://github.com/swift-extras/swift-extras-base64
Computed https://github.com/swift-extras/swift-extras-base64 at 1.2.0 (1.58s)
Computing version for https://github.com/swift-server/async-http-client.git
Computed https://github.com/swift-server/async-http-client.git at 1.36.2 (0.33s)
Fetching https://github.com/apple/swift-atomics.git
Fetching https://github.com/apple/swift-configuration.git
Fetching https://github.com/apple/swift-service-context.git
[1/3928] Fetching swift-configuration
[1669/5817] Fetching swift-configuration, swift-atomics
[2045/7318] Fetching swift-configuration, swift-atomics, swift-service-context
Fetching https://github.com/apple/swift-nio-extras.git
Fetched https://github.com/apple/swift-configuration.git from cache (0.71s)
[599/3390] Fetching swift-atomics, swift-service-context
Fetching https://github.com/apple/swift-nio-ssl.git
Fetching https://github.com/apple/swift-nio-http2.git
Fetched https://github.com/apple/swift-service-context.git from cache (0.88s)
Fetching https://github.com/apple/swift-nio-transport-services.git
[1266/1889] Fetching swift-atomics
Fetching https://github.com/apple/swift-algorithms.git
Fetched https://github.com/apple/swift-atomics.git from cache (1.07s)
Fetching https://github.com/apple/swift-distributed-tracing.git
[1/6703] Fetching swift-nio-extras
[5297/23583] Fetching swift-nio-extras, swift-nio-ssl
[6705/26450] Fetching swift-nio-extras, swift-nio-ssl, swift-nio-transport-services
Fetched https://github.com/apple/swift-nio-extras.git from cache (0.72s)
[198/19747] Fetching swift-nio-ssl, swift-nio-transport-services
[652/25911] Fetching swift-nio-ssl, swift-nio-transport-services, swift-algorithms
[1790/38205] Fetching swift-nio-ssl, swift-nio-transport-services, swift-algorithms, swift-nio-http2
[3271/44756] Fetching swift-nio-ssl, swift-nio-transport-services, swift-algorithms, swift-nio-http2, swift-distributed-tracing
Fetched https://github.com/apple/swift-algorithms.git from cache (0.76s)
[12828/38592] Fetching swift-nio-ssl, swift-nio-transport-services, swift-nio-http2, swift-distributed-tracing
Fetched https://github.com/apple/swift-nio-transport-services.git from cache (0.97s)
[11205/35725] Fetching swift-nio-ssl, swift-nio-http2, swift-distributed-tracing
Fetched https://github.com/apple/swift-distributed-tracing.git from cache (0.81s)
[5114/29174] Fetching swift-nio-ssl, swift-nio-http2
Fetched https://github.com/apple/swift-nio-http2.git from cache (2.03s)
Fetched https://github.com/apple/swift-nio-ssl.git from cache (2.72s)
Computing version for https://github.com/apple/swift-service-context.git
Computed https://github.com/apple/swift-service-context.git at 1.3.0 (3.74s)
Computing version for https://github.com/apple/swift-algorithms.git
Computed https://github.com/apple/swift-algorithms.git at 1.2.1 (1.52s)
Fetching https://github.com/apple/swift-numerics.git
[1/6742] Fetching swift-numerics
Fetched https://github.com/apple/swift-numerics.git from cache (0.68s)
Computing version for https://github.com/apple/swift-log
Computed https://github.com/apple/swift-log at 1.16.1 (1.02s)
Computing version for https://github.com/apple/swift-distributed-tracing.git
Computed https://github.com/apple/swift-distributed-tracing.git at 1.5.0 (0.34s)
Computing version for https://github.com/apple/swift-atomics.git
Computed https://github.com/apple/swift-atomics.git at 1.3.1 (0.29s)
Computing version for https://github.com/apple/swift-numerics.git
Computed https://github.com/apple/swift-numerics.git at 1.1.1 (0.26s)
Computing version for https://github.com/apple/swift-nio
Computed https://github.com/apple/swift-nio at 2.104.0 (0.60s)
Fetching https://github.com/apple/swift-collections.git
[1/28703] Fetching swift-collections
Fetched https://github.com/apple/swift-collections.git from cache (1.79s)
Computing version for https://github.com/apple/swift-configuration.git
Computed https://github.com/apple/swift-configuration.git at 1.2.2 (3.11s)
Fetching https://github.com/swift-server/swift-service-lifecycle
[1/2867] Fetching swift-service-lifecycle
Fetched https://github.com/swift-server/swift-service-lifecycle from cache (0.65s)
Computing version for https://github.com/apple/swift-nio-transport-services.git
Computed https://github.com/apple/swift-nio-transport-services.git at 1.28.0 (0.97s)
Computing version for https://github.com/swift-server/swift-service-lifecycle
Computed https://github.com/swift-server/swift-service-lifecycle at 2.12.1 (0.29s)
Fetching https://github.com/apple/swift-async-algorithms.git
[1/6820] Fetching swift-async-algorithms
Fetched https://github.com/apple/swift-async-algorithms.git from cache (0.66s)
Computing version for https://github.com/apple/swift-async-algorithms.git
Computed https://github.com/apple/swift-async-algorithms.git at 1.1.7 (1.03s)
Computing version for https://github.com/apple/swift-collections.git
Computed https://github.com/apple/swift-collections.git at 1.7.2 (0.50s)
Computing version for https://github.com/apple/swift-nio-http2.git
Computed https://github.com/apple/swift-nio-http2.git at 1.46.0 (0.34s)
Computing version for https://github.com/vapor/jwt-kit.git
Computed https://github.com/vapor/jwt-kit.git at 5.7.1 (0.33s)
Fetching https://github.com/apple/swift-crypto.git
Fetching https://github.com/apple/swift-certificates.git
[1/18629] Fetching swift-crypto
[374/26242] Fetching swift-crypto, swift-certificates
Fetched https://github.com/apple/swift-certificates.git from cache (1.82s)
Fetched https://github.com/apple/swift-crypto.git from cache (1.85s)
Computing version for https://github.com/apple/swift-crypto.git
Computed https://github.com/apple/swift-crypto.git at 4.5.2 (2.86s)
Fetching https://github.com/apple/swift-asn1.git
[1/2009] Fetching swift-asn1
Fetched https://github.com/apple/swift-asn1.git from cache (0.50s)
Computing version for https://github.com/apple/swift-asn1.git
Computed https://github.com/apple/swift-asn1.git at 1.7.3 (0.93s)
Computing version for https://github.com/apple/swift-certificates.git
Computed https://github.com/apple/swift-certificates.git at 1.21.0 (0.44s)
Computing version for https://github.com/apple/swift-nio-ssl.git
Computed https://github.com/apple/swift-nio-ssl.git at 2.37.5 (0.36s)
Computing version for https://github.com/apple/swift-system.git
Computed https://github.com/apple/swift-system.git at 1.8.1 (0.37s)
Computing version for https://github.com/apple/swift-nio-extras.git
Computed https://github.com/apple/swift-nio-extras.git at 1.35.1 (0.46s)
Fetching https://github.com/apple/swift-http-types.git
Fetching https://github.com/apple/swift-http-structured-headers.git
[1/1939] Fetching swift-http-types
[79/3192] Fetching swift-http-types, swift-http-structured-headers
Fetched https://github.com/apple/swift-http-types.git from cache (0.51s)
Fetched https://github.com/apple/swift-http-structured-headers.git from cache (0.52s)
Computing version for https://github.com/apple/swift-http-structured-headers.git
Computed https://github.com/apple/swift-http-structured-headers.git at 1.7.0 (0.89s)
Computing version for https://github.com/apple/swift-http-types.git
Computed https://github.com/apple/swift-http-types.git at 1.8.0 (0.36s)
Creating working copy for https://github.com/apple/swift-configuration.git
Working copy of https://github.com/apple/swift-configuration.git resolved at 1.2.2
Creating working copy for https://github.com/googleapis/swift-google-longrunning
Working copy of https://github.com/googleapis/swift-google-longrunning resolved at 0.5.0
Creating working copy for https://github.com/apple/swift-atomics.git
Working copy of https://github.com/apple/swift-atomics.git resolved at 1.3.1
Creating working copy for https://github.com/apple/swift-algorithms.git
Working copy of https://github.com/apple/swift-algorithms.git resolved at 1.2.1
Creating working copy for https://github.com/googleapis/swift-google-cloud-location
Working copy of https://github.com/googleapis/swift-google-cloud-location resolved at 0.5.0
Creating working copy for https://github.com/apple/swift-nio-extras.git
Working copy of https://github.com/apple/swift-nio-extras.git resolved at 1.35.1
Creating working copy for https://github.com/googleapis/swift-google-wkt
Working copy of https://github.com/googleapis/swift-google-wkt resolved at 0.5.0
Creating working copy for https://github.com/apple/swift-nio-transport-services.git
Working copy of https://github.com/apple/swift-nio-transport-services.git resolved at 1.28.0
Creating working copy for https://github.com/apple/swift-system.git
Working copy of https://github.com/apple/swift-system.git resolved at 1.8.1
Creating working copy for https://github.com/apple/swift-nio
Working copy of https://github.com/apple/swift-nio resolved at 2.104.0
Creating working copy for https://github.com/swift-server/swift-service-lifecycle
Working copy of https://github.com/swift-server/swift-service-lifecycle resolved at 2.12.1
Creating working copy for https://github.com/apple/swift-numerics.git
Working copy of https://github.com/apple/swift-numerics.git resolved at 1.1.1
Creating working copy for https://github.com/googleapis/swift-google-rpc
Working copy of https://github.com/googleapis/swift-google-rpc resolved at 0.5.0
Creating working copy for https://github.com/apple/swift-log
Working copy of https://github.com/apple/swift-log resolved at 1.16.1
Creating working copy for https://github.com/apple/swift-certificates.git
Working copy of https://github.com/apple/swift-certificates.git resolved at 1.21.0
Creating working copy for https://github.com/googleapis/swift-google-gax
Working copy of https://github.com/googleapis/swift-google-gax resolved at 0.5.0
Creating working copy for https://github.com/googleapis/swift-google-auth
Working copy of https://github.com/googleapis/swift-google-auth resolved at 0.5.0
Creating working copy for https://github.com/apple/swift-service-context.git
Working copy of https://github.com/apple/swift-service-context.git resolved at 1.3.0
Creating working copy for https://github.com/apple/swift-nio-http2.git
Working copy of https://github.com/apple/swift-nio-http2.git resolved at 1.46.0
Creating working copy for https://github.com/vapor/jwt-kit.git
Working copy of https://github.com/vapor/jwt-kit.git resolved at 5.7.1
Creating working copy for https://github.com/apple/swift-http-types.git
Working copy of https://github.com/apple/swift-http-types.git resolved at 1.8.0
Creating working copy for https://github.com/apple/swift-collections.git
Working copy of https://github.com/apple/swift-collections.git resolved at 1.7.2
Creating working copy for https://github.com/apple/swift-crypto.git
Working copy of https://github.com/apple/swift-crypto.git resolved at 4.5.2
Creating working copy for https://github.com/apple/swift-async-algorithms.git
Working copy of https://github.com/apple/swift-async-algorithms.git resolved at 1.1.7
Creating working copy for https://github.com/apple/swift-distributed-tracing.git
Working copy of https://github.com/apple/swift-distributed-tracing.git resolved at 1.5.0
Creating working copy for https://github.com/swift-extras/swift-extras-base64
Working copy of https://github.com/swift-extras/swift-extras-base64 resolved at 1.2.0
Creating working copy for https://github.com/apple/swift-http-structured-headers.git
Working copy of https://github.com/apple/swift-http-structured-headers.git resolved at 1.7.0
Creating working copy for https://github.com/swift-server/async-http-client.git
Working copy of https://github.com/swift-server/async-http-client.git resolved at 1.36.2
Creating working copy for https://github.com/apple/swift-asn1.git
Working copy of https://github.com/apple/swift-asn1.git resolved at 1.7.3
Creating working copy for https://github.com/apple/swift-nio-ssl.git
Working copy of https://github.com/apple/swift-nio-ssl.git resolved at 2.37.5
Building for debugging...
[0/1058] Write sources
[50/1058] Compiling _NumericsShims _NumericsShims.c
[50/1058] Write sources
[55/1058] Write swift-version--11D90AFD9DD3AB2.txt
[56/1058] Compiling _AtomicsShims.c
[57/1064] Compiling thread_none.cc
[58/1064] Compiling ex_data.cc
[59/1064] Compiling print.cc
[60/1064] Write sources
[65/1064] Compiling scrypt.cc
[65/1064] Write sources
[91/1064] Compiling pbkdf.cc
[92/1092] Compiling CXKCPShims shims.c
[93/1108] Compiling sign.cc
[95/1136] Emitting module Logging
[96/1137] Compiling _NIODataStructures _TinyArray.swift
[97/1137] Compiling InternalCollectionsUtilities Iterable+CopyContents.swift
[98/1137] Compiling InternalCollectionsUtilities Iterable+Equality.swift
[99/1137] Compiling InternalCollectionsUtilities LifetimeOverride.swift
[100/1137] Compiling InternalCollectionsUtilities MutableRef.swift
[101/1140] Compiling _NIODataStructures PriorityQueue.swift
[102/1140] Compiling Logging LoggingSystem.swift
[103/1140] Compiling InternalCollectionsUtilities BorrowingIteratorProtocol+Equality.swift
[104/1140] Compiling InternalCollectionsUtilities BorrowingIteratorProtocol+Extras.swift
[105/1140] Compiling InternalCollectionsUtilities Debugging.swift
[106/1140] Compiling InternalCollectionsUtilities Descriptions.swift
[107/1140] Compiling ServiceContextModule ServiceContextKey.swift
[108/1140] Emitting module InternalCollectionsUtilities
[109/1140] Compiling InternalCollectionsUtilities UnsafeBufferPointer+Extras.swift
[110/1140] Compiling InternalCollectionsUtilities UnsafeMutableBufferPointer+Extras.swift
[116/1142] Emitting module RealModule
[117/1142] Compiling InternalCollectionsUtilities UnsafeMutablePointer+Extras.swift
[118/1142] Compiling InternalCollectionsUtilities UnsafeMutableRawBufferPointer+Extras.swift
[119/1142] Compiling InternalCollectionsUtilities UnsafePointer+Extras.swift
[120/1142] Compiling InternalCollectionsUtilities UInt+first and last set bit.swift
[121/1142] Compiling InternalCollectionsUtilities UInt+reversed.swift
[122/1142] Compiling InternalCollectionsUtilities FixedWidthInteger+roundUpToPowerOfTwo.swift
[123/1142] Compiling InternalCollectionsUtilities Integer rank.swift
[130/1143] Compiling RealModule Real.swift
[133/1143] Compiling RealModule RealFunctions.swift
[134/1143] Compiling InternalCollectionsUtilities MutableSpan+Extras.swift
[135/1143] Compiling InternalCollectionsUtilities OutputSpan+Extras.swift
[136/1143] Compiling InternalCollectionsUtilities RandomAccessCollection+Offsets.swift
[137/1143] Compiling InternalCollectionsUtilities Span+Extras.swift
[138/1143] Compiling InternalCollectionsUtilities _UnsafeBitSet+_Word.swift
[139/1143] Compiling InternalCollectionsUtilities _UnsafeBitSet.swift
[141/1143] Compiling RealModule Float80+Real.swift
[143/1143] Compiling SwiftASN1 DER.swift
[144/1143] Compiling SwiftASN1 Errors.swift
[145/1143] Compiling InternalCollectionsUtilities TemporaryAllocation.swift
[146/1143] Compiling InternalCollectionsUtilities _UnsafeBitSet+Index.swift
[151/1143] Compiling Logging Logger+Attributes.swift
[152/1143] Compiling RealModule Float16+Real.swift
[153/1143] Emitting module _NIOBase64
[154/1143] Compiling _NIOBase64 Base64.swift
[155/1144] Compiling ServiceContextModule ServiceContext.swift
[156/1144] Emitting module ServiceContextModule
[158/1145] Compiling RealModule RelaxedArithmetic.swift
[160/1146] Compiling _NIODataStructures Heap.swift
[161/1146] Emitting module _NIODataStructures
[162/1146] Compiling InternalCollectionsUtilities UnsafeRawBufferPointer+Extras.swift
[163/1146] Compiling InternalCollectionsUtilities _SortedCollection.swift
[164/1146] Compiling InternalCollectionsUtilities _UniqueCollection.swift
[165/1148] Compiling _CertificateInternals _TinyArray.swift
[166/1148] Emitting module _CertificateInternals
[170/1154] Wrapping AST for _NIOBase64 for debugging
[171/1160] Wrapping AST for _CertificateInternals for debugging
[172/1160] Wrapping AST for _NIODataStructures for debugging
[173/1160] Wrapping AST for ServiceContextModule for debugging
[174/1162] Compiling SimpleFIPS202.c
[176/1164] Compiling Instrumentation NoOpInstrument.swift
[176/1164] Wrapping AST for InternalCollectionsUtilities for debugging
[177/1164] Wrapping AST for RealModule for debugging
[179/1164] Compiling Logging Logger+With.swift
[179/1164] Compiling KeccakSponge.c
[181/1164] Compiling Logging Logger.swift
[182/1164] Compiling SpanPreview InputSpan.swift
[183/1164] Emitting module SpanPreview
[184/1164] Compiling SpanPreview MutableSpan+InputSpanHelpers.swift
[185/1164] Compiling SpanPreview OutputSpan+InputSpanHelpers.swift
[185/1165] Compiling KeccakHash.c
[187/1165] Compiling Instrumentation MultiplexInstrument.swift
[188/1165] Compiling ExtrasBase64 Base64+Span.swift
[189/1165] Compiling CNIOWindows shim.c
[191/1165] Compiling ExtrasBase64 Base32+Span.swift
[191/1165] Compiling CSystem shims.c
[192/1165] Compiling CNIOWindows WSAStartup.c
[193/1201] Wrapping AST for SpanPreview for debugging
[194/1207] Compiling CNIOWASI CNIOWASI.c
[196/1207] Compiling Instrumentation InstrumentationSystem.swift
[196/1207] Compiling CNIOPosix event_loop_id.c
[198/1207] Emitting module Instrumentation
[198/1228] Compiling CNIOOpenBSD shim.c
[200/1244] Compiling SystemPackage Errno.swift
[201/1244] Compiling SystemPackage ErrnoWindows.swift
[202/1244] Compiling SystemPackage FileDescriptor.swift
[202/1244] Compiling KeccakP-1600-opt64.c
[203/1244] Compiling CNIOLinux shim.c
[204/1244] Compiling CNIOLinux liburing_shims.c
[205/1244] Compiling CNIOLLHTTP c_nio_http.c
[207/1244] Compiling SystemPackage FilePathTempWindows.swift
[208/1244] Compiling SystemPackage FilePathWindows.swift
[209/1244] Compiling SystemPackage FilePermissions.swift
[210/1244] Compiling SystemPackage IOCompletion.swift
[211/1244] Compiling SystemPackage IORequest.swift
[212/1244] Compiling SystemPackage IORing+Util.swift
[212/1249] Compiling CNIOLLHTTP c_nio_api.c
[213/1249] Compiling CNIOFreeBSD shim.c
[214/1249] Compiling CNIOExtrasZlib zutil.c
[216/1249] Compiling DequeModule UniqueDeque+Initializers.swift
[217/1249] Compiling DequeModule UniqueDeque+Insertions.swift
[218/1249] Compiling DequeModule UniqueDeque+Iterable.swift
[219/1249] Compiling DequeModule UniqueDeque+Prepend.swift
[220/1249] Compiling DequeModule UniqueDeque+Removals.swift
[221/1249] Compiling SystemPackage Mocking.swift
[222/1249] Compiling SystemPackage RawBuffer.swift
[223/1249] Compiling SystemPackage Syscalls.swift
[224/1249] Compiling SystemPackage WindowsSyscallAdapters.swift
[225/1249] Compiling SystemPackage MachPort.swift
[226/1249] Compiling SystemPackage PlatformString.swift
[227/1249] Compiling SystemPackage FileMode.swift
[228/1249] Compiling SystemPackage FileType.swift
[229/1249] Compiling SystemPackage Identifiers.swift
[230/1249] Compiling SystemPackage Stat.swift
[231/1249] Compiling SystemPackage FilePathTemp.swift
[232/1249] Compiling SystemPackage FilePathTempPosix.swift
[232/1249] Compiling CNIOExtrasZlib trees.c
[233/1249] Compiling CNIOLLHTTP c_nio_llhttp.c
[234/1249] Compiling CNIOExtrasZlib inftrees.c
[235/1249] Compiling CNIOExtrasZlib inffast.c
[239/1249] Compiling SystemPackage IORing.swift
[240/1249] Compiling SystemPackage RawIORequest.swift
[241/1249] Compiling SystemPackage Backcompat.swift
[242/1249] Compiling SystemPackage CInterop.swift
[243/1249] Compiling SystemPackage Constants.swift
[244/1249] Compiling SystemPackage Exports.swift
[244/1249] Compiling CNIOExtrasZlib inflate.c
[245/1249] Compiling CNIOExtrasZlib crc32.c
[246/1249] Compiling CNIOExtrasZlib deflate.c
[248/1249] Emitting module SwiftASN1
[248/1249] Compiling CNIODarwin shim.c
[249/1249] Compiling CNIOExtrasZlib adler32.c
[250/1249] Compiling fiat_p256_adx_sqr.S
[251/1249] Compiling fiat_p256_adx_mul.S
[252/1249] Compiling fiat_curve25519_adx_square.S
[253/1249] Compiling fiat_curve25519_adx_mul.S
[254/1249] Compiling CNIOBoringSSLShims shims.c
[256/1249] Compiling SystemPackage FileFlags.swift
[279/1254] Compiling SystemPackage FileHelpers.swift
[280/1254] Compiling Logging MetadataProvider.swift
[281/1254] Compiling Instrumentation Locks.swift
[282/1254] Compiling Instrumentation Instrument.swift
[292/1257] Compiling SystemPackage FileOperations.swift
[293/1257] Compiling SystemPackage FilePath.swift
[294/1257] Compiling SystemPackage FilePathComponentView.swift
[295/1257] Compiling SystemPackage FilePathComponents.swift
[296/1257] Compiling SystemPackage FilePathParsing.swift
[297/1257] Compiling SystemPackage FilePathString.swift
[298/1257] Compiling SystemPackage FilePathSyntax.swift
[299/1257] Wrapping AST for Logging for debugging
[300/1265] Wrapping AST for SwiftASN1 for debugging
[306/1265] Wrapping AST for Instrumentation for debugging
[308/1265] Compiling Tracing NoOpTracer.swift
[309/1266] Compiling Tracing InstrumentationSystem+Tracing.swift
[310/1266] Compiling Tracing WithTracer.swift
[311/1266] Compiling Tracing TracerProtocol.swift
[312/1266] Compiling Tracing TracingTime.swift
[313/1266] Emitting module Tracing
[314/1266] Compiling Tracing Tracer.swift
[315/1266] Compiling Tracing TracerProtocol+Legacy.swift
[327/1266] Emitting module SystemPackage
[328/1266] Compiling Tracing SpanProtocol.swift
[330/1267] Compiling SystemPackage SystemString.swift
[331/1267] Compiling SystemPackage Util+StringArray.swift
[332/1267] Compiling SystemPackage Util.swift
[333/1267] Compiling SystemPackage UtilConsumers.swift
[334/1267] Compiling SystemPackage WinSDK+Overlay.swift
[334/1268] Compiling tls_record.cc
[336/1268] Compiling tls_method.cc
[337/1268] Wrapping AST for Tracing for debugging
[338/1268] Compiling tls13_server.cc
[339/1268] Wrapping AST for SystemPackage for debugging
[340/1268] Compiling tls13_enc.cc
[342/1268] Compiling DequeModule UniqueDeque+Replacements.swift
[343/1268] Compiling DequeModule UniqueDeque.swift
[344/1268] Compiling DequeModule _DequeSlot.swift
[345/1268] Compiling DequeModule _UnsafeDequeHandle.swift
[346/1268] Compiling DequeModule _UnsafeDequeSegments.swift
[347/1268] Emitting module DequeModule
[348/1269] Compiling tls13_client.cc
[349/1269] Compiling t1_enc.cc
[350/1286] Wrapping AST for DequeModule for debugging
[351/1312] Compiling ssl_transcript.cc
[352/1312] Compiling tls13_both.cc
[353/1312] Compiling ssl_versions.cc
[354/1312] Compiling ssl_x509.cc
[356/1312] Compiling Configuration Deprecations.swift
[357/1312] Compiling Configuration ExpressibleByConfigInt.swift
[358/1312] Compiling Configuration ExpressibleByConfigString.swift
[359/1312] Compiling Configuration CLIKeyEncoder.swift
[360/1312] Compiling Configuration ConfigKeyEncoder.swift
[361/1312] Compiling Configuration DotSeparatorKeyDecoder.swift
[361/1317] Compiling ssl_stat.cc
[362/1317] Compiling ssl_privkey.cc
[363/1317] Compiling ssl_file.cc
[364/1317] Compiling ssl_session.cc
[366/1317] Emitting module ExtrasBase64
[366/1317] Compiling ssl_key_share.cc
[367/1317] Compiling ssl_lib.cc
[369/1317] Compiling ExtrasBase64 Base32.swift
[370/1317] Compiling ExtrasBase64 Base64.swift
[371/1318] Compiling ssl_buffer.cc
[372/1318] Compiling ssl_credential.cc
[373/1318] Compiling ssl_cipher.cc
[374/1318] Compiling ssl_cert.cc
[375/1318] Wrapping AST for ExtrasBase64 for debugging
[376/1337] Compiling ssl_asn1.cc
[377/1348] Compiling GoogleWKT WKTStringValue.swift
[378/1348] Compiling GoogleWKT WKTTimestamp.swift
[379/1348] Compiling GoogleWKT WKTUInt32Value.swift
[380/1348] Compiling GoogleWKT WKTUInt64Value.swift
[381/1348] Compiling GoogleWKT WKTValue.swift
[382/1348] Compiling GoogleWKT WKTApi.swift
[384/1349] Compiling Configuration EnvironmentKeyEncoder.swift
[385/1349] Compiling Configuration EnvironmentVariablesProvider.swift
[386/1349] Compiling Configuration CommonProviderFileSystem.swift
[387/1349] Compiling Configuration DirectoryFilesProvider.swift
[388/1349] Compiling Configuration FileProvider.swift
[389/1349] Compiling Configuration FileProviderSnapshot.swift
[390/1349] Compiling Configuration JSONSnapshot.swift
[391/1349] Compiling Configuration PropertyListSnapshot.swift
[392/1349] Compiling Configuration ReloadingFileProvider.swift
[393/1349] Compiling Configuration ReloadingFileProviderMetrics.swift
[394/1349] Compiling Configuration YAMLSnapshot.swift
[395/1349] Compiling Configuration InMemoryProvider.swift
[396/1349] Compiling GoogleWKT WKTEnum.swift
[397/1349] Compiling GoogleWKT WKTEnumValue.swift
[398/1349] Compiling GoogleWKT WKTField.swift
[399/1349] Compiling GoogleWKT WKTMethod.swift
[400/1349] Compiling GoogleWKT WKTMixin.swift
[401/1349] Compiling GoogleWKT WKTOption.swift
[402/1349] Compiling Configuration CombineLatestManyStorage.swift
[403/1349] Compiling Configuration AsyncSequences.swift
[404/1349] Compiling Configuration FoundationExtensions.swift
[405/1349] Compiling Configuration Span.swift
[406/1349] Compiling Configuration ConfigBytesFromStringDecoder.swift
[406/1349] Compiling ssl_aead_ctx.cc
[407/1349] Compiling s3_pkt.cc
[408/1349] Compiling s3_lib.cc
[409/1349] Compiling s3_both.cc
[411/1349] Emitting module Configuration
[412/1349] Compiling GoogleWKT WKTBoolValue.swift
[413/1349] Compiling GoogleWKT WKTBytesValue.swift
[414/1349] Compiling GoogleWKT WKTFloatValue.swift
[415/1349] Compiling GoogleWKT WKTInt32Value.swift
[416/1349] Compiling GoogleWKT WKTInt64Value.swift
[417/1349] Compiling GoogleWKT WKTRecursive.swift
[418/1349] Compiling GoogleWKT WKTDuration.swift
[419/1349] Compiling GoogleWKT WKTEmpty.swift
[420/1349] Compiling GoogleWKT WKTFieldMask.swift
[421/1349] Compiling GoogleWKT UnknownFields.swift
[422/1349] Compiling GoogleWKT WKTAny.swift
[423/1349] Compiling GoogleWKT WKTAnyError.swift
[423/1349] Compiling handshake.cc
[425/1350] Wrapping AST for Configuration for debugging
[426/1350] Compiling handshake_server.cc
[427/1350] Compiling handshake_client.cc
[429/1350] Compiling GoogleWKT WKTDoubleValue.swift
[445/1354] Compiling encrypted_client_hello.cc
[446/1354] Compiling d1_srtp.cc
[447/1354] Compiling extensions.cc
[456/1354] Compiling handoff.cc
[458/1354] Compiling GoogleWKT WKTSourceContext.swift
[459/1354] Compiling GoogleWKT WKTSyntax.swift
[460/1354] Compiling GoogleWKT WKTType.swift
[461/1354] Compiling GoogleWKT PackageVersion.swift
[461/1354] Compiling md5-x86_64-linux.S
[462/1354] Compiling md5-x86_64-apple.S
[463/1354] Compiling md5-586-linux.S
[464/1354] Compiling md5-586-apple.S
[465/1354] Compiling dtls_record.cc
[466/1354] Compiling chacha20_poly1305_x86_64-linux.S
[468/1354] Compiling GoogleWKT AnyPackable.swift
[469/1354] Compiling GoogleWKT DecodeToDefault.swift
[470/1354] Compiling GoogleWKT DiscoveryBase64.swift
[471/1354] Compiling GoogleWKT ProtoJSONDecoder.swift
[472/1354] Compiling GoogleWKT ProtoJSONEncoder.swift
[473/1354] Emitting module GoogleWKT
[474/1355] Compiling chacha20_poly1305_x86_64-apple.S
[475/1355] Compiling chacha20_poly1305_armv8-win.S
[476/1355] Compiling err_data.cc
[477/1355] Compiling dtls_method.cc
[478/1355] Compiling d1_pkt.cc
[479/1355] Compiling chacha20_poly1305_armv8-apple.S
[480/1355] Wrapping AST for GoogleWKT for debugging
[481/1355] Compiling chacha-x86_64-apple.S
[482/1355] Compiling chacha20_poly1305_armv8-linux.S
[483/1355] Compiling chacha-x86_64-linux.S
[484/1370] Compiling chacha-x86-linux.S
[485/1370] Compiling chacha-armv8-win.S
[486/1370] Compiling chacha-x86-apple.S
[487/1370] Compiling chacha-armv8-linux.S
[488/1370] Compiling chacha-armv8-apple.S
[489/1370] Compiling bio_ssl.cc
[490/1370] Compiling aes128gcmsiv-x86_64-linux.S
[491/1370] Compiling chacha-armv4-linux.S
[492/1370] Compiling x86_64-mont-linux.S
[493/1370] Compiling x86_64-mont5-linux.S
[494/1370] Compiling aes128gcmsiv-x86_64-apple.S
[495/1370] Compiling x86_64-mont-apple.S
[496/1370] Compiling x86_64-mont5-apple.S
[497/1370] Compiling x86-mont-apple.S
[498/1370] Compiling d1_lib.cc
[499/1370] Compiling vpaes-x86_64-apple.S
[500/1370] Compiling d1_both.cc
[501/1370] Emitting module GoogleRpc
[502/1372] Compiling x86-mont-linux.S
[503/1372] Compiling vpaes-x86_64-linux.S
[504/1372] Compiling vpaes-x86-linux.S
[505/1372] Compiling vpaes-armv8-win.S
[506/1372] Compiling vpaes-x86-apple.S
[507/1372] Compiling vpaes-armv8-apple.S
[508/1372] Compiling vpaes-armv7-linux.S
[509/1372] Compiling vpaes-armv8-linux.S
[510/1372] Compiling sha512-x86_64-linux.S
[511/1372] Compiling sha512-x86_64-apple.S
[512/1372] Compiling sha512-armv8-apple.S
[512/1372] Compiling sha512-586-linux.S
[514/1372] Compiling sha512-armv8-win.S
[515/1372] Compiling sha512-armv4-linux.S
[516/1372] Compiling sha512-armv8-linux.S
[517/1372] Compiling sha512-586-apple.S
[519/1372] Compiling GoogleRpc DebugInfo.swift
[520/1372] Compiling GoogleRpc ErrorInfo.swift
[521/1372] Compiling GoogleRpc BadRequest.swift
[522/1372] Compiling GoogleRpc Code.swift
[523/1372] Compiling GoogleRpc RetryInfo.swift
[524/1372] Compiling GoogleRpc Status.swift
[525/1372] Compiling GoogleRpc RequestInfo.swift
[526/1372] Compiling GoogleRpc ResourceInfo.swift
[527/1372] Compiling GoogleRpc Help.swift
[528/1372] Compiling GoogleRpc HttpHeader.swift
[529/1372] Compiling GoogleRpc HttpRequest.swift
[530/1372] Compiling GoogleRpc HttpResponse.swift
[531/1372] Compiling GoogleRpc PreconditionFailure.swift
[532/1372] Compiling GoogleRpc QuotaFailure.swift
[533/1372] Compiling GoogleRpc LocalizedMessage.swift
[534/1372] Compiling GoogleRpc PackageVersion.swift
[534/1373] Compiling sha256-x86_64-linux.S
[536/1373] Compiling sha256-armv8-linux.S
[537/1373] Compiling sha256-armv8-win.S
[538/1373] Compiling sha256-armv8-apple.S
[539/1373] Compiling sha256-x86_64-apple.S
[540/1373] Compiling sha256-armv4-linux.S
[541/1373] Compiling sha256-586-linux.S
[542/1373] Compiling sha256-586-apple.S
[543/1373] Compiling sha1-x86_64-apple.S
[544/1373] Compiling sha1-x86_64-linux.S
[545/1373] Compiling sha1-armv8-win.S
[546/1373] Compiling sha1-armv8-linux.S
[547/1373] Wrapping AST for GoogleRpc for debugging
[548/1373] Compiling sha1-armv8-apple.S
[549/1373] Compiling sha1-armv4-large-linux.S
[550/1373] Compiling sha1-586-linux.S
[551/1373] Compiling rsaz-avx2-linux.S
[552/1373] Compiling sha1-586-apple.S
[553/1373] Compiling rdrand-x86_64-linux.S
[554/1373] Compiling rsaz-avx2-apple.S
[555/1373] Compiling p256_beeu-x86_64-asm-linux.S
[556/1373] Compiling rdrand-x86_64-apple.S
[557/1373] Compiling p256_beeu-x86_64-asm-apple.S
[557/1373] Compiling p256_beeu-armv8-asm-win.S
[559/1373] Compiling p256_beeu-armv8-asm-linux.S
[560/1373] Compiling p256_beeu-armv8-asm-apple.S
[561/1373] Compiling p256-x86_64-asm-linux.S
[562/1373] Compiling p256-armv8-asm-win.S
[563/1373] Compiling p256-x86_64-asm-apple.S
[564/1373] Compiling ghashv8-armv8-win.S
[565/1373] Compiling p256-armv8-asm-linux.S
[566/1373] Compiling p256-armv8-asm-apple.S
[567/1373] Compiling ghashv8-armv8-linux.S
[568/1373] Compiling ghash-x86_64-apple.S
[569/1373] Compiling ghash-x86_64-linux.S
[570/1373] Compiling ghashv8-armv7-linux.S
[571/1373] Compiling ghashv8-armv8-apple.S
[572/1373] Compiling ghash-x86-apple.S
[573/1373] Compiling ghash-ssse3-x86_64-linux.S
[574/1373] Compiling ghash-x86-linux.S
[575/1373] Compiling ghash-ssse3-x86_64-apple.S
[575/1373] Compiling ghash-ssse3-x86-linux.S
[577/1373] Compiling ghash-ssse3-x86-apple.S
[578/1373] Compiling ghash-neon-armv8-win.S
[579/1373] Compiling ghash-neon-armv8-apple.S
[580/1373] Compiling ghash-neon-armv8-linux.S
[581/1373] Compiling ghash-armv4-linux.S
[582/1373] Compiling co-586-linux.S
[583/1373] Compiling bsaes-armv7-linux.S
[584/1373] Compiling co-586-apple.S
[585/1373] Compiling bn-armv8-win.S
[586/1373] Compiling bn-armv8-linux.S
[587/1373] Compiling bn-586-linux.S
[587/1373] Compiling bn-armv8-apple.S
[589/1373] Compiling bn-586-apple.S
[590/1373] Compiling armv8-mont-win.S
[591/1373] Compiling armv4-mont-linux.S
[592/1373] Compiling armv8-mont-apple.S
[593/1373] Compiling armv8-mont-linux.S
[594/1373] Compiling aesv8-gcm-armv8-win.S
[595/1373] Compiling aesv8-armv8-win.S
[596/1373] Compiling aesv8-gcm-armv8-apple.S
[597/1373] Compiling aesv8-gcm-armv8-linux.S
[598/1373] Compiling aesv8-armv8-linux.S
[598/1373] Compiling aesv8-armv8-apple.S
[600/1373] Compiling aesni-x86_64-linux.S
[601/1373] Compiling aesv8-armv7-linux.S
[602/1373] Compiling aesni-x86_64-apple.S
[603/1373] Compiling aesni-x86-apple.S
[603/1373] Compiling aesni-gcm-x86_64-linux.S
[603/1373] Compiling aesni-x86-linux.S
[606/1373] Compiling aes-gcm-avx2-x86_64-linux.S
[607/1373] Compiling aesni-gcm-x86_64-apple.S
[608/1373] Compiling aes-gcm-avx10-x86_64-linux.S
[609/1373] Compiling aes-gcm-avx2-x86_64-apple.S
[610/1373] Compiling aes-gcm-avx10-x86_64-apple.S
[611/1373] Compiling x_x509a.cc
[612/1373] Compiling x_val.cc
[612/1373] Compiling x_x509.cc
[614/1373] Compiling x_sig.cc
[615/1373] Compiling x_spki.cc
[616/1373] Compiling x_req.cc
[617/1373] Compiling x_pubkey.cc
[618/1373] Compiling x_name.cc
[619/1373] Compiling x_attrib.cc
[620/1373] Compiling x_exten.cc
[621/1373] Compiling x_crl.cc
[622/1373] Compiling x_algor.cc
[623/1373] Compiling x_all.cc
[624/1373] Compiling x509spki.cc
[625/1373] Compiling x509rset.cc
[626/1373] Compiling x509name.cc
[627/1373] Compiling x509_vpm.cc
[628/1373] Compiling x509cset.cc
[629/1373] Compiling x509_v3.cc
[630/1373] Compiling x509_txt.cc
[631/1373] Compiling x509_vfy.cc
[632/1373] Compiling x509_trs.cc
[633/1373] Compiling x509_set.cc
[634/1373] Compiling x509_req.cc
[635/1373] Compiling x509_obj.cc
[636/1373] Compiling x509_def.cc
[637/1373] Compiling x509_d2.cc
[638/1373] Compiling x509_lu.cc
[639/1373] Compiling x509_ext.cc
[640/1373] Compiling x509_att.cc
[640/1373] Compiling x509_cmp.cc
[642/1373] Compiling x509.cc
[643/1373] Compiling v3_skey.cc
[644/1373] Compiling v3_purp.cc
[645/1373] Compiling v3_utl.cc
[646/1373] Compiling v3_prn.cc
[647/1373] Compiling v3_pmaps.cc
[648/1373] Compiling v3_pcons.cc
[649/1373] Compiling v3_ocsp.cc
[650/1373] Compiling v3_ncons.cc
[651/1373] Compiling v3_int.cc
[652/1373] Compiling v3_lib.cc
[652/1373] Compiling v3_info.cc
[654/1373] Compiling v3_ia5.cc
[655/1373] Compiling v3_extku.cc
[656/1373] Compiling v3_genn.cc
[657/1373] Compiling v3_enum.cc
[658/1373] Compiling v3_crld.cc
[659/1373] Compiling v3_conf.cc
[660/1373] Compiling v3_cpols.cc
[661/1373] Compiling v3_bitst.cc
[662/1373] Compiling v3_akeya.cc
[663/1373] Compiling v3_alt.cc
[664/1373] Compiling t_x509a.cc
[665/1373] Compiling v3_akey.cc
[666/1373] Compiling v3_bcons.cc
[667/1373] Compiling t_crl.cc
[668/1373] Compiling i2d_pr.cc
[669/1373] Compiling t_req.cc
[670/1373] Compiling t_x509.cc
[671/1373] Compiling name_print.cc
[672/1373] Compiling rsa_pss.cc
[673/1373] Compiling by_file.cc
[674/1373] Compiling policy.cc
[675/1373] Compiling algorithm.cc
[676/1373] Compiling by_dir.cc
[677/1373] Compiling a_digest.cc
[678/1373] Compiling asn1_gen.cc
[679/1373] Compiling a_verify.cc
[680/1373] Compiling a_sign.cc
[681/1373] Compiling trust_token.cc
[682/1373] Compiling voprf.cc
[683/1373] Compiling thread.cc
[684/1373] Compiling thread_none.cc
[685/1373] Compiling thread_win.cc
[686/1373] Compiling thread_pthread.cc
[687/1373] Compiling stack.cc
[688/1373] Compiling siphash.cc
[689/1373] Compiling pmbtoken.cc
[690/1373] Compiling sha1.cc
[691/1373] Compiling slhdsa.cc
[692/1373] Compiling sha256.cc
[693/1373] Compiling sha512.cc
[694/1373] Compiling spake2plus.cc
[695/1373] Compiling rsa_print.cc
[696/1373] Compiling rsa_extra.cc
[697/1373] Compiling rsa_crypt.cc
[698/1373] Compiling rc4.cc
[699/1373] Compiling windows.cc
[700/1373] Compiling refcount.cc
[701/1373] Compiling urandom.cc
[702/1373] Compiling rsa_asn1.cc
[703/1373] Compiling trusty.cc
[704/1373] Compiling rand.cc
[705/1373] Compiling passive.cc
[706/1373] Compiling ios.cc
[707/1373] Compiling getentropy.cc
[708/1373] Compiling poly1305_arm_asm.S
[709/1373] Compiling forkunsafe.cc
[710/1373] Compiling fork_detect.cc
[711/1373] Compiling poly1305_vec.cc
[712/1373] Compiling poly1305_arm.cc
[713/1373] Compiling poly1305.cc
[714/1373] Compiling deterministic.cc
[715/1373] Compiling pool.cc
[716/1373] Compiling pkcs8.cc
[717/1373] Compiling p5_pbev2.cc
[718/1373] Compiling pkcs7.cc
[719/1373] Compiling pkcs8_x509.cc
[720/1373] Compiling pem_xaux.cc
[721/1373] Compiling pkcs7_x509.cc
[722/1373] Compiling pem_x509.cc
[723/1373] Compiling pem_pkey.cc
[724/1373] Compiling pem_pk8.cc
[725/1373] Compiling obj_xref.cc
[726/1373] Compiling mlkem.cc
[727/1373] Compiling pem_oth.cc
[728/1373] Compiling pem_info.cc
[729/1373] Compiling pem_all.cc
[730/1373] Compiling mldsa.cc
[731/1373] Compiling obj.cc
[731/1373] Compiling pem_lib.cc
[733/1373] Compiling poly_rq_mul.S
[734/1373] Compiling fips_shared_support.cc
[735/1373] Compiling mem.cc
[736/1373] Compiling md5.cc
[737/1373] Compiling md4.cc
[738/1373] Compiling lhash.cc
[739/1373] Compiling ex_data.cc
[740/1373] Compiling kyber.cc
[741/1373] Compiling sign.cc
[742/1373] Compiling hpke.cc
[743/1373] Compiling scrypt.cc
[744/1373] Compiling print.cc
[745/1373] Compiling pbkdf.cc
[746/1373] Compiling p_x25519.cc
[747/1373] Compiling hrss.cc
[748/1373] Compiling p_x25519_asn1.cc
[749/1373] Compiling p_rsa_asn1.cc
[750/1373] Compiling p_ed25519.cc
[751/1373] Compiling p_hkdf.cc
[752/1373] Compiling p_rsa.cc
[753/1373] Compiling p_ec.cc
[754/1373] Compiling p_ed25519_asn1.cc
[755/1373] Compiling p_ec_asn1.cc
[756/1373] Compiling p_dh.cc
[757/1373] Compiling p_dsa_asn1.cc
[758/1373] Compiling p_dh_asn1.cc
[759/1373] Compiling evp_ctx.cc
[760/1373] Compiling evp.cc
[761/1373] Compiling err.cc
[762/1373] Compiling engine.cc
[763/1373] Compiling ecdh.cc
[764/1373] Compiling evp_asn1.cc
[765/1373] Compiling hash_to_curve.cc
[766/1373] Compiling ecdsa_asn1.cc
[767/1373] Compiling ec_derive.cc
[768/1373] Compiling dsa.cc
[769/1373] Compiling dsa_asn1.cc
[770/1373] Compiling params.cc
[771/1373] Compiling ec_asn1.cc
[772/1373] Compiling x25519-asm-arm.S
[773/1373] Compiling bcm.cc
[774/1373] Compiling dh_asn1.cc
[775/1373] Compiling des.cc
[776/1373] Compiling digest_extra.cc
[777/1373] Compiling curve25519_64_adx.cc
[778/1373] Compiling spake25519.cc
[779/1373] Compiling crypto.cc
[780/1373] Compiling cpu_intel.cc
[781/1373] Compiling cpu_arm_linux.cc
[782/1373] Compiling cpu_arm_freebsd.cc
[783/1373] Compiling cpu_aarch64_win.cc
[784/1373] Compiling curve25519.cc
[785/1373] Compiling cpu_aarch64_sysreg.cc
[786/1373] Compiling cpu_aarch64_openbsd.cc
[787/1373] Compiling cpu_aarch64_fuchsia.cc
[788/1373] Compiling cpu_aarch64_apple.cc
[789/1373] Compiling cpu_aarch64_linux.cc
[790/1373] Compiling get_cipher.cc
[791/1373] Compiling conf.cc
[792/1373] Compiling tls_cbc.cc
[793/1373] Compiling e_tls.cc
[794/1373] Compiling e_rc4.cc
[795/1373] Compiling e_rc2.cc
[796/1373] Compiling e_null.cc
[797/1373] Compiling e_des.cc
[798/1373] Compiling e_chacha20poly1305.cc
[799/1373] Compiling e_aesgcmsiv.cc
[800/1373] Compiling e_aesctrhmac.cc
[801/1373] Compiling derive_key.cc
[802/1373] Compiling chacha.cc
[803/1373] Compiling unicode.cc
[804/1373] Compiling buf.cc
[805/1373] Compiling ber.cc
[805/1373] Compiling cbs.cc
[807/1373] Compiling asn1_compat.cc
[808/1373] Compiling cbb.cc
[809/1373] Compiling convert.cc
[810/1373] Compiling blake2.cc
[811/1373] Compiling bn_asn1.cc
[812/1373] Compiling socket_helper.cc
[813/1373] Compiling socket.cc
[814/1373] Compiling pair.cc
[815/1373] Compiling hexdump.cc
[816/1373] Compiling printf.cc
[817/1373] Compiling file.cc
[818/1373] Compiling errno.cc
[819/1373] Compiling fd.cc
[820/1373] Compiling connect.cc
[821/1373] Compiling bio_mem.cc
[822/1373] Compiling base64.cc
[823/1373] Compiling bio.cc
[824/1373] Compiling tasn_typ.cc
[825/1373] Compiling tasn_fre.cc
[825/1373] Compiling tasn_utl.cc
[827/1373] Compiling tasn_enc.cc
[828/1373] Compiling tasn_new.cc
[829/1373] Compiling posix_time.cc
[830/1373] Compiling f_string.cc
[831/1373] Compiling f_int.cc
[832/1373] Compiling tasn_dec.cc
[833/1373] Compiling asn_pack.cc
[834/1373] Compiling asn1_par.cc
[835/1373] Compiling a_utctm.cc
[836/1373] Compiling asn1_lib.cc
[836/1373] Compiling a_type.cc
[838/1373] Compiling a_time.cc
[839/1373] Compiling a_strnid.cc
[840/1373] Compiling a_strex.cc
[841/1373] Compiling a_octet.cc
[842/1373] Compiling a_object.cc
[843/1373] Compiling a_i2d_fp.cc
[844/1373] Compiling a_dup.cc
[845/1373] Compiling a_d2i_fp.cc
[846/1373] Compiling a_mbstr.cc
[847/1373] Compiling CGoogleGaxCRC32C CGoogleGaxCRC32C.c
[848/1373] Compiling fiat_p256_adx_sqr.S
[849/1373] Compiling a_gentm.cc
[850/1373] Compiling fiat_p256_adx_mul.S
[851/1373] Compiling fiat_curve25519_adx_square.S
[852/1373] Compiling a_int.cc
[853/1373] Compiling fiat_curve25519_adx_mul.S
[854/1373] Compiling md5-x86_64-linux.S
[855/1373] Compiling md5-x86_64-apple.S
[856/1373] Compiling md5-586-apple.S
[857/1373] Compiling md5-586-linux.S
[858/1373] Compiling CCryptoBoringSSLShims shims.c
[859/1373] Compiling a_bool.cc
[860/1373] Compiling chacha20_poly1305_x86_64-linux.S
[861/1373] Compiling chacha20_poly1305_x86_64-apple.S
[862/1373] Compiling chacha20_poly1305_armv8-win.S
[863/1373] Compiling a_bitstr.cc
[864/1373] Compiling chacha20_poly1305_armv8-apple.S
[865/1373] Compiling chacha-x86_64-linux.S
[866/1373] Compiling chacha20_poly1305_armv8-linux.S
[867/1373] Compiling chacha-x86_64-apple.S
[868/1373] Compiling chacha-x86-linux.S
[869/1373] Compiling chacha-x86-apple.S
[870/1373] Compiling chacha-armv8-linux.S
[871/1373] Compiling chacha-armv8-apple.S
[872/1373] Compiling chacha-armv8-win.S
[873/1373] Compiling chacha-armv4-linux.S
[874/1373] Compiling err_data.cc
[875/1373] Compiling aes128gcmsiv-x86_64-linux.S
[876/1373] Compiling aes128gcmsiv-x86_64-apple.S
[877/1373] Compiling x86_64-mont5-linux.S
[878/1373] Compiling x86_64-mont5-apple.S
[879/1373] Compiling x86_64-mont-linux.S
[880/1373] Compiling x86-mont-linux.S
[881/1373] Compiling x86-mont-apple.S
[882/1373] Compiling x86_64-mont-apple.S
[883/1373] Compiling vpaes-x86_64-linux.S
[884/1373] Compiling vpaes-x86_64-apple.S
[885/1373] Compiling vpaes-x86-linux.S
[885/1373] Compiling vpaes-armv8-linux.S
[887/1373] Compiling vpaes-armv8-win.S
[887/1373] Compiling vpaes-x86-apple.S
[889/1373] Compiling vpaes-armv8-apple.S
[890/1373] Compiling vpaes-armv7-linux.S
[891/1373] Compiling sha512-x86_64-apple.S
[892/1373] Compiling sha512-x86_64-linux.S
[893/1373] Compiling sha512-armv8-win.S
[894/1373] Compiling sha512-armv8-linux.S
[895/1373] Compiling sha512-armv8-apple.S
[896/1373] Compiling sha512-armv4-linux.S
[897/1373] Compiling sha512-586-apple.S
[897/1373] Compiling sha512-586-linux.S
[899/1373] Compiling sha256-x86_64-apple.S
[900/1373] Compiling sha256-armv8-win.S
[900/1373] Compiling sha256-x86_64-linux.S
[902/1373] Compiling sha256-armv8-linux.S
[903/1373] Compiling sha256-armv8-apple.S
[904/1373] Compiling sha256-586-linux.S
[905/1373] Compiling sha256-armv4-linux.S
[906/1373] Compiling sha1-x86_64-linux.S
[907/1373] Compiling sha256-586-apple.S
[908/1373] Compiling sha1-x86_64-apple.S
[909/1373] Compiling sha1-armv8-apple.S
[910/1373] Compiling sha1-armv8-linux.S
[911/1373] Compiling sha1-armv8-win.S
[912/1373] Compiling sha1-armv4-large-linux.S
[912/1373] Compiling sha1-586-linux.S
[914/1373] Compiling sha1-586-apple.S
[915/1373] Compiling c-nioatomics.c
[916/1373] Compiling p256_beeu-x86_64-asm-linux.S
[917/1373] Compiling rsaz-avx2-apple.S
[918/1373] Compiling rdrand-x86_64-apple.S
[919/1373] Compiling rsaz-avx2-linux.S
[920/1373] Compiling rdrand-x86_64-linux.S
[921/1373] Compiling p256_beeu-armv8-asm-win.S
[922/1373] Compiling p256_beeu-x86_64-asm-apple.S
[923/1373] Compiling p256_beeu-armv8-asm-linux.S
[924/1373] Compiling p256_beeu-armv8-asm-apple.S
[925/1373] Compiling p256-x86_64-asm-apple.S
[926/1373] Compiling p256-x86_64-asm-linux.S
[927/1373] Compiling p256-armv8-asm-win.S
[928/1373] Compiling c-atomics.c
[929/1373] Compiling p256-armv8-asm-apple.S
[930/1373] Compiling p256-armv8-asm-linux.S
[931/1376] Compiling ghashv8-armv8-win.S
[932/1377] Compiling ghashv8-armv8-linux.S
[933/1380] Compiling ghashv8-armv7-linux.S
[934/1380] Compiling ghash-x86_64-apple.S
[935/1380] Compiling ghashv8-armv8-apple.S
[937/1380] Compiling NIOConcurrencyHelpers NIOLockedValueBox.swift
[937/1380] Compiling ghash-x86_64-linux.S
[938/1380] Compiling ghash-x86-apple.S
[939/1380] Compiling ghash-ssse3-x86_64-linux.S
[940/1380] Compiling ghash-x86-linux.S
[941/1380] Compiling ghash-neon-armv8-win.S
[942/1380] Compiling ghash-ssse3-x86_64-apple.S
[943/1380] Compiling ghash-ssse3-x86-linux.S
[944/1380] Compiling ghash-ssse3-x86-apple.S
[946/1380] Compiling NIOConcurrencyHelpers lock.swift
[947/1380] Compiling NIOConcurrencyHelpers NIOThreadPoolWorkAvailable.swift
[948/1380] Compiling NIOConcurrencyHelpers atomics.swift
[949/1380] Compiling NIOConcurrencyHelpers NIOLock.swift
[950/1380] Compiling NIOConcurrencyHelpers NIOAtomic.swift
[951/1380] Emitting module NIOConcurrencyHelpers
[952/1381] Compiling ghash-neon-armv8-linux.S
[953/1381] Compiling ghash-neon-armv8-apple.S
[954/1381] Compiling co-586-apple.S
[955/1381] Compiling ghash-armv4-linux.S
[956/1381] Compiling bsaes-armv7-linux.S
[956/1381] Compiling co-586-linux.S
[958/1381] Compiling bn-armv8-apple.S
[958/1381] Compiling bn-armv8-win.S
[960/1381] Compiling bn-armv8-linux.S
[961/1381] Wrapping AST for NIOConcurrencyHelpers for debugging
[962/1381] Compiling bn-586-linux.S
[963/1381] Compiling bn-586-apple.S
[964/1381] Compiling armv8-mont-apple.S
[965/1381] Compiling armv8-mont-win.S
[966/1381] Compiling armv8-mont-linux.S
[967/1381] Compiling armv4-mont-linux.S
[968/1381] Compiling aesv8-gcm-armv8-win.S
[969/1381] Compiling aesv8-gcm-armv8-linux.S
[970/1381] Compiling aesv8-gcm-armv8-apple.S
[971/1381] Compiling aesv8-armv8-win.S
[972/1381] Compiling aesv8-armv7-linux.S
[973/1381] Compiling aesv8-armv8-apple.S
[974/1381] Compiling aesni-x86_64-linux.S
[975/1381] Compiling aesv8-armv8-linux.S
[976/1381] Compiling aesni-x86_64-apple.S
[977/1381] Compiling aesni-x86-apple.S
[978/1381] Compiling aesni-x86-linux.S
[979/1381] Compiling aesni-gcm-x86_64-linux.S
[980/1381] Compiling aes-gcm-avx2-x86_64-linux.S
[981/1381] Compiling aes-gcm-avx512-x86_64-linux.S
[982/1381] Compiling aes-gcm-avx512-x86_64-apple.S
[983/1381] Compiling aesni-gcm-x86_64-apple.S
[984/1381] Compiling aes-gcm-avx2-x86_64-apple.S
[985/1381] Compiling xwing.cc
[986/1381] Compiling x_x509a.cc
[987/1381] Compiling x_spki.cc
[988/1381] Compiling x_x509.cc
[989/1381] Compiling x_sig.cc
[990/1381] Compiling x_req.cc
[991/1381] Compiling x_pubkey.cc
[992/1381] Compiling x_name.cc
[993/1381] Compiling x_exten.cc
[994/1381] Compiling x_crl.cc
[995/1381] Compiling x_attrib.cc
[996/1381] Compiling x509spki.cc
[997/1381] Compiling x_all.cc
[998/1381] Compiling x_algor.cc
[999/1381] Compiling x509rset.cc
[1000/1381] Compiling x509name.cc
[1001/1381] Compiling x509cset.cc
[1002/1381] Compiling x509_vpm.cc
[1003/1381] Compiling x509_txt.cc
[1004/1381] Compiling x509_v3.cc
[1005/1381] Compiling x509_vfy.cc
[1006/1381] Compiling x509_set.cc
[1007/1381] Compiling x509_trs.cc
[1008/1381] Compiling x509_req.cc
[1009/1381] Compiling x509_obj.cc
[1010/1381] Compiling x509_lu.cc
[1011/1381] Compiling x509_def.cc
[1012/1381] Compiling x509_ext.cc
[1013/1381] Compiling x509_d2.cc
[1014/1381] Compiling x509.cc
[1015/1381] Compiling x509_att.cc
[1016/1381] Compiling x509_cmp.cc
[1017/1381] Compiling v3_utl.cc
[1018/1381] Compiling v3_skey.cc
[1019/1381] Compiling v3_prn.cc
[1020/1381] Compiling v3_purp.cc
[1021/1381] Compiling v3_pmaps.cc
[1022/1381] Compiling v3_pcons.cc
[1023/1381] Compiling v3_ocsp.cc
[1024/1381] Compiling v3_ncons.cc
[1025/1381] Compiling v3_lib.cc
[1026/1381] Compiling v3_int.cc
[1027/1381] Compiling v3_info.cc
[1028/1381] Compiling v3_ia5.cc
[1029/1381] Compiling v3_extku.cc
[1030/1381] Compiling v3_genn.cc
[1031/1381] Compiling v3_enum.cc
[1032/1381] Compiling v3_crld.cc
[1033/1381] Compiling v3_cpols.cc
[1034/1381] Compiling v3_conf.cc
[1035/1381] Compiling v3_bitst.cc
[1036/1381] Compiling v3_bcons.cc
[1037/1381] Compiling v3_akey.cc
[1038/1381] Compiling v3_akeya.cc
[1039/1381] Compiling v3_alt.cc
[1040/1381] Compiling t_x509a.cc
[1041/1381] Compiling t_x509.cc
[1042/1381] Compiling i2d_pr.cc
[1043/1381] Compiling t_req.cc
[1044/1381] Compiling t_crl.cc
[1045/1381] Compiling name_print.cc
[1046/1381] Compiling rsa_pss.cc
[1047/1381] Compiling policy.cc
[1048/1381] Compiling by_file.cc
[1049/1381] Compiling algorithm.cc
[1050/1381] Compiling by_dir.cc
[1051/1381] Compiling asn1_gen.cc
[1052/1381] Compiling a_verify.cc
[1053/1381] Compiling voprf.cc
[1054/1381] Compiling a_digest.cc
[1055/1381] Compiling a_sign.cc
[1056/1381] Compiling thread_win.cc
[1057/1381] Compiling thread_pthread.cc
[1058/1381] Compiling thread.cc
[1059/1381] Compiling trust_token.cc
[1060/1381] Compiling pmbtoken.cc
[1061/1381] Compiling stack.cc
[1062/1381] Compiling sha256.cc
[1062/1381] Compiling sha512.cc
[1064/1381] Compiling siphash.cc
[1065/1381] Compiling rsa_print.cc
[1065/1381] Compiling sha1.cc
[1067/1381] Compiling slhdsa.cc
[1068/1381] Compiling spake2plus.cc
[1069/1381] Compiling rsa_extra.cc
[1070/1381] Compiling refcount.cc
[1071/1381] Compiling rsa_crypt.cc
[1072/1381] Compiling trusty.cc
[1073/1381] Compiling windows.cc
[1074/1381] Compiling rsa_asn1.cc
[1075/1381] Compiling urandom.cc
[1076/1381] Compiling rc4.cc
[1077/1381] Compiling rand.cc
[1078/1381] Compiling ios.cc
[1079/1381] Compiling passive.cc
[1080/1381] Compiling getentropy.cc
[1081/1381] Compiling poly1305_arm_asm.S
[1082/1381] Compiling deterministic.cc
[1083/1381] Compiling poly1305_vec.cc
[1084/1381] Compiling poly1305_arm.cc
[1085/1381] Compiling forkunsafe.cc
[1086/1381] Compiling pool.cc
[1087/1381] Compiling poly1305.cc
[1088/1381] Compiling fork_detect.cc
[1089/1381] Compiling pkcs8_x509.cc
[1090/1381] Compiling pem_x509.cc
[1091/1381] Compiling pkcs8.cc
[1092/1381] Compiling pkcs7.cc
[1093/1381] Compiling pkcs7_x509.cc
[1094/1381] Compiling p5_pbev2.cc
[1095/1381] Compiling pem_pkey.cc
[1096/1381] Compiling pem_xaux.cc
[1097/1381] Compiling mlkem.cc
[1098/1381] Compiling pem_pk8.cc
[1099/1381] Compiling pem_lib.cc
[1100/1381] Compiling pem_info.cc
[1101/1381] Compiling obj_xref.cc
[1101/1381] Compiling pem_oth.cc
[1103/1381] Compiling obj.cc
[1104/1381] Compiling mem.cc
[1105/1381] Compiling mldsa.cc
[1106/1381] Compiling poly_rq_mul.S
[1107/1381] Compiling pem_all.cc
[1108/1381] Compiling fips_shared_support.cc
[1109/1381] Compiling md4.cc
[1110/1381] Compiling md5.cc
[1111/1381] Compiling lhash.cc
[1112/1381] Compiling fuzzer_mode.cc
[1113/1381] Compiling kyber.cc
[1114/1381] Compiling hpke.cc
[1115/1381] Compiling hrss.cc
[1116/1381] Compiling p_x25519.cc
[1117/1381] Compiling p_x25519_asn1.cc
[1118/1381] Compiling p_rsa_asn1.cc
[1119/1381] Compiling p_hkdf.cc
[1120/1381] Compiling p_rsa.cc
[1121/1381] Compiling p_ed25519_asn1.cc
[1122/1381] Compiling p_ed25519.cc
[1123/1381] Compiling p_ec_asn1.cc
[1124/1381] Compiling p_ec.cc
[1125/1381] Compiling p_dsa_asn1.cc
[1126/1381] Compiling p_dh_asn1.cc
[1127/1381] Compiling p_dh.cc
[1128/1381] Compiling evp_ctx.cc
[1129/1381] Compiling evp_asn1.cc
[1130/1381] Compiling ecdsa_p1363.cc
[1131/1381] Compiling err.cc
[1132/1381] Compiling engine.cc
[1133/1381] Compiling ecdh.cc
[1134/1381] Compiling evp.cc
[1135/1381] Compiling ec_derive.cc
[1136/1381] Compiling dsa.cc
[1137/1381] Compiling hash_to_curve.cc
[1138/1381] Compiling ec_asn1.cc
[1139/1381] Compiling dsa_asn1.cc
[1140/1381] Compiling ecdsa_asn1.cc
[1141/1381] Compiling digest_extra.cc
[1142/1381] Compiling x25519-asm-arm.S
[1143/1381] Compiling params.cc
[1144/1381] Compiling des.cc
[1145/1381] Compiling dh_asn1.cc
[1146/1381] Compiling curve25519.cc
[1147/1381] Compiling spake25519.cc
[1148/1381] Compiling curve25519_64_adx.cc
[1149/1381] Compiling crypto.cc
[1150/1381] Compiling cpu_arm_linux.cc
[1151/1381] Compiling cpu_intel.cc
[1152/1381] Compiling cpu_aarch64_sysreg.cc
[1153/1381] Compiling cpu_aarch64_openbsd.cc
[1154/1381] Compiling cpu_aarch64_linux.cc
[1155/1381] Compiling cpu_arm_freebsd.cc
[1156/1381] Compiling cpu_aarch64_win.cc
[1157/1381] Compiling cpu_aarch64_fuchsia.cc
[1158/1381] Compiling cpu_aarch64_apple.cc
[1159/1381] Compiling conf.cc
[1160/1381] Compiling tls_cbc.cc
[1161/1381] Compiling e_rc2.cc
[1162/1381] Compiling get_cipher.cc
[1163/1381] Compiling e_tls.cc
[1164/1381] Compiling e_rc4.cc
[1165/1381] Compiling cms.cc
[1166/1381] Compiling e_des.cc
[1167/1381] Compiling e_chacha20poly1305.cc
[1168/1381] Compiling e_aesctrhmac.cc
[1169/1381] Compiling e_aeseax.cc
[1170/1381] Compiling e_null.cc
[1171/1381] Compiling e_aesgcmsiv.cc
[1172/1381] Compiling derive_key.cc
[1173/1381] Compiling buf.cc
[1174/1381] Compiling chacha.cc
[1175/1381] Compiling unicode.cc
[1176/1381] Compiling ber.cc
[1177/1381] Compiling cbs.cc
[1178/1381] Compiling asn1_compat.cc
[1179/1381] Compiling cbb.cc
[1180/1381] Compiling sqrt.cc
[1181/1381] Compiling exponentiation.cc
[1182/1381] Compiling div.cc
[1183/1381] Compiling bn_asn1.cc
[1184/1381] Compiling blake2.cc
[1185/1381] Compiling printf.cc
[1186/1381] Compiling pair.cc
[1187/1381] Compiling convert.cc
[1188/1381] Compiling file.cc
[1189/1381] Compiling hexdump.cc
[1190/1381] Compiling errno.cc
[1191/1381] Compiling fd.cc
[1192/1381] Compiling bio_mem.cc
[1193/1381] Compiling bio.cc
[1194/1381] Compiling base64.cc
[1195/1381] Compiling tasn_typ.cc
[1196/1381] Compiling tasn_utl.cc
[1197/1381] Compiling tasn_enc.cc
[1198/1381] Compiling posix_time.cc
[1199/1381] Compiling tasn_fre.cc
[1200/1381] Compiling tasn_new.cc
[1201/1381] Compiling f_string.cc
[1202/1381] Compiling f_int.cc
[1203/1381] Compiling tasn_dec.cc
[1204/1381] Compiling asn1_par.cc
[1205/1381] Compiling asn_pack.cc
[1206/1381] Compiling bcm.cc
[1207/1381] Compiling a_utctm.cc
[1208/1381] Compiling asn1_lib.cc
[1209/1381] Compiling a_type.cc
[1210/1381] Compiling a_time.cc
[1211/1381] Compiling a_strnid.cc
[1212/1381] Compiling a_octet.cc
[1213/1381] Compiling a_strex.cc
[1214/1381] Compiling a_i2d_fp.cc
[1215/1381] Compiling a_object.cc
[1216/1381] Compiling a_mbstr.cc
[1217/1381] Compiling a_dup.cc
[1217/1381] Write sources
[1221/1381] Compiling CAsyncHTTPClient CAsyncHTTPClient.c
[1222/1381] Compiling a_d2i_fp.cc
[1223/1381] Compiling a_int.cc
[1224/1424] Compiling a_gentm.cc
[1225/1424] Compiling aes.cc
[1227/1424] Compiling Atomics ManagedAtomic.swift
[1228/1424] Compiling Atomics ManagedAtomicLazyReference.swift
[1229/1426] Compiling Atomics UnsafeAtomic.swift
[1230/1426] Compiling Atomics UnsafeAtomicLazyReference.swift
[1230/1426] Compiling a_bool.cc
[1232/1426] Compiling Atomics AtomicMemoryOrderings.swift
[1233/1426] Compiling Atomics DoubleWord.swift
[1234/1426] Compiling Atomics AtomicStorage.swift
[1235/1426] Compiling Atomics AtomicValue.swift
[1236/1426] Compiling Atomics IntegerOperations.swift
[1237/1426] Compiling Atomics Unmanaged extensions.swift
[1238/1426] Compiling Algorithms RandomSample.swift
[1239/1426] Compiling Algorithms Reductions.swift
[1240/1426] Compiling Algorithms Rotate.swift
[1241/1429] Compiling Atomics AtomicInteger.swift
[1242/1429] Compiling Atomics AtomicOptionalWrappable.swift
[1243/1429] Compiling Atomics AtomicReference.swift
[1243/1429] Compiling a_bitstr.cc
[1248/1437] Compiling Atomics RawRepresentable.swift
[1249/1437] Compiling Atomics AtomicBool.swift
[1257/1437] Compiling Algorithms Keyed.swift
[1258/1437] Compiling Algorithms MinMax.swift
[1262/1437] Compiling Algorithms Trim.swift
[1263/1437] Compiling Algorithms Unique.swift
[1264/1437] Compiling Algorithms Windows.swift
[1265/1437] Compiling Atomics IntegerConformances.swift
[1266/1437] Compiling Atomics PointerConformances.swift
[1267/1437] Compiling Atomics Primitives.native.swift
[1268/1437] Compiling Atomics OptionalRawRepresentable.swift
[1269/1437] Emitting module Atomics
[1270/1437] Compiling CryptoBoringWrapper CryptoKitErrors_boring.swift
[1273/1437] Compiling CryptoBoringWrapper RandomBytes.swift
[1279/1438] Compiling CryptoBoringWrapper FiniteFieldArithmeticContext.swift
[1280/1438] Emitting module Algorithms
[1282/1439] Compiling CryptoBoringWrapper ArbitraryPrecisionInteger.swift
[1283/1439] Emitting module CryptoBoringWrapper
[1284/1439] Compiling CryptoBoringWrapper BoringSSLAEAD.swift
[1285/1439] Compiling CryptoBoringWrapper EllipticCurve.swift
[1286/1439] Compiling CryptoBoringWrapper EllipticCurvePoint.swift
[1287/1440] Wrapping AST for Algorithms for debugging
[1287/1440] Wrapping AST for Atomics for debugging
[1289/1504] Wrapping AST for CryptoBoringWrapper for debugging
[1291/1588] Compiling Crypto HKDF.swift
[1292/1588] Compiling Crypto AESWrap.swift
[1293/1588] Compiling Crypto AESWrap_boring.swift
[1294/1588] Compiling Crypto Ed25519_boring.swift
[1295/1588] Compiling Crypto NISTCurvesKeys_boring.swift
[1296/1588] Compiling Crypto X25519Keys_boring.swift
[1297/1588] Compiling Crypto Curve25519.swift
[1298/1588] Compiling Crypto Ed25519Keys.swift
[1299/1588] Compiling Crypto NISTCurvesKeys.swift
[1300/1588] Compiling Crypto X25519Keys.swift
[1301/1588] Compiling Crypto SymmetricKeys.swift
[1302/1588] Compiling Crypto HMAC.swift
[1303/1599] Compiling Crypto AES-GCM.swift
[1304/1599] Compiling Crypto AES-GCM_boring.swift
[1305/1599] Compiling Crypto ChaChaPoly_boring.swift
[1306/1599] Compiling Crypto ChaChaPoly.swift
[1307/1599] Compiling Crypto Cipher.swift
[1308/1599] Compiling Crypto Nonces.swift
[1309/1599] Compiling Crypto ASN1.swift
[1310/1599] Compiling Crypto ASN1Any.swift
[1311/1599] Compiling Crypto ASN1BitString.swift
[1312/1607] Compiling Crypto Ed25519.swift
[1313/1607] Compiling Crypto MLDSA.swift
[1314/1607] Compiling Crypto HPKE-LabeledExtract.swift
[1315/1607] Compiling Crypto HPKE-Utils.swift
[1316/1607] Compiling Crypto DHKEM.swift
[1317/1607] Compiling Crypto HPKE-KEM-Curve25519.swift
[1318/1607] Compiling Crypto HPKE-NIST-EC-KEMs.swift
[1319/1607] Compiling Crypto HPKE-KEM.swift
[1320/1607] Compiling Crypto HPKE-Errors.swift
[1321/1607] Compiling Crypto ASN1Null.swift
[1322/1607] Compiling Crypto ASN1OctetString.swift
[1323/1607] Compiling Crypto ASN1Strings.swift
[1324/1607] Compiling Crypto ArraySliceBigint.swift
[1325/1607] Compiling Crypto GeneralizedTime.swift
[1326/1607] Compiling Crypto ObjectIdentifier.swift
[1327/1607] Compiling Crypto ECDSASignature.swift
[1328/1607] Compiling Crypto PEMDocument.swift
[1329/1607] Compiling Crypto PKCS8PrivateKey.swift
[1330/1607] Compiling Crypto SEC1PrivateKey.swift
[1331/1607] Compiling Crypto SubjectPublicKeyInfo.swift
[1332/1607] Compiling Crypto CryptoError_boring.swift
[1342/1607] Compiling Crypto HPKE.swift
[1343/1607] Compiling Crypto HPKE-Context.swift
[1344/1607] Compiling Crypto HPKE-KeySchedule.swift
[1345/1607] Compiling Crypto HPKE-Modes.swift
[1346/1607] Compiling Crypto Insecure.swift
[1347/1607] Compiling Crypto CryptoKitErrors.swift
[1348/1607] Compiling Crypto Digest_boring.swift
[1349/1607] Compiling Crypto Digest.swift
[1350/1607] Compiling Crypto Digests.swift
[1351/1607] Emitting module Crypto
[1361/1607] Compiling Crypto ASN1Boolean.swift
[1362/1607] Compiling Crypto ASN1Identifier.swift
[1363/1607] Compiling Crypto ASN1Integer.swift
[1364/1607] Compiling Crypto MACFunctions.swift
[1365/1607] Compiling Crypto MessageAuthenticationCode.swift
[1366/1607] Compiling Crypto AES.swift
[1367/1607] Compiling Crypto ECDSASignature_boring.swift
[1368/1607] Compiling Crypto ECDSA_boring.swift
[1369/1607] Compiling Crypto EdDSA_boring.swift
[1370/1607] Compiling Crypto MLDSA_boring.swift
[1371/1607] Compiling Crypto MLDSA_wrapper.swift
[1372/1607] Compiling Crypto ECDSA.swift
[1379/1607] Compiling NIOCore SingleStepByteToMessageDecoder.swift
[1380/1607] Compiling NIOCore SocketAddresses.swift
[1381/1607] Compiling NIOCore SocketOptionProvider.swift
[1382/1607] Compiling NIOCore SystemCallHelpers.swift
[1383/1607] Compiling NIOCore TimeAmount+Duration.swift
[1384/1607] Compiling NIOCore TypeAssistedChannelHandler.swift
[1385/1607] Compiling NIOCore UniversalBootstrapSupport.swift
[1386/1607] Compiling NIOCore Utilities.swift
[1399/1607] Compiling Crypto Insecure_HashFunctions.swift
[1400/1607] Compiling Crypto MLKEM_boring.swift
[1401/1607] Compiling Crypto MLKEM_wrapper.swift
[1402/1607] Compiling Crypto XWing_boring.swift
[1403/1607] Compiling Crypto KEM-Errors.swift
[1404/1607] Compiling Crypto KEM.swift
[1405/1607] Compiling Crypto MLKEM.swift
[1406/1607] Compiling Crypto XWing.swift
[1407/1607] Compiling Crypto ECDH_boring.swift
[1408/1607] Compiling Crypto DH.swift
[1409/1607] Compiling Crypto ECDH.swift
[1410/1607] Compiling Crypto ANSIx963.swift
[1411/1607] Compiling Crypto Signature.swift
[1412/1607] Compiling Crypto CryptoKitErrors_boring.swift
[1413/1607] Compiling Crypto Optional+withUnsafeBytes_boring.swift
[1414/1607] Compiling Crypto RNG_boring.swift
[1415/1607] Compiling Crypto SafeCompare_boring.swift
[1416/1607] Compiling Crypto Zeroization_boring.swift
[1417/1607] Compiling Crypto _CryptoModuleAnchor.swift
[1418/1607] Compiling Crypto PrettyBytes.swift
[1419/1607] Compiling Crypto SafeCompare.swift
[1420/1607] Compiling Crypto SecureBytes.swift
[1421/1607] Compiling Crypto Zeroization.swift
[1440/1608] Wrapping AST for Crypto for debugging
[1450/1670] Compiling CryptoExtras ARCServer.swift
[1451/1670] Compiling CryptoExtras ChaCha20CTR_boring.swift
[1452/1670] Compiling CryptoExtras ChaCha20CTR.swift
[1453/1670] Compiling CryptoExtras BoringSSLSHA512256Context.swift
[1454/1670] Compiling CryptoExtras BoringSSLSHA512256HashFunction.swift
[1455/1670] Compiling CryptoExtras SHA512256.swift
[1456/1670] Compiling CryptoExtras SHA512256Digest.swift
[1457/1670] Compiling CryptoExtras Curve25519+PEM.swift
[1458/1670] Compiling CryptoExtras ObjectIdentifier.swift
[1459/1678] Compiling CryptoExtras Data+Extensions.swift
[1460/1678] Compiling CryptoExtras DigestType.swift
[1461/1678] Compiling CryptoExtras Error.swift
[1462/1678] Compiling CryptoExtras I2OSP.swift
[1463/1678] Compiling CryptoExtras IntegerEncoding.swift
[1464/1678] Compiling CryptoExtras PEMDocument.swift
[1465/1678] Compiling CryptoExtras PrettyBytes.swift
[1466/1678] Compiling CryptoExtras SubjectPublicKeyInfo.swift
[1467/1678] Emitting module CryptoExtras
[1468/1678] Compiling CryptoExtras PKCS8DERRepresentation.swift
[1469/1678] Compiling CryptoExtras PKCS8PrivateKey.swift
[1470/1678] Compiling CryptoExtras RFC8410AlgorithmIdentifier.swift
[1471/1678] Compiling CryptoExtras ECToolbox_boring.swift
[1472/1678] Compiling CryptoExtras ECToolbox.swift
[1473/1678] Compiling CryptoExtras HashToField.swift
[1474/1678] Compiling CryptoExtras KDF.swift
[1475/1678] Compiling CryptoExtras PBKDF2_boring.swift
[1476/1678] Compiling CryptoExtras PBKDF2_commoncrypto.swift
[1477/1678] Compiling CryptoExtras ThreadOps.swift
[1478/1678] Compiling CryptoExtras ThreadPosix.swift
[1479/1678] Compiling CryptoExtras ThreadSpecific.swift
[1480/1678] Compiling CryptoExtras ThreadWindows.swift
[1481/1678] Compiling CryptoExtras DLEQ.swift
[1482/1678] Compiling CryptoExtras Prover.swift
[1483/1678] Compiling CryptoExtras Verifier.swift
[1484/1678] Compiling CryptoExtras ZKPToolbox.swift
[1485/1678] Compiling CryptoExtras CMAC.swift
[1486/1678] Compiling CryptoExtras ARC+API.swift
[1487/1678] Compiling CryptoExtras ARC.swift
[1488/1678] Compiling CryptoExtras ARCCredential.swift
[1489/1678] Compiling CryptoExtras ARCEncoding.swift
[1490/1678] Compiling CryptoExtras ARCPrecredential.swift
[1491/1678] Compiling CryptoExtras ARCPresentation.swift
[1492/1678] Compiling CryptoExtras ARCRequest.swift
[1493/1678] Compiling CryptoExtras ARCResponse.swift
[1494/1678] Emitting module NIOCore
[1496/1679] Compiling CryptoExtras BoringSSLPassphraseCallbackManager.swift
[1497/1679] Compiling CryptoExtras RSA+BlindSigning.swift
[1498/1679] Compiling CryptoExtras RSA.swift
[1499/1679] Compiling CryptoExtras RSA_boring.swift
[1500/1679] Compiling CryptoExtras Reexport.swift
[1501/1679] Compiling CryptoExtras Zeroization_boring.swift
[1502/1679] Compiling CryptoExtras BoringSSLHelpers.swift
[1503/1679] Compiling CryptoExtras CryptoKitErrors_boring.swift
[1513/1679] Compiling CryptoExtras PBKDF2.swift
[1514/1679] Compiling CryptoExtras Scrypt_boring.swift
[1515/1679] Compiling CryptoExtras Scrypt.swift
[1516/1679] Compiling CryptoExtras OPRF.swift
[1517/1679] Compiling CryptoExtras OPRFClient.swift
[1518/1679] Compiling CryptoExtras OPRFServer.swift
[1519/1679] Compiling CryptoExtras VOPRF+API.swift
[1520/1679] Compiling CryptoExtras VOPRFClient.swift
[1521/1679] Compiling CryptoExtras VOPRFServer.swift
[1522/1679] Compiling CryptoExtras AES_CBC.swift
[1523/1679] Compiling CryptoExtras AES_CFB.swift
[1524/1679] Compiling CryptoExtras AES_CTR.swift
[1525/1679] Compiling CryptoExtras AES_GCM_SIV.swift
[1526/1679] Compiling CryptoExtras Block Function.swift
[1527/1679] Compiling CryptoExtras AES_CBC_boring.swift
[1528/1679] Compiling CryptoExtras AES_CFB_boring.swift
[1529/1679] Compiling CryptoExtras AES_CTR_boring.swift
[1530/1679] Compiling CryptoExtras AES_GCM_SIV_boring.swift
[1531/1680] Wrapping AST for CryptoExtras for debugging
[1532/1681] Wrapping AST for NIOCore for debugging
[1534/1739] Compiling _CryptoExtras Exports.swift
[1535/1739] Emitting module _CryptoExtras
[1537/1740] Compiling NIOFoundationEssentialsCompat Codable+ByteBuffer.swift
[1537/1740] Wrapping AST for _CryptoExtras for debugging
[1539/1835] Compiling NIOFoundationEssentialsCompat ByteBuffer-foundation.swift
[1540/1835] Emitting module NIOFoundationEssentialsCompat
[1542/1836] Compiling NIOEmbedded AsyncTestingChannel.swift
[1543/1836] Emitting module NIOEmbedded
[1544/1836] Compiling NIOEmbedded AsyncTestingEventLoop.swift
[1545/1836] Compiling NIOEmbedded Embedded.swift
[1545/1836] Wrapping AST for NIOFoundationEssentialsCompat for debugging
[1548/1837] Compiling X509 CSRAttribute.swift
[1549/1837] Compiling X509 CSRAttributes.swift
[1550/1837] Compiling X509 CSRVersion.swift
[1551/1837] Compiling X509 CertificateSigningRequest.swift
[1552/1837] Compiling X509 CertificationRequestInfo.swift
[1553/1837] Compiling X509 ExtensionRequest.swift
[1554/1837] Compiling X509 Certificate.swift
[1554/1844] Wrapping AST for NIOEmbedded for debugging
[1556/1844] Compiling X509 CertificatePrivateKey.swift
[1557/1844] Compiling X509 CertificatePublicKey.swift
[1558/1844] Compiling X509 CertificateSerialNumber.swift
[1559/1844] Compiling X509 CertificateVersion.swift
[1560/1844] Compiling X509 CMSAttribute.swift
[1561/1844] Compiling X509 CMSContentInfo.swift
[1562/1844] Compiling X509 CMSEncapsulatedContentInfo.swift
[1563/1844] Compiling X509 Error.swift
[1564/1844] Compiling X509 AuthorityInformationAccess.swift
[1565/1844] Compiling X509 AuthorityKeyIdentifier.swift
[1566/1844] Compiling X509 BasicConstraints.swift
[1567/1844] Compiling X509 ExtendedKeyUsage.swift
[1568/1844] Compiling X509 ExtensionIdentifiers.swift
[1569/1844] Compiling X509 KeyUsage.swift
[1570/1844] Compiling X509 OCSPExtensionID.swift
[1571/1844] Compiling X509 OCSPNonce.swift
[1572/1844] Compiling X509 OCSPPolicy.swift
[1573/1844] Compiling X509 OCSPRequest.swift
[1574/1844] Compiling X509 OCSPResponse.swift
[1575/1844] Compiling X509 OCSPResponseBytes.swift
[1576/1844] Compiling X509 OCSPResponseData.swift
[1577/1844] Compiling X509 Curve25519+DER.swift
[1578/1844] Compiling X509 CustomPrivateKey.swift
[1579/1844] Compiling X509 Digests.swift
[1580/1844] Compiling X509 DistinguishedName.swift
[1581/1844] Compiling X509 CommonName.swift
[1582/1844] Compiling X509 CountryName.swift
[1583/1844] Compiling X509 DNBuilder.swift
[1584/1844] Compiling NIOPosix Thread.swift
[1585/1844] Compiling NIOPosix ThreadPosix.swift
[1586/1844] Compiling NIOPosix ThreadWindows.swift
[1587/1844] Compiling NIOPosix Utilities.swift
[1588/1844] Compiling NIOPosix VsockAddress.swift
[1589/1844] Compiling NIOPosix VsockChannelEvents.swift
[1590/1844] Compiling NIOPosix Windows.swift
[1591/1844] Emitting module NIOPosix
[1592/1844] Compiling X509 DomainComponent.swift
[1593/1844] Compiling X509 EmailAddress.swift
[1594/1844] Compiling X509 LocalityName.swift
[1595/1844] Compiling X509 OrganizationName.swift
[1596/1844] Compiling X509 OrganizationalUnitName.swift
[1597/1844] Compiling X509 StateOrProvinceName.swift
[1598/1844] Compiling X509 StreetAddress.swift
[1606/1857] Compiling X509 CMSIssuerAndSerialNumber.swift
[1607/1857] Compiling X509 CMSOperations.swift
[1608/1857] Compiling X509 CMSSignature.swift
[1609/1857] Compiling X509 CMSSignedData.swift
[1610/1857] Compiling X509 CMSSignerIdentifier.swift
[1611/1857] Compiling X509 CMSSignerInfo.swift
[1612/1857] Compiling X509 CMSVersion.swift
[1633/1858] Wrapping AST for NIOPosix for debugging
[1635/1860] Compiling X509 OneOfPolicies.swift
[1636/1860] Compiling X509 PolicyBuilder.swift
[1637/1860] Compiling X509 BasicConstraintsPolicy.swift
[1638/1860] Compiling X509 DNSNames.swift
[1639/1860] Compiling X509 ExpiryPolicy.swift
[1640/1860] Compiling X509 IPConstraints.swift
[1641/1860] Compiling X509 NameConstraintsPolicy.swift
[1642/1860] Compiling X509 RFC5280Policy.swift
[1643/1860] Compiling X509 URIConstraints.swift
[1644/1860] Compiling X509 VersionPolicy.swift
[1645/1860] Compiling X509 ServerIdentityPolicy.swift
[1646/1860] Compiling X509 TrustRootLoading.swift
[1647/1860] Compiling X509 UnverifiedChain.swift
[1648/1860] Compiling X509 PKCS8PrivateKey.swift
[1649/1860] Compiling X509 PromiseAndFuture.swift
[1650/1860] Compiling X509 RDNAttribute.swift
[1651/1860] Compiling X509 RandomNumberGenerator+bytes.swift
[1652/1860] Compiling X509 RelativeDistinguishedName.swift
[1653/1860] Compiling X509 SEC1PrivateKey.swift
[1654/1860] Compiling X509 SecKeyWrapper.swift
[1655/1860] Compiling X509 Signature.swift
[1656/1860] Compiling X509 SignatureAlgorithm.swift
[1657/1860] Compiling X509 AllOfPolicies.swift
[1658/1860] Compiling X509 AnyPolicy.swift
[1659/1860] Compiling X509 CertificateStore.swift
[1660/1860] Compiling X509 CustomCertificateStore.swift
[1661/1860] Compiling NIO Exports.swift
[1662/1860] Emitting module NIO
[1693/1861] Compiling X509 SubjectAlternativeName.swift
[1694/1861] Compiling X509 SubjectKeyIdentifier.swift
[1695/1861] Compiling X509 Extension.swift
[1696/1861] Compiling X509 Extensions.swift
[1697/1861] Compiling X509 ExtensionsBuilder.swift
[1698/1861] Compiling X509 GeneralName.swift
[1699/1861] Compiling X509 Lock.swift
[1700/1861] Compiling X509 LockedValueBox.swift
[1701/1861] Compiling X509 BasicOCSPResponse.swift
[1702/1861] Compiling X509 DirectoryString.swift
[1703/1861] Compiling X509 OCSPCertID.swift
[1704/1861] Compiling X509 OCSPCertStatus.swift
[1704/1873] Wrapping AST for NIO for debugging
[1706/1900] Compiling NIOTLS TLSEvents.swift
[1707/1900] Emitting module NIOTLS
[1708/1900] Compiling NIOFoundationCompat Exports.swift
[1709/1900] Emitting module NIOFoundationCompat
[1710/1900] Compiling NIOHTTP1 ByteCollectionUtils.swift
[1711/1900] Compiling NIOHTTP1 HTTPDecoder.swift
[1712/1900] Emitting module NIOSOCKS
[1713/1901] Compiling NIOSOCKS SOCKSResponse.swift
[1714/1901] Compiling NIOSOCKS SelectedAuthenticationMethod.swift
[1715/1901] Compiling NIOFoundationCompat WaitSpinningRunLoop.swift
[1716/1901] Compiling NIOFoundationCompat JSONSerialization+ByteBuffer.swift
[1717/1901] Compiling NIOSOCKS ClientStateMachine.swift
[1718/1902] Compiling NIOTLS ApplicationProtocolNegotiationHandler.swift
[1719/1902] Compiling NIOTLS NIOTypedApplicationProtocolNegotiationHandler.swift
[1721/1902] Compiling NIOHTTP1 HTTPServerPipelineHandler.swift
[1722/1902] Compiling NIOHTTP1 HTTPServerProtocolErrorHandler.swift
[1723/1902] Compiling NIOHTTP1 HTTPEncoder.swift
[1724/1902] Compiling NIOHTTP1 HTTPHeaderValidator.swift
[1725/1902] Compiling NIOHTTP1 HTTPHeaders+Validation.swift
[1726/1902] Compiling NIOHTTP1 HTTPPipelineSetup.swift
[1726/1902] Wrapping AST for NIOFoundationCompat for debugging
[1728/1902] Compiling NIOTLS ProtocolNegotiationHandlerStateMachine.swift
[1729/1902] Compiling NIOTLS SNIHandler.swift
[1730/1903] Compiling NIOSOCKS ServerStateMachine.swift
[1731/1904] Compiling NIOHTTP1 NIOTypedHTTPClientUpgradeHandler.swift
[1732/1904] Compiling NIOHTTP1 NIOTypedHTTPClientUpgraderStateMachine.swift
[1738/1906] Compiling NIOHTTP1 NIOHTTPClientUpgradeHandler.swift
[1739/1906] Compiling NIOHTTP1 NIOHTTPObjectAggregator.swift
[1740/1906] Compiling NIOHTTP1 HTTPServerRequestMethodQueue.swift
[1741/1906] Compiling NIOHTTP1 HTTPServerUpgradeHandler.swift
[1744/1906] Compiling NIOHTTP1 HTTPTypedPipelineSetup.swift
[1745/1906] Compiling NIOHTTP1 HTTPTypes.swift
[1745/1906] Wrapping AST for NIOSOCKS for debugging
[1746/1906] Wrapping AST for NIOTLS for debugging
[1748/1936] Emitting module X509
[1749/1936] Compiling NIOSSL String+unsafeUninitializedCapacity.swift
[1750/1936] Compiling NIOSSL SSLContext.swift
[1751/1936] Compiling NIOSSL AndroidCABundle.swift
[1752/1936] Compiling NIOSSL ByteBufferBIO.swift
[1753/1936] Compiling NIOSSL CustomPrivateKey.swift
[1754/1936] Emitting module NIOHTTP1
[1755/1937] Wrapping AST for NIOHTTP1 for debugging
[1757/1954] Compiling X509 ValidatedCertificateChain.swift
[1758/1954] Compiling X509 VerificationDiagnostic.swift
[1759/1954] Compiling X509 Verifier.swift
[1760/1954] Compiling X509 VerifierPolicy.swift
[1761/1954] Compiling X509 AlgorithmIdentifier.swift
[1762/1954] Compiling X509 ECDSASignature.swift
[1763/1954] Compiling X509 RSAPKCS1PublicKey.swift
[1764/1954] Compiling X509 SubjectPublicKeyInfo.swift
[1765/1954] Compiling X509 TBSCertificate.swift
[1766/1954] Compiling X509 Time.swift
[1767/1954] Compiling X509 TimeCalculations.swift
[1768/1954] Compiling X509 Validity.swift
[1769/1954] Compiling X509 X509SendableMetatype.swift
[1771/1955] Compiling NIOHPACK HuffmanTables.swift
[1772/1956] Compiling NIOHPACK StaticHeaderTable.swift
[1773/1956] Compiling NIOHTTPCompression HTTPResponseCompressor.swift
[1774/1956] Compiling NIOHTTPCompression HTTPRequestCompressor.swift
[1775/1956] Compiling NIOHTTPCompression HTTPDecompressor.swift
[1776/1956] Compiling NIOHPACK HuffmanCoding.swift
[1776/1956] Wrapping AST for X509 for debugging
[1778/1956] Compiling NIOHPACK IntegerCoding.swift
[1779/1956] Compiling NIOSSL SubjectAlternativeName.swift
[1780/1956] Compiling NIOHPACK IndexedHeaderTable.swift
[1781/1956] Compiling NIOSSL NIOSSLSecureBytes.swift
[1782/1956] Compiling NIOSSL RNG.swift
[1783/1956] Compiling NIOSSL SafeCompare.swift
[1784/2024] Compiling JWTKit GoogleHostedDomainClaim.swift
[1785/2024] Compiling JWTKit IDClaim.swift
[1786/2024] Compiling JWTKit IssuedAtClaim.swift
[1787/2024] Compiling JWTKit IssuerClaim.swift
[1788/2027] Compiling NIOHTTPCompression HTTPDecompression.swift
[1789/2027] Emitting module NIOHTTPCompression
[1790/2027] Compiling NIOHTTPCompression HTTPCompression.swift
[1792/2028] Emitting module NIOHPACK
[1793/2028] Compiling JWTKit ECDSASigningAlgorithm.swift
[1794/2028] Compiling JWTKit JWTKeyCollection+ECDSA.swift
[1795/2028] Compiling JWTKit EdDSA.swift
[1796/2028] Compiling JWTKit EdDSACurve.swift
[1797/2028] Compiling JWTKit EdDSAError.swift
[1798/2028] Compiling JWTKit EdDSASigner.swift
[1799/2028] Emitting module NIOSSL
[1800/2028] Compiling JWTKit JWTKeyCollection+EdDSA.swift
[1801/2028] Compiling JWTKit AudienceClaim.swift
[1802/2028] Compiling JWTKit BoolClaim.swift
[1803/2028] Compiling JWTKit ExpirationClaim.swift
[1804/2028] Compiling JWTKit HMACError.swift
[1805/2028] Compiling JWTKit HMACSigner.swift
[1806/2028] Compiling JWTKit JWTKeyCollection+HMAC.swift
[1807/2028] Compiling JWTKit Insecure.swift
[1808/2028] Compiling JWTKit P521+CurveType.swift
[1810/2028] Compiling JWTKit P256+CurveType.swift
[1811/2028] Compiling JWTKit P384+CurveType.swift
[1812/2029] Wrapping AST for NIOHTTPCompression for debugging
[1814/2029] Emitting module JWTKit
[1814/2038] Wrapping AST for NIOHPACK for debugging
[1816/2038] Compiling JWTKit JWTClaim.swift
[1817/2038] Compiling JWTKit JWTMultiValueClaim.swift
[1818/2038] Compiling JWTKit JWTUnixEpochClaim.swift
[1819/2038] Compiling JWTKit HMAC.swift
[1825/2051] Compiling JWTKit MLDSAType.swift
[1826/2051] Compiling JWTKit JWTKeyCollection+UnsecuredNone.swift
[1827/2051] Compiling JWTKit UnsecuredNoneSigner.swift
[1828/2051] Compiling JWTKit JWTKeyCollection+RSA.swift
[1829/2051] Compiling JWTKit RSA.swift
[1830/2051] Compiling JWTKit RSAError.swift
[1831/2051] Compiling JWTKit RSASigner.swift
[1832/2051] Compiling JWTKit Base64URL.swift
[1833/2051] Compiling JWTKit CryptoSigner.swift
[1834/2051] Compiling JWTKit JWTSerializer.swift
[1835/2051] Compiling JWTKit JWTSigner.swift
[1836/2051] Compiling JWTKit JWTKeyCollection+MLDSA.swift
[1837/2051] Compiling JWTKit MLDSA.swift
[1838/2051] Compiling JWTKit MLDSA65+MLDSAKey.swift
[1839/2051] Compiling JWTKit MLDSA87+MLDSAKey.swift
[1840/2051] Compiling JWTKit MLDSAError.swift
[1841/2051] Compiling JWTKit MLDSAKey.swift
[1842/2051] Compiling JWTKit MLDSASigner.swift
[1843/2101] Compiling NIOHTTP2 HTTP2ConnectionStateChange.swift
[1844/2101] Compiling NIOHTTP2 HTTP2Error.swift
[1845/2101] Compiling NIOHTTP2 HTTP2ErrorCode.swift
[1846/2101] Compiling NIOHTTP2 HTTP2FlowControlWindow.swift
[1847/2101] Compiling NIOHTTP2 HTTP2Frame.swift
[1848/2101] Compiling NIOHTTP2 HTTP2FrameEncoder.swift
[1849/2101] Compiling NIOHTTP2 HasFlowControlWindows.swift
[1850/2101] Compiling NIOHTTP2 HasLocalSettings.swift
[1851/2101] Compiling NIOHTTP2 HasRemoteSettings.swift
[1852/2101] Compiling NIOHTTP2 HTTP2Settings.swift
[1853/2101] Compiling NIOHTTP2 HTTP2Stream.swift
[1854/2101] Compiling NIOHTTP2 HTTP2StreamChannel+OutboundStreamMultiplexer.swift
[1855/2101] Compiling NIOHTTP2 HTTP2StreamChannel.swift
[1856/2101] Compiling NIOHTTP2 HTTP2StreamDelegate.swift
[1857/2101] Compiling NIOHTTP2 HTTP2StreamID.swift
[1858/2101] Compiling JWTKit ECDSACurveType.swift
[1859/2101] Compiling JWTKit ECDSAError.swift
[1860/2101] Compiling JWTKit ECDSAKeyTypes.swift
[1861/2101] Compiling JWTKit ECDSASigner.swift
[1862/2101] Compiling NIOHTTP2 DOSHeuristics.swift
[1863/2101] Compiling NIOHTTP2 Error+Any.swift
[1864/2101] Compiling NIOHTTP2 ConcurrentStreamBuffer.swift
[1865/2101] Compiling NIOHTTP2 ControlFrameBuffer.swift
[1866/2101] Compiling NIOHTTP2 OutboundFlowControlBuffer.swift
[1867/2101] Compiling NIOHTTP2 OutboundFrameBuffer.swift
[1868/2101] Compiling NIOHTTP2 GlitchesMonitor.swift
[1869/2101] Compiling NIOHTTP2 HPACKHeaders+Validation.swift
[1870/2101] Compiling NIOHTTP2 HTTP2ChannelHandler+InboundStreamMultiplexer.swift
[1871/2101] Compiling NIOHTTP2 HTTP2StreamMultiplexer.swift
[1872/2101] Compiling NIOHTTP2 LocallyQuiescingState.swift
[1873/2101] Compiling NIOHTTP2 QuiescingState.swift
[1874/2101] Compiling NIOHTTP2 RemotelyQuiescingState.swift
[1875/2101] Compiling NIOHTTP2 SendAndReceiveGoawayState.swift
[1877/2102] Compiling NIOHTTP2 SendingHeadersState.swift
[1878/2102] Compiling NIOHTTP2 SendingPushPromiseState.swift
[1879/2102] Compiling NIOHTTP2 SendingRstStreamState.swift
[1880/2102] Compiling NIOHTTP2 SendingWindowUpdateState.swift
[1881/2102] Compiling NIOHTTP2 HTTP2SettingsState.swift
[1882/2102] Compiling NIOHTTP2 HasExtendedConnectSettings.swift
[1883/2102] Compiling NIOHTTP2 ConnectionStateMachine.swift
[1884/2102] Compiling NIOHTTP2 ConnectionStreamsState.swift
[1885/2102] Compiling NIOHTTP2 MayReceiveFrames.swift
[1886/2102] Compiling NIOHTTP2 HTTP2ToHTTP1Codec.swift
[1887/2102] Compiling NIOHTTP2 HTTP2UserEvents.swift
[1888/2102] Compiling NIOHTTP2 InboundEventBuffer.swift
[1889/2102] Compiling NIOHTTP2 InboundWindowManager.swift
[1890/2102] Compiling NIOHTTP2 MultiplexerAbstractChannel.swift
[1891/2102] Compiling NIOHTTP2 NIOHTTP2FrameDelegate.swift
[1892/2102] Compiling NIOHTTP2 NIOHTTP2ServerConnectionManagementHandler+StateMachine.swift
[1893/2102] Compiling NIOHTTP2 HTTP2ChannelHandler+InlineStreamMultiplexer.swift
[1894/2102] Compiling NIOHTTP2 HTTP2ChannelHandler.swift
[1895/2102] Compiling NIOHTTP2 HTTP2CommonInboundStreamMultiplexer.swift
[1895/2102] Wrapping AST for NIOSSL for debugging
[1897/2102] Emitting module NIOHTTP2
[1898/2110] Compiling NIOHTTP2 StreamStateMachine.swift
[1899/2110] Compiling NIOHTTP2 Timer.swift
[1900/2110] Compiling NIOHTTP2 UnsafeTransfer.swift
[1901/2110] Compiling NIOHTTP2 WatermarkedFlowController.swift
[1902/2110] Compiling JWTKit GoogleIdentityToken.swift
[1903/2110] Compiling JWTKit MicrosoftIdentityToken.swift
[1904/2110] Compiling JWTKit EmptyPolicy.swift
[1905/2110] Compiling JWTKit ValidationTimePayload.swift
[1906/2110] Compiling JWTKit X5CVerifier.swift
[1907/2111] Wrapping AST for JWTKit for debugging
[1926/2111] Compiling NIOHTTP2 NIOHTTP2ServerConnectionManagementHandler.swift
[1927/2111] Compiling NIOHTTP2 StreamChannelFlowController.swift
[1928/2111] Compiling NIOHTTP2 StreamChannelList.swift
[1929/2111] Compiling NIOHTTP2 StreamMap.swift
[1934/2111] Compiling NIOHTTP2 HTTP2FrameParser.swift
[1935/2111] Compiling NIOHTTP2 HTTP2PingData.swift
[1936/2111] Compiling NIOHTTP2 HTTP2PipelineHelpers.swift
[1955/2111] Compiling NIOHTTP2 ReceivingDataState.swift
[1956/2111] Compiling NIOHTTP2 ReceivingGoAwayState.swift
[1957/2111] Compiling NIOHTTP2 ReceivingHeadersState.swift
[1958/2111] Compiling NIOHTTP2 ReceivingPushPromiseState.swift
[1959/2111] Compiling NIOHTTP2 ReceivingRstStreamState.swift
[1960/2111] Compiling NIOHTTP2 ReceivingWindowUpdateState.swift
[1968/2111] Compiling NIOHTTP2 StateMachineResult.swift
[1969/2111] Compiling NIOHTTP2 ContentLengthVerifier.swift
[1970/2111] Compiling NIOHTTP2 MaySendFrames.swift
[1971/2111] Compiling NIOHTTP2 SendingDataState.swift
[1972/2111] Compiling NIOHTTP2 SendingGoawayState.swift
[1979/2112] Wrapping AST for NIOHTTP2 for debugging
[1981/2176] Compiling AsyncHTTPClient AnyAsyncSequence.swift
[1982/2176] Compiling AsyncHTTPClient AnyAsyncSequenceProucerDelete.swift
[1983/2176] Compiling AsyncHTTPClient AsyncLazySequence.swift
[1984/2176] Compiling AsyncHTTPClient HTTPClient+execute.swift
[1985/2176] Compiling AsyncHTTPClient HTTPClient+shutdown.swift
[1986/2176] Compiling AsyncHTTPClient HTTPClient+tracing.swift
[1987/2176] Compiling AsyncHTTPClient HTTPClientRequest+Prepared.swift
[1988/2176] Compiling AsyncHTTPClient HTTPClientRequest+auth.swift
[1989/2176] Compiling AsyncHTTPClient HTTPClientRequest.swift
[1990/2184] Compiling AsyncHTTPClient HTTPClientResponse.swift
[1991/2184] Compiling AsyncHTTPClient SingleIteratorPrecondition.swift
[1992/2184] Compiling AsyncHTTPClient Transaction+StateMachine.swift
[1993/2184] Compiling AsyncHTTPClient Transaction.swift
[1994/2184] Compiling AsyncHTTPClient Base64.swift
[1995/2184] Compiling AsyncHTTPClient BasicAuth.swift
[1996/2184] Compiling AsyncHTTPClient BestEffortHashableTLSConfiguration.swift
[1997/2184] Compiling AsyncHTTPClient Configuration+BrowserLike.swift
[1998/2184] Compiling AsyncHTTPClient ConnectionPool.swift
[1999/2184] Compiling AsyncHTTPClient LRUCache.swift
[2000/2184] Compiling AsyncHTTPClient NIOLoopBound+Execute.swift
[2001/2184] Compiling AsyncHTTPClient NWErrorHandler.swift
[2002/2184] Compiling AsyncHTTPClient NWWaitingHandler.swift
[2003/2184] Compiling AsyncHTTPClient TLSConfiguration.swift
[2004/2184] Compiling AsyncHTTPClient RedirectState.swift
[2005/2184] Compiling AsyncHTTPClient RequestBag+StateMachine.swift
[2006/2184] Compiling AsyncHTTPClient RequestBag+Tracing.swift
[2007/2184] Compiling AsyncHTTPClient RequestBag.swift
[2008/2184] Compiling AsyncHTTPClient RequestValidation.swift
[2009/2184] Compiling AsyncHTTPClient SSLContextCache.swift
[2010/2184] Compiling AsyncHTTPClient Scheme.swift
[2011/2184] Compiling AsyncHTTPClient Singleton.swift
[2012/2184] Compiling AsyncHTTPClient StringConvertibleInstances.swift
[2013/2184] Compiling AsyncHTTPClient StructuredConcurrencyHelpers.swift
[2014/2184] Compiling AsyncHTTPClient TracingSupport.swift
[2015/2184] Compiling AsyncHTTPClient Utils.swift
[2016/2184] Compiling AsyncHTTPClient HTTPConnectionEvent.swift
[2017/2184] Compiling AsyncHTTPClient HTTPConnectionPool+Factory.swift
[2018/2184] Compiling AsyncHTTPClient HTTPConnectionPool+Manager.swift
[2019/2184] Compiling AsyncHTTPClient HTTPConnectionPool.swift
[2020/2184] Compiling AsyncHTTPClient HTTPExecutableRequest.swift
[2021/2184] Compiling AsyncHTTPClient HTTPRequestStateMachine+Demand.swift
[2022/2184] Compiling AsyncHTTPClient HTTPRequestStateMachine.swift
[2023/2184] Compiling AsyncHTTPClient RequestBodyLength.swift
[2024/2184] Compiling AsyncHTTPClient RequestFramingMetadata.swift
[2025/2184] Compiling AsyncHTTPClient RequestOptions.swift
[2026/2184] Compiling AsyncHTTPClient HTTPConnectionPool+Backoff.swift
[2027/2184] Compiling AsyncHTTPClient HTTPConnectionPool+HTTP1Connections.swift
[2028/2184] Compiling AsyncHTTPClient HTTPConnectionPool+HTTP1StateMachine.swift
[2029/2184] Compiling AsyncHTTPClient HTTPConnectionPool+HTTP2Connections.swift
[2030/2184] Compiling AsyncHTTPClient HTTPConnectionPool+HTTP2StateMachine.swift
[2031/2184] Compiling AsyncHTTPClient HTTPConnectionPool+RequestQueue.swift
[2032/2184] Compiling AsyncHTTPClient HTTPConnectionPool+StateMachine.swift
[2033/2184] Compiling AsyncHTTPClient ConnectionTarget.swift
[2034/2184] Compiling AsyncHTTPClient HTTP1ProxyConnectHandler.swift
[2035/2184] Compiling AsyncHTTPClient SOCKSEventsHandler.swift
[2036/2184] Compiling AsyncHTTPClient TLSEventsHandler.swift
[2037/2184] Compiling AsyncHTTPClient HTTP1ClientChannelHandler.swift
[2038/2184] Compiling AsyncHTTPClient HTTP1Connection.swift
[2039/2184] Compiling AsyncHTTPClient HTTP1ConnectionStateMachine.swift
[2040/2184] Compiling AsyncHTTPClient HTTP2ClientRequestHandler.swift
[2041/2184] Compiling AsyncHTTPClient HTTP2Connection.swift
[2042/2184] Compiling AsyncHTTPClient HTTP2IdleHandler.swift
[2043/2184] Emitting module AsyncHTTPClient
[2044/2184] Compiling AsyncHTTPClient DeconstructedURL.swift
[2045/2184] Compiling AsyncHTTPClient FileDownloadDelegate.swift
[2046/2184] Compiling AsyncHTTPClient FoundationExtensions.swift
[2047/2184] Compiling AsyncHTTPClient HTTPClient+HTTPCookie.swift
[2048/2184] Compiling AsyncHTTPClient HTTPClient+Proxy.swift
[2049/2184] Compiling AsyncHTTPClient HTTPClient+StructuredConcurrency.swift
[2050/2184] Compiling AsyncHTTPClient HTTPClient.swift
[2051/2184] Compiling AsyncHTTPClient HTTPClientConfiguration+SwiftConfiguration.swift
[2052/2184] Compiling AsyncHTTPClient HTTPHandler.swift
[2053/2208] Wrapping AST for AsyncHTTPClient for debugging
[2055/2208] Emitting module GoogleAuth
[2056/2211] Compiling GoogleAuth CredentialParserRegistry.swift
[2057/2211] Compiling GoogleAuth Credentials.swift
[2058/2211] Compiling GoogleAuth CredentialsError.swift
[2059/2211] Compiling GoogleAuth SubjectTokenProvider.swift
[2060/2211] Compiling GoogleAuth MDSAccessTokenProvider.swift
[2061/2211] Compiling GoogleAuth MDSCredentials.swift
[2062/2211] Compiling GoogleAuth AnonymousCredentials.swift
[2063/2211] Compiling GoogleAuth ApiKeyCredentials.swift
[2064/2211] Compiling GoogleAuth ExternalAccountCredentials.swift
[2065/2211] Compiling GoogleAuth ServiceAccountCredentials.swift
[2066/2211] Compiling GoogleAuth ServiceAccountData.swift
[2067/2211] Compiling GoogleAuth ServiceAccountTokenProvider.swift
[2068/2211] Compiling GoogleAuth ADC.swift
[2069/2211] Compiling GoogleAuth ADCPath.swift
[2070/2211] Compiling GoogleAuth ADCResolver.swift
[2071/2211] Compiling GoogleAuth AuthHeaders.swift
[2072/2211] Compiling GoogleAuth UserAccountData.swift
[2073/2211] Compiling GoogleAuth UserAccountTokenProvider.swift
[2074/2211] Compiling GoogleAuth UserCredentials.swift
[2075/2211] Compiling GoogleAuth AuthHTTPClient.swift
[2076/2211] Compiling GoogleAuth AuthHTTPError.swift
[2077/2211] Compiling GoogleAuth RetryEngine.swift
[2078/2211] Compiling GoogleAuth STSHandler.swift
[2079/2211] Compiling GoogleAuth TokenCache.swift
[2080/2211] Compiling GoogleAuth PackageVersion.swift
[2081/2212] Wrapping AST for GoogleAuth for debugging
[2083/2270] Compiling GoogleGax AIP194+PollingErrorPolicy.swift
[2084/2270] Compiling GoogleGax AIP194+RetryPolicy.swift
[2085/2270] Compiling GoogleGax AIP194.swift
[2086/2270] Compiling GoogleGax AdaptiveThrottler.swift
[2087/2270] Compiling GoogleGax AlwaysPoll.swift
[2088/2270] Compiling GoogleGax AlwaysRetry.swift
[2089/2270] Compiling GoogleGax ApiClientHeader.swift
[2090/2270] Compiling GoogleGax BackoffPolicy.swift
[2091/2270] Compiling GoogleGax BasePollingErrorPolicy.swift
[2092/2278] Compiling GoogleGax LimitedAttemptCount+PollingErrorPolicy.swift
[2093/2278] Compiling GoogleGax LimitedAttemptCount+RetryPolicy.swift
[2094/2278] Compiling GoogleGax LimitedAttemptCount.swift
[2095/2278] Compiling GoogleGax LimitedElapsedTime+PollingErrorPolicy.swift
[2096/2278] Compiling GoogleGax LimitedElapsedTime+RetryPolicy.swift
[2097/2278] Compiling GoogleGax LimitedElapsedTime.swift
[2098/2278] Compiling GoogleGax LongRunningOperations.swift
[2099/2278] Compiling GoogleGax NeverRetry.swift
[2100/2278] Compiling GoogleGax RequestOptions.swift
[2101/2278] Compiling GoogleGax RetryLoop.swift
[2102/2278] Compiling GoogleGax RetryPolicy.swift
[2103/2278] Compiling GoogleGax RetryResult.swift
[2104/2278] Compiling GoogleGax RetryState.swift
[2105/2278] Compiling GoogleGax RetryThrottler.swift
[2106/2278] Compiling GoogleGax RetryThrottlerError.swift
[2107/2278] Compiling GoogleGax RoutingMatcher.swift
[2108/2278] Compiling GoogleGax Pagination.swift
/host/spi-builder-workspace/.build/checkouts/swift-google-gax/Sources/GoogleGax/Pagination.swift:44:22: error: cannot convert '@Sendable (String) async throws -> (response: ResponseType, items: [Item], nextToken: String)' to 'nonisolated(nonsending) @Sendable (String) async throws -> (response: ResponseType, items: [Item], nextToken: String)' because crossing of an isolation boundary requires parameter and result types to conform to 'Sendable' protocol
42 | ) where ResponseType: _PaginatedResponse<Item> {
43 | self.initialPageToken = initialPageToken ?? ""
44 | self.fetchPage = { token in
| |- error: cannot convert '@Sendable (String) async throws -> (response: ResponseType, items: [Item], nextToken: String)' to 'nonisolated(nonsending) @Sendable (String) async throws -> (response: ResponseType, items: [Item], nextToken: String)' because crossing of an isolation boundary requires parameter and result types to conform to 'Sendable' protocol
| `- note: type 'Item' does not conform to 'Sendable' protocol
45 | let response = try await listRpc(token)
46 | return (response, response._getPaginatedItems(), response._nextPageToken())
[2109/2278] Compiling GoogleGax PollingBackoffPolicy.swift
/host/spi-builder-workspace/.build/checkouts/swift-google-gax/Sources/GoogleGax/Pagination.swift:44:22: error: cannot convert '@Sendable (String) async throws -> (response: ResponseType, items: [Item], nextToken: String)' to 'nonisolated(nonsending) @Sendable (String) async throws -> (response: ResponseType, items: [Item], nextToken: String)' because crossing of an isolation boundary requires parameter and result types to conform to 'Sendable' protocol
42 | ) where ResponseType: _PaginatedResponse<Item> {
43 | self.initialPageToken = initialPageToken ?? ""
44 | self.fetchPage = { token in
| |- error: cannot convert '@Sendable (String) async throws -> (response: ResponseType, items: [Item], nextToken: String)' to 'nonisolated(nonsending) @Sendable (String) async throws -> (response: ResponseType, items: [Item], nextToken: String)' because crossing of an isolation boundary requires parameter and result types to conform to 'Sendable' protocol
| `- note: type 'Item' does not conform to 'Sendable' protocol
45 | let response = try await listRpc(token)
46 | return (response, response._getPaginatedItems(), response._nextPageToken())
[2110/2278] Compiling GoogleGax PollingErrorPolicy.swift
/host/spi-builder-workspace/.build/checkouts/swift-google-gax/Sources/GoogleGax/Pagination.swift:44:22: error: cannot convert '@Sendable (String) async throws -> (response: ResponseType, items: [Item], nextToken: String)' to 'nonisolated(nonsending) @Sendable (String) async throws -> (response: ResponseType, items: [Item], nextToken: String)' because crossing of an isolation boundary requires parameter and result types to conform to 'Sendable' protocol
42 | ) where ResponseType: _PaginatedResponse<Item> {
43 | self.initialPageToken = initialPageToken ?? ""
44 | self.fetchPage = { token in
| |- error: cannot convert '@Sendable (String) async throws -> (response: ResponseType, items: [Item], nextToken: String)' to 'nonisolated(nonsending) @Sendable (String) async throws -> (response: ResponseType, items: [Item], nextToken: String)' because crossing of an isolation boundary requires parameter and result types to conform to 'Sendable' protocol
| `- note: type 'Item' does not conform to 'Sendable' protocol
45 | let response = try await listRpc(token)
46 | return (response, response._getPaginatedItems(), response._nextPageToken())
[2111/2278] Compiling GoogleGax PollingResult.swift
/host/spi-builder-workspace/.build/checkouts/swift-google-gax/Sources/GoogleGax/Pagination.swift:44:22: error: cannot convert '@Sendable (String) async throws -> (response: ResponseType, items: [Item], nextToken: String)' to 'nonisolated(nonsending) @Sendable (String) async throws -> (response: ResponseType, items: [Item], nextToken: String)' because crossing of an isolation boundary requires parameter and result types to conform to 'Sendable' protocol
42 | ) where ResponseType: _PaginatedResponse<Item> {
43 | self.initialPageToken = initialPageToken ?? ""
44 | self.fetchPage = { token in
| |- error: cannot convert '@Sendable (String) async throws -> (response: ResponseType, items: [Item], nextToken: String)' to 'nonisolated(nonsending) @Sendable (String) async throws -> (response: ResponseType, items: [Item], nextToken: String)' because crossing of an isolation boundary requires parameter and result types to conform to 'Sendable' protocol
| `- note: type 'Item' does not conform to 'Sendable' protocol
45 | let response = try await listRpc(token)
46 | return (response, response._getPaginatedItems(), response._nextPageToken())
[2112/2278] Compiling GoogleGax PollingState.swift
/host/spi-builder-workspace/.build/checkouts/swift-google-gax/Sources/GoogleGax/Pagination.swift:44:22: error: cannot convert '@Sendable (String) async throws -> (response: ResponseType, items: [Item], nextToken: String)' to 'nonisolated(nonsending) @Sendable (String) async throws -> (response: ResponseType, items: [Item], nextToken: String)' because crossing of an isolation boundary requires parameter and result types to conform to 'Sendable' protocol
42 | ) where ResponseType: _PaginatedResponse<Item> {
43 | self.initialPageToken = initialPageToken ?? ""
44 | self.fetchPage = { token in
| |- error: cannot convert '@Sendable (String) async throws -> (response: ResponseType, items: [Item], nextToken: String)' to 'nonisolated(nonsending) @Sendable (String) async throws -> (response: ResponseType, items: [Item], nextToken: String)' because crossing of an isolation boundary requires parameter and result types to conform to 'Sendable' protocol
| `- note: type 'Item' does not conform to 'Sendable' protocol
45 | let response = try await listRpc(token)
46 | return (response, response._getPaginatedItems(), response._nextPageToken())
[2113/2278] Compiling GoogleGax ProtobufConversionError.swift
/host/spi-builder-workspace/.build/checkouts/swift-google-gax/Sources/GoogleGax/Pagination.swift:44:22: error: cannot convert '@Sendable (String) async throws -> (response: ResponseType, items: [Item], nextToken: String)' to 'nonisolated(nonsending) @Sendable (String) async throws -> (response: ResponseType, items: [Item], nextToken: String)' because crossing of an isolation boundary requires parameter and result types to conform to 'Sendable' protocol
42 | ) where ResponseType: _PaginatedResponse<Item> {
43 | self.initialPageToken = initialPageToken ?? ""
44 | self.fetchPage = { token in
| |- error: cannot convert '@Sendable (String) async throws -> (response: ResponseType, items: [Item], nextToken: String)' to 'nonisolated(nonsending) @Sendable (String) async throws -> (response: ResponseType, items: [Item], nextToken: String)' because crossing of an isolation boundary requires parameter and result types to conform to 'Sendable' protocol
| `- note: type 'Item' does not conform to 'Sendable' protocol
45 | let response = try await listRpc(token)
46 | return (response, response._getPaginatedItems(), response._nextPageToken())
[2114/2278] Compiling GoogleGax QueryParameter.swift
/host/spi-builder-workspace/.build/checkouts/swift-google-gax/Sources/GoogleGax/Pagination.swift:44:22: error: cannot convert '@Sendable (String) async throws -> (response: ResponseType, items: [Item], nextToken: String)' to 'nonisolated(nonsending) @Sendable (String) async throws -> (response: ResponseType, items: [Item], nextToken: String)' because crossing of an isolation boundary requires parameter and result types to conform to 'Sendable' protocol
42 | ) where ResponseType: _PaginatedResponse<Item> {
43 | self.initialPageToken = initialPageToken ?? ""
44 | self.fetchPage = { token in
| |- error: cannot convert '@Sendable (String) async throws -> (response: ResponseType, items: [Item], nextToken: String)' to 'nonisolated(nonsending) @Sendable (String) async throws -> (response: ResponseType, items: [Item], nextToken: String)' because crossing of an isolation boundary requires parameter and result types to conform to 'Sendable' protocol
| `- note: type 'Item' does not conform to 'Sendable' protocol
45 | let response = try await listRpc(token)
46 | return (response, response._getPaginatedItems(), response._nextPageToken())
[2115/2278] Compiling GoogleGax RequestError.swift
/host/spi-builder-workspace/.build/checkouts/swift-google-gax/Sources/GoogleGax/Pagination.swift:44:22: error: cannot convert '@Sendable (String) async throws -> (response: ResponseType, items: [Item], nextToken: String)' to 'nonisolated(nonsending) @Sendable (String) async throws -> (response: ResponseType, items: [Item], nextToken: String)' because crossing of an isolation boundary requires parameter and result types to conform to 'Sendable' protocol
42 | ) where ResponseType: _PaginatedResponse<Item> {
43 | self.initialPageToken = initialPageToken ?? ""
44 | self.fetchPage = { token in
| |- error: cannot convert '@Sendable (String) async throws -> (response: ResponseType, items: [Item], nextToken: String)' to 'nonisolated(nonsending) @Sendable (String) async throws -> (response: ResponseType, items: [Item], nextToken: String)' because crossing of an isolation boundary requires parameter and result types to conform to 'Sendable' protocol
| `- note: type 'Item' does not conform to 'Sendable' protocol
45 | let response = try await listRpc(token)
46 | return (response, response._getPaginatedItems(), response._nextPageToken())
[2116/2278] Emitting module GoogleGax
[2117/2278] Compiling GoogleGax BaseRetryPolicy.swift
[2118/2278] Compiling GoogleGax BindingError.swift
[2119/2278] Compiling GoogleGax CRC32C.swift
[2120/2278] Compiling GoogleGax CircuitBreaker.swift
[2121/2278] Compiling GoogleGax ClientError.swift
[2122/2278] Compiling GoogleGax ClientOptions.swift
[2123/2278] Compiling GoogleGax ContinueOnIO+PollingErrorPolicy.swift
[2124/2278] Compiling GoogleGax ContinueOnIO+RetryPolicy.swift
[2125/2278] Compiling GoogleGax HTTPClientProtocol.swift
[2126/2278] Compiling GoogleGax HTTPClientRequest.swift
[2127/2278] Compiling GoogleGax HTTPClientResponse.swift
[2128/2278] Compiling GoogleGax HTTPHeaders.swift
[2129/2278] Compiling GoogleGax HTTPResponseBody.swift
[2130/2278] Compiling GoogleGax HeaderNames.swift
[2131/2278] Compiling GoogleGax Host.swift
[2132/2278] Compiling GoogleGax InProgressResult.swift
[2133/2278] Compiling GoogleGax ContinueOnIO.swift
[2134/2278] Compiling GoogleGax CredentialsProtocol.swift
[2135/2278] Compiling GoogleGax ErrorWrapper.swift
[2136/2278] Compiling GoogleGax ExponentialBackoff+BackoffPolicy.swift
[2137/2278] Compiling GoogleGax ExponentialBackoff+PollingBackoffPolicy.swift
[2138/2278] Compiling GoogleGax ExponentialBackoff.swift
[2139/2278] Compiling GoogleGax HTTPClient.swift
[2140/2278] Compiling GoogleGax HTTPClientHolder.swift
[2141/2278] Compiling GoogleGax ServiceError.swift
[2142/2278] Compiling GoogleGax StatusDetail.swift
[2143/2278] Compiling GoogleGax StrictIdempotency.swift
[2144/2278] Compiling GoogleGax ThrottleResult.swift
[2145/2278] Compiling GoogleGax TooManyRequests+PollingErrorPolicy.swift
[2146/2278] Compiling GoogleGax TooManyRequests+RetryPolicy.swift
[2147/2278] Compiling GoogleGax TooManyRequests.swift
[2148/2278] Compiling GoogleGax PackageVersion.swift
BUILD FAILURE 6.2 android