Build Information
Failed to build SearchAndSort, reference main (1205bb), with Swift 6.4 for watchOS using Xcode 27.0 on 21 Sep 2026 18:35:10 UTC.
Build Command
env DEVELOPER_DIR=/Applications/Xcode-27.0.0-Release.Candidate.app xcrun xcodebuild -IDEClonedSourcePackagesDirPathOverride=$PWD/.dependencies -skipMacroValidation -skipPackagePluginValidation -derivedDataPath $PWD/.derivedData build -scheme SearchAndSort -destination generic/platform=watchOSBuild Log
Prepare packages
CreateBuildRequest
SendProjectDescription
CreateBuildOperation
ComputeTargetDependencyGraph
note: Building targets in dependency order
note: Target dependency graph (4 targets)
Target 'SearchAndSort-product' in project 'SearchAndSort'
➜ Explicit dependency on target 'SearchAndSort' in project 'SearchAndSort'
➜ Explicit dependency on target 'MyLogger-product' in project 'MyLogger'
Target 'SearchAndSort' in project 'SearchAndSort'
➜ Explicit dependency on target 'MyLogger-product' in project 'MyLogger'
Target 'MyLogger-product' in project 'MyLogger'
➜ Explicit dependency on target 'MyLogger' in project 'MyLogger'
Target 'MyLogger' in project 'MyLogger' (no dependencies)
GatherProvisioningInputs
CreateBuildDescription
ExecuteExternalTool /Applications/Xcode-27.0.0-Release.Candidate.app/Contents/Developer/Toolchains/XcodeDefault.xctoolchain/usr/bin/clang -v -E -dM -isysroot /Applications/Xcode-27.0.0-Release.Candidate.app/Contents/Developer/Platforms/WatchOS.platform/Developer/SDKs/WatchOS27.0.sdk -x c -c /dev/null
ExecuteExternalTool /Applications/Xcode-27.0.0-Release.Candidate.app/Contents/Developer/Toolchains/XcodeDefault.xctoolchain/usr/bin/swiftc --version
ExecuteExternalTool /Applications/Xcode-27.0.0-Release.Candidate.app/Contents/Developer/Toolchains/XcodeDefault.xctoolchain/usr/bin/ld -version_details
Build description signature: b3f45c1b7ef74d6ba9a5bc666fa31074
Build description path: /Users/admin/builder/spi-builder-workspace/.derivedData/Build/Intermediates.noindex/XCBuildData/b3f45c1b7ef74d6ba9a5bc666fa31074.xcbuilddata
CreateBuildDirectory /Users/admin/builder/spi-builder-workspace/.derivedData/SDKExplicitPrecompiledModules
cd /Users/admin/builder/spi-builder-workspace/.swiftpm/xcode
builtin-create-build-directory /Users/admin/builder/spi-builder-workspace/.derivedData/SDKExplicitPrecompiledModules
CreateBuildDirectory /Users/admin/builder/spi-builder-workspace/.derivedData/ModuleCache.noindex
cd /Users/admin/builder/spi-builder-workspace/.swiftpm/xcode
builtin-create-build-directory /Users/admin/builder/spi-builder-workspace/.derivedData/ModuleCache.noindex
CreateBuildDirectory /Users/admin/builder/spi-builder-workspace/.derivedData/CompilationCache.noindex
cd /Users/admin/builder/spi-builder-workspace/.swiftpm/xcode
builtin-create-build-directory /Users/admin/builder/spi-builder-workspace/.derivedData/CompilationCache.noindex
ClangStatCache /Applications/Xcode-27.0.0-Release.Candidate.app/Contents/Developer/Toolchains/XcodeDefault.xctoolchain/usr/bin/clang-stat-cache /Applications/Xcode-27.0.0-Release.Candidate.app/Contents/Developer/Platforms/WatchOS.platform/Developer/SDKs/WatchOS27.0.sdk /Users/admin/builder/spi-builder-workspace/.derivedData/SDKStatCaches.noindex/watchos27.0-24R360-e829b21a6f8c9b70876ba0858053c04477534ef55a1706bf4c1112bbb242f0a2.sdkstatcache
cd /Users/admin/builder/spi-builder-workspace/.swiftpm/xcode
/Applications/Xcode-27.0.0-Release.Candidate.app/Contents/Developer/Toolchains/XcodeDefault.xctoolchain/usr/bin/clang-stat-cache /Applications/Xcode-27.0.0-Release.Candidate.app/Contents/Developer/Platforms/WatchOS.platform/Developer/SDKs/WatchOS27.0.sdk -o /Users/admin/builder/spi-builder-workspace/.derivedData/SDKStatCaches.noindex/watchos27.0-24R360-e829b21a6f8c9b70876ba0858053c04477534ef55a1706bf4c1112bbb242f0a2.sdkstatcache
CreateBuildDirectory /Users/admin/builder/spi-builder-workspace/.derivedData/Build/Intermediates.noindex
cd /Users/admin/builder/spi-builder-workspace/.swiftpm/xcode
builtin-create-build-directory /Users/admin/builder/spi-builder-workspace/.derivedData/Build/Intermediates.noindex
CreateBuildDirectory /Users/admin/builder/spi-builder-workspace/.derivedData/Build/Products
cd /Users/admin/builder/spi-builder-workspace/.swiftpm/xcode
builtin-create-build-directory /Users/admin/builder/spi-builder-workspace/.derivedData/Build/Products
CreateBuildDirectory /Users/admin/builder/spi-builder-workspace/.derivedData/Build/Intermediates.noindex/SwiftExplicitPrecompiledModules
cd /Users/admin/builder/spi-builder-workspace/.swiftpm/xcode
builtin-create-build-directory /Users/admin/builder/spi-builder-workspace/.derivedData/Build/Intermediates.noindex/SwiftExplicitPrecompiledModules
CreateBuildDirectory /Users/admin/builder/spi-builder-workspace/.derivedData/Build/Intermediates.noindex/PrecompiledHeaders
cd /Users/admin/builder/spi-builder-workspace/.swiftpm/xcode
builtin-create-build-directory /Users/admin/builder/spi-builder-workspace/.derivedData/Build/Intermediates.noindex/PrecompiledHeaders
CreateBuildDirectory /Users/admin/builder/spi-builder-workspace/.derivedData/Build/Intermediates.noindex/ExplicitPrecompiledModules
cd /Users/admin/builder/spi-builder-workspace/.swiftpm/xcode
builtin-create-build-directory /Users/admin/builder/spi-builder-workspace/.derivedData/Build/Intermediates.noindex/ExplicitPrecompiledModules
CreateBuildDirectory /Users/admin/builder/spi-builder-workspace/.derivedData/Build/Intermediates.noindex/EagerLinkingTBDs/Debug-watchos
cd /Users/admin/builder/spi-builder-workspace/.swiftpm/xcode
builtin-create-build-directory /Users/admin/builder/spi-builder-workspace/.derivedData/Build/Intermediates.noindex/EagerLinkingTBDs/Debug-watchos
CreateBuildDirectory /Users/admin/builder/spi-builder-workspace/.derivedData/Build/Products/Debug-watchos
cd /Users/admin/builder/spi-builder-workspace/.swiftpm/xcode
builtin-create-build-directory /Users/admin/builder/spi-builder-workspace/.derivedData/Build/Products/Debug-watchos
CreateBuildDirectory /Users/admin/builder/spi-builder-workspace/.derivedData/Build/Products/Debug-watchos/PackageFrameworks
cd /Users/admin/builder/spi-builder-workspace/.swiftpm/xcode
builtin-create-build-directory /Users/admin/builder/spi-builder-workspace/.derivedData/Build/Products/Debug-watchos/PackageFrameworks
WriteAuxiliaryFile /Users/admin/builder/spi-builder-workspace/.derivedData/Build/Intermediates.noindex/MyLogger.build/Debug-watchos/MyLogger-t.build/Objects-normal/arm64_32/MyLogger.LinkFileList (in target 'MyLogger' from project 'MyLogger')
cd /Users/admin/builder/spi-builder-workspace/.dependencies/checkouts/MyLogger
write-file /Users/admin/builder/spi-builder-workspace/.derivedData/Build/Intermediates.noindex/MyLogger.build/Debug-watchos/MyLogger-t.build/Objects-normal/arm64_32/MyLogger.LinkFileList
WriteAuxiliaryFile /Users/admin/builder/spi-builder-workspace/.derivedData/Build/Intermediates.noindex/MyLogger.build/Debug-watchos/MyLogger-t.build/Objects-normal/arm64_32/MyLogger.SwiftConstValuesFileList (in target 'MyLogger' from project 'MyLogger')
cd /Users/admin/builder/spi-builder-workspace/.dependencies/checkouts/MyLogger
write-file /Users/admin/builder/spi-builder-workspace/.derivedData/Build/Intermediates.noindex/MyLogger.build/Debug-watchos/MyLogger-t.build/Objects-normal/arm64_32/MyLogger.SwiftConstValuesFileList
WriteAuxiliaryFile /Users/admin/builder/spi-builder-workspace/.derivedData/Build/Intermediates.noindex/MyLogger.build/Debug-watchos/MyLogger-t.build/Objects-normal/arm64_32/MyLogger_const_extract_protocols.json (in target 'MyLogger' from project 'MyLogger')
cd /Users/admin/builder/spi-builder-workspace/.dependencies/checkouts/MyLogger
write-file /Users/admin/builder/spi-builder-workspace/.derivedData/Build/Intermediates.noindex/MyLogger.build/Debug-watchos/MyLogger-t.build/Objects-normal/arm64_32/MyLogger_const_extract_protocols.json
WriteAuxiliaryFile /Users/admin/builder/spi-builder-workspace/.derivedData/Build/Intermediates.noindex/MyLogger.build/Debug-watchos/MyLogger-t.build/Objects-normal/arm64_32/MyLogger-OutputFileMap.json (in target 'MyLogger' from project 'MyLogger')
cd /Users/admin/builder/spi-builder-workspace/.dependencies/checkouts/MyLogger
write-file /Users/admin/builder/spi-builder-workspace/.derivedData/Build/Intermediates.noindex/MyLogger.build/Debug-watchos/MyLogger-t.build/Objects-normal/arm64_32/MyLogger-OutputFileMap.json
WriteAuxiliaryFile /Users/admin/builder/spi-builder-workspace/.derivedData/Build/Intermediates.noindex/MyLogger.build/Debug-watchos/MyLogger-t.build/Objects-normal/arm64_32/MyLogger.SwiftFileList (in target 'MyLogger' from project 'MyLogger')
cd /Users/admin/builder/spi-builder-workspace/.dependencies/checkouts/MyLogger
write-file /Users/admin/builder/spi-builder-workspace/.derivedData/Build/Intermediates.noindex/MyLogger.build/Debug-watchos/MyLogger-t.build/Objects-normal/arm64_32/MyLogger.SwiftFileList
WriteAuxiliaryFile /Users/admin/builder/spi-builder-workspace/.derivedData/Build/Intermediates.noindex/MyLogger.build/Debug-watchos/MyLogger-t.build/Objects-normal/arm64/MyLogger.LinkFileList (in target 'MyLogger' from project 'MyLogger')
cd /Users/admin/builder/spi-builder-workspace/.dependencies/checkouts/MyLogger
write-file /Users/admin/builder/spi-builder-workspace/.derivedData/Build/Intermediates.noindex/MyLogger.build/Debug-watchos/MyLogger-t.build/Objects-normal/arm64/MyLogger.LinkFileList
WriteAuxiliaryFile /Users/admin/builder/spi-builder-workspace/.derivedData/Build/Intermediates.noindex/MyLogger.build/Debug-watchos/MyLogger-t.build/Objects-normal/arm64/MyLogger_const_extract_protocols.json (in target 'MyLogger' from project 'MyLogger')
cd /Users/admin/builder/spi-builder-workspace/.dependencies/checkouts/MyLogger
write-file /Users/admin/builder/spi-builder-workspace/.derivedData/Build/Intermediates.noindex/MyLogger.build/Debug-watchos/MyLogger-t.build/Objects-normal/arm64/MyLogger_const_extract_protocols.json
WriteAuxiliaryFile /Users/admin/builder/spi-builder-workspace/.derivedData/Build/Intermediates.noindex/SearchAndSort.build/Debug-watchos/SearchAndSort-t.build/SearchAndSort.modulemap (in target 'SearchAndSort' from project 'SearchAndSort')
cd /Users/admin/builder/spi-builder-workspace
write-file /Users/admin/builder/spi-builder-workspace/.derivedData/Build/Intermediates.noindex/SearchAndSort.build/Debug-watchos/SearchAndSort-t.build/SearchAndSort.modulemap
WriteAuxiliaryFile /Users/admin/builder/spi-builder-workspace/.derivedData/Build/Intermediates.noindex/MyLogger.build/Debug-watchos/MyLogger-t.build/Objects-normal/arm64/MyLogger-OutputFileMap.json (in target 'MyLogger' from project 'MyLogger')
cd /Users/admin/builder/spi-builder-workspace/.dependencies/checkouts/MyLogger
write-file /Users/admin/builder/spi-builder-workspace/.derivedData/Build/Intermediates.noindex/MyLogger.build/Debug-watchos/MyLogger-t.build/Objects-normal/arm64/MyLogger-OutputFileMap.json
WriteAuxiliaryFile /Users/admin/builder/spi-builder-workspace/.derivedData/Build/Intermediates.noindex/SearchAndSort.build/Debug-watchos/SearchAndSort-t.build/SearchAndSort.DependencyStaticMetadataFileList (in target 'SearchAndSort' from project 'SearchAndSort')
cd /Users/admin/builder/spi-builder-workspace
write-file /Users/admin/builder/spi-builder-workspace/.derivedData/Build/Intermediates.noindex/SearchAndSort.build/Debug-watchos/SearchAndSort-t.build/SearchAndSort.DependencyStaticMetadataFileList
WriteAuxiliaryFile /Users/admin/builder/spi-builder-workspace/.derivedData/Build/Intermediates.noindex/SearchAndSort.build/Debug-watchos/SearchAndSort-t.build/SearchAndSort.DependencyMetadataFileList (in target 'SearchAndSort' from project 'SearchAndSort')
cd /Users/admin/builder/spi-builder-workspace
write-file /Users/admin/builder/spi-builder-workspace/.derivedData/Build/Intermediates.noindex/SearchAndSort.build/Debug-watchos/SearchAndSort-t.build/SearchAndSort.DependencyMetadataFileList
WriteAuxiliaryFile /Users/admin/builder/spi-builder-workspace/.derivedData/Build/Intermediates.noindex/SearchAndSort.build/Debug-watchos/SearchAndSort-t.build/Objects-normal/arm64_32/SearchAndSort.SwiftFileList (in target 'SearchAndSort' from project 'SearchAndSort')
cd /Users/admin/builder/spi-builder-workspace
write-file /Users/admin/builder/spi-builder-workspace/.derivedData/Build/Intermediates.noindex/SearchAndSort.build/Debug-watchos/SearchAndSort-t.build/Objects-normal/arm64_32/SearchAndSort.SwiftFileList
WriteAuxiliaryFile /Users/admin/builder/spi-builder-workspace/.derivedData/Build/Intermediates.noindex/SearchAndSort.build/Debug-watchos/SearchAndSort-t.build/Objects-normal/arm64_32/SearchAndSort-OutputFileMap.json (in target 'SearchAndSort' from project 'SearchAndSort')
cd /Users/admin/builder/spi-builder-workspace
write-file /Users/admin/builder/spi-builder-workspace/.derivedData/Build/Intermediates.noindex/SearchAndSort.build/Debug-watchos/SearchAndSort-t.build/Objects-normal/arm64_32/SearchAndSort-OutputFileMap.json
WriteAuxiliaryFile /Users/admin/builder/spi-builder-workspace/.derivedData/Build/Intermediates.noindex/SearchAndSort.build/Debug-watchos/SearchAndSort-t.build/Objects-normal/arm64_32/SearchAndSort.SwiftConstValuesFileList (in target 'SearchAndSort' from project 'SearchAndSort')
cd /Users/admin/builder/spi-builder-workspace
write-file /Users/admin/builder/spi-builder-workspace/.derivedData/Build/Intermediates.noindex/SearchAndSort.build/Debug-watchos/SearchAndSort-t.build/Objects-normal/arm64_32/SearchAndSort.SwiftConstValuesFileList
WriteAuxiliaryFile /Users/admin/builder/spi-builder-workspace/.derivedData/Build/Intermediates.noindex/SearchAndSort.build/Debug-watchos/SearchAndSort-t.build/Objects-normal/arm64_32/SearchAndSort_const_extract_protocols.json (in target 'SearchAndSort' from project 'SearchAndSort')
cd /Users/admin/builder/spi-builder-workspace
write-file /Users/admin/builder/spi-builder-workspace/.derivedData/Build/Intermediates.noindex/SearchAndSort.build/Debug-watchos/SearchAndSort-t.build/Objects-normal/arm64_32/SearchAndSort_const_extract_protocols.json
WriteAuxiliaryFile /Users/admin/builder/spi-builder-workspace/.derivedData/Build/Intermediates.noindex/SearchAndSort.build/Debug-watchos/SearchAndSort-t.build/Objects-normal/arm64_32/SearchAndSort.LinkFileList (in target 'SearchAndSort' from project 'SearchAndSort')
cd /Users/admin/builder/spi-builder-workspace
write-file /Users/admin/builder/spi-builder-workspace/.derivedData/Build/Intermediates.noindex/SearchAndSort.build/Debug-watchos/SearchAndSort-t.build/Objects-normal/arm64_32/SearchAndSort.LinkFileList
WriteAuxiliaryFile /Users/admin/builder/spi-builder-workspace/.derivedData/Build/Intermediates.noindex/SearchAndSort.build/Debug-watchos/SearchAndSort-t.build/Objects-normal/arm64/SearchAndSort.SwiftFileList (in target 'SearchAndSort' from project 'SearchAndSort')
cd /Users/admin/builder/spi-builder-workspace
write-file /Users/admin/builder/spi-builder-workspace/.derivedData/Build/Intermediates.noindex/SearchAndSort.build/Debug-watchos/SearchAndSort-t.build/Objects-normal/arm64/SearchAndSort.SwiftFileList
WriteAuxiliaryFile /Users/admin/builder/spi-builder-workspace/.derivedData/Build/Intermediates.noindex/SearchAndSort.build/Debug-watchos/SearchAndSort-t.build/Objects-normal/arm64/SearchAndSort_const_extract_protocols.json (in target 'SearchAndSort' from project 'SearchAndSort')
cd /Users/admin/builder/spi-builder-workspace
write-file /Users/admin/builder/spi-builder-workspace/.derivedData/Build/Intermediates.noindex/SearchAndSort.build/Debug-watchos/SearchAndSort-t.build/Objects-normal/arm64/SearchAndSort_const_extract_protocols.json
WriteAuxiliaryFile /Users/admin/builder/spi-builder-workspace/.derivedData/Build/Intermediates.noindex/SearchAndSort.build/Debug-watchos/SearchAndSort-t.build/Objects-normal/arm64/SearchAndSort.SwiftConstValuesFileList (in target 'SearchAndSort' from project 'SearchAndSort')
cd /Users/admin/builder/spi-builder-workspace
write-file /Users/admin/builder/spi-builder-workspace/.derivedData/Build/Intermediates.noindex/SearchAndSort.build/Debug-watchos/SearchAndSort-t.build/Objects-normal/arm64/SearchAndSort.SwiftConstValuesFileList
WriteAuxiliaryFile /Users/admin/builder/spi-builder-workspace/.derivedData/Build/Intermediates.noindex/SearchAndSort.build/Debug-watchos/SearchAndSort-t.build/Objects-normal/arm64/SearchAndSort.LinkFileList (in target 'SearchAndSort' from project 'SearchAndSort')
cd /Users/admin/builder/spi-builder-workspace
write-file /Users/admin/builder/spi-builder-workspace/.derivedData/Build/Intermediates.noindex/SearchAndSort.build/Debug-watchos/SearchAndSort-t.build/Objects-normal/arm64/SearchAndSort.LinkFileList
WriteAuxiliaryFile /Users/admin/builder/spi-builder-workspace/.derivedData/Build/Intermediates.noindex/SearchAndSort.build/Debug-watchos/SearchAndSort-t.build/Objects-normal/arm64/SearchAndSort-OutputFileMap.json (in target 'SearchAndSort' from project 'SearchAndSort')
cd /Users/admin/builder/spi-builder-workspace
write-file /Users/admin/builder/spi-builder-workspace/.derivedData/Build/Intermediates.noindex/SearchAndSort.build/Debug-watchos/SearchAndSort-t.build/Objects-normal/arm64/SearchAndSort-OutputFileMap.json
Copy /Users/admin/builder/spi-builder-workspace/.derivedData/Build/Intermediates.noindex/GeneratedModuleMaps-watchos/SearchAndSort.modulemap /Users/admin/builder/spi-builder-workspace/.derivedData/Build/Intermediates.noindex/SearchAndSort.build/Debug-watchos/SearchAndSort-t.build/SearchAndSort.modulemap (in target 'SearchAndSort' from project 'SearchAndSort')
cd /Users/admin/builder/spi-builder-workspace
builtin-copy -exclude .DS_Store -exclude CVS -exclude .svn -exclude .git -exclude .hg -resolve-src-symlinks /Users/admin/builder/spi-builder-workspace/.derivedData/Build/Intermediates.noindex/SearchAndSort.build/Debug-watchos/SearchAndSort-t.build/SearchAndSort.modulemap /Users/admin/builder/spi-builder-workspace/.derivedData/Build/Intermediates.noindex/GeneratedModuleMaps-watchos
WriteAuxiliaryFile /Users/admin/builder/spi-builder-workspace/.derivedData/Build/Intermediates.noindex/MyLogger.build/Debug-watchos/MyLogger-t.build/Objects-normal/arm64/MyLogger.SwiftFileList (in target 'MyLogger' from project 'MyLogger')
cd /Users/admin/builder/spi-builder-workspace/.dependencies/checkouts/MyLogger
write-file /Users/admin/builder/spi-builder-workspace/.derivedData/Build/Intermediates.noindex/MyLogger.build/Debug-watchos/MyLogger-t.build/Objects-normal/arm64/MyLogger.SwiftFileList
WriteAuxiliaryFile /Users/admin/builder/spi-builder-workspace/.derivedData/Build/Intermediates.noindex/MyLogger.build/Debug-watchos/MyLogger-t.build/Objects-normal/arm64/MyLogger.SwiftConstValuesFileList (in target 'MyLogger' from project 'MyLogger')
cd /Users/admin/builder/spi-builder-workspace/.dependencies/checkouts/MyLogger
write-file /Users/admin/builder/spi-builder-workspace/.derivedData/Build/Intermediates.noindex/MyLogger.build/Debug-watchos/MyLogger-t.build/Objects-normal/arm64/MyLogger.SwiftConstValuesFileList
WriteAuxiliaryFile /Users/admin/builder/spi-builder-workspace/.derivedData/Build/Intermediates.noindex/MyLogger.build/Debug-watchos/MyLogger-t.build/MyLogger.modulemap (in target 'MyLogger' from project 'MyLogger')
cd /Users/admin/builder/spi-builder-workspace/.dependencies/checkouts/MyLogger
write-file /Users/admin/builder/spi-builder-workspace/.derivedData/Build/Intermediates.noindex/MyLogger.build/Debug-watchos/MyLogger-t.build/MyLogger.modulemap
WriteAuxiliaryFile /Users/admin/builder/spi-builder-workspace/.derivedData/Build/Intermediates.noindex/MyLogger.build/Debug-watchos/MyLogger-t.build/MyLogger.DependencyStaticMetadataFileList (in target 'MyLogger' from project 'MyLogger')
cd /Users/admin/builder/spi-builder-workspace/.dependencies/checkouts/MyLogger
write-file /Users/admin/builder/spi-builder-workspace/.derivedData/Build/Intermediates.noindex/MyLogger.build/Debug-watchos/MyLogger-t.build/MyLogger.DependencyStaticMetadataFileList
WriteAuxiliaryFile /Users/admin/builder/spi-builder-workspace/.derivedData/Build/Intermediates.noindex/MyLogger.build/Debug-watchos/MyLogger-t.build/MyLogger.DependencyMetadataFileList (in target 'MyLogger' from project 'MyLogger')
cd /Users/admin/builder/spi-builder-workspace/.dependencies/checkouts/MyLogger
write-file /Users/admin/builder/spi-builder-workspace/.derivedData/Build/Intermediates.noindex/MyLogger.build/Debug-watchos/MyLogger-t.build/MyLogger.DependencyMetadataFileList
Copy /Users/admin/builder/spi-builder-workspace/.derivedData/Build/Intermediates.noindex/GeneratedModuleMaps-watchos/MyLogger.modulemap /Users/admin/builder/spi-builder-workspace/.derivedData/Build/Intermediates.noindex/MyLogger.build/Debug-watchos/MyLogger-t.build/MyLogger.modulemap (in target 'MyLogger' from project 'MyLogger')
cd /Users/admin/builder/spi-builder-workspace/.dependencies/checkouts/MyLogger
builtin-copy -exclude .DS_Store -exclude CVS -exclude .svn -exclude .git -exclude .hg -resolve-src-symlinks /Users/admin/builder/spi-builder-workspace/.derivedData/Build/Intermediates.noindex/MyLogger.build/Debug-watchos/MyLogger-t.build/MyLogger.modulemap /Users/admin/builder/spi-builder-workspace/.derivedData/Build/Intermediates.noindex/GeneratedModuleMaps-watchos
SwiftDriver MyLogger normal arm64 com.apple.xcode.tools.swift.compiler (in target 'MyLogger' from project 'MyLogger')
cd /Users/admin/builder/spi-builder-workspace/.swiftpm/xcode
builtin-SwiftDriver -- /Applications/Xcode-27.0.0-Release.Candidate.app/Contents/Developer/Toolchains/XcodeDefault.xctoolchain/usr/bin/swiftc -parse-as-library -module-name MyLogger -Onone @/Users/admin/builder/spi-builder-workspace/.derivedData/Build/Intermediates.noindex/MyLogger.build/Debug-watchos/MyLogger-t.build/Objects-normal/arm64/MyLogger.SwiftFileList -DSWIFT_PACKAGE -DDEBUG -DSWIFT_MODULE_RESOURCE_BUNDLE_UNAVAILABLE -DXcode -plugin-path /Applications/Xcode-27.0.0-Release.Candidate.app/Contents/Developer/Toolchains/XcodeDefault.xctoolchain/usr/lib/swift/host/plugins/testing -enable-experimental-feature DebugDescriptionMacro -sdk /Applications/Xcode-27.0.0-Release.Candidate.app/Contents/Developer/Platforms/WatchOS.platform/Developer/SDKs/WatchOS27.0.sdk -target arm64-apple-watchos9.0 -g -module-cache-path /Users/admin/builder/spi-builder-workspace/.derivedData/ModuleCache.noindex -Xfrontend -serialize-debugging-options -profile-coverage-mapping -profile-generate -enable-testing -suppress-warnings -index-store-path /Users/admin/builder/spi-builder-workspace/.derivedData/Index.noindex/DataStore -Xcc -D_LIBCPP_HARDENING_MODE\=_LIBCPP_HARDENING_MODE_DEBUG -swift-version 6 -I /Users/admin/builder/spi-builder-workspace/.derivedData/Build/Products/Debug-watchos -Isystem /Applications/Xcode-27.0.0-Release.Candidate.app/Contents/Developer/Platforms/WatchOS.platform/Developer/usr/lib -F /Users/admin/builder/spi-builder-workspace/.derivedData/Build/Products/Debug-watchos -F /Applications/Xcode-27.0.0-Release.Candidate.app/Contents/Developer/Platforms/WatchOS.platform/Developer/Library/Frameworks -F /Applications/Xcode-27.0.0-Release.Candidate.app/Contents/Developer/Platforms/WatchOS.platform/Developer/SDKs/WatchOS27.0.sdk/Developer/Library/Frameworks -c -j10 -enable-batch-mode -incremental -Xcc -ivfsstatcache -Xcc /Users/admin/builder/spi-builder-workspace/.derivedData/SDKStatCaches.noindex/watchos27.0-24R360-e829b21a6f8c9b70876ba0858053c04477534ef55a1706bf4c1112bbb242f0a2.sdkstatcache -output-file-map /Users/admin/builder/spi-builder-workspace/.derivedData/Build/Intermediates.noindex/MyLogger.build/Debug-watchos/MyLogger-t.build/Objects-normal/arm64/MyLogger-OutputFileMap.json -save-temps -no-color-diagnostics -explicit-module-build -module-cache-path /Users/admin/builder/spi-builder-workspace/.derivedData/Build/Intermediates.noindex/SwiftExplicitPrecompiledModules -clang-scanner-module-cache-path /Users/admin/builder/spi-builder-workspace/.derivedData/ModuleCache.noindex -sdk-module-cache-path /Users/admin/builder/spi-builder-workspace/.derivedData/SDKExplicitPrecompiledModules -emit-dependencies -emit-module -emit-module-path /Users/admin/builder/spi-builder-workspace/.derivedData/Build/Intermediates.noindex/MyLogger.build/Debug-watchos/MyLogger-t.build/Objects-normal/arm64/MyLogger.swiftmodule -serialize-diagnostics -dependency-scan-serialize-diagnostics-path /Users/admin/builder/spi-builder-workspace/.derivedData/Build/Intermediates.noindex/MyLogger.build/Debug-watchos/MyLogger-t.build/Objects-normal/arm64/MyLogger-dependency-scan.dia -user-module-version 1.0.3 -validate-clang-modules-once -clang-build-session-file /Users/admin/builder/spi-builder-workspace/.derivedData/ModuleCache.noindex/Session.modulevalidation -Xcc -fmodules-prune-interval\=86400 -Xcc -fmodules-prune-after\=345600 -package-name mylogger -emit-const-values -const-gather-protocols-list /Users/admin/builder/spi-builder-workspace/.derivedData/Build/Intermediates.noindex/MyLogger.build/Debug-watchos/MyLogger-t.build/Objects-normal/arm64/MyLogger_const_extract_protocols.json -Xcc -I/Users/admin/builder/spi-builder-workspace/.derivedData/Build/Products/Debug-watchos/include -Xcc -I/Users/admin/builder/spi-builder-workspace/.derivedData/Build/Intermediates.noindex/MyLogger.build/Debug-watchos/MyLogger-t.build/DerivedSources-normal/arm64 -Xcc -I/Users/admin/builder/spi-builder-workspace/.derivedData/Build/Intermediates.noindex/MyLogger.build/Debug-watchos/MyLogger-t.build/DerivedSources/arm64 -Xcc -I/Users/admin/builder/spi-builder-workspace/.derivedData/Build/Intermediates.noindex/MyLogger.build/Debug-watchos/MyLogger-t.build/DerivedSources -Xcc -DSWIFT_PACKAGE -Xcc -DDEBUG\=1 -emit-objc-header -emit-objc-header-path /Users/admin/builder/spi-builder-workspace/.derivedData/Build/Intermediates.noindex/MyLogger.build/Debug-watchos/MyLogger-t.build/Objects-normal/arm64/MyLogger-Swift.h -working-directory /Users/admin/builder/spi-builder-workspace/.swiftpm/xcode -experimental-emit-module-separately -disable-cmo
SwiftDriver MyLogger normal arm64_32 com.apple.xcode.tools.swift.compiler (in target 'MyLogger' from project 'MyLogger')
cd /Users/admin/builder/spi-builder-workspace/.swiftpm/xcode
builtin-SwiftDriver -- /Applications/Xcode-27.0.0-Release.Candidate.app/Contents/Developer/Toolchains/XcodeDefault.xctoolchain/usr/bin/swiftc -parse-as-library -module-name MyLogger -Onone @/Users/admin/builder/spi-builder-workspace/.derivedData/Build/Intermediates.noindex/MyLogger.build/Debug-watchos/MyLogger-t.build/Objects-normal/arm64_32/MyLogger.SwiftFileList -DSWIFT_PACKAGE -DDEBUG -DSWIFT_MODULE_RESOURCE_BUNDLE_UNAVAILABLE -DXcode -plugin-path /Applications/Xcode-27.0.0-Release.Candidate.app/Contents/Developer/Toolchains/XcodeDefault.xctoolchain/usr/lib/swift/host/plugins/testing -enable-experimental-feature DebugDescriptionMacro -sdk /Applications/Xcode-27.0.0-Release.Candidate.app/Contents/Developer/Platforms/WatchOS.platform/Developer/SDKs/WatchOS27.0.sdk -target arm64_32-apple-watchos9.0 -g -module-cache-path /Users/admin/builder/spi-builder-workspace/.derivedData/ModuleCache.noindex -Xfrontend -serialize-debugging-options -profile-coverage-mapping -profile-generate -enable-testing -suppress-warnings -index-store-path /Users/admin/builder/spi-builder-workspace/.derivedData/Index.noindex/DataStore -Xcc -D_LIBCPP_HARDENING_MODE\=_LIBCPP_HARDENING_MODE_DEBUG -swift-version 6 -I /Users/admin/builder/spi-builder-workspace/.derivedData/Build/Products/Debug-watchos -Isystem /Applications/Xcode-27.0.0-Release.Candidate.app/Contents/Developer/Platforms/WatchOS.platform/Developer/usr/lib -F /Users/admin/builder/spi-builder-workspace/.derivedData/Build/Products/Debug-watchos -F /Applications/Xcode-27.0.0-Release.Candidate.app/Contents/Developer/Platforms/WatchOS.platform/Developer/Library/Frameworks -F /Applications/Xcode-27.0.0-Release.Candidate.app/Contents/Developer/Platforms/WatchOS.platform/Developer/SDKs/WatchOS27.0.sdk/Developer/Library/Frameworks -c -j10 -enable-batch-mode -incremental -Xcc -ivfsstatcache -Xcc /Users/admin/builder/spi-builder-workspace/.derivedData/SDKStatCaches.noindex/watchos27.0-24R360-e829b21a6f8c9b70876ba0858053c04477534ef55a1706bf4c1112bbb242f0a2.sdkstatcache -output-file-map /Users/admin/builder/spi-builder-workspace/.derivedData/Build/Intermediates.noindex/MyLogger.build/Debug-watchos/MyLogger-t.build/Objects-normal/arm64_32/MyLogger-OutputFileMap.json -save-temps -no-color-diagnostics -explicit-module-build -module-cache-path /Users/admin/builder/spi-builder-workspace/.derivedData/Build/Intermediates.noindex/SwiftExplicitPrecompiledModules -clang-scanner-module-cache-path /Users/admin/builder/spi-builder-workspace/.derivedData/ModuleCache.noindex -sdk-module-cache-path /Users/admin/builder/spi-builder-workspace/.derivedData/SDKExplicitPrecompiledModules -emit-dependencies -emit-module -emit-module-path /Users/admin/builder/spi-builder-workspace/.derivedData/Build/Intermediates.noindex/MyLogger.build/Debug-watchos/MyLogger-t.build/Objects-normal/arm64_32/MyLogger.swiftmodule -serialize-diagnostics -dependency-scan-serialize-diagnostics-path /Users/admin/builder/spi-builder-workspace/.derivedData/Build/Intermediates.noindex/MyLogger.build/Debug-watchos/MyLogger-t.build/Objects-normal/arm64_32/MyLogger-dependency-scan.dia -user-module-version 1.0.3 -validate-clang-modules-once -clang-build-session-file /Users/admin/builder/spi-builder-workspace/.derivedData/ModuleCache.noindex/Session.modulevalidation -Xcc -fmodules-prune-interval\=86400 -Xcc -fmodules-prune-after\=345600 -package-name mylogger -emit-const-values -const-gather-protocols-list /Users/admin/builder/spi-builder-workspace/.derivedData/Build/Intermediates.noindex/MyLogger.build/Debug-watchos/MyLogger-t.build/Objects-normal/arm64_32/MyLogger_const_extract_protocols.json -Xcc -I/Users/admin/builder/spi-builder-workspace/.derivedData/Build/Products/Debug-watchos/include -Xcc -I/Users/admin/builder/spi-builder-workspace/.derivedData/Build/Intermediates.noindex/MyLogger.build/Debug-watchos/MyLogger-t.build/DerivedSources-normal/arm64_32 -Xcc -I/Users/admin/builder/spi-builder-workspace/.derivedData/Build/Intermediates.noindex/MyLogger.build/Debug-watchos/MyLogger-t.build/DerivedSources/arm64_32 -Xcc -I/Users/admin/builder/spi-builder-workspace/.derivedData/Build/Intermediates.noindex/MyLogger.build/Debug-watchos/MyLogger-t.build/DerivedSources -Xcc -DSWIFT_PACKAGE -Xcc -DDEBUG\=1 -emit-objc-header -emit-objc-header-path /Users/admin/builder/spi-builder-workspace/.derivedData/Build/Intermediates.noindex/MyLogger.build/Debug-watchos/MyLogger-t.build/Objects-normal/arm64_32/MyLogger-Swift.h -working-directory /Users/admin/builder/spi-builder-workspace/.swiftpm/xcode -experimental-emit-module-separately -disable-cmo
SwiftExplicitDependencyGeneratePcm arm64 /Users/admin/builder/spi-builder-workspace/.derivedData/SDKExplicitPrecompiledModules/_Builtin_stdarg-3X4KLXUYEI0UGBILP4X7D0CYW.pcm
SwiftExplicitDependencyGeneratePcm arm64 /Users/admin/builder/spi-builder-workspace/.derivedData/SDKExplicitPrecompiledModules/SwiftShims-AJ4AZYHQNC33R5RLN7AGEIOMP.pcm
SwiftExplicitDependencyGeneratePcm arm64 /Users/admin/builder/spi-builder-workspace/.derivedData/SDKExplicitPrecompiledModules/_Builtin_float-E4M4A8689VXF1T7P7BV56IKBT.pcm
SwiftExplicitDependencyGeneratePcm arm64 /Users/admin/builder/spi-builder-workspace/.derivedData/SDKExplicitPrecompiledModules/ptrcheck-8K07997SIHO7YGY7UQ3LOQ3TJ.pcm
SwiftExplicitDependencyGeneratePcm arm64 /Users/admin/builder/spi-builder-workspace/.derivedData/SDKExplicitPrecompiledModules/ptrauth-C7VQASAJ967Q4Q6SRD4I3CFWZ.pcm
SwiftExplicitDependencyGeneratePcm arm64 /Users/admin/builder/spi-builder-workspace/.derivedData/SDKExplicitPrecompiledModules/_Builtin_stddef-5OH846KKUPSJJT7GCX9XU1TKG.pcm
SwiftExplicitDependencyGeneratePcm arm64 /Users/admin/builder/spi-builder-workspace/.derivedData/SDKExplicitPrecompiledModules/_Builtin_stdbool-B692L2PMR118794VVYBG37897.pcm
SwiftExplicitDependencyGeneratePcm arm64 /Users/admin/builder/spi-builder-workspace/.derivedData/SDKExplicitPrecompiledModules/_AvailabilityInternal-42EVAC8Q6P1ZT6G3A168N97G4.pcm
SwiftExplicitDependencyGeneratePcm arm64 /Users/admin/builder/spi-builder-workspace/.derivedData/SDKExplicitPrecompiledModules/_SwiftConcurrencyShims-CTPSFSTDCBVSSQFHL6I305U72.pcm
SwiftExplicitDependencyGeneratePcm arm64_32 /Users/admin/builder/spi-builder-workspace/.derivedData/SDKExplicitPrecompiledModules/ptrcheck-EAZ3I917ZFA9H6ZCL6PGLG4TR.pcm
SwiftExplicitDependencyGeneratePcm arm64_32 /Users/admin/builder/spi-builder-workspace/.derivedData/SDKExplicitPrecompiledModules/_Builtin_stdbool-84ZA1VDW90AGWZ2LF5KOCM8DZ.pcm
SwiftExplicitDependencyGeneratePcm arm64_32 /Users/admin/builder/spi-builder-workspace/.derivedData/SDKExplicitPrecompiledModules/_Builtin_float-372PLGDQ1U3B6Z5EA5DJMDORJ.pcm
SwiftExplicitDependencyGeneratePcm arm64_32 /Users/admin/builder/spi-builder-workspace/.derivedData/SDKExplicitPrecompiledModules/_Builtin_stddef-2F9BFIPBQ5EWNSK5G7G7V4EKL.pcm
SwiftExplicitDependencyGeneratePcm arm64_32 /Users/admin/builder/spi-builder-workspace/.derivedData/SDKExplicitPrecompiledModules/_SwiftConcurrencyShims-58G4ISYSYDV3AT1DDGEE0QCUF.pcm
SwiftExplicitDependencyGeneratePcm arm64_32 /Users/admin/builder/spi-builder-workspace/.derivedData/SDKExplicitPrecompiledModules/SwiftShims-D9VBB138U50XYYGW2C2V21N3L.pcm
SwiftExplicitDependencyGeneratePcm arm64_32 /Users/admin/builder/spi-builder-workspace/.derivedData/SDKExplicitPrecompiledModules/_AvailabilityInternal-22ZP1ILSQW16KHXZS5GBZHOCS.pcm
SwiftExplicitDependencyGeneratePcm arm64_32 /Users/admin/builder/spi-builder-workspace/.derivedData/SDKExplicitPrecompiledModules/_Builtin_stdarg-EYJP6DFYQL9GJLH1TJ84A8MHV.pcm
SwiftExplicitDependencyGeneratePcm arm64_32 /Users/admin/builder/spi-builder-workspace/.derivedData/SDKExplicitPrecompiledModules/ptrauth-EW7YZZ7LEZE1QZF2T8148IPSA.pcm
SwiftExplicitDependencyGeneratePcm arm64 /Users/admin/builder/spi-builder-workspace/.derivedData/SDKExplicitPrecompiledModules/_DarwinFoundation1-7YQ9TVI7XTOGQU9OADRXP33D1.pcm
SwiftExplicitDependencyGeneratePcm arm64_32 /Users/admin/builder/spi-builder-workspace/.derivedData/SDKExplicitPrecompiledModules/_DarwinFoundation1-5SNIO0SFHX9KJZTLQGIPAPXUZ.pcm
SwiftExplicitDependencyGeneratePcm arm64 /Users/admin/builder/spi-builder-workspace/.derivedData/SDKExplicitPrecompiledModules/_DarwinFoundation2-CUPL4FH2SA95GMALQP4M6O8UA.pcm
SwiftExplicitDependencyGeneratePcm arm64 /Users/admin/builder/spi-builder-workspace/.derivedData/SDKExplicitPrecompiledModules/_Builtin_limits-75TRA1C7IHYOFCG3KJXQVTHJ4.pcm
SwiftExplicitDependencyGeneratePcm arm64_32 /Users/admin/builder/spi-builder-workspace/.derivedData/SDKExplicitPrecompiledModules/_Builtin_limits-AQMEC9CLG0FZQN6TLGDQ6WF78.pcm
SwiftExplicitDependencyGeneratePcm arm64_32 /Users/admin/builder/spi-builder-workspace/.derivedData/SDKExplicitPrecompiledModules/_DarwinFoundation2-FP2Q8F1Q2HR151SBYKTU6Q8B.pcm
SwiftExplicitDependencyGeneratePcm arm64 /Users/admin/builder/spi-builder-workspace/.derivedData/SDKExplicitPrecompiledModules/sys_types-9KPVYINL86WUSHF45TU8PWZZ1.pcm
SwiftExplicitDependencyGeneratePcm arm64 /Users/admin/builder/spi-builder-workspace/.derivedData/SDKExplicitPrecompiledModules/_Builtin_stdint-6TUACK4YPMARFT56PLIO388SJ.pcm
SwiftExplicitDependencyGeneratePcm arm64 /Users/admin/builder/spi-builder-workspace/.derivedData/SDKExplicitPrecompiledModules/string_h-4N9Z22C0HUO8GV7GFPCLZRZA2.pcm
SwiftExplicitDependencyGeneratePcm arm64 /Users/admin/builder/spi-builder-workspace/.derivedData/SDKExplicitPrecompiledModules/_DarwinFoundation3-EJXZKD8LN9EYM9OWP9VLJ49PK.pcm
SwiftExplicitDependencyGeneratePcm arm64 /Users/admin/builder/spi-builder-workspace/.derivedData/SDKExplicitPrecompiledModules/_Builtin_stdatomic-25T9UW3XDYID74302F31PX0RP.pcm
SwiftExplicitDependencyGeneratePcm arm64_32 /Users/admin/builder/spi-builder-workspace/.derivedData/SDKExplicitPrecompiledModules/string_h-8QY7P4ZQXQAF14WVDITTM4R70.pcm
SwiftExplicitDependencyGeneratePcm arm64_32 /Users/admin/builder/spi-builder-workspace/.derivedData/SDKExplicitPrecompiledModules/sys_types-65NN51P1G7GN2GUAUPC53JJ7N.pcm
SwiftExplicitDependencyGeneratePcm arm64_32 /Users/admin/builder/spi-builder-workspace/.derivedData/SDKExplicitPrecompiledModules/_Builtin_stdint-6IWJLTRH2WB6RCG4THPA65RDS.pcm
SwiftExplicitDependencyGeneratePcm arm64_32 /Users/admin/builder/spi-builder-workspace/.derivedData/SDKExplicitPrecompiledModules/_Builtin_stdatomic-D2FE5M7JS5NQA5JDADVERWJM4.pcm
SwiftExplicitDependencyGeneratePcm arm64_32 /Users/admin/builder/spi-builder-workspace/.derivedData/SDKExplicitPrecompiledModules/_DarwinFoundation3-3YOBOPIW2MF1LRNQH7JBUBY4G.pcm
SwiftExplicitDependencyGeneratePcm arm64 /Users/admin/builder/spi-builder-workspace/.derivedData/SDKExplicitPrecompiledModules/_Builtin_inttypes-86YTNV5YADPJXFMJ82N3R4GWQ.pcm
SwiftExplicitDependencyGeneratePcm arm64_32 /Users/admin/builder/spi-builder-workspace/.derivedData/SDKExplicitPrecompiledModules/_Builtin_inttypes-BPZJ68HW1IMYWSHROAZ0IMUJP.pcm
SwiftExplicitDependencyGeneratePcm arm64 /Users/admin/builder/spi-builder-workspace/.derivedData/SDKExplicitPrecompiledModules/Darwin-CSB8C43KELVSFIQVR0803IZPN.pcm
SwiftExplicitDependencyGeneratePcm arm64_32 /Users/admin/builder/spi-builder-workspace/.derivedData/SDKExplicitPrecompiledModules/Darwin-10D35ZJWCWG7LJAF579U7I5V7.pcm
SwiftExplicitDependencyGeneratePcm arm64 /Users/admin/builder/spi-builder-workspace/.derivedData/SDKExplicitPrecompiledModules/MachO-4RYXFVY68ZDEUZYFMVL57WEKU.pcm
SwiftExplicitDependencyGeneratePcm arm64 /Users/admin/builder/spi-builder-workspace/.derivedData/SDKExplicitPrecompiledModules/ObjectiveC-22CZPC4WYQC9G8T393WT2KKLW.pcm
SwiftExplicitDependencyGeneratePcm arm64_32 /Users/admin/builder/spi-builder-workspace/.derivedData/SDKExplicitPrecompiledModules/ObjectiveC-71AGZNHLBMR2QK817EJNUN54E.pcm
SwiftExplicitDependencyGeneratePcm arm64_32 /Users/admin/builder/spi-builder-workspace/.derivedData/SDKExplicitPrecompiledModules/MachO-F47JQRYVH1SLPOQSJD8RK9MSX.pcm
SwiftExplicitDependencyGeneratePcm arm64 /Users/admin/builder/spi-builder-workspace/.derivedData/SDKExplicitPrecompiledModules/os_object-6KYGGZ4DPVZ3BBAZ6QICZN8LI.pcm
SwiftExplicitDependencyGeneratePcm arm64_32 /Users/admin/builder/spi-builder-workspace/.derivedData/SDKExplicitPrecompiledModules/os_object-CTXVQBCWDOH6JHUXIFDUOWFRL.pcm
SwiftExplicitDependencyGeneratePcm arm64 /Users/admin/builder/spi-builder-workspace/.derivedData/SDKExplicitPrecompiledModules/os_workgroup-AHE7ULDQBKER38CYPIKDTZF4M.pcm
SwiftExplicitDependencyGeneratePcm arm64_32 /Users/admin/builder/spi-builder-workspace/.derivedData/SDKExplicitPrecompiledModules/os_workgroup-9L9R05BT5LTFRZ2NM68BZTVV2.pcm
SwiftExplicitDependencyGeneratePcm arm64 /Users/admin/builder/spi-builder-workspace/.derivedData/SDKExplicitPrecompiledModules/Dispatch-39VR0G01IUJ09PQKMFGOHXZ4L.pcm
SwiftExplicitDependencyGeneratePcm arm64_32 /Users/admin/builder/spi-builder-workspace/.derivedData/SDKExplicitPrecompiledModules/Dispatch-CGIMI9KQKHNRQHR2IECIPRG14.pcm
SwiftExplicitDependencyGeneratePcm arm64 /Users/admin/builder/spi-builder-workspace/.derivedData/SDKExplicitPrecompiledModules/XPC-650JAZBTM6I0OMHYO6CKM0CWJ.pcm
SwiftExplicitDependencyGeneratePcm arm64 /Users/admin/builder/spi-builder-workspace/.derivedData/SDKExplicitPrecompiledModules/CoreFoundation-59XKO8YNRGGYNC5U5LK8B4EM.pcm
SwiftExplicitDependencyGeneratePcm arm64_32 /Users/admin/builder/spi-builder-workspace/.derivedData/SDKExplicitPrecompiledModules/CoreFoundation-76B9WJP9MDYT33HZQVSNNZQZD.pcm
SwiftExplicitDependencyGeneratePcm arm64_32 /Users/admin/builder/spi-builder-workspace/.derivedData/SDKExplicitPrecompiledModules/XPC-7SLKI45KYLKXH9QET2WYS3UZ4.pcm
SwiftExplicitDependencyGeneratePcm arm64 /Users/admin/builder/spi-builder-workspace/.derivedData/SDKExplicitPrecompiledModules/os-6BCTB8I5DCBBKFJ0Y0G4WQDDJ.pcm
SwiftExplicitDependencyGeneratePcm arm64 /Users/admin/builder/spi-builder-workspace/.derivedData/SDKExplicitPrecompiledModules/Security-69WNGEAVQP55EDBQHP3BLE8QU.pcm
SwiftExplicitDependencyGeneratePcm arm64_32 /Users/admin/builder/spi-builder-workspace/.derivedData/SDKExplicitPrecompiledModules/os-D9NWGT7PQGY2OD43XMA2KGLJK.pcm
SwiftExplicitDependencyGeneratePcm arm64_32 /Users/admin/builder/spi-builder-workspace/.derivedData/SDKExplicitPrecompiledModules/Security-1W411BS4UH2UNMNII2341429S.pcm
SwiftExplicitDependencyGeneratePcm arm64 /Users/admin/builder/spi-builder-workspace/.derivedData/SDKExplicitPrecompiledModules/Foundation-B3IXODHI7VO4VRX2RWRXLVJZT.pcm
SwiftExplicitDependencyGeneratePcm arm64_32 /Users/admin/builder/spi-builder-workspace/.derivedData/SDKExplicitPrecompiledModules/Foundation-AIQ30TCDC2B0LBUU6FPQZ0HWI.pcm
SwiftExplicitDependencyGeneratePcm arm64 /Users/admin/builder/spi-builder-workspace/.derivedData/SDKExplicitPrecompiledModules/OSLog-ESJZZ70KT229YQNKF5CWYQVLA.pcm
SwiftExplicitDependencyGeneratePcm arm64_32 /Users/admin/builder/spi-builder-workspace/.derivedData/SDKExplicitPrecompiledModules/OSLog-DXCLJ0K1EEBRV5MFYJOV1HIUX.pcm
SwiftEmitModule normal arm64 Emitting\ module\ for\ MyLogger (in target 'MyLogger' from project 'MyLogger')
SwiftCompile normal arm64 (in target 'MyLogger' from project 'MyLogger')
cd /Users/admin/builder/spi-builder-workspace/.swiftpm/xcode
SwiftCompile normal arm64 Compiling\ MyLogger.swift /Users/admin/builder/spi-builder-workspace/.dependencies/checkouts/MyLogger/Sources/MyLogger/MyLogger.swift (in target 'MyLogger' from project 'MyLogger')
SwiftCompile normal arm64 /Users/admin/builder/spi-builder-workspace/.dependencies/checkouts/MyLogger/Sources/MyLogger/MyLogger.swift (in target 'MyLogger' from project 'MyLogger')
cd /Users/admin/builder/spi-builder-workspace/.swiftpm/xcode
builtin-SwiftPerFileCompile MyLogger.swift
SwiftEmitModule normal arm64_32 Emitting\ module\ for\ MyLogger (in target 'MyLogger' from project 'MyLogger')
SwiftCompile normal arm64_32 (in target 'MyLogger' from project 'MyLogger')
cd /Users/admin/builder/spi-builder-workspace/.swiftpm/xcode
SwiftCompile normal arm64_32 Compiling\ MyLogger.swift /Users/admin/builder/spi-builder-workspace/.dependencies/checkouts/MyLogger/Sources/MyLogger/MyLogger.swift (in target 'MyLogger' from project 'MyLogger')
SwiftCompile normal arm64_32 /Users/admin/builder/spi-builder-workspace/.dependencies/checkouts/MyLogger/Sources/MyLogger/MyLogger.swift (in target 'MyLogger' from project 'MyLogger')
cd /Users/admin/builder/spi-builder-workspace/.swiftpm/xcode
builtin-SwiftPerFileCompile MyLogger.swift
SwiftDriverJobDiscovery normal arm64 Emitting module for MyLogger (in target 'MyLogger' from project 'MyLogger')
SwiftDriver\ Compilation\ Requirements MyLogger normal arm64 com.apple.xcode.tools.swift.compiler (in target 'MyLogger' from project 'MyLogger')
cd /Users/admin/builder/spi-builder-workspace/.swiftpm/xcode
builtin-Swift-Compilation-Requirements -- /Applications/Xcode-27.0.0-Release.Candidate.app/Contents/Developer/Toolchains/XcodeDefault.xctoolchain/usr/bin/swiftc -parse-as-library -module-name MyLogger -Onone @/Users/admin/builder/spi-builder-workspace/.derivedData/Build/Intermediates.noindex/MyLogger.build/Debug-watchos/MyLogger-t.build/Objects-normal/arm64/MyLogger.SwiftFileList -DSWIFT_PACKAGE -DDEBUG -DSWIFT_MODULE_RESOURCE_BUNDLE_UNAVAILABLE -DXcode -plugin-path /Applications/Xcode-27.0.0-Release.Candidate.app/Contents/Developer/Toolchains/XcodeDefault.xctoolchain/usr/lib/swift/host/plugins/testing -enable-experimental-feature DebugDescriptionMacro -sdk /Applications/Xcode-27.0.0-Release.Candidate.app/Contents/Developer/Platforms/WatchOS.platform/Developer/SDKs/WatchOS27.0.sdk -target arm64-apple-watchos9.0 -g -module-cache-path /Users/admin/builder/spi-builder-workspace/.derivedData/ModuleCache.noindex -Xfrontend -serialize-debugging-options -profile-coverage-mapping -profile-generate -enable-testing -suppress-warnings -index-store-path /Users/admin/builder/spi-builder-workspace/.derivedData/Index.noindex/DataStore -Xcc -D_LIBCPP_HARDENING_MODE\=_LIBCPP_HARDENING_MODE_DEBUG -swift-version 6 -I /Users/admin/builder/spi-builder-workspace/.derivedData/Build/Products/Debug-watchos -Isystem /Applications/Xcode-27.0.0-Release.Candidate.app/Contents/Developer/Platforms/WatchOS.platform/Developer/usr/lib -F /Users/admin/builder/spi-builder-workspace/.derivedData/Build/Products/Debug-watchos -F /Applications/Xcode-27.0.0-Release.Candidate.app/Contents/Developer/Platforms/WatchOS.platform/Developer/Library/Frameworks -F /Applications/Xcode-27.0.0-Release.Candidate.app/Contents/Developer/Platforms/WatchOS.platform/Developer/SDKs/WatchOS27.0.sdk/Developer/Library/Frameworks -c -j10 -enable-batch-mode -incremental -Xcc -ivfsstatcache -Xcc /Users/admin/builder/spi-builder-workspace/.derivedData/SDKStatCaches.noindex/watchos27.0-24R360-e829b21a6f8c9b70876ba0858053c04477534ef55a1706bf4c1112bbb242f0a2.sdkstatcache -output-file-map /Users/admin/builder/spi-builder-workspace/.derivedData/Build/Intermediates.noindex/MyLogger.build/Debug-watchos/MyLogger-t.build/Objects-normal/arm64/MyLogger-OutputFileMap.json -save-temps -no-color-diagnostics -explicit-module-build -module-cache-path /Users/admin/builder/spi-builder-workspace/.derivedData/Build/Intermediates.noindex/SwiftExplicitPrecompiledModules -clang-scanner-module-cache-path /Users/admin/builder/spi-builder-workspace/.derivedData/ModuleCache.noindex -sdk-module-cache-path /Users/admin/builder/spi-builder-workspace/.derivedData/SDKExplicitPrecompiledModules -emit-dependencies -emit-module -emit-module-path /Users/admin/builder/spi-builder-workspace/.derivedData/Build/Intermediates.noindex/MyLogger.build/Debug-watchos/MyLogger-t.build/Objects-normal/arm64/MyLogger.swiftmodule -serialize-diagnostics -dependency-scan-serialize-diagnostics-path /Users/admin/builder/spi-builder-workspace/.derivedData/Build/Intermediates.noindex/MyLogger.build/Debug-watchos/MyLogger-t.build/Objects-normal/arm64/MyLogger-dependency-scan.dia -user-module-version 1.0.3 -validate-clang-modules-once -clang-build-session-file /Users/admin/builder/spi-builder-workspace/.derivedData/ModuleCache.noindex/Session.modulevalidation -Xcc -fmodules-prune-interval\=86400 -Xcc -fmodules-prune-after\=345600 -package-name mylogger -emit-const-values -const-gather-protocols-list /Users/admin/builder/spi-builder-workspace/.derivedData/Build/Intermediates.noindex/MyLogger.build/Debug-watchos/MyLogger-t.build/Objects-normal/arm64/MyLogger_const_extract_protocols.json -Xcc -I/Users/admin/builder/spi-builder-workspace/.derivedData/Build/Products/Debug-watchos/include -Xcc -I/Users/admin/builder/spi-builder-workspace/.derivedData/Build/Intermediates.noindex/MyLogger.build/Debug-watchos/MyLogger-t.build/DerivedSources-normal/arm64 -Xcc -I/Users/admin/builder/spi-builder-workspace/.derivedData/Build/Intermediates.noindex/MyLogger.build/Debug-watchos/MyLogger-t.build/DerivedSources/arm64 -Xcc -I/Users/admin/builder/spi-builder-workspace/.derivedData/Build/Intermediates.noindex/MyLogger.build/Debug-watchos/MyLogger-t.build/DerivedSources -Xcc -DSWIFT_PACKAGE -Xcc -DDEBUG\=1 -emit-objc-header -emit-objc-header-path /Users/admin/builder/spi-builder-workspace/.derivedData/Build/Intermediates.noindex/MyLogger.build/Debug-watchos/MyLogger-t.build/Objects-normal/arm64/MyLogger-Swift.h -working-directory /Users/admin/builder/spi-builder-workspace/.swiftpm/xcode -experimental-emit-module-separately -disable-cmo
Copy /Users/admin/builder/spi-builder-workspace/.derivedData/Build/Products/Debug-watchos/MyLogger.swiftmodule/arm64-apple-watchos.abi.json /Users/admin/builder/spi-builder-workspace/.derivedData/Build/Intermediates.noindex/MyLogger.build/Debug-watchos/MyLogger-t.build/Objects-normal/arm64/MyLogger.abi.json (in target 'MyLogger' from project 'MyLogger')
cd /Users/admin/builder/spi-builder-workspace/.dependencies/checkouts/MyLogger
builtin-copy -exclude .DS_Store -exclude CVS -exclude .svn -exclude .git -exclude .hg -resolve-src-symlinks -rename /Users/admin/builder/spi-builder-workspace/.derivedData/Build/Intermediates.noindex/MyLogger.build/Debug-watchos/MyLogger-t.build/Objects-normal/arm64/MyLogger.abi.json /Users/admin/builder/spi-builder-workspace/.derivedData/Build/Products/Debug-watchos/MyLogger.swiftmodule/arm64-apple-watchos.abi.json
Copy /Users/admin/builder/spi-builder-workspace/.derivedData/Build/Products/Debug-watchos/MyLogger.swiftmodule/arm64-apple-watchos.swiftmodule /Users/admin/builder/spi-builder-workspace/.derivedData/Build/Intermediates.noindex/MyLogger.build/Debug-watchos/MyLogger-t.build/Objects-normal/arm64/MyLogger.swiftmodule (in target 'MyLogger' from project 'MyLogger')
cd /Users/admin/builder/spi-builder-workspace/.dependencies/checkouts/MyLogger
builtin-copy -exclude .DS_Store -exclude CVS -exclude .svn -exclude .git -exclude .hg -resolve-src-symlinks -rename /Users/admin/builder/spi-builder-workspace/.derivedData/Build/Intermediates.noindex/MyLogger.build/Debug-watchos/MyLogger-t.build/Objects-normal/arm64/MyLogger.swiftmodule /Users/admin/builder/spi-builder-workspace/.derivedData/Build/Products/Debug-watchos/MyLogger.swiftmodule/arm64-apple-watchos.swiftmodule
Copy /Users/admin/builder/spi-builder-workspace/.derivedData/Build/Products/Debug-watchos/MyLogger.swiftmodule/arm64-apple-watchos.swiftdoc /Users/admin/builder/spi-builder-workspace/.derivedData/Build/Intermediates.noindex/MyLogger.build/Debug-watchos/MyLogger-t.build/Objects-normal/arm64/MyLogger.swiftdoc (in target 'MyLogger' from project 'MyLogger')
cd /Users/admin/builder/spi-builder-workspace/.dependencies/checkouts/MyLogger
builtin-copy -exclude .DS_Store -exclude CVS -exclude .svn -exclude .git -exclude .hg -resolve-src-symlinks -rename /Users/admin/builder/spi-builder-workspace/.derivedData/Build/Intermediates.noindex/MyLogger.build/Debug-watchos/MyLogger-t.build/Objects-normal/arm64/MyLogger.swiftdoc /Users/admin/builder/spi-builder-workspace/.derivedData/Build/Products/Debug-watchos/MyLogger.swiftmodule/arm64-apple-watchos.swiftdoc
Copy /Users/admin/builder/spi-builder-workspace/.derivedData/Build/Products/Debug-watchos/MyLogger.swiftmodule/Project/arm64-apple-watchos.swiftsourceinfo /Users/admin/builder/spi-builder-workspace/.derivedData/Build/Intermediates.noindex/MyLogger.build/Debug-watchos/MyLogger-t.build/Objects-normal/arm64/MyLogger.swiftsourceinfo (in target 'MyLogger' from project 'MyLogger')
cd /Users/admin/builder/spi-builder-workspace/.dependencies/checkouts/MyLogger
builtin-copy -exclude .DS_Store -exclude CVS -exclude .svn -exclude .git -exclude .hg -resolve-src-symlinks -rename /Users/admin/builder/spi-builder-workspace/.derivedData/Build/Intermediates.noindex/MyLogger.build/Debug-watchos/MyLogger-t.build/Objects-normal/arm64/MyLogger.swiftsourceinfo /Users/admin/builder/spi-builder-workspace/.derivedData/Build/Products/Debug-watchos/MyLogger.swiftmodule/Project/arm64-apple-watchos.swiftsourceinfo
SwiftDriverJobDiscovery normal arm64_32 Emitting module for MyLogger (in target 'MyLogger' from project 'MyLogger')
SwiftDriver\ Compilation\ Requirements MyLogger normal arm64_32 com.apple.xcode.tools.swift.compiler (in target 'MyLogger' from project 'MyLogger')
cd /Users/admin/builder/spi-builder-workspace/.swiftpm/xcode
builtin-Swift-Compilation-Requirements -- /Applications/Xcode-27.0.0-Release.Candidate.app/Contents/Developer/Toolchains/XcodeDefault.xctoolchain/usr/bin/swiftc -parse-as-library -module-name MyLogger -Onone @/Users/admin/builder/spi-builder-workspace/.derivedData/Build/Intermediates.noindex/MyLogger.build/Debug-watchos/MyLogger-t.build/Objects-normal/arm64_32/MyLogger.SwiftFileList -DSWIFT_PACKAGE -DDEBUG -DSWIFT_MODULE_RESOURCE_BUNDLE_UNAVAILABLE -DXcode -plugin-path /Applications/Xcode-27.0.0-Release.Candidate.app/Contents/Developer/Toolchains/XcodeDefault.xctoolchain/usr/lib/swift/host/plugins/testing -enable-experimental-feature DebugDescriptionMacro -sdk /Applications/Xcode-27.0.0-Release.Candidate.app/Contents/Developer/Platforms/WatchOS.platform/Developer/SDKs/WatchOS27.0.sdk -target arm64_32-apple-watchos9.0 -g -module-cache-path /Users/admin/builder/spi-builder-workspace/.derivedData/ModuleCache.noindex -Xfrontend -serialize-debugging-options -profile-coverage-mapping -profile-generate -enable-testing -suppress-warnings -index-store-path /Users/admin/builder/spi-builder-workspace/.derivedData/Index.noindex/DataStore -Xcc -D_LIBCPP_HARDENING_MODE\=_LIBCPP_HARDENING_MODE_DEBUG -swift-version 6 -I /Users/admin/builder/spi-builder-workspace/.derivedData/Build/Products/Debug-watchos -Isystem /Applications/Xcode-27.0.0-Release.Candidate.app/Contents/Developer/Platforms/WatchOS.platform/Developer/usr/lib -F /Users/admin/builder/spi-builder-workspace/.derivedData/Build/Products/Debug-watchos -F /Applications/Xcode-27.0.0-Release.Candidate.app/Contents/Developer/Platforms/WatchOS.platform/Developer/Library/Frameworks -F /Applications/Xcode-27.0.0-Release.Candidate.app/Contents/Developer/Platforms/WatchOS.platform/Developer/SDKs/WatchOS27.0.sdk/Developer/Library/Frameworks -c -j10 -enable-batch-mode -incremental -Xcc -ivfsstatcache -Xcc /Users/admin/builder/spi-builder-workspace/.derivedData/SDKStatCaches.noindex/watchos27.0-24R360-e829b21a6f8c9b70876ba0858053c04477534ef55a1706bf4c1112bbb242f0a2.sdkstatcache -output-file-map /Users/admin/builder/spi-builder-workspace/.derivedData/Build/Intermediates.noindex/MyLogger.build/Debug-watchos/MyLogger-t.build/Objects-normal/arm64_32/MyLogger-OutputFileMap.json -save-temps -no-color-diagnostics -explicit-module-build -module-cache-path /Users/admin/builder/spi-builder-workspace/.derivedData/Build/Intermediates.noindex/SwiftExplicitPrecompiledModules -clang-scanner-module-cache-path /Users/admin/builder/spi-builder-workspace/.derivedData/ModuleCache.noindex -sdk-module-cache-path /Users/admin/builder/spi-builder-workspace/.derivedData/SDKExplicitPrecompiledModules -emit-dependencies -emit-module -emit-module-path /Users/admin/builder/spi-builder-workspace/.derivedData/Build/Intermediates.noindex/MyLogger.build/Debug-watchos/MyLogger-t.build/Objects-normal/arm64_32/MyLogger.swiftmodule -serialize-diagnostics -dependency-scan-serialize-diagnostics-path /Users/admin/builder/spi-builder-workspace/.derivedData/Build/Intermediates.noindex/MyLogger.build/Debug-watchos/MyLogger-t.build/Objects-normal/arm64_32/MyLogger-dependency-scan.dia -user-module-version 1.0.3 -validate-clang-modules-once -clang-build-session-file /Users/admin/builder/spi-builder-workspace/.derivedData/ModuleCache.noindex/Session.modulevalidation -Xcc -fmodules-prune-interval\=86400 -Xcc -fmodules-prune-after\=345600 -package-name mylogger -emit-const-values -const-gather-protocols-list /Users/admin/builder/spi-builder-workspace/.derivedData/Build/Intermediates.noindex/MyLogger.build/Debug-watchos/MyLogger-t.build/Objects-normal/arm64_32/MyLogger_const_extract_protocols.json -Xcc -I/Users/admin/builder/spi-builder-workspace/.derivedData/Build/Products/Debug-watchos/include -Xcc -I/Users/admin/builder/spi-builder-workspace/.derivedData/Build/Intermediates.noindex/MyLogger.build/Debug-watchos/MyLogger-t.build/DerivedSources-normal/arm64_32 -Xcc -I/Users/admin/builder/spi-builder-workspace/.derivedData/Build/Intermediates.noindex/MyLogger.build/Debug-watchos/MyLogger-t.build/DerivedSources/arm64_32 -Xcc -I/Users/admin/builder/spi-builder-workspace/.derivedData/Build/Intermediates.noindex/MyLogger.build/Debug-watchos/MyLogger-t.build/DerivedSources -Xcc -DSWIFT_PACKAGE -Xcc -DDEBUG\=1 -emit-objc-header -emit-objc-header-path /Users/admin/builder/spi-builder-workspace/.derivedData/Build/Intermediates.noindex/MyLogger.build/Debug-watchos/MyLogger-t.build/Objects-normal/arm64_32/MyLogger-Swift.h -working-directory /Users/admin/builder/spi-builder-workspace/.swiftpm/xcode -experimental-emit-module-separately -disable-cmo
SwiftMergeGeneratedHeaders /Users/admin/builder/spi-builder-workspace/.derivedData/Build/Intermediates.noindex/GeneratedModuleMaps-watchos/MyLogger-Swift.h /Users/admin/builder/spi-builder-workspace/.derivedData/Build/Intermediates.noindex/MyLogger.build/Debug-watchos/MyLogger-t.build/Objects-normal/arm64/MyLogger-Swift.h /Users/admin/builder/spi-builder-workspace/.derivedData/Build/Intermediates.noindex/MyLogger.build/Debug-watchos/MyLogger-t.build/Objects-normal/arm64_32/MyLogger-Swift.h (in target 'MyLogger' from project 'MyLogger')
cd /Users/admin/builder/spi-builder-workspace/.dependencies/checkouts/MyLogger
builtin-swiftHeaderTool -arch arm64 /Users/admin/builder/spi-builder-workspace/.derivedData/Build/Intermediates.noindex/MyLogger.build/Debug-watchos/MyLogger-t.build/Objects-normal/arm64/MyLogger-Swift.h -arch arm64_32 /Users/admin/builder/spi-builder-workspace/.derivedData/Build/Intermediates.noindex/MyLogger.build/Debug-watchos/MyLogger-t.build/Objects-normal/arm64_32/MyLogger-Swift.h -o /Users/admin/builder/spi-builder-workspace/.derivedData/Build/Intermediates.noindex/GeneratedModuleMaps-watchos/MyLogger-Swift.h
Copy /Users/admin/builder/spi-builder-workspace/.derivedData/Build/Products/Debug-watchos/MyLogger.swiftmodule/arm64_32-apple-watchos.swiftmodule /Users/admin/builder/spi-builder-workspace/.derivedData/Build/Intermediates.noindex/MyLogger.build/Debug-watchos/MyLogger-t.build/Objects-normal/arm64_32/MyLogger.swiftmodule (in target 'MyLogger' from project 'MyLogger')
cd /Users/admin/builder/spi-builder-workspace/.dependencies/checkouts/MyLogger
builtin-copy -exclude .DS_Store -exclude CVS -exclude .svn -exclude .git -exclude .hg -resolve-src-symlinks -rename /Users/admin/builder/spi-builder-workspace/.derivedData/Build/Intermediates.noindex/MyLogger.build/Debug-watchos/MyLogger-t.build/Objects-normal/arm64_32/MyLogger.swiftmodule /Users/admin/builder/spi-builder-workspace/.derivedData/Build/Products/Debug-watchos/MyLogger.swiftmodule/arm64_32-apple-watchos.swiftmodule
Copy /Users/admin/builder/spi-builder-workspace/.derivedData/Build/Products/Debug-watchos/MyLogger.swiftmodule/arm64_32-apple-watchos.swiftdoc /Users/admin/builder/spi-builder-workspace/.derivedData/Build/Intermediates.noindex/MyLogger.build/Debug-watchos/MyLogger-t.build/Objects-normal/arm64_32/MyLogger.swiftdoc (in target 'MyLogger' from project 'MyLogger')
cd /Users/admin/builder/spi-builder-workspace/.dependencies/checkouts/MyLogger
builtin-copy -exclude .DS_Store -exclude CVS -exclude .svn -exclude .git -exclude .hg -resolve-src-symlinks -rename /Users/admin/builder/spi-builder-workspace/.derivedData/Build/Intermediates.noindex/MyLogger.build/Debug-watchos/MyLogger-t.build/Objects-normal/arm64_32/MyLogger.swiftdoc /Users/admin/builder/spi-builder-workspace/.derivedData/Build/Products/Debug-watchos/MyLogger.swiftmodule/arm64_32-apple-watchos.swiftdoc
Copy /Users/admin/builder/spi-builder-workspace/.derivedData/Build/Products/Debug-watchos/MyLogger.swiftmodule/Project/arm64_32-apple-watchos.swiftsourceinfo /Users/admin/builder/spi-builder-workspace/.derivedData/Build/Intermediates.noindex/MyLogger.build/Debug-watchos/MyLogger-t.build/Objects-normal/arm64_32/MyLogger.swiftsourceinfo (in target 'MyLogger' from project 'MyLogger')
cd /Users/admin/builder/spi-builder-workspace/.dependencies/checkouts/MyLogger
builtin-copy -exclude .DS_Store -exclude CVS -exclude .svn -exclude .git -exclude .hg -resolve-src-symlinks -rename /Users/admin/builder/spi-builder-workspace/.derivedData/Build/Intermediates.noindex/MyLogger.build/Debug-watchos/MyLogger-t.build/Objects-normal/arm64_32/MyLogger.swiftsourceinfo /Users/admin/builder/spi-builder-workspace/.derivedData/Build/Products/Debug-watchos/MyLogger.swiftmodule/Project/arm64_32-apple-watchos.swiftsourceinfo
Copy /Users/admin/builder/spi-builder-workspace/.derivedData/Build/Products/Debug-watchos/MyLogger.swiftmodule/arm64_32-apple-watchos.abi.json /Users/admin/builder/spi-builder-workspace/.derivedData/Build/Intermediates.noindex/MyLogger.build/Debug-watchos/MyLogger-t.build/Objects-normal/arm64_32/MyLogger.abi.json (in target 'MyLogger' from project 'MyLogger')
cd /Users/admin/builder/spi-builder-workspace/.dependencies/checkouts/MyLogger
builtin-copy -exclude .DS_Store -exclude CVS -exclude .svn -exclude .git -exclude .hg -resolve-src-symlinks -rename /Users/admin/builder/spi-builder-workspace/.derivedData/Build/Intermediates.noindex/MyLogger.build/Debug-watchos/MyLogger-t.build/Objects-normal/arm64_32/MyLogger.abi.json /Users/admin/builder/spi-builder-workspace/.derivedData/Build/Products/Debug-watchos/MyLogger.swiftmodule/arm64_32-apple-watchos.abi.json
SwiftDriver SearchAndSort normal arm64 com.apple.xcode.tools.swift.compiler (in target 'SearchAndSort' from project 'SearchAndSort')
cd /Users/admin/builder/spi-builder-workspace/.swiftpm/xcode
builtin-SwiftDriver -- /Applications/Xcode-27.0.0-Release.Candidate.app/Contents/Developer/Toolchains/XcodeDefault.xctoolchain/usr/bin/swiftc -parse-as-library -module-name SearchAndSort -Onone @/Users/admin/builder/spi-builder-workspace/.derivedData/Build/Intermediates.noindex/SearchAndSort.build/Debug-watchos/SearchAndSort-t.build/Objects-normal/arm64/SearchAndSort.SwiftFileList -DSWIFT_PACKAGE -DDEBUG -DSWIFT_MODULE_RESOURCE_BUNDLE_UNAVAILABLE -DXcode -plugin-path /Applications/Xcode-27.0.0-Release.Candidate.app/Contents/Developer/Toolchains/XcodeDefault.xctoolchain/usr/lib/swift/host/plugins/testing -enable-experimental-feature DebugDescriptionMacro -sdk /Applications/Xcode-27.0.0-Release.Candidate.app/Contents/Developer/Platforms/WatchOS.platform/Developer/SDKs/WatchOS27.0.sdk -target arm64-apple-watchos10.0 -g -module-cache-path /Users/admin/builder/spi-builder-workspace/.derivedData/ModuleCache.noindex -Xfrontend -serialize-debugging-options -profile-coverage-mapping -profile-generate -enable-testing -index-store-path /Users/admin/builder/spi-builder-workspace/.derivedData/Index.noindex/DataStore -Xcc -D_LIBCPP_HARDENING_MODE\=_LIBCPP_HARDENING_MODE_DEBUG -swift-version 6 -I /Users/admin/builder/spi-builder-workspace/.derivedData/Build/Products/Debug-watchos -Isystem /Applications/Xcode-27.0.0-Release.Candidate.app/Contents/Developer/Platforms/WatchOS.platform/Developer/usr/lib -F /Users/admin/builder/spi-builder-workspace/.derivedData/Build/Products/Debug-watchos/PackageFrameworks -F /Users/admin/builder/spi-builder-workspace/.derivedData/Build/Products/Debug-watchos -F /Applications/Xcode-27.0.0-Release.Candidate.app/Contents/Developer/Platforms/WatchOS.platform/Developer/Library/Frameworks -F /Applications/Xcode-27.0.0-Release.Candidate.app/Contents/Developer/Platforms/WatchOS.platform/Developer/SDKs/WatchOS27.0.sdk/Developer/Library/Frameworks -c -j10 -enable-batch-mode -incremental -Xcc -ivfsstatcache -Xcc /Users/admin/builder/spi-builder-workspace/.derivedData/SDKStatCaches.noindex/watchos27.0-24R360-e829b21a6f8c9b70876ba0858053c04477534ef55a1706bf4c1112bbb242f0a2.sdkstatcache -output-file-map /Users/admin/builder/spi-builder-workspace/.derivedData/Build/Intermediates.noindex/SearchAndSort.build/Debug-watchos/SearchAndSort-t.build/Objects-normal/arm64/SearchAndSort-OutputFileMap.json -save-temps -no-color-diagnostics -explicit-module-build -module-cache-path /Users/admin/builder/spi-builder-workspace/.derivedData/Build/Intermediates.noindex/SwiftExplicitPrecompiledModules -clang-scanner-module-cache-path /Users/admin/builder/spi-builder-workspace/.derivedData/ModuleCache.noindex -sdk-module-cache-path /Users/admin/builder/spi-builder-workspace/.derivedData/SDKExplicitPrecompiledModules -emit-dependencies -emit-module -emit-module-path /Users/admin/builder/spi-builder-workspace/.derivedData/Build/Intermediates.noindex/SearchAndSort.build/Debug-watchos/SearchAndSort-t.build/Objects-normal/arm64/SearchAndSort.swiftmodule -serialize-diagnostics -dependency-scan-serialize-diagnostics-path /Users/admin/builder/spi-builder-workspace/.derivedData/Build/Intermediates.noindex/SearchAndSort.build/Debug-watchos/SearchAndSort-t.build/Objects-normal/arm64/SearchAndSort-dependency-scan.dia -validate-clang-modules-once -clang-build-session-file /Users/admin/builder/spi-builder-workspace/.derivedData/ModuleCache.noindex/Session.modulevalidation -Xcc -fmodules-prune-interval\=86400 -Xcc -fmodules-prune-after\=345600 -package-name spi_builder_workspace -emit-const-values -const-gather-protocols-list /Users/admin/builder/spi-builder-workspace/.derivedData/Build/Intermediates.noindex/SearchAndSort.build/Debug-watchos/SearchAndSort-t.build/Objects-normal/arm64/SearchAndSort_const_extract_protocols.json -Xcc -I/Users/admin/builder/spi-builder-workspace/.derivedData/Build/Products/Debug-watchos/include -Xcc -I/Users/admin/builder/spi-builder-workspace/.derivedData/Build/Intermediates.noindex/SearchAndSort.build/Debug-watchos/SearchAndSort-t.build/DerivedSources-normal/arm64 -Xcc -I/Users/admin/builder/spi-builder-workspace/.derivedData/Build/Intermediates.noindex/SearchAndSort.build/Debug-watchos/SearchAndSort-t.build/DerivedSources/arm64 -Xcc -I/Users/admin/builder/spi-builder-workspace/.derivedData/Build/Intermediates.noindex/SearchAndSort.build/Debug-watchos/SearchAndSort-t.build/DerivedSources -Xcc -DSWIFT_PACKAGE -Xcc -DDEBUG\=1 -emit-objc-header -emit-objc-header-path /Users/admin/builder/spi-builder-workspace/.derivedData/Build/Intermediates.noindex/SearchAndSort.build/Debug-watchos/SearchAndSort-t.build/Objects-normal/arm64/SearchAndSort-Swift.h -working-directory /Users/admin/builder/spi-builder-workspace/.swiftpm/xcode -experimental-emit-module-separately -disable-cmo
SwiftDriver SearchAndSort normal arm64_32 com.apple.xcode.tools.swift.compiler (in target 'SearchAndSort' from project 'SearchAndSort')
cd /Users/admin/builder/spi-builder-workspace/.swiftpm/xcode
builtin-SwiftDriver -- /Applications/Xcode-27.0.0-Release.Candidate.app/Contents/Developer/Toolchains/XcodeDefault.xctoolchain/usr/bin/swiftc -parse-as-library -module-name SearchAndSort -Onone @/Users/admin/builder/spi-builder-workspace/.derivedData/Build/Intermediates.noindex/SearchAndSort.build/Debug-watchos/SearchAndSort-t.build/Objects-normal/arm64_32/SearchAndSort.SwiftFileList -DSWIFT_PACKAGE -DDEBUG -DSWIFT_MODULE_RESOURCE_BUNDLE_UNAVAILABLE -DXcode -plugin-path /Applications/Xcode-27.0.0-Release.Candidate.app/Contents/Developer/Toolchains/XcodeDefault.xctoolchain/usr/lib/swift/host/plugins/testing -enable-experimental-feature DebugDescriptionMacro -sdk /Applications/Xcode-27.0.0-Release.Candidate.app/Contents/Developer/Platforms/WatchOS.platform/Developer/SDKs/WatchOS27.0.sdk -target arm64_32-apple-watchos10.0 -g -module-cache-path /Users/admin/builder/spi-builder-workspace/.derivedData/ModuleCache.noindex -Xfrontend -serialize-debugging-options -profile-coverage-mapping -profile-generate -enable-testing -index-store-path /Users/admin/builder/spi-builder-workspace/.derivedData/Index.noindex/DataStore -Xcc -D_LIBCPP_HARDENING_MODE\=_LIBCPP_HARDENING_MODE_DEBUG -swift-version 6 -I /Users/admin/builder/spi-builder-workspace/.derivedData/Build/Products/Debug-watchos -Isystem /Applications/Xcode-27.0.0-Release.Candidate.app/Contents/Developer/Platforms/WatchOS.platform/Developer/usr/lib -F /Users/admin/builder/spi-builder-workspace/.derivedData/Build/Products/Debug-watchos/PackageFrameworks -F /Users/admin/builder/spi-builder-workspace/.derivedData/Build/Products/Debug-watchos -F /Applications/Xcode-27.0.0-Release.Candidate.app/Contents/Developer/Platforms/WatchOS.platform/Developer/Library/Frameworks -F /Applications/Xcode-27.0.0-Release.Candidate.app/Contents/Developer/Platforms/WatchOS.platform/Developer/SDKs/WatchOS27.0.sdk/Developer/Library/Frameworks -c -j10 -enable-batch-mode -incremental -Xcc -ivfsstatcache -Xcc /Users/admin/builder/spi-builder-workspace/.derivedData/SDKStatCaches.noindex/watchos27.0-24R360-e829b21a6f8c9b70876ba0858053c04477534ef55a1706bf4c1112bbb242f0a2.sdkstatcache -output-file-map /Users/admin/builder/spi-builder-workspace/.derivedData/Build/Intermediates.noindex/SearchAndSort.build/Debug-watchos/SearchAndSort-t.build/Objects-normal/arm64_32/SearchAndSort-OutputFileMap.json -save-temps -no-color-diagnostics -explicit-module-build -module-cache-path /Users/admin/builder/spi-builder-workspace/.derivedData/Build/Intermediates.noindex/SwiftExplicitPrecompiledModules -clang-scanner-module-cache-path /Users/admin/builder/spi-builder-workspace/.derivedData/ModuleCache.noindex -sdk-module-cache-path /Users/admin/builder/spi-builder-workspace/.derivedData/SDKExplicitPrecompiledModules -emit-dependencies -emit-module -emit-module-path /Users/admin/builder/spi-builder-workspace/.derivedData/Build/Intermediates.noindex/SearchAndSort.build/Debug-watchos/SearchAndSort-t.build/Objects-normal/arm64_32/SearchAndSort.swiftmodule -serialize-diagnostics -dependency-scan-serialize-diagnostics-path /Users/admin/builder/spi-builder-workspace/.derivedData/Build/Intermediates.noindex/SearchAndSort.build/Debug-watchos/SearchAndSort-t.build/Objects-normal/arm64_32/SearchAndSort-dependency-scan.dia -validate-clang-modules-once -clang-build-session-file /Users/admin/builder/spi-builder-workspace/.derivedData/ModuleCache.noindex/Session.modulevalidation -Xcc -fmodules-prune-interval\=86400 -Xcc -fmodules-prune-after\=345600 -package-name spi_builder_workspace -emit-const-values -const-gather-protocols-list /Users/admin/builder/spi-builder-workspace/.derivedData/Build/Intermediates.noindex/SearchAndSort.build/Debug-watchos/SearchAndSort-t.build/Objects-normal/arm64_32/SearchAndSort_const_extract_protocols.json -Xcc -I/Users/admin/builder/spi-builder-workspace/.derivedData/Build/Products/Debug-watchos/include -Xcc -I/Users/admin/builder/spi-builder-workspace/.derivedData/Build/Intermediates.noindex/SearchAndSort.build/Debug-watchos/SearchAndSort-t.build/DerivedSources-normal/arm64_32 -Xcc -I/Users/admin/builder/spi-builder-workspace/.derivedData/Build/Intermediates.noindex/SearchAndSort.build/Debug-watchos/SearchAndSort-t.build/DerivedSources/arm64_32 -Xcc -I/Users/admin/builder/spi-builder-workspace/.derivedData/Build/Intermediates.noindex/SearchAndSort.build/Debug-watchos/SearchAndSort-t.build/DerivedSources -Xcc -DSWIFT_PACKAGE -Xcc -DDEBUG\=1 -emit-objc-header -emit-objc-header-path /Users/admin/builder/spi-builder-workspace/.derivedData/Build/Intermediates.noindex/SearchAndSort.build/Debug-watchos/SearchAndSort-t.build/Objects-normal/arm64_32/SearchAndSort-Swift.h -working-directory /Users/admin/builder/spi-builder-workspace/.swiftpm/xcode -experimental-emit-module-separately -disable-cmo
SwiftCompile normal arm64 Compiling\ Searchable.swift,\ SearchableKeyProtocol.swift,\ SortableKeyPathProtocol.swift /Users/admin/builder/spi-builder-workspace/Sources/SearchAndSort/Protocols/Searchable.swift /Users/admin/builder/spi-builder-workspace/Sources/SearchAndSort/Protocols/SearchableKeyProtocol.swift /Users/admin/builder/spi-builder-workspace/Sources/SearchAndSort/Protocols/SortableKeyPathProtocol.swift (in target 'SearchAndSort' from project 'SearchAndSort')
SwiftCompile normal arm64 /Users/admin/builder/spi-builder-workspace/Sources/SearchAndSort/Protocols/Searchable.swift (in target 'SearchAndSort' from project 'SearchAndSort')
cd /Users/admin/builder/spi-builder-workspace/.swiftpm/xcode
builtin-SwiftPerFileCompile Searchable.swift
SwiftCompile normal arm64 /Users/admin/builder/spi-builder-workspace/Sources/SearchAndSort/Protocols/SearchableKeyProtocol.swift (in target 'SearchAndSort' from project 'SearchAndSort')
cd /Users/admin/builder/spi-builder-workspace/.swiftpm/xcode
builtin-SwiftPerFileCompile SearchableKeyProtocol.swift
SwiftCompile normal arm64 /Users/admin/builder/spi-builder-workspace/Sources/SearchAndSort/Protocols/SortableKeyPathProtocol.swift (in target 'SearchAndSort' from project 'SearchAndSort')
cd /Users/admin/builder/spi-builder-workspace/.swiftpm/xcode
builtin-SwiftPerFileCompile SortableKeyPathProtocol.swift
SwiftCompile normal arm64 Compiling\ SearchableKeyPath.swift,\ SearchAndSort.swift,\ SortOrder.swift /Users/admin/builder/spi-builder-workspace/Sources/SearchAndSort/Search/SearchableKeyPath.swift /Users/admin/builder/spi-builder-workspace/Sources/SearchAndSort/SearchAndSort.swift /Users/admin/builder/spi-builder-workspace/Sources/SearchAndSort/Sort/SortOrder.swift (in target 'SearchAndSort' from project 'SearchAndSort')
SwiftCompile normal arm64 /Users/admin/builder/spi-builder-workspace/Sources/SearchAndSort/Search/SearchableKeyPath.swift (in target 'SearchAndSort' from project 'SearchAndSort')
cd /Users/admin/builder/spi-builder-workspace/.swiftpm/xcode
builtin-SwiftPerFileCompile SearchableKeyPath.swift
SwiftCompile normal arm64 /Users/admin/builder/spi-builder-workspace/Sources/SearchAndSort/SearchAndSort.swift (in target 'SearchAndSort' from project 'SearchAndSort')
cd /Users/admin/builder/spi-builder-workspace/.swiftpm/xcode
builtin-SwiftPerFileCompile SearchAndSort.swift
SwiftCompile normal arm64 /Users/admin/builder/spi-builder-workspace/Sources/SearchAndSort/Sort/SortOrder.swift (in target 'SearchAndSort' from project 'SearchAndSort')
cd /Users/admin/builder/spi-builder-workspace/.swiftpm/xcode
builtin-SwiftPerFileCompile SortOrder.swift
SwiftCompile normal arm64 Compiling\ SortableKeyPath.swift,\ Sorter.swift,\ PersianDateStringifier.swift /Users/admin/builder/spi-builder-workspace/Sources/SearchAndSort/Sort/SortableKeyPath.swift /Users/admin/builder/spi-builder-workspace/Sources/SearchAndSort/Sort/Sorter.swift /Users/admin/builder/spi-builder-workspace/Sources/SearchAndSort/Stringifirers/Persian/PersianDateStringifier.swift (in target 'SearchAndSort' from project 'SearchAndSort')
SwiftCompile normal arm64 /Users/admin/builder/spi-builder-workspace/Sources/SearchAndSort/Sort/SortableKeyPath.swift (in target 'SearchAndSort' from project 'SearchAndSort')
cd /Users/admin/builder/spi-builder-workspace/.swiftpm/xcode
builtin-SwiftPerFileCompile SortableKeyPath.swift
SwiftCompile normal arm64 /Users/admin/builder/spi-builder-workspace/Sources/SearchAndSort/Sort/Sorter.swift (in target 'SearchAndSort' from project 'SearchAndSort')
cd /Users/admin/builder/spi-builder-workspace/.swiftpm/xcode
builtin-SwiftPerFileCompile Sorter.swift
SwiftCompile normal arm64 /Users/admin/builder/spi-builder-workspace/Sources/SearchAndSort/Stringifirers/Persian/PersianDateStringifier.swift (in target 'SearchAndSort' from project 'SearchAndSort')
cd /Users/admin/builder/spi-builder-workspace/.swiftpm/xcode
builtin-SwiftPerFileCompile PersianDateStringifier.swift
SwiftCompile normal arm64 Compiling\ StringConvertableStringifier.swift,\ TitledKey.swift /Users/admin/builder/spi-builder-workspace/Sources/SearchAndSort/Stringifirers/StringConvertableStringifier.swift /Users/admin/builder/spi-builder-workspace/Sources/SearchAndSort/TitledKey.swift (in target 'SearchAndSort' from project 'SearchAndSort')
SwiftCompile normal arm64 /Users/admin/builder/spi-builder-workspace/Sources/SearchAndSort/Stringifirers/StringConvertableStringifier.swift (in target 'SearchAndSort' from project 'SearchAndSort')
cd /Users/admin/builder/spi-builder-workspace/.swiftpm/xcode
builtin-SwiftPerFileCompile StringConvertableStringifier.swift
SwiftCompile normal arm64 /Users/admin/builder/spi-builder-workspace/Sources/SearchAndSort/TitledKey.swift (in target 'SearchAndSort' from project 'SearchAndSort')
cd /Users/admin/builder/spi-builder-workspace/.swiftpm/xcode
builtin-SwiftPerFileCompile TitledKey.swift
SwiftCompile normal arm64 Compiling\ Stringifier.swift,\ ValuePresentable.swift,\ BackgroundSearcher.swift /Users/admin/builder/spi-builder-workspace/Sources/SearchAndSort/Protocols/Stringifier.swift /Users/admin/builder/spi-builder-workspace/Sources/SearchAndSort/Protocols/ValuePresentable.swift /Users/admin/builder/spi-builder-workspace/Sources/SearchAndSort/Search/BackgroundSearcher.swift (in target 'SearchAndSort' from project 'SearchAndSort')
/Users/admin/builder/spi-builder-workspace/Sources/SearchAndSort/Search/BackgroundSearcher.swift:161:61: error: passing closure as a 'sending' parameter risks causing data races between 'self'-isolated code and concurrent execution of the closure [#RegionIsolation::SendingClosureRisksDataRace]
159 | let searchingKeys = key == nil ? self.keys : key!
160 | let checker = self.checkIf
161 | let task = Task.detached(priority: .userInitiated) {
| `- error: passing closure as a 'sending' parameter risks causing data races between 'self'-isolated code and concurrent execution of the closure [#RegionIsolation::SendingClosureRisksDataRace]
162 | MODELS: for model in allModels {
163 | if Task.isCancelled {
164 | self.logger.debug("Task for \(query) cancelled")
| `- note: closure captures 'self' allowing access to 'self'-isolated state within the closure
165 | return Optional<[T]>.none
166 | }
/Users/admin/builder/spi-builder-workspace/Sources/SearchAndSort/Search/BackgroundSearcher.swift:242:61: error: passing closure as a 'sending' parameter risks causing data races between 'self'-isolated code and concurrent execution of the closure [#RegionIsolation::SendingClosureRisksDataRace]
240 | let searchingKeys = key == nil ? self.keys : key!
241 | let checker = self.checkIf
242 | let task = Task.detached(priority: .userInitiated) {
| `- error: passing closure as a 'sending' parameter risks causing data races between 'self'-isolated code and concurrent execution of the closure [#RegionIsolation::SendingClosureRisksDataRace]
243 |
244 | MODELS: for model in allModels {
245 | if Task.isCancelled {
246 | self.logger.debug("Task for \(query) cancelled")
| `- note: closure captures 'self' allowing access to 'self'-isolated state within the closure
247 | return Optional<[T]>.none
248 | }
[#RegionIsolation]: <https://docs.swift.org/compiler/documentation/diagnostics/region-isolation>
[#SendingClosureRisksDataRace]: <https://docs.swift.org/compiler/documentation/diagnostics/sending-closure-risks-data-race>
Failed frontend command:
/Applications/Xcode-27.0.0-Release.Candidate.app/Contents/Developer/Toolchains/XcodeDefault.xctoolchain/usr/bin/swift-frontend -frontend -c /Users/admin/builder/spi-builder-workspace/Sources/SearchAndSort/Extensions/KeyPath.swift /Users/admin/builder/spi-builder-workspace/Sources/SearchAndSort/Logger.swift /Users/admin/builder/spi-builder-workspace/Sources/SearchAndSort/Protocols/Optional\ Extension.swift /Users/admin/builder/spi-builder-workspace/Sources/SearchAndSort/Protocols/Searchable.swift /Users/admin/builder/spi-builder-workspace/Sources/SearchAndSort/Protocols/SearchableKeyProtocol.swift /Users/admin/builder/spi-builder-workspace/Sources/SearchAndSort/Protocols/SortableKeyPathProtocol.swift -primary-file /Users/admin/builder/spi-builder-workspace/Sources/SearchAndSort/Protocols/Stringifier.swift -primary-file /Users/admin/builder/spi-builder-workspace/Sources/SearchAndSort/Protocols/ValuePresentable.swift -primary-file /Users/admin/builder/spi-builder-workspace/Sources/SearchAndSort/Search/BackgroundSearcher.swift /Users/admin/builder/spi-builder-workspace/Sources/SearchAndSort/Search/SearchableKeyPath.swift /Users/admin/builder/spi-builder-workspace/Sources/SearchAndSort/SearchAndSort.swift /Users/admin/builder/spi-builder-workspace/Sources/SearchAndSort/Sort/SortOrder.swift /Users/admin/builder/spi-builder-workspace/Sources/SearchAndSort/Sort/SortableKeyPath.swift /Users/admin/builder/spi-builder-workspace/Sources/SearchAndSort/Sort/Sorter.swift /Users/admin/builder/spi-builder-workspace/Sources/SearchAndSort/Stringifirers/Persian/PersianDateStringifier.swift /Users/admin/builder/spi-builder-workspace/Sources/SearchAndSort/Stringifirers/Persian/PersianDoubleStringifier.swift /Users/admin/builder/spi-builder-workspace/Sources/SearchAndSort/Stringifirers/Persian/PersianIntStringifier.swift /Users/admin/builder/spi-builder-workspace/Sources/SearchAndSort/Stringifirers/StringConvertableStringifier.swift /Users/admin/builder/spi-builder-workspace/Sources/SearchAndSort/TitledKey.swift /Users/admin/builder/spi-builder-workspace/Sources/SearchAndSort/Type\ Erasure/AnyKey.swift /Users/admin/builder/spi-builder-workspace/Sources/SearchAndSort/Type\ Erasure/AnySearchableKey.swift /Users/admin/builder/spi-builder-workspace/Sources/SearchAndSort/Type\ Erasure/AnySearchableTitledKey.swift /Users/admin/builder/spi-builder-workspace/Sources/SearchAndSort/Type\ Erasure/AnySortableKey.swift /Users/admin/builder/spi-builder-workspace/Sources/SearchAndSort/Type\ Erasure/AnySortabletTitledKey.swift /Users/admin/builder/spi-builder-workspace/Sources/SearchAndSort/Type\ Erasure/AnyTitledKey.swift -supplementary-output-file-map /Users/admin/builder/spi-builder-workspace/.derivedData/Build/Intermediates.noindex/SearchAndSort.build/Debug-watchos/SearchAndSort-t.build/Objects-normal/arm64/supplementaryOutputs-4 -target arm64-apple-watchos10.0 -disable-cross-import-overlay-search -swift-module-cross-import SwiftData /Applications/Xcode-27.0.0-Release.Candidate.app/Contents/Developer/Platforms/WatchOS.platform/Developer/SDKs/WatchOS27.0.sdk/System/Library/Frameworks/SwiftData.framework/Modules/SwiftData.swiftcrossimport/CoreData.swiftoverlay -swift-module-cross-import SwiftData /Applications/Xcode-27.0.0-Release.Candidate.app/Contents/Developer/Platforms/WatchOS.platform/Developer/SDKs/WatchOS27.0.sdk/System/Library/Frameworks/SwiftData.framework/Modules/SwiftData.swiftcrossimport/SwiftUI.swiftoverlay -load-resolved-plugin /Applications/Xcode-27.0.0-Release.Candidate.app/Contents/Developer/Platforms/WatchOS.platform/Developer/usr/lib/swift/host/plugins/libFoundationMacros.dylib\#/Applications/Xcode-27.0.0-Release.Candidate.app/Contents/Developer/Platforms/WatchOS.platform/Developer/usr/bin/swift-plugin-server\#FoundationMacros -load-resolved-plugin /Applications/Xcode-27.0.0-Release.Candidate.app/Contents/Developer/Platforms/WatchOS.platform/Developer/usr/lib/swift/host/plugins/libObservationMacros.dylib\#/Applications/Xcode-27.0.0-Release.Candidate.app/Contents/Developer/Platforms/WatchOS.platform/Developer/usr/bin/swift-plugin-server\#ObservationMacros -load-resolved-plugin /Applications/Xcode-27.0.0-Release.Candidate.app/Contents/Developer/Platforms/WatchOS.platform/Developer/usr/lib/swift/host/plugins/libSwiftDataMacros.dylib\#/Applications/Xcode-27.0.0-Release.Candidate.app/Contents/Developer/Platforms/WatchOS.platform/Developer/usr/bin/swift-plugin-server\#SwiftDataMacros -load-resolved-plugin /Applications/Xcode-27.0.0-Release.Candidate.app/Contents/Developer/Platforms/WatchOS.platform/Developer/usr/lib/swift/host/plugins/libSwiftMacros.dylib\#/Applications/Xcode-27.0.0-Release.Candidate.app/Contents/Developer/Platforms/WatchOS.platform/Developer/usr/bin/swift-plugin-server\#SwiftMacros -disable-implicit-swift-modules -Xcc -fno-implicit-modules -Xcc -fno-implicit-module-maps -explicit-swift-module-map-file /Users/admin/builder/spi-builder-workspace/.derivedData/Build/Intermediates.noindex/SearchAndSort.build/Debug-watchos/SearchAndSort-t.build/Objects-normal/arm64/SearchAndSort-dependencies-2.json -Xllvm -aarch64-use-tbi -enable-objc-interop -stack-check -sdk /Applications/Xcode-27.0.0-Release.Candidate.app/Contents/Developer/Platforms/WatchOS.platform/Developer/SDKs/WatchOS27.0.sdk -I /Users/admin/builder/spi-builder-workspace/.derivedData/Build/Products/Debug-watchos -Isystem /Applications/Xcode-27.0.0-Release.Candidate.app/Contents/Developer/Platforms/WatchOS.platform/Developer/usr/lib -F /Users/admin/builder/spi-builder-workspace/.derivedData/Build/Products/Debug-watchos/PackageFrameworks -F /Users/admin/builder/spi-builder-workspace/.derivedData/Build/Products/Debug-watchos -F /Applications/Xcode-27.0.0-Release.Candidate.app/Contents/Developer/Platforms/WatchOS.platform/Developer/Library/Frameworks -F /Applications/Xcode-27.0.0-Release.Candidate.app/Contents/Developer/Platforms/WatchOS.platform/Developer/SDKs/WatchOS27.0.sdk/Developer/Library/Frameworks -module-cache-path /Users/admin/builder/spi-builder-workspace/.derivedData/Build/Intermediates.noindex/SwiftExplicitPrecompiledModules -no-color-diagnostics -Xcc -fno-color-diagnostics -enable-testing -g -debug-info-format\=dwarf -dwarf-version\=4 -profile-generate -profile-coverage-mapping -swift-version 6 -Onone -D SWIFT_PACKAGE -D DEBUG -D SWIFT_MODULE_RESOURCE_BUNDLE_UNAVAILABLE -D Xcode -serialize-debugging-options -enable-experimental-feature DebugDescriptionMacro -empty-abi-descriptor -validate-clang-modules-once -clang-build-session-file /Users/admin/builder/spi-builder-workspace/.derivedData/ModuleCache.noindex/Session.modulevalidation -Xcc -working-directory -Xcc /Users/admin/builder/spi-builder-workspace/.swiftpm/xcode -enable-anonymous-context-mangled-names -file-compilation-dir /Users/admin/builder/spi-builder-workspace/.swiftpm/xcode -Xcc -D_LIBCPP_HARDENING_MODE\=_LIBCPP_HARDENING_MODE_DEBUG -Xcc -ivfsstatcache -Xcc /Users/admin/builder/spi-builder-workspace/.derivedData/SDKStatCaches.noindex/watchos27.0-24R360-e829b21a6f8c9b70876ba0858053c04477534ef55a1706bf4c1112bbb242f0a2.sdkstatcache -Xcc -fmodules-prune-interval\=86400 -Xcc -fmodules-prune-after\=345600 -Xcc -I/Users/admin/builder/spi-builder-workspace/.derivedData/Build/Products/Debug-watchos/include -Xcc -I/Users/admin/builder/spi-builder-workspace/.derivedData/Build/Intermediates.noindex/SearchAndSort.build/Debug-watchos/SearchAndSort-t.build/DerivedSources-normal/arm64 -Xcc -I/Users/admin/builder/spi-builder-workspace/.derivedData/Build/Intermediates.noindex/SearchAndSort.build/Debug-watchos/SearchAndSort-t.build/DerivedSources/arm64 -Xcc -I/Users/admin/builder/spi-builder-workspace/.derivedData/Build/Intermediates.noindex/SearchAndSort.build/Debug-watchos/SearchAndSort-t.build/DerivedSources -Xcc -DSWIFT_PACKAGE -Xcc -DDEBUG\=1 -no-auto-bridging-header-chaining -module-name SearchAndSort -package-name spi_builder_workspace -const-gather-protocols-file /Users/admin/builder/spi-builder-workspace/.derivedData/Build/Intermediates.noindex/SearchAndSort.build/Debug-watchos/SearchAndSort-t.build/Objects-normal/arm64/SearchAndSort_const_extract_protocols.json -disable-clang-spi -clang-target arm64-apple-watchos27.0 -target-sdk-version 27.0 -target-sdk-name watchos27.0 -in-process-plugin-server-path /Applications/Xcode-27.0.0-Release.Candidate.app/Contents/Developer/Toolchains/XcodeDefault.xctoolchain/usr/lib/swift/host/libSwiftInProcPluginServer.dylib -parse-as-library -o /Users/admin/builder/spi-builder-workspace/.derivedData/Build/Intermediates.noindex/SearchAndSort.build/Debug-watchos/SearchAndSort-t.build/Objects-normal/arm64/Stringifier.o -o /Users/admin/builder/spi-builder-workspace/.derivedData/Build/Intermediates.noindex/SearchAndSort.build/Debug-watchos/SearchAndSort-t.build/Objects-normal/arm64/ValuePresentable.o -o /Users/admin/builder/spi-builder-workspace/.derivedData/Build/Intermediates.noindex/SearchAndSort.build/Debug-watchos/SearchAndSort-t.build/Objects-normal/arm64/BackgroundSearcher.o -debug-module-path /Users/admin/builder/spi-builder-workspace/.derivedData/Build/Intermediates.noindex/SearchAndSort.build/Debug-watchos/SearchAndSort-t.build/Objects-normal/arm64/SearchAndSort.swiftmodule -index-unit-output-path /SearchAndSort.build/Debug-watchos/SearchAndSort-t.build/Objects-normal/arm64/Stringifier.o -index-unit-output-path /SearchAndSort.build/Debug-watchos/SearchAndSort-t.build/Objects-normal/arm64/ValuePresentable.o -index-unit-output-path /SearchAndSort.build/Debug-watchos/SearchAndSort-t.build/Objects-normal/arm64/BackgroundSearcher.o -index-store-path /Users/admin/builder/spi-builder-workspace/.derivedData/Index.noindex/DataStore -index-system-modules
SwiftCompile normal arm64 /Users/admin/builder/spi-builder-workspace/Sources/SearchAndSort/Protocols/Stringifier.swift (in target 'SearchAndSort' from project 'SearchAndSort')
cd /Users/admin/builder/spi-builder-workspace/.swiftpm/xcode
builtin-SwiftPerFileCompile Stringifier.swift
SwiftCompile normal arm64 /Users/admin/builder/spi-builder-workspace/Sources/SearchAndSort/Protocols/ValuePresentable.swift (in target 'SearchAndSort' from project 'SearchAndSort')
cd /Users/admin/builder/spi-builder-workspace/.swiftpm/xcode
builtin-SwiftPerFileCompile ValuePresentable.swift
SwiftCompile normal arm64 /Users/admin/builder/spi-builder-workspace/Sources/SearchAndSort/Search/BackgroundSearcher.swift (in target 'SearchAndSort' from project 'SearchAndSort')
cd /Users/admin/builder/spi-builder-workspace/.swiftpm/xcode
builtin-SwiftPerFileCompile BackgroundSearcher.swift
SwiftCompile normal arm64 Compiling\ PersianDoubleStringifier.swift,\ PersianIntStringifier.swift /Users/admin/builder/spi-builder-workspace/Sources/SearchAndSort/Stringifirers/Persian/PersianDoubleStringifier.swift /Users/admin/builder/spi-builder-workspace/Sources/SearchAndSort/Stringifirers/Persian/PersianIntStringifier.swift (in target 'SearchAndSort' from project 'SearchAndSort')
SwiftCompile normal arm64 /Users/admin/builder/spi-builder-workspace/Sources/SearchAndSort/Stringifirers/Persian/PersianDoubleStringifier.swift (in target 'SearchAndSort' from project 'SearchAndSort')
cd /Users/admin/builder/spi-builder-workspace/.swiftpm/xcode
builtin-SwiftPerFileCompile PersianDoubleStringifier.swift
SwiftCompile normal arm64 /Users/admin/builder/spi-builder-workspace/Sources/SearchAndSort/Stringifirers/Persian/PersianIntStringifier.swift (in target 'SearchAndSort' from project 'SearchAndSort')
cd /Users/admin/builder/spi-builder-workspace/.swiftpm/xcode
builtin-SwiftPerFileCompile PersianIntStringifier.swift
SwiftEmitModule normal arm64 Emitting\ module\ for\ SearchAndSort (in target 'SearchAndSort' from project 'SearchAndSort')
SwiftCompile normal arm64 (in target 'SearchAndSort' from project 'SearchAndSort')
cd /Users/admin/builder/spi-builder-workspace/.swiftpm/xcode
SwiftEmitModule normal arm64_32 Emitting\ module\ for\ SearchAndSort (in target 'SearchAndSort' from project 'SearchAndSort')
SwiftCompile normal arm64_32 (in target 'SearchAndSort' from project 'SearchAndSort')
cd /Users/admin/builder/spi-builder-workspace/.swiftpm/xcode
SwiftCompile normal arm64_32 Compiling\ KeyPath.swift,\ Logger.swift,\ Optional\ Extension.swift /Users/admin/builder/spi-builder-workspace/Sources/SearchAndSort/Extensions/KeyPath.swift /Users/admin/builder/spi-builder-workspace/Sources/SearchAndSort/Logger.swift /Users/admin/builder/spi-builder-workspace/Sources/SearchAndSort/Protocols/Optional\ Extension.swift (in target 'SearchAndSort' from project 'SearchAndSort')
SwiftCompile normal arm64_32 /Users/admin/builder/spi-builder-workspace/Sources/SearchAndSort/Extensions/KeyPath.swift (in target 'SearchAndSort' from project 'SearchAndSort')
cd /Users/admin/builder/spi-builder-workspace/.swiftpm/xcode
builtin-SwiftPerFileCompile KeyPath.swift
SwiftCompile normal arm64_32 /Users/admin/builder/spi-builder-workspace/Sources/SearchAndSort/Logger.swift (in target 'SearchAndSort' from project 'SearchAndSort')
cd /Users/admin/builder/spi-builder-workspace/.swiftpm/xcode
builtin-SwiftPerFileCompile Logger.swift
SwiftCompile normal arm64_32 /Users/admin/builder/spi-builder-workspace/Sources/SearchAndSort/Protocols/Optional\ Extension.swift (in target 'SearchAndSort' from project 'SearchAndSort')
cd /Users/admin/builder/spi-builder-workspace/.swiftpm/xcode
builtin-SwiftPerFileCompile Optional\ Extension.swift
SwiftDriverJobDiscovery normal arm64 Emitting module for SearchAndSort (in target 'SearchAndSort' from project 'SearchAndSort')
SwiftDriver\ Compilation\ Requirements SearchAndSort normal arm64 com.apple.xcode.tools.swift.compiler (in target 'SearchAndSort' from project 'SearchAndSort')
cd /Users/admin/builder/spi-builder-workspace/.swiftpm/xcode
builtin-Swift-Compilation-Requirements -- /Applications/Xcode-27.0.0-Release.Candidate.app/Contents/Developer/Toolchains/XcodeDefault.xctoolchain/usr/bin/swiftc -parse-as-library -module-name SearchAndSort -Onone @/Users/admin/builder/spi-builder-workspace/.derivedData/Build/Intermediates.noindex/SearchAndSort.build/Debug-watchos/SearchAndSort-t.build/Objects-normal/arm64/SearchAndSort.SwiftFileList -DSWIFT_PACKAGE -DDEBUG -DSWIFT_MODULE_RESOURCE_BUNDLE_UNAVAILABLE -DXcode -plugin-path /Applications/Xcode-27.0.0-Release.Candidate.app/Contents/Developer/Toolchains/XcodeDefault.xctoolchain/usr/lib/swift/host/plugins/testing -enable-experimental-feature DebugDescriptionMacro -sdk /Applications/Xcode-27.0.0-Release.Candidate.app/Contents/Developer/Platforms/WatchOS.platform/Developer/SDKs/WatchOS27.0.sdk -target arm64-apple-watchos10.0 -g -module-cache-path /Users/admin/builder/spi-builder-workspace/.derivedData/ModuleCache.noindex -Xfrontend -serialize-debugging-options -profile-coverage-mapping -profile-generate -enable-testing -index-store-path /Users/admin/builder/spi-builder-workspace/.derivedData/Index.noindex/DataStore -Xcc -D_LIBCPP_HARDENING_MODE\=_LIBCPP_HARDENING_MODE_DEBUG -swift-version 6 -I /Users/admin/builder/spi-builder-workspace/.derivedData/Build/Products/Debug-watchos -Isystem /Applications/Xcode-27.0.0-Release.Candidate.app/Contents/Developer/Platforms/WatchOS.platform/Developer/usr/lib -F /Users/admin/builder/spi-builder-workspace/.derivedData/Build/Products/Debug-watchos/PackageFrameworks -F /Users/admin/builder/spi-builder-workspace/.derivedData/Build/Products/Debug-watchos -F /Applications/Xcode-27.0.0-Release.Candidate.app/Contents/Developer/Platforms/WatchOS.platform/Developer/Library/Frameworks -F /Applications/Xcode-27.0.0-Release.Candidate.app/Contents/Developer/Platforms/WatchOS.platform/Developer/SDKs/WatchOS27.0.sdk/Developer/Library/Frameworks -c -j10 -enable-batch-mode -incremental -Xcc -ivfsstatcache -Xcc /Users/admin/builder/spi-builder-workspace/.derivedData/SDKStatCaches.noindex/watchos27.0-24R360-e829b21a6f8c9b70876ba0858053c04477534ef55a1706bf4c1112bbb242f0a2.sdkstatcache -output-file-map /Users/admin/builder/spi-builder-workspace/.derivedData/Build/Intermediates.noindex/SearchAndSort.build/Debug-watchos/SearchAndSort-t.build/Objects-normal/arm64/SearchAndSort-OutputFileMap.json -save-temps -no-color-diagnostics -explicit-module-build -module-cache-path /Users/admin/builder/spi-builder-workspace/.derivedData/Build/Intermediates.noindex/SwiftExplicitPrecompiledModules -clang-scanner-module-cache-path /Users/admin/builder/spi-builder-workspace/.derivedData/ModuleCache.noindex -sdk-module-cache-path /Users/admin/builder/spi-builder-workspace/.derivedData/SDKExplicitPrecompiledModules -emit-dependencies -emit-module -emit-module-path /Users/admin/builder/spi-builder-workspace/.derivedData/Build/Intermediates.noindex/SearchAndSort.build/Debug-watchos/SearchAndSort-t.build/Objects-normal/arm64/SearchAndSort.swiftmodule -serialize-diagnostics -dependency-scan-serialize-diagnostics-path /Users/admin/builder/spi-builder-workspace/.derivedData/Build/Intermediates.noindex/SearchAndSort.build/Debug-watchos/SearchAndSort-t.build/Objects-normal/arm64/SearchAndSort-dependency-scan.dia -validate-clang-modules-once -clang-build-session-file /Users/admin/builder/spi-builder-workspace/.derivedData/ModuleCache.noindex/Session.modulevalidation -Xcc -fmodules-prune-interval\=86400 -Xcc -fmodules-prune-after\=345600 -package-name spi_builder_workspace -emit-const-values -const-gather-protocols-list /Users/admin/builder/spi-builder-workspace/.derivedData/Build/Intermediates.noindex/SearchAndSort.build/Debug-watchos/SearchAndSort-t.build/Objects-normal/arm64/SearchAndSort_const_extract_protocols.json -Xcc -I/Users/admin/builder/spi-builder-workspace/.derivedData/Build/Products/Debug-watchos/include -Xcc -I/Users/admin/builder/spi-builder-workspace/.derivedData/Build/Intermediates.noindex/SearchAndSort.build/Debug-watchos/SearchAndSort-t.build/DerivedSources-normal/arm64 -Xcc -I/Users/admin/builder/spi-builder-workspace/.derivedData/Build/Intermediates.noindex/SearchAndSort.build/Debug-watchos/SearchAndSort-t.build/DerivedSources/arm64 -Xcc -I/Users/admin/builder/spi-builder-workspace/.derivedData/Build/Intermediates.noindex/SearchAndSort.build/Debug-watchos/SearchAndSort-t.build/DerivedSources -Xcc -DSWIFT_PACKAGE -Xcc -DDEBUG\=1 -emit-objc-header -emit-objc-header-path /Users/admin/builder/spi-builder-workspace/.derivedData/Build/Intermediates.noindex/SearchAndSort.build/Debug-watchos/SearchAndSort-t.build/Objects-normal/arm64/SearchAndSort-Swift.h -working-directory /Users/admin/builder/spi-builder-workspace/.swiftpm/xcode -experimental-emit-module-separately -disable-cmo
SwiftDriverJobDiscovery normal arm64_32 Emitting module for SearchAndSort (in target 'SearchAndSort' from project 'SearchAndSort')
SwiftCompile normal arm64_32 Compiling\ Searchable.swift,\ SearchableKeyProtocol.swift,\ SortableKeyPathProtocol.swift /Users/admin/builder/spi-builder-workspace/Sources/SearchAndSort/Protocols/Searchable.swift /Users/admin/builder/spi-builder-workspace/Sources/SearchAndSort/Protocols/SearchableKeyProtocol.swift /Users/admin/builder/spi-builder-workspace/Sources/SearchAndSort/Protocols/SortableKeyPathProtocol.swift (in target 'SearchAndSort' from project 'SearchAndSort')
SwiftCompile normal arm64_32 /Users/admin/builder/spi-builder-workspace/Sources/SearchAndSort/Protocols/Searchable.swift (in target 'SearchAndSort' from project 'SearchAndSort')
cd /Users/admin/builder/spi-builder-workspace/.swiftpm/xcode
builtin-SwiftPerFileCompile Searchable.swift
SwiftCompile normal arm64_32 /Users/admin/builder/spi-builder-workspace/Sources/SearchAndSort/Protocols/SearchableKeyProtocol.swift (in target 'SearchAndSort' from project 'SearchAndSort')
cd /Users/admin/builder/spi-builder-workspace/.swiftpm/xcode
builtin-SwiftPerFileCompile SearchableKeyProtocol.swift
SwiftCompile normal arm64_32 /Users/admin/builder/spi-builder-workspace/Sources/SearchAndSort/Protocols/SortableKeyPathProtocol.swift (in target 'SearchAndSort' from project 'SearchAndSort')
cd /Users/admin/builder/spi-builder-workspace/.swiftpm/xcode
builtin-SwiftPerFileCompile SortableKeyPathProtocol.swift
SwiftDriver\ Compilation\ Requirements SearchAndSort normal arm64_32 com.apple.xcode.tools.swift.compiler (in target 'SearchAndSort' from project 'SearchAndSort')
cd /Users/admin/builder/spi-builder-workspace/.swiftpm/xcode
builtin-Swift-Compilation-Requirements -- /Applications/Xcode-27.0.0-Release.Candidate.app/Contents/Developer/Toolchains/XcodeDefault.xctoolchain/usr/bin/swiftc -parse-as-library -module-name SearchAndSort -Onone @/Users/admin/builder/spi-builder-workspace/.derivedData/Build/Intermediates.noindex/SearchAndSort.build/Debug-watchos/SearchAndSort-t.build/Objects-normal/arm64_32/SearchAndSort.SwiftFileList -DSWIFT_PACKAGE -DDEBUG -DSWIFT_MODULE_RESOURCE_BUNDLE_UNAVAILABLE -DXcode -plugin-path /Applications/Xcode-27.0.0-Release.Candidate.app/Contents/Developer/Toolchains/XcodeDefault.xctoolchain/usr/lib/swift/host/plugins/testing -enable-experimental-feature DebugDescriptionMacro -sdk /Applications/Xcode-27.0.0-Release.Candidate.app/Contents/Developer/Platforms/WatchOS.platform/Developer/SDKs/WatchOS27.0.sdk -target arm64_32-apple-watchos10.0 -g -module-cache-path /Users/admin/builder/spi-builder-workspace/.derivedData/ModuleCache.noindex -Xfrontend -serialize-debugging-options -profile-coverage-mapping -profile-generate -enable-testing -index-store-path /Users/admin/builder/spi-builder-workspace/.derivedData/Index.noindex/DataStore -Xcc -D_LIBCPP_HARDENING_MODE\=_LIBCPP_HARDENING_MODE_DEBUG -swift-version 6 -I /Users/admin/builder/spi-builder-workspace/.derivedData/Build/Products/Debug-watchos -Isystem /Applications/Xcode-27.0.0-Release.Candidate.app/Contents/Developer/Platforms/WatchOS.platform/Developer/usr/lib -F /Users/admin/builder/spi-builder-workspace/.derivedData/Build/Products/Debug-watchos/PackageFrameworks -F /Users/admin/builder/spi-builder-workspace/.derivedData/Build/Products/Debug-watchos -F /Applications/Xcode-27.0.0-Release.Candidate.app/Contents/Developer/Platforms/WatchOS.platform/Developer/Library/Frameworks -F /Applications/Xcode-27.0.0-Release.Candidate.app/Contents/Developer/Platforms/WatchOS.platform/Developer/SDKs/WatchOS27.0.sdk/Developer/Library/Frameworks -c -j10 -enable-batch-mode -incremental -Xcc -ivfsstatcache -Xcc /Users/admin/builder/spi-builder-workspace/.derivedData/SDKStatCaches.noindex/watchos27.0-24R360-e829b21a6f8c9b70876ba0858053c04477534ef55a1706bf4c1112bbb242f0a2.sdkstatcache -output-file-map /Users/admin/builder/spi-builder-workspace/.derivedData/Build/Intermediates.noindex/SearchAndSort.build/Debug-watchos/SearchAndSort-t.build/Objects-normal/arm64_32/SearchAndSort-OutputFileMap.json -save-temps -no-color-diagnostics -explicit-module-build -module-cache-path /Users/admin/builder/spi-builder-workspace/.derivedData/Build/Intermediates.noindex/SwiftExplicitPrecompiledModules -clang-scanner-module-cache-path /Users/admin/builder/spi-builder-workspace/.derivedData/ModuleCache.noindex -sdk-module-cache-path /Users/admin/builder/spi-builder-workspace/.derivedData/SDKExplicitPrecompiledModules -emit-dependencies -emit-module -emit-module-path /Users/admin/builder/spi-builder-workspace/.derivedData/Build/Intermediates.noindex/SearchAndSort.build/Debug-watchos/SearchAndSort-t.build/Objects-normal/arm64_32/SearchAndSort.swiftmodule -serialize-diagnostics -dependency-scan-serialize-diagnostics-path /Users/admin/builder/spi-builder-workspace/.derivedData/Build/Intermediates.noindex/SearchAndSort.build/Debug-watchos/SearchAndSort-t.build/Objects-normal/arm64_32/SearchAndSort-dependency-scan.dia -validate-clang-modules-once -clang-build-session-file /Users/admin/builder/spi-builder-workspace/.derivedData/ModuleCache.noindex/Session.modulevalidation -Xcc -fmodules-prune-interval\=86400 -Xcc -fmodules-prune-after\=345600 -package-name spi_builder_workspace -emit-const-values -const-gather-protocols-list /Users/admin/builder/spi-builder-workspace/.derivedData/Build/Intermediates.noindex/SearchAndSort.build/Debug-watchos/SearchAndSort-t.build/Objects-normal/arm64_32/SearchAndSort_const_extract_protocols.json -Xcc -I/Users/admin/builder/spi-builder-workspace/.derivedData/Build/Products/Debug-watchos/include -Xcc -I/Users/admin/builder/spi-builder-workspace/.derivedData/Build/Intermediates.noindex/SearchAndSort.build/Debug-watchos/SearchAndSort-t.build/DerivedSources-normal/arm64_32 -Xcc -I/Users/admin/builder/spi-builder-workspace/.derivedData/Build/Intermediates.noindex/SearchAndSort.build/Debug-watchos/SearchAndSort-t.build/DerivedSources/arm64_32 -Xcc -I/Users/admin/builder/spi-builder-workspace/.derivedData/Build/Intermediates.noindex/SearchAndSort.build/Debug-watchos/SearchAndSort-t.build/DerivedSources -Xcc -DSWIFT_PACKAGE -Xcc -DDEBUG\=1 -emit-objc-header -emit-objc-header-path /Users/admin/builder/spi-builder-workspace/.derivedData/Build/Intermediates.noindex/SearchAndSort.build/Debug-watchos/SearchAndSort-t.build/Objects-normal/arm64_32/SearchAndSort-Swift.h -working-directory /Users/admin/builder/spi-builder-workspace/.swiftpm/xcode -experimental-emit-module-separately -disable-cmo
SwiftDriverJobDiscovery normal arm64_32 Compiling KeyPath.swift, Logger.swift, Optional Extension.swift (in target 'SearchAndSort' from project 'SearchAndSort')
Copy /Users/admin/builder/spi-builder-workspace/.derivedData/Build/Products/Debug-watchos/SearchAndSort.swiftmodule/arm64-apple-watchos.swiftmodule /Users/admin/builder/spi-builder-workspace/.derivedData/Build/Intermediates.noindex/SearchAndSort.build/Debug-watchos/SearchAndSort-t.build/Objects-normal/arm64/SearchAndSort.swiftmodule (in target 'SearchAndSort' from project 'SearchAndSort')
cd /Users/admin/builder/spi-builder-workspace
builtin-copy -exclude .DS_Store -exclude CVS -exclude .svn -exclude .git -exclude .hg -resolve-src-symlinks -rename /Users/admin/builder/spi-builder-workspace/.derivedData/Build/Intermediates.noindex/SearchAndSort.build/Debug-watchos/SearchAndSort-t.build/Objects-normal/arm64/SearchAndSort.swiftmodule /Users/admin/builder/spi-builder-workspace/.derivedData/Build/Products/Debug-watchos/SearchAndSort.swiftmodule/arm64-apple-watchos.swiftmodule
SwiftMergeGeneratedHeaders /Users/admin/builder/spi-builder-workspace/.derivedData/Build/Intermediates.noindex/GeneratedModuleMaps-watchos/SearchAndSort-Swift.h /Users/admin/builder/spi-builder-workspace/.derivedData/Build/Intermediates.noindex/SearchAndSort.build/Debug-watchos/SearchAndSort-t.build/Objects-normal/arm64/SearchAndSort-Swift.h /Users/admin/builder/spi-builder-workspace/.derivedData/Build/Intermediates.noindex/SearchAndSort.build/Debug-watchos/SearchAndSort-t.build/Objects-normal/arm64_32/SearchAndSort-Swift.h (in target 'SearchAndSort' from project 'SearchAndSort')
cd /Users/admin/builder/spi-builder-workspace
builtin-swiftHeaderTool -arch arm64 /Users/admin/builder/spi-builder-workspace/.derivedData/Build/Intermediates.noindex/SearchAndSort.build/Debug-watchos/SearchAndSort-t.build/Objects-normal/arm64/SearchAndSort-Swift.h -arch arm64_32 /Users/admin/builder/spi-builder-workspace/.derivedData/Build/Intermediates.noindex/SearchAndSort.build/Debug-watchos/SearchAndSort-t.build/Objects-normal/arm64_32/SearchAndSort-Swift.h -o /Users/admin/builder/spi-builder-workspace/.derivedData/Build/Intermediates.noindex/GeneratedModuleMaps-watchos/SearchAndSort-Swift.h
Copy /Users/admin/builder/spi-builder-workspace/.derivedData/Build/Products/Debug-watchos/SearchAndSort.swiftmodule/arm64_32-apple-watchos.swiftmodule /Users/admin/builder/spi-builder-workspace/.derivedData/Build/Intermediates.noindex/SearchAndSort.build/Debug-watchos/SearchAndSort-t.build/Objects-normal/arm64_32/SearchAndSort.swiftmodule (in target 'SearchAndSort' from project 'SearchAndSort')
cd /Users/admin/builder/spi-builder-workspace
builtin-copy -exclude .DS_Store -exclude CVS -exclude .svn -exclude .git -exclude .hg -resolve-src-symlinks -rename /Users/admin/builder/spi-builder-workspace/.derivedData/Build/Intermediates.noindex/SearchAndSort.build/Debug-watchos/SearchAndSort-t.build/Objects-normal/arm64_32/SearchAndSort.swiftmodule /Users/admin/builder/spi-builder-workspace/.derivedData/Build/Products/Debug-watchos/SearchAndSort.swiftmodule/arm64_32-apple-watchos.swiftmodule
Copy /Users/admin/builder/spi-builder-workspace/.derivedData/Build/Products/Debug-watchos/SearchAndSort.swiftmodule/arm64_32-apple-watchos.swiftdoc /Users/admin/builder/spi-builder-workspace/.derivedData/Build/Intermediates.noindex/SearchAndSort.build/Debug-watchos/SearchAndSort-t.build/Objects-normal/arm64_32/SearchAndSort.swiftdoc (in target 'SearchAndSort' from project 'SearchAndSort')
cd /Users/admin/builder/spi-builder-workspace
builtin-copy -exclude .DS_Store -exclude CVS -exclude .svn -exclude .git -exclude .hg -resolve-src-symlinks -rename /Users/admin/builder/spi-builder-workspace/.derivedData/Build/Intermediates.noindex/SearchAndSort.build/Debug-watchos/SearchAndSort-t.build/Objects-normal/arm64_32/SearchAndSort.swiftdoc /Users/admin/builder/spi-builder-workspace/.derivedData/Build/Products/Debug-watchos/SearchAndSort.swiftmodule/arm64_32-apple-watchos.swiftdoc
Copy /Users/admin/builder/spi-builder-workspace/.derivedData/Build/Products/Debug-watchos/SearchAndSort.swiftmodule/arm64_32-apple-watchos.abi.json /Users/admin/builder/spi-builder-workspace/.derivedData/Build/Intermediates.noindex/SearchAndSort.build/Debug-watchos/SearchAndSort-t.build/Objects-normal/arm64_32/SearchAndSort.abi.json (in target 'SearchAndSort' from project 'SearchAndSort')
cd /Users/admin/builder/spi-builder-workspace
builtin-copy -exclude .DS_Store -exclude CVS -exclude .svn -exclude .git -exclude .hg -resolve-src-symlinks -rename /Users/admin/builder/spi-builder-workspace/.derivedData/Build/Intermediates.noindex/SearchAndSort.build/Debug-watchos/SearchAndSort-t.build/Objects-normal/arm64_32/SearchAndSort.abi.json /Users/admin/builder/spi-builder-workspace/.derivedData/Build/Products/Debug-watchos/SearchAndSort.swiftmodule/arm64_32-apple-watchos.abi.json
Copy /Users/admin/builder/spi-builder-workspace/.derivedData/Build/Products/Debug-watchos/SearchAndSort.swiftmodule/arm64-apple-watchos.swiftdoc /Users/admin/builder/spi-builder-workspace/.derivedData/Build/Intermediates.noindex/SearchAndSort.build/Debug-watchos/SearchAndSort-t.build/Objects-normal/arm64/SearchAndSort.swiftdoc (in target 'SearchAndSort' from project 'SearchAndSort')
cd /Users/admin/builder/spi-builder-workspace
builtin-copy -exclude .DS_Store -exclude CVS -exclude .svn -exclude .git -exclude .hg -resolve-src-symlinks -rename /Users/admin/builder/spi-builder-workspace/.derivedData/Build/Intermediates.noindex/SearchAndSort.build/Debug-watchos/SearchAndSort-t.build/Objects-normal/arm64/SearchAndSort.swiftdoc /Users/admin/builder/spi-builder-workspace/.derivedData/Build/Products/Debug-watchos/SearchAndSort.swiftmodule/arm64-apple-watchos.swiftdoc
Copy /Users/admin/builder/spi-builder-workspace/.derivedData/Build/Products/Debug-watchos/SearchAndSort.swiftmodule/arm64-apple-watchos.abi.json /Users/admin/builder/spi-builder-workspace/.derivedData/Build/Intermediates.noindex/SearchAndSort.build/Debug-watchos/SearchAndSort-t.build/Objects-normal/arm64/SearchAndSort.abi.json (in target 'SearchAndSort' from project 'SearchAndSort')
cd /Users/admin/builder/spi-builder-workspace
builtin-copy -exclude .DS_Store -exclude CVS -exclude .svn -exclude .git -exclude .hg -resolve-src-symlinks -rename /Users/admin/builder/spi-builder-workspace/.derivedData/Build/Intermediates.noindex/SearchAndSort.build/Debug-watchos/SearchAndSort-t.build/Objects-normal/arm64/SearchAndSort.abi.json /Users/admin/builder/spi-builder-workspace/.derivedData/Build/Products/Debug-watchos/SearchAndSort.swiftmodule/arm64-apple-watchos.abi.json
Copy /Users/admin/builder/spi-builder-workspace/.derivedData/Build/Products/Debug-watchos/SearchAndSort.swiftmodule/Project/arm64_32-apple-watchos.swiftsourceinfo /Users/admin/builder/spi-builder-workspace/.derivedData/Build/Intermediates.noindex/SearchAndSort.build/Debug-watchos/SearchAndSort-t.build/Objects-normal/arm64_32/SearchAndSort.swiftsourceinfo (in target 'SearchAndSort' from project 'SearchAndSort')
cd /Users/admin/builder/spi-builder-workspace
builtin-copy -exclude .DS_Store -exclude CVS -exclude .svn -exclude .git -exclude .hg -resolve-src-symlinks -rename /Users/admin/builder/spi-builder-workspace/.derivedData/Build/Intermediates.noindex/SearchAndSort.build/Debug-watchos/SearchAndSort-t.build/Objects-normal/arm64_32/SearchAndSort.swiftsourceinfo /Users/admin/builder/spi-builder-workspace/.derivedData/Build/Products/Debug-watchos/SearchAndSort.swiftmodule/Project/arm64_32-apple-watchos.swiftsourceinfo
Copy /Users/admin/builder/spi-builder-workspace/.derivedData/Build/Products/Debug-watchos/SearchAndSort.swiftmodule/Project/arm64-apple-watchos.swiftsourceinfo /Users/admin/builder/spi-builder-workspace/.derivedData/Build/Intermediates.noindex/SearchAndSort.build/Debug-watchos/SearchAndSort-t.build/Objects-normal/arm64/SearchAndSort.swiftsourceinfo (in target 'SearchAndSort' from project 'SearchAndSort')
cd /Users/admin/builder/spi-builder-workspace
builtin-copy -exclude .DS_Store -exclude CVS -exclude .svn -exclude .git -exclude .hg -resolve-src-symlinks -rename /Users/admin/builder/spi-builder-workspace/.derivedData/Build/Intermediates.noindex/SearchAndSort.build/Debug-watchos/SearchAndSort-t.build/Objects-normal/arm64/SearchAndSort.swiftsourceinfo /Users/admin/builder/spi-builder-workspace/.derivedData/Build/Products/Debug-watchos/SearchAndSort.swiftmodule/Project/arm64-apple-watchos.swiftsourceinfo
SwiftCompile normal arm64 Compiling\ AnyKey.swift,\ AnySearchableKey.swift /Users/admin/builder/spi-builder-workspace/Sources/SearchAndSort/Type\ Erasure/AnyKey.swift /Users/admin/builder/spi-builder-workspace/Sources/SearchAndSort/Type\ Erasure/AnySearchableKey.swift (in target 'SearchAndSort' from project 'SearchAndSort')
/Users/admin/builder/spi-builder-workspace/Sources/SearchAndSort/Type Erasure/AnyKey.swift:49:29: warning: capture of non-Sendable type 'Key.Type' in an isolated closure [#SendableMetatypes]
47 | let stringer = StringConvertableStringifier<Key>()
48 | self.stringProducer = { model in
49 | return stringer.stringify(model[keyPath: key])
| `- warning: capture of non-Sendable type 'Key.Type' in an isolated closure [#SendableMetatypes]
50 | }
51 |
/Users/admin/builder/spi-builder-workspace/Sources/SearchAndSort/Type Erasure/AnyKey.swift:53:27: warning: capture of non-Sendable type 'Key.Type' in an isolated closure [#SendableMetatypes]
51 |
52 | sorterProducer = { models , order in
53 | let sortKey = SortableKeyPath(key)
| `- warning: capture of non-Sendable type 'Key.Type' in an isolated closure [#SendableMetatypes]
54 | return await sortKey.sort(models , order: order)
55 | }
/Users/admin/builder/spi-builder-workspace/Sources/SearchAndSort/Type Erasure/AnyKey.swift:57:23: warning: capture of non-Sendable type 'Key.Type' in an isolated closure [#SendableMetatypes]
55 | }
56 | searchProducer = { models , query,strategy in
57 | let key = SearchableKeyPath( key , stringifier: stringer)
| `- warning: capture of non-Sendable type 'Key.Type' in an isolated closure [#SendableMetatypes]
58 |
59 | return await key.search(in: models, for: query,strategy: strategy)
/Users/admin/builder/spi-builder-workspace/Sources/SearchAndSort/Type Erasure/AnyKey.swift:70:29: warning: capture of non-Sendable type 'Key.Type' in an isolated closure [#SendableMetatypes]
68 |
69 | self.stringProducer = { model in
70 | return stringer.stringify(model[keyPath: key])
| `- warning: capture of non-Sendable type 'Key.Type' in an isolated closure [#SendableMetatypes]
71 | }
72 |
/Users/admin/builder/spi-builder-workspace/Sources/SearchAndSort/Type Erasure/AnyKey.swift:74:27: warning: capture of non-Sendable type 'Key.Type' in an isolated closure [#SendableMetatypes]
72 |
73 | sorterProducer = { models , order in
74 | let sortKey = SortableKeyPath(key)
| `- warning: capture of non-Sendable type 'Key.Type' in an isolated closure [#SendableMetatypes]
75 | return await sortKey.sort(models , order: order)
76 | }
/Users/admin/builder/spi-builder-workspace/Sources/SearchAndSort/Type Erasure/AnyKey.swift:78:23: warning: capture of non-Sendable type 'Key.Type' in an isolated closure [#SendableMetatypes]
76 | }
77 | searchProducer = { models , query,strategy in
78 | let key = SearchableKeyPath( key , stringifier: stringer)
| `- warning: capture of non-Sendable type 'Key.Type' in an isolated closure [#SendableMetatypes]
79 |
80 | return await key.search(in: models, for: query,strategy: strategy)
/Users/admin/builder/spi-builder-workspace/Sources/SearchAndSort/Type Erasure/AnyKey.swift:93:29: warning: capture of non-Sendable type 'SearchKey.Type' in an isolated closure [#SendableMetatypes]
91 | let stringer = key.stringer
92 | self.stringProducer = { model in
93 | return stringer.stringify(model[keyPath: key.key])
| `- warning: capture of non-Sendable type 'SearchKey.Type' in an isolated closure [#SendableMetatypes]
94 | }
95 |
/Users/admin/builder/spi-builder-workspace/Sources/SearchAndSort/Type Erasure/AnyKey.swift:97:27: warning: capture of non-Sendable type 'SearchKey.Type' in an isolated closure [#SendableMetatypes]
95 |
96 | sorterProducer = { models , order in
97 | let sortKey = SortableKeyPath(key.key)
| `- warning: capture of non-Sendable type 'SearchKey.Type' in an isolated closure [#SendableMetatypes]
98 | return await sortKey.sort(models , order: order)
99 | }
/Users/admin/builder/spi-builder-workspace/Sources/SearchAndSort/Type Erasure/AnyKey.swift:115:29: warning: capture of non-Sendable type 'SortKey.Type' in an isolated closure [#SendableMetatypes]
113 |
114 | self.stringProducer = { model in
115 | return stringer.stringify(model[keyPath: key.key])
| `- warning: capture of non-Sendable type 'SortKey.Type' in an isolated closure [#SendableMetatypes]
116 | }
117 |
/Users/admin/builder/spi-builder-workspace/Sources/SearchAndSort/Type Erasure/AnyKey.swift:119:27: warning: capture of non-Sendable type 'SortKey.Type' in an isolated closure [#SendableMetatypes]
117 |
118 | sorterProducer = { models , order in
119 | let sortKey = SortableKeyPath(key.key)
| `- warning: capture of non-Sendable type 'SortKey.Type' in an isolated closure [#SendableMetatypes]
120 | return await sortKey.sort(models , order: order)
121 | }
/Users/admin/builder/spi-builder-workspace/Sources/SearchAndSort/Type Erasure/AnyKey.swift:123:23: warning: capture of non-Sendable type 'SortKey.Type' in an isolated closure [#SendableMetatypes]
121 | }
122 | searchProducer = { models , query,strategy in
123 | let key = SearchableKeyPath( key , stringifier: stringer)
| `- warning: capture of non-Sendable type 'SortKey.Type' in an isolated closure [#SendableMetatypes]
124 |
125 | return await key.search(in: models, for: query,strategy: strategy)
/Users/admin/builder/spi-builder-workspace/Sources/SearchAndSort/Type Erasure/AnyKey.swift:141:29: warning: capture of non-Sendable type 'SortKey.Type' in an isolated closure [#SendableMetatypes]
139 | let stringer = StringConvertableStringifier<SortKey>()
140 | self.stringProducer = { model in
141 | return stringer.stringify(model[keyPath: key.key])
| `- warning: capture of non-Sendable type 'SortKey.Type' in an isolated closure [#SendableMetatypes]
142 | }
143 |
/Users/admin/builder/spi-builder-workspace/Sources/SearchAndSort/Type Erasure/AnyKey.swift:145:27: warning: capture of non-Sendable type 'SortKey.Type' in an isolated closure [#SendableMetatypes]
143 |
144 | sorterProducer = { models , order in
145 | let sortKey = SortableKeyPath(key.key)
| `- warning: capture of non-Sendable type 'SortKey.Type' in an isolated closure [#SendableMetatypes]
146 | return await sortKey.sort(models , order: order)
147 | }
/Users/admin/builder/spi-builder-workspace/Sources/SearchAndSort/Type Erasure/AnyKey.swift:149:23: warning: capture of non-Sendable type 'SortKey.Type' in an isolated closure [#SendableMetatypes]
147 | }
148 | searchProducer = { models , query,strategy in
149 | let key = SearchableKeyPath( key , stringifier: stringer)
| `- warning: capture of non-Sendable type 'SortKey.Type' in an isolated closure [#SendableMetatypes]
150 |
151 | return await key.search(in: models, for: query,strategy: strategy)
/Users/admin/builder/spi-builder-workspace/Sources/SearchAndSort/Type Erasure/AnyKey.swift:168:29: warning: capture of non-Sendable type 'Key.Type' in an isolated closure [#SendableMetatypes]
166 | let stringer = key.stringer
167 | self.stringProducer = { model in
168 | return stringer.stringify(model[keyPath: key.key])
| `- warning: capture of non-Sendable type 'Key.Type' in an isolated closure [#SendableMetatypes]
169 | }
170 |
/Users/admin/builder/spi-builder-workspace/Sources/SearchAndSort/Type Erasure/AnyKey.swift:172:27: warning: capture of non-Sendable type 'Key.Type' in an isolated closure [#SendableMetatypes]
170 |
171 | sorterProducer = { models , order in
172 | let sortKey = SortableKeyPath(key.key)
| `- warning: capture of non-Sendable type 'Key.Type' in an isolated closure [#SendableMetatypes]
173 | return await sortKey.sort(models , order: order)
174 | }
/Users/admin/builder/spi-builder-workspace/Sources/SearchAndSort/Type Erasure/AnyKey.swift:179:26: warning: capture of non-Sendable type 'Key.Type' in an isolated closure [#SendableMetatypes]
177 | //let key = SearchableKeyPath( key , stringifier: stringer)
178 |
179 | return await key.search(in: models, for: query,strategy: strategy)
| `- warning: capture of non-Sendable type 'Key.Type' in an isolated closure [#SendableMetatypes]
180 |
181 | }
/Users/admin/builder/spi-builder-workspace/Sources/SearchAndSort/Type Erasure/AnySearchableKey.swift:45:29: warning: capture of non-Sendable type 'Key.Type' in an isolated closure [#SendableMetatypes]
43 | let stringer = StringConvertableStringifier<Key>()
44 | self.stringProducer = { model in
45 | return stringer.stringify( model[keyPath: key])
| `- warning: capture of non-Sendable type 'Key.Type' in an isolated closure [#SendableMetatypes]
46 | }
47 |
/Users/admin/builder/spi-builder-workspace/Sources/SearchAndSort/Type Erasure/AnySearchableKey.swift:49:23: warning: capture of non-Sendable type 'Key.Type' in an isolated closure [#SendableMetatypes]
47 |
48 | searchProducer = { models , query,strategy in
49 | let key = SearchableKeyPath(key , stringifier: stringer)
| `- warning: capture of non-Sendable type 'Key.Type' in an isolated closure [#SendableMetatypes]
50 |
51 | return await key.search(in: models, for: query,strategy: strategy)
[#SendableMetatypes]: <https://docs.swift.org/compiler/documentation/diagnostics/sendable-metatypes>
SwiftCompile normal arm64 /Users/admin/builder/spi-builder-workspace/Sources/SearchAndSort/Type\ Erasure/AnyKey.swift (in target 'SearchAndSort' from project 'SearchAndSort')
cd /Users/admin/builder/spi-builder-workspace/.swiftpm/xcode
builtin-SwiftPerFileCompile AnyKey.swift
SwiftCompile normal arm64 /Users/admin/builder/spi-builder-workspace/Sources/SearchAndSort/Type\ Erasure/AnySearchableKey.swift (in target 'SearchAndSort' from project 'SearchAndSort')
cd /Users/admin/builder/spi-builder-workspace/.swiftpm/xcode
builtin-SwiftPerFileCompile AnySearchableKey.swift
SwiftCompile normal arm64_32 Compiling\ StringConvertableStringifier.swift,\ TitledKey.swift /Users/admin/builder/spi-builder-workspace/Sources/SearchAndSort/Stringifirers/StringConvertableStringifier.swift /Users/admin/builder/spi-builder-workspace/Sources/SearchAndSort/TitledKey.swift (in target 'SearchAndSort' from project 'SearchAndSort')
SwiftCompile normal arm64_32 /Users/admin/builder/spi-builder-workspace/Sources/SearchAndSort/Stringifirers/StringConvertableStringifier.swift (in target 'SearchAndSort' from project 'SearchAndSort')
cd /Users/admin/builder/spi-builder-workspace/.swiftpm/xcode
builtin-SwiftPerFileCompile StringConvertableStringifier.swift
SwiftCompile normal arm64_32 /Users/admin/builder/spi-builder-workspace/Sources/SearchAndSort/TitledKey.swift (in target 'SearchAndSort' from project 'SearchAndSort')
cd /Users/admin/builder/spi-builder-workspace/.swiftpm/xcode
builtin-SwiftPerFileCompile TitledKey.swift
SwiftCompile normal arm64_32 Compiling\ SortableKeyPath.swift,\ Sorter.swift,\ PersianDateStringifier.swift /Users/admin/builder/spi-builder-workspace/Sources/SearchAndSort/Sort/SortableKeyPath.swift /Users/admin/builder/spi-builder-workspace/Sources/SearchAndSort/Sort/Sorter.swift /Users/admin/builder/spi-builder-workspace/Sources/SearchAndSort/Stringifirers/Persian/PersianDateStringifier.swift (in target 'SearchAndSort' from project 'SearchAndSort')
SwiftCompile normal arm64_32 /Users/admin/builder/spi-builder-workspace/Sources/SearchAndSort/Sort/SortableKeyPath.swift (in target 'SearchAndSort' from project 'SearchAndSort')
cd /Users/admin/builder/spi-builder-workspace/.swiftpm/xcode
builtin-SwiftPerFileCompile SortableKeyPath.swift
SwiftCompile normal arm64_32 /Users/admin/builder/spi-builder-workspace/Sources/SearchAndSort/Sort/Sorter.swift (in target 'SearchAndSort' from project 'SearchAndSort')
cd /Users/admin/builder/spi-builder-workspace/.swiftpm/xcode
builtin-SwiftPerFileCompile Sorter.swift
SwiftCompile normal arm64_32 /Users/admin/builder/spi-builder-workspace/Sources/SearchAndSort/Stringifirers/Persian/PersianDateStringifier.swift (in target 'SearchAndSort' from project 'SearchAndSort')
cd /Users/admin/builder/spi-builder-workspace/.swiftpm/xcode
builtin-SwiftPerFileCompile PersianDateStringifier.swift
SwiftDriverJobDiscovery normal arm64 Compiling SortableKeyPath.swift, Sorter.swift, PersianDateStringifier.swift (in target 'SearchAndSort' from project 'SearchAndSort')
SwiftCompile normal arm64_32 Compiling\ AnySortabletTitledKey.swift,\ AnyTitledKey.swift /Users/admin/builder/spi-builder-workspace/Sources/SearchAndSort/Type\ Erasure/AnySortabletTitledKey.swift /Users/admin/builder/spi-builder-workspace/Sources/SearchAndSort/Type\ Erasure/AnyTitledKey.swift (in target 'SearchAndSort' from project 'SearchAndSort')
SwiftCompile normal arm64_32 /Users/admin/builder/spi-builder-workspace/Sources/SearchAndSort/Type\ Erasure/AnySortabletTitledKey.swift (in target 'SearchAndSort' from project 'SearchAndSort')
cd /Users/admin/builder/spi-builder-workspace/.swiftpm/xcode
builtin-SwiftPerFileCompile AnySortabletTitledKey.swift
SwiftCompile normal arm64_32 /Users/admin/builder/spi-builder-workspace/Sources/SearchAndSort/Type\ Erasure/AnyTitledKey.swift (in target 'SearchAndSort' from project 'SearchAndSort')
cd /Users/admin/builder/spi-builder-workspace/.swiftpm/xcode
builtin-SwiftPerFileCompile AnyTitledKey.swift
SwiftCompile normal arm64_32 Compiling\ AnyKey.swift,\ AnySearchableKey.swift /Users/admin/builder/spi-builder-workspace/Sources/SearchAndSort/Type\ Erasure/AnyKey.swift /Users/admin/builder/spi-builder-workspace/Sources/SearchAndSort/Type\ Erasure/AnySearchableKey.swift (in target 'SearchAndSort' from project 'SearchAndSort')
SwiftCompile normal arm64_32 /Users/admin/builder/spi-builder-workspace/Sources/SearchAndSort/Type\ Erasure/AnyKey.swift (in target 'SearchAndSort' from project 'SearchAndSort')
cd /Users/admin/builder/spi-builder-workspace/.swiftpm/xcode
builtin-SwiftPerFileCompile AnyKey.swift
SwiftCompile normal arm64_32 /Users/admin/builder/spi-builder-workspace/Sources/SearchAndSort/Type\ Erasure/AnySearchableKey.swift (in target 'SearchAndSort' from project 'SearchAndSort')
cd /Users/admin/builder/spi-builder-workspace/.swiftpm/xcode
builtin-SwiftPerFileCompile AnySearchableKey.swift
SwiftDriverJobDiscovery normal arm64_32 Compiling Searchable.swift, SearchableKeyProtocol.swift, SortableKeyPathProtocol.swift (in target 'SearchAndSort' from project 'SearchAndSort')
SwiftCompile normal arm64_32 Compiling\ Stringifier.swift,\ ValuePresentable.swift,\ BackgroundSearcher.swift /Users/admin/builder/spi-builder-workspace/Sources/SearchAndSort/Protocols/Stringifier.swift /Users/admin/builder/spi-builder-workspace/Sources/SearchAndSort/Protocols/ValuePresentable.swift /Users/admin/builder/spi-builder-workspace/Sources/SearchAndSort/Search/BackgroundSearcher.swift (in target 'SearchAndSort' from project 'SearchAndSort')
SwiftCompile normal arm64_32 /Users/admin/builder/spi-builder-workspace/Sources/SearchAndSort/Protocols/Stringifier.swift (in target 'SearchAndSort' from project 'SearchAndSort')
cd /Users/admin/builder/spi-builder-workspace/.swiftpm/xcode
builtin-SwiftPerFileCompile Stringifier.swift
SwiftCompile normal arm64_32 /Users/admin/builder/spi-builder-workspace/Sources/SearchAndSort/Protocols/ValuePresentable.swift (in target 'SearchAndSort' from project 'SearchAndSort')
cd /Users/admin/builder/spi-builder-workspace/.swiftpm/xcode
builtin-SwiftPerFileCompile ValuePresentable.swift
SwiftCompile normal arm64_32 /Users/admin/builder/spi-builder-workspace/Sources/SearchAndSort/Search/BackgroundSearcher.swift (in target 'SearchAndSort' from project 'SearchAndSort')
cd /Users/admin/builder/spi-builder-workspace/.swiftpm/xcode
builtin-SwiftPerFileCompile BackgroundSearcher.swift
SwiftCompile normal arm64_32 Compiling\ PersianDoubleStringifier.swift,\ PersianIntStringifier.swift /Users/admin/builder/spi-builder-workspace/Sources/SearchAndSort/Stringifirers/Persian/PersianDoubleStringifier.swift /Users/admin/builder/spi-builder-workspace/Sources/SearchAndSort/Stringifirers/Persian/PersianIntStringifier.swift (in target 'SearchAndSort' from project 'SearchAndSort')
SwiftCompile normal arm64_32 /Users/admin/builder/spi-builder-workspace/Sources/SearchAndSort/Stringifirers/Persian/PersianDoubleStringifier.swift (in target 'SearchAndSort' from project 'SearchAndSort')
cd /Users/admin/builder/spi-builder-workspace/.swiftpm/xcode
builtin-SwiftPerFileCompile PersianDoubleStringifier.swift
SwiftCompile normal arm64_32 /Users/admin/builder/spi-builder-workspace/Sources/SearchAndSort/Stringifirers/Persian/PersianIntStringifier.swift (in target 'SearchAndSort' from project 'SearchAndSort')
cd /Users/admin/builder/spi-builder-workspace/.swiftpm/xcode
builtin-SwiftPerFileCompile PersianIntStringifier.swift
SwiftCompile normal arm64 Compiling\ KeyPath.swift,\ Logger.swift,\ Optional\ Extension.swift /Users/admin/builder/spi-builder-workspace/Sources/SearchAndSort/Extensions/KeyPath.swift /Users/admin/builder/spi-builder-workspace/Sources/SearchAndSort/Logger.swift /Users/admin/builder/spi-builder-workspace/Sources/SearchAndSort/Protocols/Optional\ Extension.swift (in target 'SearchAndSort' from project 'SearchAndSort')
SwiftCompile normal arm64 /Users/admin/builder/spi-builder-workspace/Sources/SearchAndSort/Extensions/KeyPath.swift (in target 'SearchAndSort' from project 'SearchAndSort')
cd /Users/admin/builder/spi-builder-workspace/.swiftpm/xcode
builtin-SwiftPerFileCompile KeyPath.swift
SwiftCompile normal arm64 /Users/admin/builder/spi-builder-workspace/Sources/SearchAndSort/Logger.swift (in target 'SearchAndSort' from project 'SearchAndSort')
cd /Users/admin/builder/spi-builder-workspace/.swiftpm/xcode
builtin-SwiftPerFileCompile Logger.swift
SwiftCompile normal arm64 /Users/admin/builder/spi-builder-workspace/Sources/SearchAndSort/Protocols/Optional\ Extension.swift (in target 'SearchAndSort' from project 'SearchAndSort')
cd /Users/admin/builder/spi-builder-workspace/.swiftpm/xcode
builtin-SwiftPerFileCompile Optional\ Extension.swift
SwiftDriverJobDiscovery normal arm64 Compiling AnyKey.swift, AnySearchableKey.swift (in target 'SearchAndSort' from project 'SearchAndSort')
SwiftDriverJobDiscovery normal arm64 Compiling PersianDoubleStringifier.swift, PersianIntStringifier.swift (in target 'SearchAndSort' from project 'SearchAndSort')
SwiftDriverJobDiscovery normal arm64 Compiling StringConvertableStringifier.swift, TitledKey.swift (in target 'SearchAndSort' from project 'SearchAndSort')
SwiftDriverJobDiscovery normal arm64 Compiling SearchableKeyPath.swift, SearchAndSort.swift, SortOrder.swift (in target 'SearchAndSort' from project 'SearchAndSort')
SwiftDriverJobDiscovery normal arm64 Compiling Searchable.swift, SearchableKeyProtocol.swift, SortableKeyPathProtocol.swift (in target 'SearchAndSort' from project 'SearchAndSort')
PruneExplicitPrecompiledModules /Users/admin/builder/spi-builder-workspace/.derivedData/Build/Intermediates.noindex/SwiftExplicitPrecompiledModules
PruneExplicitPrecompiledModules /Users/admin/builder/spi-builder-workspace/.derivedData/Build/Intermediates.noindex/ExplicitPrecompiledModules
PruneExplicitPrecompiledModules /Users/admin/builder/spi-builder-workspace/.derivedData/SDKExplicitPrecompiledModules
2026-09-21 14:34:58.556 xcodebuild[664:4047] [MT] IDERunDestination: Supported platforms for the buildables in the current scheme is empty.
2026-09-21 14:34:58.707 xcodebuild[664:4047] [MT] IDERunDestination: Supported platforms for the buildables in the current scheme is empty.
** BUILD FAILED **
The following build commands failed:
SwiftCompile normal arm64 Compiling\ Stringifier.swift,\ ValuePresentable.swift,\ BackgroundSearcher.swift /Users/admin/builder/spi-builder-workspace/Sources/SearchAndSort/Protocols/Stringifier.swift /Users/admin/builder/spi-builder-workspace/Sources/SearchAndSort/Protocols/ValuePresentable.swift /Users/admin/builder/spi-builder-workspace/Sources/SearchAndSort/Search/BackgroundSearcher.swift (in target 'SearchAndSort' from project 'SearchAndSort')
SwiftCompile normal arm64 /Users/admin/builder/spi-builder-workspace/Sources/SearchAndSort/Protocols/Stringifier.swift (in target 'SearchAndSort' from project 'SearchAndSort')
SwiftCompile normal arm64 /Users/admin/builder/spi-builder-workspace/Sources/SearchAndSort/Protocols/ValuePresentable.swift (in target 'SearchAndSort' from project 'SearchAndSort')
SwiftCompile normal arm64 /Users/admin/builder/spi-builder-workspace/Sources/SearchAndSort/Search/BackgroundSearcher.swift (in target 'SearchAndSort' from project 'SearchAndSort')
Building workspace SearchAndSort with scheme SearchAndSort
(5 failures)
Command line invocation:
/Applications/Xcode-27.0.0-Release.Candidate.app/Contents/Developer/usr/bin/xcodebuild -IDEClonedSourcePackagesDirPathOverride=/Users/admin/builder/spi-builder-workspace/.dependencies -resolvePackageDependencies
Resolve Package Graph
Resolved source packages:
SearchAndSort: /Users/admin/builder/spi-builder-workspace
MyLogger: https://github.com/mohammad-nej/MyLogger @ 1.0.3
resolved source packages: SearchAndSort, MyLogger
2026-09-21 14:35:06.531 xcodebuild[791:4771] [MT] IDERunDestination: Supported platforms for the buildables in the current scheme is empty.
2026-09-21 14:35:06.677 xcodebuild[791:4771] [MT] IDERunDestination: Supported platforms for the buildables in the current scheme is empty.
{
"dependencies" : [
{
"identity" : "mylogger",
"requirement" : {
"range" : [
{
"lower_bound" : "1.0.0",
"upper_bound" : "2.0.0"
}
]
},
"type" : "sourceControl",
"url" : "https://github.com/mohammad-nej/MyLogger"
}
],
"manifest_display_name" : "SearchAndSort",
"name" : "SearchAndSort",
"path" : "/Users/admin/builder/spi-builder-workspace",
"platforms" : [
{
"name" : "ios",
"version" : "17.0"
},
{
"name" : "macos",
"version" : "12.0"
}
],
"products" : [
{
"name" : "SearchAndSort",
"targets" : [
"SearchAndSort"
],
"type" : {
"library" : [
"automatic"
]
}
}
],
"targets" : [
{
"c99name" : "SearchAndSortTests",
"module_type" : "SwiftTarget",
"name" : "SearchAndSortTests",
"path" : "Tests/SearchAndSortTests",
"sources" : [
"SearchAndSortTests.swift"
],
"target_dependencies" : [
"SearchAndSort"
],
"type" : "test"
},
{
"c99name" : "SearchAndSort",
"module_type" : "SwiftTarget",
"name" : "SearchAndSort",
"path" : "Sources/SearchAndSort",
"product_dependencies" : [
"MyLogger"
],
"product_memberships" : [
"SearchAndSort"
],
"sources" : [
"Extensions/KeyPath.swift",
"Logger.swift",
"Protocols/Optional Extension.swift",
"Protocols/Searchable.swift",
"Protocols/SearchableKeyProtocol.swift",
"Protocols/SortableKeyPathProtocol.swift",
"Protocols/Stringifier.swift",
"Protocols/ValuePresentable.swift",
"Search/BackgroundSearcher.swift",
"Search/SearchableKeyPath.swift",
"SearchAndSort.swift",
"Sort/SortOrder.swift",
"Sort/SortableKeyPath.swift",
"Sort/Sorter.swift",
"Stringifirers/Persian/PersianDateStringifier.swift",
"Stringifirers/Persian/PersianDoubleStringifier.swift",
"Stringifirers/Persian/PersianIntStringifier.swift",
"Stringifirers/StringConvertableStringifier.swift",
"TitledKey.swift",
"Type Erasure/AnyKey.swift",
"Type Erasure/AnySearchableKey.swift",
"Type Erasure/AnySearchableTitledKey.swift",
"Type Erasure/AnySortableKey.swift",
"Type Erasure/AnySortabletTitledKey.swift",
"Type Erasure/AnyTitledKey.swift"
],
"type" : "library"
}
],
"tools_version" : "6.0"
}
{
"workspace" : {
"name" : "SearchAndSort",
"schemes" : [
"SearchAndSort"
]
}
}
2026-09-21 14:35:07.768 xcodebuild[799:4836] [MT] IDERunDestination: Supported platforms for the buildables in the current scheme is empty.
2026-09-21 14:35:07.871 xcodebuild[799:4836] [MT] IDERunDestination: Supported platforms for the buildables in the current scheme is empty.
Running build ...
env DEVELOPER_DIR=/Applications/Xcode-27.0.0-Release.Candidate.app xcrun xcodebuild -IDEClonedSourcePackagesDirPathOverride=$PWD/.dependencies -skipMacroValidation -skipPackagePluginValidation -derivedDataPath $PWD/.derivedData build -scheme SearchAndSort -destination generic/platform=watchOS
Command line invocation:
/Applications/Xcode-27.0.0-Release.Candidate.app/Contents/Developer/usr/bin/xcodebuild -IDEClonedSourcePackagesDirPathOverride=/Users/admin/builder/spi-builder-workspace/.dependencies -skipMacroValidation -skipPackagePluginValidation -derivedDataPath /Users/admin/builder/spi-builder-workspace/.derivedData build -scheme SearchAndSort -destination generic/platform=watchOS
Resolve Package Graph
Resolved source packages:
SearchAndSort: /Users/admin/builder/spi-builder-workspace
MyLogger: https://github.com/mohammad-nej/MyLogger @ 1.0.3
ComputePackagePrebuildTargetDependencyGraph
Prepare packages
CreateBuildRequest
SendProjectDescription
CreateBuildOperation
ComputeTargetDependencyGraph
note: Building targets in dependency order
note: Target dependency graph (4 targets)
Target 'SearchAndSort-product' in project 'SearchAndSort'
➜ Explicit dependency on target 'SearchAndSort' in project 'SearchAndSort'
➜ Explicit dependency on target 'MyLogger-product' in project 'MyLogger'
Target 'SearchAndSort' in project 'SearchAndSort'
➜ Explicit dependency on target 'MyLogger-product' in project 'MyLogger'
Target 'MyLogger-product' in project 'MyLogger'
➜ Explicit dependency on target 'MyLogger' in project 'MyLogger'
Target 'MyLogger' in project 'MyLogger' (no dependencies)
GatherProvisioningInputs
CreateBuildDescription
ClangStatCache /Applications/Xcode-27.0.0-Release.Candidate.app/Contents/Developer/Toolchains/XcodeDefault.xctoolchain/usr/bin/clang-stat-cache /Applications/Xcode-27.0.0-Release.Candidate.app/Contents/Developer/Platforms/WatchOS.platform/Developer/SDKs/WatchOS27.0.sdk /Users/admin/builder/spi-builder-workspace/.derivedData/SDKStatCaches.noindex/watchos27.0-24R360-e829b21a6f8c9b70876ba0858053c04477534ef55a1706bf4c1112bbb242f0a2.sdkstatcache
cd /Users/admin/builder/spi-builder-workspace/.swiftpm/xcode
/Applications/Xcode-27.0.0-Release.Candidate.app/Contents/Developer/Toolchains/XcodeDefault.xctoolchain/usr/bin/clang-stat-cache /Applications/Xcode-27.0.0-Release.Candidate.app/Contents/Developer/Platforms/WatchOS.platform/Developer/SDKs/WatchOS27.0.sdk -o /Users/admin/builder/spi-builder-workspace/.derivedData/SDKStatCaches.noindex/watchos27.0-24R360-e829b21a6f8c9b70876ba0858053c04477534ef55a1706bf4c1112bbb242f0a2.sdkstatcache
SwiftDriver SearchAndSort normal arm64_32 com.apple.xcode.tools.swift.compiler (in target 'SearchAndSort' from project 'SearchAndSort')
cd /Users/admin/builder/spi-builder-workspace/.swiftpm/xcode
builtin-SwiftDriver -- /Applications/Xcode-27.0.0-Release.Candidate.app/Contents/Developer/Toolchains/XcodeDefault.xctoolchain/usr/bin/swiftc -parse-as-library -module-name SearchAndSort -Onone @/Users/admin/builder/spi-builder-workspace/.derivedData/Build/Intermediates.noindex/SearchAndSort.build/Debug-watchos/SearchAndSort-t.build/Objects-normal/arm64_32/SearchAndSort.SwiftFileList -DSWIFT_PACKAGE -DDEBUG -DSWIFT_MODULE_RESOURCE_BUNDLE_UNAVAILABLE -DXcode -plugin-path /Applications/Xcode-27.0.0-Release.Candidate.app/Contents/Developer/Toolchains/XcodeDefault.xctoolchain/usr/lib/swift/host/plugins/testing -enable-experimental-feature DebugDescriptionMacro -sdk /Applications/Xcode-27.0.0-Release.Candidate.app/Contents/Developer/Platforms/WatchOS.platform/Developer/SDKs/WatchOS27.0.sdk -target arm64_32-apple-watchos10.0 -g -module-cache-path /Users/admin/builder/spi-builder-workspace/.derivedData/ModuleCache.noindex -Xfrontend -serialize-debugging-options -profile-coverage-mapping -profile-generate -enable-testing -index-store-path /Users/admin/builder/spi-builder-workspace/.derivedData/Index.noindex/DataStore -Xcc -D_LIBCPP_HARDENING_MODE\=_LIBCPP_HARDENING_MODE_DEBUG -swift-version 6 -I /Users/admin/builder/spi-builder-workspace/.derivedData/Build/Products/Debug-watchos -Isystem /Applications/Xcode-27.0.0-Release.Candidate.app/Contents/Developer/Platforms/WatchOS.platform/Developer/usr/lib -F /Users/admin/builder/spi-builder-workspace/.derivedData/Build/Products/Debug-watchos/PackageFrameworks -F /Users/admin/builder/spi-builder-workspace/.derivedData/Build/Products/Debug-watchos -F /Applications/Xcode-27.0.0-Release.Candidate.app/Contents/Developer/Platforms/WatchOS.platform/Developer/Library/Frameworks -F /Applications/Xcode-27.0.0-Release.Candidate.app/Contents/Developer/Platforms/WatchOS.platform/Developer/SDKs/WatchOS27.0.sdk/Developer/Library/Frameworks -c -j10 -enable-batch-mode -incremental -Xcc -ivfsstatcache -Xcc /Users/admin/builder/spi-builder-workspace/.derivedData/SDKStatCaches.noindex/watchos27.0-24R360-e829b21a6f8c9b70876ba0858053c04477534ef55a1706bf4c1112bbb242f0a2.sdkstatcache -output-file-map /Users/admin/builder/spi-builder-workspace/.derivedData/Build/Intermediates.noindex/SearchAndSort.build/Debug-watchos/SearchAndSort-t.build/Objects-normal/arm64_32/SearchAndSort-OutputFileMap.json -save-temps -no-color-diagnostics -explicit-module-build -module-cache-path /Users/admin/builder/spi-builder-workspace/.derivedData/Build/Intermediates.noindex/SwiftExplicitPrecompiledModules -clang-scanner-module-cache-path /Users/admin/builder/spi-builder-workspace/.derivedData/ModuleCache.noindex -sdk-module-cache-path /Users/admin/builder/spi-builder-workspace/.derivedData/SDKExplicitPrecompiledModules -emit-dependencies -emit-module -emit-module-path /Users/admin/builder/spi-builder-workspace/.derivedData/Build/Intermediates.noindex/SearchAndSort.build/Debug-watchos/SearchAndSort-t.build/Objects-normal/arm64_32/SearchAndSort.swiftmodule -serialize-diagnostics -dependency-scan-serialize-diagnostics-path /Users/admin/builder/spi-builder-workspace/.derivedData/Build/Intermediates.noindex/SearchAndSort.build/Debug-watchos/SearchAndSort-t.build/Objects-normal/arm64_32/SearchAndSort-dependency-scan.dia -validate-clang-modules-once -clang-build-session-file /Users/admin/builder/spi-builder-workspace/.derivedData/ModuleCache.noindex/Session.modulevalidation -Xcc -fmodules-prune-interval\=86400 -Xcc -fmodules-prune-after\=345600 -package-name spi_builder_workspace -emit-const-values -const-gather-protocols-list /Users/admin/builder/spi-builder-workspace/.derivedData/Build/Intermediates.noindex/SearchAndSort.build/Debug-watchos/SearchAndSort-t.build/Objects-normal/arm64_32/SearchAndSort_const_extract_protocols.json -Xcc -I/Users/admin/builder/spi-builder-workspace/.derivedData/Build/Products/Debug-watchos/include -Xcc -I/Users/admin/builder/spi-builder-workspace/.derivedData/Build/Intermediates.noindex/SearchAndSort.build/Debug-watchos/SearchAndSort-t.build/DerivedSources-normal/arm64_32 -Xcc -I/Users/admin/builder/spi-builder-workspace/.derivedData/Build/Intermediates.noindex/SearchAndSort.build/Debug-watchos/SearchAndSort-t.build/DerivedSources/arm64_32 -Xcc -I/Users/admin/builder/spi-builder-workspace/.derivedData/Build/Intermediates.noindex/SearchAndSort.build/Debug-watchos/SearchAndSort-t.build/DerivedSources -Xcc -DSWIFT_PACKAGE -Xcc -DDEBUG\=1 -emit-objc-header -emit-objc-header-path /Users/admin/builder/spi-builder-workspace/.derivedData/Build/Intermediates.noindex/SearchAndSort.build/Debug-watchos/SearchAndSort-t.build/Objects-normal/arm64_32/SearchAndSort-Swift.h -working-directory /Users/admin/builder/spi-builder-workspace/.swiftpm/xcode -experimental-emit-module-separately -disable-cmo
SwiftDriver SearchAndSort normal arm64 com.apple.xcode.tools.swift.compiler (in target 'SearchAndSort' from project 'SearchAndSort')
cd /Users/admin/builder/spi-builder-workspace/.swiftpm/xcode
builtin-SwiftDriver -- /Applications/Xcode-27.0.0-Release.Candidate.app/Contents/Developer/Toolchains/XcodeDefault.xctoolchain/usr/bin/swiftc -parse-as-library -module-name SearchAndSort -Onone @/Users/admin/builder/spi-builder-workspace/.derivedData/Build/Intermediates.noindex/SearchAndSort.build/Debug-watchos/SearchAndSort-t.build/Objects-normal/arm64/SearchAndSort.SwiftFileList -DSWIFT_PACKAGE -DDEBUG -DSWIFT_MODULE_RESOURCE_BUNDLE_UNAVAILABLE -DXcode -plugin-path /Applications/Xcode-27.0.0-Release.Candidate.app/Contents/Developer/Toolchains/XcodeDefault.xctoolchain/usr/lib/swift/host/plugins/testing -enable-experimental-feature DebugDescriptionMacro -sdk /Applications/Xcode-27.0.0-Release.Candidate.app/Contents/Developer/Platforms/WatchOS.platform/Developer/SDKs/WatchOS27.0.sdk -target arm64-apple-watchos10.0 -g -module-cache-path /Users/admin/builder/spi-builder-workspace/.derivedData/ModuleCache.noindex -Xfrontend -serialize-debugging-options -profile-coverage-mapping -profile-generate -enable-testing -index-store-path /Users/admin/builder/spi-builder-workspace/.derivedData/Index.noindex/DataStore -Xcc -D_LIBCPP_HARDENING_MODE\=_LIBCPP_HARDENING_MODE_DEBUG -swift-version 6 -I /Users/admin/builder/spi-builder-workspace/.derivedData/Build/Products/Debug-watchos -Isystem /Applications/Xcode-27.0.0-Release.Candidate.app/Contents/Developer/Platforms/WatchOS.platform/Developer/usr/lib -F /Users/admin/builder/spi-builder-workspace/.derivedData/Build/Products/Debug-watchos/PackageFrameworks -F /Users/admin/builder/spi-builder-workspace/.derivedData/Build/Products/Debug-watchos -F /Applications/Xcode-27.0.0-Release.Candidate.app/Contents/Developer/Platforms/WatchOS.platform/Developer/Library/Frameworks -F /Applications/Xcode-27.0.0-Release.Candidate.app/Contents/Developer/Platforms/WatchOS.platform/Developer/SDKs/WatchOS27.0.sdk/Developer/Library/Frameworks -c -j10 -enable-batch-mode -incremental -Xcc -ivfsstatcache -Xcc /Users/admin/builder/spi-builder-workspace/.derivedData/SDKStatCaches.noindex/watchos27.0-24R360-e829b21a6f8c9b70876ba0858053c04477534ef55a1706bf4c1112bbb242f0a2.sdkstatcache -output-file-map /Users/admin/builder/spi-builder-workspace/.derivedData/Build/Intermediates.noindex/SearchAndSort.build/Debug-watchos/SearchAndSort-t.build/Objects-normal/arm64/SearchAndSort-OutputFileMap.json -save-temps -no-color-diagnostics -explicit-module-build -module-cache-path /Users/admin/builder/spi-builder-workspace/.derivedData/Build/Intermediates.noindex/SwiftExplicitPrecompiledModules -clang-scanner-module-cache-path /Users/admin/builder/spi-builder-workspace/.derivedData/ModuleCache.noindex -sdk-module-cache-path /Users/admin/builder/spi-builder-workspace/.derivedData/SDKExplicitPrecompiledModules -emit-dependencies -emit-module -emit-module-path /Users/admin/builder/spi-builder-workspace/.derivedData/Build/Intermediates.noindex/SearchAndSort.build/Debug-watchos/SearchAndSort-t.build/Objects-normal/arm64/SearchAndSort.swiftmodule -serialize-diagnostics -dependency-scan-serialize-diagnostics-path /Users/admin/builder/spi-builder-workspace/.derivedData/Build/Intermediates.noindex/SearchAndSort.build/Debug-watchos/SearchAndSort-t.build/Objects-normal/arm64/SearchAndSort-dependency-scan.dia -validate-clang-modules-once -clang-build-session-file /Users/admin/builder/spi-builder-workspace/.derivedData/ModuleCache.noindex/Session.modulevalidation -Xcc -fmodules-prune-interval\=86400 -Xcc -fmodules-prune-after\=345600 -package-name spi_builder_workspace -emit-const-values -const-gather-protocols-list /Users/admin/builder/spi-builder-workspace/.derivedData/Build/Intermediates.noindex/SearchAndSort.build/Debug-watchos/SearchAndSort-t.build/Objects-normal/arm64/SearchAndSort_const_extract_protocols.json -Xcc -I/Users/admin/builder/spi-builder-workspace/.derivedData/Build/Products/Debug-watchos/include -Xcc -I/Users/admin/builder/spi-builder-workspace/.derivedData/Build/Intermediates.noindex/SearchAndSort.build/Debug-watchos/SearchAndSort-t.build/DerivedSources-normal/arm64 -Xcc -I/Users/admin/builder/spi-builder-workspace/.derivedData/Build/Intermediates.noindex/SearchAndSort.build/Debug-watchos/SearchAndSort-t.build/DerivedSources/arm64 -Xcc -I/Users/admin/builder/spi-builder-workspace/.derivedData/Build/Intermediates.noindex/SearchAndSort.build/Debug-watchos/SearchAndSort-t.build/DerivedSources -Xcc -DSWIFT_PACKAGE -Xcc -DDEBUG\=1 -emit-objc-header -emit-objc-header-path /Users/admin/builder/spi-builder-workspace/.derivedData/Build/Intermediates.noindex/SearchAndSort.build/Debug-watchos/SearchAndSort-t.build/Objects-normal/arm64/SearchAndSort-Swift.h -working-directory /Users/admin/builder/spi-builder-workspace/.swiftpm/xcode -experimental-emit-module-separately -disable-cmo
SwiftDriver MyLogger normal arm64 com.apple.xcode.tools.swift.compiler (in target 'MyLogger' from project 'MyLogger')
cd /Users/admin/builder/spi-builder-workspace/.swiftpm/xcode
builtin-SwiftDriver -- /Applications/Xcode-27.0.0-Release.Candidate.app/Contents/Developer/Toolchains/XcodeDefault.xctoolchain/usr/bin/swiftc -parse-as-library -module-name MyLogger -Onone @/Users/admin/builder/spi-builder-workspace/.derivedData/Build/Intermediates.noindex/MyLogger.build/Debug-watchos/MyLogger-t.build/Objects-normal/arm64/MyLogger.SwiftFileList -DSWIFT_PACKAGE -DDEBUG -DSWIFT_MODULE_RESOURCE_BUNDLE_UNAVAILABLE -DXcode -plugin-path /Applications/Xcode-27.0.0-Release.Candidate.app/Contents/Developer/Toolchains/XcodeDefault.xctoolchain/usr/lib/swift/host/plugins/testing -enable-experimental-feature DebugDescriptionMacro -sdk /Applications/Xcode-27.0.0-Release.Candidate.app/Contents/Developer/Platforms/WatchOS.platform/Developer/SDKs/WatchOS27.0.sdk -target arm64-apple-watchos9.0 -g -module-cache-path /Users/admin/builder/spi-builder-workspace/.derivedData/ModuleCache.noindex -Xfrontend -serialize-debugging-options -profile-coverage-mapping -profile-generate -enable-testing -suppress-warnings -index-store-path /Users/admin/builder/spi-builder-workspace/.derivedData/Index.noindex/DataStore -Xcc -D_LIBCPP_HARDENING_MODE\=_LIBCPP_HARDENING_MODE_DEBUG -swift-version 6 -I /Users/admin/builder/spi-builder-workspace/.derivedData/Build/Products/Debug-watchos -Isystem /Applications/Xcode-27.0.0-Release.Candidate.app/Contents/Developer/Platforms/WatchOS.platform/Developer/usr/lib -F /Users/admin/builder/spi-builder-workspace/.derivedData/Build/Products/Debug-watchos -F /Applications/Xcode-27.0.0-Release.Candidate.app/Contents/Developer/Platforms/WatchOS.platform/Developer/Library/Frameworks -F /Applications/Xcode-27.0.0-Release.Candidate.app/Contents/Developer/Platforms/WatchOS.platform/Developer/SDKs/WatchOS27.0.sdk/Developer/Library/Frameworks -c -j10 -enable-batch-mode -incremental -Xcc -ivfsstatcache -Xcc /Users/admin/builder/spi-builder-workspace/.derivedData/SDKStatCaches.noindex/watchos27.0-24R360-e829b21a6f8c9b70876ba0858053c04477534ef55a1706bf4c1112bbb242f0a2.sdkstatcache -output-file-map /Users/admin/builder/spi-builder-workspace/.derivedData/Build/Intermediates.noindex/MyLogger.build/Debug-watchos/MyLogger-t.build/Objects-normal/arm64/MyLogger-OutputFileMap.json -save-temps -no-color-diagnostics -explicit-module-build -module-cache-path /Users/admin/builder/spi-builder-workspace/.derivedData/Build/Intermediates.noindex/SwiftExplicitPrecompiledModules -clang-scanner-module-cache-path /Users/admin/builder/spi-builder-workspace/.derivedData/ModuleCache.noindex -sdk-module-cache-path /Users/admin/builder/spi-builder-workspace/.derivedData/SDKExplicitPrecompiledModules -emit-dependencies -emit-module -emit-module-path /Users/admin/builder/spi-builder-workspace/.derivedData/Build/Intermediates.noindex/MyLogger.build/Debug-watchos/MyLogger-t.build/Objects-normal/arm64/MyLogger.swiftmodule -serialize-diagnostics -dependency-scan-serialize-diagnostics-path /Users/admin/builder/spi-builder-workspace/.derivedData/Build/Intermediates.noindex/MyLogger.build/Debug-watchos/MyLogger-t.build/Objects-normal/arm64/MyLogger-dependency-scan.dia -user-module-version 1.0.3 -validate-clang-modules-once -clang-build-session-file /Users/admin/builder/spi-builder-workspace/.derivedData/ModuleCache.noindex/Session.modulevalidation -Xcc -fmodules-prune-interval\=86400 -Xcc -fmodules-prune-after\=345600 -package-name mylogger -emit-const-values -const-gather-protocols-list /Users/admin/builder/spi-builder-workspace/.derivedData/Build/Intermediates.noindex/MyLogger.build/Debug-watchos/MyLogger-t.build/Objects-normal/arm64/MyLogger_const_extract_protocols.json -Xcc -I/Users/admin/builder/spi-builder-workspace/.derivedData/Build/Products/Debug-watchos/include -Xcc -I/Users/admin/builder/spi-builder-workspace/.derivedData/Build/Intermediates.noindex/MyLogger.build/Debug-watchos/MyLogger-t.build/DerivedSources-normal/arm64 -Xcc -I/Users/admin/builder/spi-builder-workspace/.derivedData/Build/Intermediates.noindex/MyLogger.build/Debug-watchos/MyLogger-t.build/DerivedSources/arm64 -Xcc -I/Users/admin/builder/spi-builder-workspace/.derivedData/Build/Intermediates.noindex/MyLogger.build/Debug-watchos/MyLogger-t.build/DerivedSources -Xcc -DSWIFT_PACKAGE -Xcc -DDEBUG\=1 -emit-objc-header -emit-objc-header-path /Users/admin/builder/spi-builder-workspace/.derivedData/Build/Intermediates.noindex/MyLogger.build/Debug-watchos/MyLogger-t.build/Objects-normal/arm64/MyLogger-Swift.h -working-directory /Users/admin/builder/spi-builder-workspace/.swiftpm/xcode -experimental-emit-module-separately -disable-cmo
SwiftDriver MyLogger normal arm64_32 com.apple.xcode.tools.swift.compiler (in target 'MyLogger' from project 'MyLogger')
cd /Users/admin/builder/spi-builder-workspace/.swiftpm/xcode
builtin-SwiftDriver -- /Applications/Xcode-27.0.0-Release.Candidate.app/Contents/Developer/Toolchains/XcodeDefault.xctoolchain/usr/bin/swiftc -parse-as-library -module-name MyLogger -Onone @/Users/admin/builder/spi-builder-workspace/.derivedData/Build/Intermediates.noindex/MyLogger.build/Debug-watchos/MyLogger-t.build/Objects-normal/arm64_32/MyLogger.SwiftFileList -DSWIFT_PACKAGE -DDEBUG -DSWIFT_MODULE_RESOURCE_BUNDLE_UNAVAILABLE -DXcode -plugin-path /Applications/Xcode-27.0.0-Release.Candidate.app/Contents/Developer/Toolchains/XcodeDefault.xctoolchain/usr/lib/swift/host/plugins/testing -enable-experimental-feature DebugDescriptionMacro -sdk /Applications/Xcode-27.0.0-Release.Candidate.app/Contents/Developer/Platforms/WatchOS.platform/Developer/SDKs/WatchOS27.0.sdk -target arm64_32-apple-watchos9.0 -g -module-cache-path /Users/admin/builder/spi-builder-workspace/.derivedData/ModuleCache.noindex -Xfrontend -serialize-debugging-options -profile-coverage-mapping -profile-generate -enable-testing -suppress-warnings -index-store-path /Users/admin/builder/spi-builder-workspace/.derivedData/Index.noindex/DataStore -Xcc -D_LIBCPP_HARDENING_MODE\=_LIBCPP_HARDENING_MODE_DEBUG -swift-version 6 -I /Users/admin/builder/spi-builder-workspace/.derivedData/Build/Products/Debug-watchos -Isystem /Applications/Xcode-27.0.0-Release.Candidate.app/Contents/Developer/Platforms/WatchOS.platform/Developer/usr/lib -F /Users/admin/builder/spi-builder-workspace/.derivedData/Build/Products/Debug-watchos -F /Applications/Xcode-27.0.0-Release.Candidate.app/Contents/Developer/Platforms/WatchOS.platform/Developer/Library/Frameworks -F /Applications/Xcode-27.0.0-Release.Candidate.app/Contents/Developer/Platforms/WatchOS.platform/Developer/SDKs/WatchOS27.0.sdk/Developer/Library/Frameworks -c -j10 -enable-batch-mode -incremental -Xcc -ivfsstatcache -Xcc /Users/admin/builder/spi-builder-workspace/.derivedData/SDKStatCaches.noindex/watchos27.0-24R360-e829b21a6f8c9b70876ba0858053c04477534ef55a1706bf4c1112bbb242f0a2.sdkstatcache -output-file-map /Users/admin/builder/spi-builder-workspace/.derivedData/Build/Intermediates.noindex/MyLogger.build/Debug-watchos/MyLogger-t.build/Objects-normal/arm64_32/MyLogger-OutputFileMap.json -save-temps -no-color-diagnostics -explicit-module-build -module-cache-path /Users/admin/builder/spi-builder-workspace/.derivedData/Build/Intermediates.noindex/SwiftExplicitPrecompiledModules -clang-scanner-module-cache-path /Users/admin/builder/spi-builder-workspace/.derivedData/ModuleCache.noindex -sdk-module-cache-path /Users/admin/builder/spi-builder-workspace/.derivedData/SDKExplicitPrecompiledModules -emit-dependencies -emit-module -emit-module-path /Users/admin/builder/spi-builder-workspace/.derivedData/Build/Intermediates.noindex/MyLogger.build/Debug-watchos/MyLogger-t.build/Objects-normal/arm64_32/MyLogger.swiftmodule -serialize-diagnostics -dependency-scan-serialize-diagnostics-path /Users/admin/builder/spi-builder-workspace/.derivedData/Build/Intermediates.noindex/MyLogger.build/Debug-watchos/MyLogger-t.build/Objects-normal/arm64_32/MyLogger-dependency-scan.dia -user-module-version 1.0.3 -validate-clang-modules-once -clang-build-session-file /Users/admin/builder/spi-builder-workspace/.derivedData/ModuleCache.noindex/Session.modulevalidation -Xcc -fmodules-prune-interval\=86400 -Xcc -fmodules-prune-after\=345600 -package-name mylogger -emit-const-values -const-gather-protocols-list /Users/admin/builder/spi-builder-workspace/.derivedData/Build/Intermediates.noindex/MyLogger.build/Debug-watchos/MyLogger-t.build/Objects-normal/arm64_32/MyLogger_const_extract_protocols.json -Xcc -I/Users/admin/builder/spi-builder-workspace/.derivedData/Build/Products/Debug-watchos/include -Xcc -I/Users/admin/builder/spi-builder-workspace/.derivedData/Build/Intermediates.noindex/MyLogger.build/Debug-watchos/MyLogger-t.build/DerivedSources-normal/arm64_32 -Xcc -I/Users/admin/builder/spi-builder-workspace/.derivedData/Build/Intermediates.noindex/MyLogger.build/Debug-watchos/MyLogger-t.build/DerivedSources/arm64_32 -Xcc -I/Users/admin/builder/spi-builder-workspace/.derivedData/Build/Intermediates.noindex/MyLogger.build/Debug-watchos/MyLogger-t.build/DerivedSources -Xcc -DSWIFT_PACKAGE -Xcc -DDEBUG\=1 -emit-objc-header -emit-objc-header-path /Users/admin/builder/spi-builder-workspace/.derivedData/Build/Intermediates.noindex/MyLogger.build/Debug-watchos/MyLogger-t.build/Objects-normal/arm64_32/MyLogger-Swift.h -working-directory /Users/admin/builder/spi-builder-workspace/.swiftpm/xcode -experimental-emit-module-separately -disable-cmo
SwiftEmitModule normal arm64_32 Emitting\ module\ for\ MyLogger (in target 'MyLogger' from project 'MyLogger')
SwiftCompile normal arm64_32 (in target 'MyLogger' from project 'MyLogger')
cd /Users/admin/builder/spi-builder-workspace/.swiftpm/xcode
SwiftCompile normal arm64_32 Compiling\ MyLogger.swift /Users/admin/builder/spi-builder-workspace/.dependencies/checkouts/MyLogger/Sources/MyLogger/MyLogger.swift (in target 'MyLogger' from project 'MyLogger')
SwiftCompile normal arm64_32 /Users/admin/builder/spi-builder-workspace/.dependencies/checkouts/MyLogger/Sources/MyLogger/MyLogger.swift (in target 'MyLogger' from project 'MyLogger')
cd /Users/admin/builder/spi-builder-workspace/.swiftpm/xcode
builtin-SwiftPerFileCompile MyLogger.swift
SwiftEmitModule normal arm64 Emitting\ module\ for\ MyLogger (in target 'MyLogger' from project 'MyLogger')
SwiftCompile normal arm64 (in target 'MyLogger' from project 'MyLogger')
cd /Users/admin/builder/spi-builder-workspace/.swiftpm/xcode
SwiftCompile normal arm64 Compiling\ MyLogger.swift /Users/admin/builder/spi-builder-workspace/.dependencies/checkouts/MyLogger/Sources/MyLogger/MyLogger.swift (in target 'MyLogger' from project 'MyLogger')
SwiftCompile normal arm64 /Users/admin/builder/spi-builder-workspace/.dependencies/checkouts/MyLogger/Sources/MyLogger/MyLogger.swift (in target 'MyLogger' from project 'MyLogger')
cd /Users/admin/builder/spi-builder-workspace/.swiftpm/xcode
builtin-SwiftPerFileCompile MyLogger.swift
SwiftCompile normal arm64_32 Compiling\ Stringifier.swift,\ ValuePresentable.swift /Users/admin/builder/spi-builder-workspace/Sources/SearchAndSort/Protocols/Stringifier.swift /Users/admin/builder/spi-builder-workspace/Sources/SearchAndSort/Protocols/ValuePresentable.swift (in target 'SearchAndSort' from project 'SearchAndSort')
SwiftCompile normal arm64_32 /Users/admin/builder/spi-builder-workspace/Sources/SearchAndSort/Protocols/Stringifier.swift (in target 'SearchAndSort' from project 'SearchAndSort')
cd /Users/admin/builder/spi-builder-workspace/.swiftpm/xcode
builtin-SwiftPerFileCompile Stringifier.swift
SwiftCompile normal arm64_32 /Users/admin/builder/spi-builder-workspace/Sources/SearchAndSort/Protocols/ValuePresentable.swift (in target 'SearchAndSort' from project 'SearchAndSort')
cd /Users/admin/builder/spi-builder-workspace/.swiftpm/xcode
builtin-SwiftPerFileCompile ValuePresentable.swift
SwiftCompile normal arm64_32 Compiling\ SortableKeyPath.swift,\ Sorter.swift /Users/admin/builder/spi-builder-workspace/Sources/SearchAndSort/Sort/SortableKeyPath.swift /Users/admin/builder/spi-builder-workspace/Sources/SearchAndSort/Sort/Sorter.swift (in target 'SearchAndSort' from project 'SearchAndSort')
SwiftCompile normal arm64_32 /Users/admin/builder/spi-builder-workspace/Sources/SearchAndSort/Sort/SortableKeyPath.swift (in target 'SearchAndSort' from project 'SearchAndSort')
cd /Users/admin/builder/spi-builder-workspace/.swiftpm/xcode
builtin-SwiftPerFileCompile SortableKeyPath.swift
SwiftCompile normal arm64_32 /Users/admin/builder/spi-builder-workspace/Sources/SearchAndSort/Sort/Sorter.swift (in target 'SearchAndSort' from project 'SearchAndSort')
cd /Users/admin/builder/spi-builder-workspace/.swiftpm/xcode
builtin-SwiftPerFileCompile Sorter.swift
SwiftEmitModule normal arm64_32 Emitting\ module\ for\ SearchAndSort (in target 'SearchAndSort' from project 'SearchAndSort')
SwiftCompile normal arm64_32 (in target 'SearchAndSort' from project 'SearchAndSort')
cd /Users/admin/builder/spi-builder-workspace/.swiftpm/xcode
SwiftCompile normal arm64_32 Compiling\ TitledKey.swift,\ AnyKey.swift /Users/admin/builder/spi-builder-workspace/Sources/SearchAndSort/TitledKey.swift /Users/admin/builder/spi-builder-workspace/Sources/SearchAndSort/Type\ Erasure/AnyKey.swift (in target 'SearchAndSort' from project 'SearchAndSort')
SwiftCompile normal arm64_32 /Users/admin/builder/spi-builder-workspace/Sources/SearchAndSort/TitledKey.swift (in target 'SearchAndSort' from project 'SearchAndSort')
cd /Users/admin/builder/spi-builder-workspace/.swiftpm/xcode
builtin-SwiftPerFileCompile TitledKey.swift
SwiftCompile normal arm64_32 /Users/admin/builder/spi-builder-workspace/Sources/SearchAndSort/Type\ Erasure/AnyKey.swift (in target 'SearchAndSort' from project 'SearchAndSort')
cd /Users/admin/builder/spi-builder-workspace/.swiftpm/xcode
builtin-SwiftPerFileCompile AnyKey.swift
/Users/admin/builder/spi-builder-workspace/Sources/SearchAndSort/Type Erasure/AnyKey.swift:49:29: warning: capture of non-Sendable type 'Key.Type' in an isolated closure [#SendableMetatypes]
47 | let stringer = StringConvertableStringifier<Key>()
48 | self.stringProducer = { model in
49 | return stringer.stringify(model[keyPath: key])
| `- warning: capture of non-Sendable type 'Key.Type' in an isolated closure [#SendableMetatypes]
50 | }
51 |
/Users/admin/builder/spi-builder-workspace/Sources/SearchAndSort/Type Erasure/AnyKey.swift:53:27: warning: capture of non-Sendable type 'Key.Type' in an isolated closure [#SendableMetatypes]
51 |
52 | sorterProducer = { models , order in
53 | let sortKey = SortableKeyPath(key)
| `- warning: capture of non-Sendable type 'Key.Type' in an isolated closure [#SendableMetatypes]
54 | return await sortKey.sort(models , order: order)
55 | }
/Users/admin/builder/spi-builder-workspace/Sources/SearchAndSort/Type Erasure/AnyKey.swift:57:23: warning: capture of non-Sendable type 'Key.Type' in an isolated closure [#SendableMetatypes]
55 | }
56 | searchProducer = { models , query,strategy in
57 | let key = SearchableKeyPath( key , stringifier: stringer)
| `- warning: capture of non-Sendable type 'Key.Type' in an isolated closure [#SendableMetatypes]
58 |
59 | return await key.search(in: models, for: query,strategy: strategy)
/Users/admin/builder/spi-builder-workspace/Sources/SearchAndSort/Type Erasure/AnyKey.swift:70:29: warning: capture of non-Sendable type 'Key.Type' in an isolated closure [#SendableMetatypes]
68 |
69 | self.stringProducer = { model in
70 | return stringer.stringify(model[keyPath: key])
| `- warning: capture of non-Sendable type 'Key.Type' in an isolated closure [#SendableMetatypes]
71 | }
72 |
/Users/admin/builder/spi-builder-workspace/Sources/SearchAndSort/Type Erasure/AnyKey.swift:74:27: warning: capture of non-Sendable type 'Key.Type' in an isolated closure [#SendableMetatypes]
72 |
73 | sorterProducer = { models , order in
74 | let sortKey = SortableKeyPath(key)
| `- warning: capture of non-Sendable type 'Key.Type' in an isolated closure [#SendableMetatypes]
75 | return await sortKey.sort(models , order: order)
76 | }
/Users/admin/builder/spi-builder-workspace/Sources/SearchAndSort/Type Erasure/AnyKey.swift:78:23: warning: capture of non-Sendable type 'Key.Type' in an isolated closure [#SendableMetatypes]
76 | }
77 | searchProducer = { models , query,strategy in
78 | let key = SearchableKeyPath( key , stringifier: stringer)
| `- warning: capture of non-Sendable type 'Key.Type' in an isolated closure [#SendableMetatypes]
79 |
80 | return await key.search(in: models, for: query,strategy: strategy)
/Users/admin/builder/spi-builder-workspace/Sources/SearchAndSort/Type Erasure/AnyKey.swift:93:29: warning: capture of non-Sendable type 'SearchKey.Type' in an isolated closure [#SendableMetatypes]
91 | let stringer = key.stringer
92 | self.stringProducer = { model in
93 | return stringer.stringify(model[keyPath: key.key])
| `- warning: capture of non-Sendable type 'SearchKey.Type' in an isolated closure [#SendableMetatypes]
94 | }
95 |
/Users/admin/builder/spi-builder-workspace/Sources/SearchAndSort/Type Erasure/AnyKey.swift:97:27: warning: capture of non-Sendable type 'SearchKey.Type' in an isolated closure [#SendableMetatypes]
95 |
96 | sorterProducer = { models , order in
97 | let sortKey = SortableKeyPath(key.key)
| `- warning: capture of non-Sendable type 'SearchKey.Type' in an isolated closure [#SendableMetatypes]
98 | return await sortKey.sort(models , order: order)
99 | }
/Users/admin/builder/spi-builder-workspace/Sources/SearchAndSort/Type Erasure/AnyKey.swift:115:29: warning: capture of non-Sendable type 'SortKey.Type' in an isolated closure [#SendableMetatypes]
113 |
114 | self.stringProducer = { model in
115 | return stringer.stringify(model[keyPath: key.key])
| `- warning: capture of non-Sendable type 'SortKey.Type' in an isolated closure [#SendableMetatypes]
116 | }
117 |
/Users/admin/builder/spi-builder-workspace/Sources/SearchAndSort/Type Erasure/AnyKey.swift:119:27: warning: capture of non-Sendable type 'SortKey.Type' in an isolated closure [#SendableMetatypes]
117 |
118 | sorterProducer = { models , order in
119 | let sortKey = SortableKeyPath(key.key)
| `- warning: capture of non-Sendable type 'SortKey.Type' in an isolated closure [#SendableMetatypes]
120 | return await sortKey.sort(models , order: order)
121 | }
/Users/admin/builder/spi-builder-workspace/Sources/SearchAndSort/Type Erasure/AnyKey.swift:123:23: warning: capture of non-Sendable type 'SortKey.Type' in an isolated closure [#SendableMetatypes]
121 | }
122 | searchProducer = { models , query,strategy in
123 | let key = SearchableKeyPath( key , stringifier: stringer)
| `- warning: capture of non-Sendable type 'SortKey.Type' in an isolated closure [#SendableMetatypes]
124 |
125 | return await key.search(in: models, for: query,strategy: strategy)
/Users/admin/builder/spi-builder-workspace/Sources/SearchAndSort/Type Erasure/AnyKey.swift:141:29: warning: capture of non-Sendable type 'SortKey.Type' in an isolated closure [#SendableMetatypes]
139 | let stringer = StringConvertableStringifier<SortKey>()
140 | self.stringProducer = { model in
141 | return stringer.stringify(model[keyPath: key.key])
| `- warning: capture of non-Sendable type 'SortKey.Type' in an isolated closure [#SendableMetatypes]
142 | }
143 |
/Users/admin/builder/spi-builder-workspace/Sources/SearchAndSort/Type Erasure/AnyKey.swift:145:27: warning: capture of non-Sendable type 'SortKey.Type' in an isolated closure [#SendableMetatypes]
143 |
144 | sorterProducer = { models , order in
145 | let sortKey = SortableKeyPath(key.key)
| `- warning: capture of non-Sendable type 'SortKey.Type' in an isolated closure [#SendableMetatypes]
146 | return await sortKey.sort(models , order: order)
147 | }
/Users/admin/builder/spi-builder-workspace/Sources/SearchAndSort/Type Erasure/AnyKey.swift:149:23: warning: capture of non-Sendable type 'SortKey.Type' in an isolated closure [#SendableMetatypes]
147 | }
148 | searchProducer = { models , query,strategy in
149 | let key = SearchableKeyPath( key , stringifier: stringer)
| `- warning: capture of non-Sendable type 'SortKey.Type' in an isolated closure [#SendableMetatypes]
150 |
151 | return await key.search(in: models, for: query,strategy: strategy)
/Users/admin/builder/spi-builder-workspace/Sources/SearchAndSort/Type Erasure/AnyKey.swift:168:29: warning: capture of non-Sendable type 'Key.Type' in an isolated closure [#SendableMetatypes]
166 | let stringer = key.stringer
167 | self.stringProducer = { model in
168 | return stringer.stringify(model[keyPath: key.key])
| `- warning: capture of non-Sendable type 'Key.Type' in an isolated closure [#SendableMetatypes]
169 | }
170 |
/Users/admin/builder/spi-builder-workspace/Sources/SearchAndSort/Type Erasure/AnyKey.swift:172:27: warning: capture of non-Sendable type 'Key.Type' in an isolated closure [#SendableMetatypes]
170 |
171 | sorterProducer = { models , order in
172 | let sortKey = SortableKeyPath(key.key)
| `- warning: capture of non-Sendable type 'Key.Type' in an isolated closure [#SendableMetatypes]
173 | return await sortKey.sort(models , order: order)
174 | }
SwiftCompile normal arm64 Compiling\ BackgroundSearcher.swift /Users/admin/builder/spi-builder-workspace/Sources/SearchAndSort/Search/BackgroundSearcher.swift (in target 'SearchAndSort' from project 'SearchAndSort')
/Users/admin/builder/spi-builder-workspace/Sources/SearchAndSort/Search/BackgroundSearcher.swift:161:61: error: passing closure as a 'sending' parameter risks causing data races between 'self'-isolated code and concurrent execution of the closure [#RegionIsolation::SendingClosureRisksDataRace]
159 | let searchingKeys = key == nil ? self.keys : key!
160 | let checker = self.checkIf
161 | let task = Task.detached(priority: .userInitiated) {
| `- error: passing closure as a 'sending' parameter risks causing data races between 'self'-isolated code and concurrent execution of the closure [#RegionIsolation::SendingClosureRisksDataRace]
162 | MODELS: for model in allModels {
163 | if Task.isCancelled {
164 | self.logger.debug("Task for \(query) cancelled")
| `- note: closure captures 'self' allowing access to 'self'-isolated state within the closure
165 | return Optional<[T]>.none
166 | }
/Users/admin/builder/spi-builder-workspace/Sources/SearchAndSort/Search/BackgroundSearcher.swift:242:61: error: passing closure as a 'sending' parameter risks causing data races between 'self'-isolated code and concurrent execution of the closure [#RegionIsolation::SendingClosureRisksDataRace]
240 | let searchingKeys = key == nil ? self.keys : key!
241 | let checker = self.checkIf
242 | let task = Task.detached(priority: .userInitiated) {
| `- error: passing closure as a 'sending' parameter risks causing data races between 'self'-isolated code and concurrent execution of the closure [#RegionIsolation::SendingClosureRisksDataRace]
243 |
244 | MODELS: for model in allModels {
245 | if Task.isCancelled {
246 | self.logger.debug("Task for \(query) cancelled")
| `- note: closure captures 'self' allowing access to 'self'-isolated state within the closure
247 | return Optional<[T]>.none
248 | }
[#RegionIsolation]: <https://docs.swift.org/compiler/documentation/diagnostics/region-isolation>
[#SendingClosureRisksDataRace]: <https://docs.swift.org/compiler/documentation/diagnostics/sending-closure-risks-data-race>
Failed frontend command:
/Applications/Xcode-27.0.0-Release.Candidate.app/Contents/Developer/Toolchains/XcodeDefault.xctoolchain/usr/bin/swift-frontend -frontend -c /Users/admin/builder/spi-builder-workspace/Sources/SearchAndSort/Extensions/KeyPath.swift /Users/admin/builder/spi-builder-workspace/Sources/SearchAndSort/Logger.swift /Users/admin/builder/spi-builder-workspace/Sources/SearchAndSort/Protocols/Optional\ Extension.swift /Users/admin/builder/spi-builder-workspace/Sources/SearchAndSort/Protocols/Searchable.swift /Users/admin/builder/spi-builder-workspace/Sources/SearchAndSort/Protocols/SearchableKeyProtocol.swift /Users/admin/builder/spi-builder-workspace/Sources/SearchAndSort/Protocols/SortableKeyPathProtocol.swift /Users/admin/builder/spi-builder-workspace/Sources/SearchAndSort/Protocols/Stringifier.swift /Users/admin/builder/spi-builder-workspace/Sources/SearchAndSort/Protocols/ValuePresentable.swift -primary-file /Users/admin/builder/spi-builder-workspace/Sources/SearchAndSort/Search/BackgroundSearcher.swift /Users/admin/builder/spi-builder-workspace/Sources/SearchAndSort/Search/SearchableKeyPath.swift /Users/admin/builder/spi-builder-workspace/Sources/SearchAndSort/SearchAndSort.swift /Users/admin/builder/spi-builder-workspace/Sources/SearchAndSort/Sort/SortOrder.swift /Users/admin/builder/spi-builder-workspace/Sources/SearchAndSort/Sort/SortableKeyPath.swift /Users/admin/builder/spi-builder-workspace/Sources/SearchAndSort/Sort/Sorter.swift /Users/admin/builder/spi-builder-workspace/Sources/SearchAndSort/Stringifirers/Persian/PersianDateStringifier.swift /Users/admin/builder/spi-builder-workspace/Sources/SearchAndSort/Stringifirers/Persian/PersianDoubleStringifier.swift /Users/admin/builder/spi-builder-workspace/Sources/SearchAndSort/Stringifirers/Persian/PersianIntStringifier.swift /Users/admin/builder/spi-builder-workspace/Sources/SearchAndSort/Stringifirers/StringConvertableStringifier.swift /Users/admin/builder/spi-builder-workspace/Sources/SearchAndSort/TitledKey.swift /Users/admin/builder/spi-builder-workspace/Sources/SearchAndSort/Type\ Erasure/AnyKey.swift /Users/admin/builder/spi-builder-workspace/Sources/SearchAndSort/Type\ Erasure/AnySearchableKey.swift /Users/admin/builder/spi-builder-workspace/Sources/SearchAndSort/Type\ Erasure/AnySearchableTitledKey.swift /Users/admin/builder/spi-builder-workspace/Sources/SearchAndSort/Type\ Erasure/AnySortableKey.swift /Users/admin/builder/spi-builder-workspace/Sources/SearchAndSort/Type\ Erasure/AnySortabletTitledKey.swift /Users/admin/builder/spi-builder-workspace/Sources/SearchAndSort/Type\ Erasure/AnyTitledKey.swift -emit-dependencies-path /Users/admin/builder/spi-builder-workspace/.derivedData/Build/Intermediates.noindex/SearchAndSort.build/Debug-watchos/SearchAndSort-t.build/Objects-normal/arm64/BackgroundSearcher.d -emit-const-values-path /Users/admin/builder/spi-builder-workspace/.derivedData/Build/Intermediates.noindex/SearchAndSort.build/Debug-watchos/SearchAndSort-t.build/Objects-normal/arm64/BackgroundSearcher.swiftconstvalues -emit-reference-dependencies-path /Users/admin/builder/spi-builder-workspace/.derivedData/Build/Intermediates.noindex/SearchAndSort.build/Debug-watchos/SearchAndSort-t.build/Objects-normal/arm64/BackgroundSearcher.swiftdeps -serialize-diagnostics-path /Users/admin/builder/spi-builder-workspace/.derivedData/Build/Intermediates.noindex/SearchAndSort.build/Debug-watchos/SearchAndSort-t.build/Objects-normal/arm64/BackgroundSearcher.dia -target arm64-apple-watchos10.0 -disable-cross-import-overlay-search -swift-module-cross-import SwiftData /Applications/Xcode-27.0.0-Release.Candidate.app/Contents/Developer/Platforms/WatchOS.platform/Developer/SDKs/WatchOS27.0.sdk/System/Library/Frameworks/SwiftData.framework/Modules/SwiftData.swiftcrossimport/CoreData.swiftoverlay -swift-module-cross-import SwiftData /Applications/Xcode-27.0.0-Release.Candidate.app/Contents/Developer/Platforms/WatchOS.platform/Developer/SDKs/WatchOS27.0.sdk/System/Library/Frameworks/SwiftData.framework/Modules/SwiftData.swiftcrossimport/SwiftUI.swiftoverlay -load-resolved-plugin /Applications/Xcode-27.0.0-Release.Candidate.app/Contents/Developer/Platforms/WatchOS.platform/Developer/usr/lib/swift/host/plugins/libFoundationMacros.dylib\#/Applications/Xcode-27.0.0-Release.Candidate.app/Contents/Developer/Platforms/WatchOS.platform/Developer/usr/bin/swift-plugin-server\#FoundationMacros -load-resolved-plugin /Applications/Xcode-27.0.0-Release.Candidate.app/Contents/Developer/Platforms/WatchOS.platform/Developer/usr/lib/swift/host/plugins/libObservationMacros.dylib\#/Applications/Xcode-27.0.0-Release.Candidate.app/Contents/Developer/Platforms/WatchOS.platform/Developer/usr/bin/swift-plugin-server\#ObservationMacros -load-resolved-plugin /Applications/Xcode-27.0.0-Release.Candidate.app/Contents/Developer/Platforms/WatchOS.platform/Developer/usr/lib/swift/host/plugins/libSwiftDataMacros.dylib\#/Applications/Xcode-27.0.0-Release.Candidate.app/Contents/Developer/Platforms/WatchOS.platform/Developer/usr/bin/swift-plugin-server\#SwiftDataMacros -load-resolved-plugin /Applications/Xcode-27.0.0-Release.Candidate.app/Contents/Developer/Platforms/WatchOS.platform/Developer/usr/lib/swift/host/plugins/libSwiftMacros.dylib\#/Applications/Xcode-27.0.0-Release.Candidate.app/Contents/Developer/Platforms/WatchOS.platform/Developer/usr/bin/swift-plugin-server\#SwiftMacros -disable-implicit-swift-modules -Xcc -fno-implicit-modules -Xcc -fno-implicit-module-maps -explicit-swift-module-map-file /Users/admin/builder/spi-builder-workspace/.derivedData/Build/Intermediates.noindex/SearchAndSort.build/Debug-watchos/SearchAndSort-t.build/Objects-normal/arm64/SearchAndSort-dependencies-2.json -Xllvm -aarch64-use-tbi -enable-objc-interop -stack-check -sdk /Applications/Xcode-27.0.0-Release.Candidate.app/Contents/Developer/Platforms/WatchOS.platform/Developer/SDKs/WatchOS27.0.sdk -I /Users/admin/builder/spi-builder-workspace/.derivedData/Build/Products/Debug-watchos -Isystem /Applications/Xcode-27.0.0-Release.Candidate.app/Contents/Developer/Platforms/WatchOS.platform/Developer/usr/lib -F /Users/admin/builder/spi-builder-workspace/.derivedData/Build/Products/Debug-watchos/PackageFrameworks -F /Users/admin/builder/spi-builder-workspace/.derivedData/Build/Products/Debug-watchos -F /Applications/Xcode-27.0.0-Release.Candidate.app/Contents/Developer/Platforms/WatchOS.platform/Developer/Library/Frameworks -F /Applications/Xcode-27.0.0-Release.Candidate.app/Contents/Developer/Platforms/WatchOS.platform/Developer/SDKs/WatchOS27.0.sdk/Developer/Library/Frameworks -module-cache-path /Users/admin/builder/spi-builder-workspace/.derivedData/Build/Intermediates.noindex/SwiftExplicitPrecompiledModules -no-color-diagnostics -Xcc -fno-color-diagnostics -enable-testing -g -debug-info-format\=dwarf -dwarf-version\=4 -profile-generate -profile-coverage-mapping -swift-version 6 -Onone -D SWIFT_PACKAGE -D DEBUG -D SWIFT_MODULE_RESOURCE_BUNDLE_UNAVAILABLE -D Xcode -serialize-debugging-options -enable-experimental-feature DebugDescriptionMacro -empty-abi-descriptor -validate-clang-modules-once -clang-build-session-file /Users/admin/builder/spi-builder-workspace/.derivedData/ModuleCache.noindex/Session.modulevalidation -Xcc -working-directory -Xcc /Users/admin/builder/spi-builder-workspace/.swiftpm/xcode -enable-anonymous-context-mangled-names -file-compilation-dir /Users/admin/builder/spi-builder-workspace/.swiftpm/xcode -Xcc -D_LIBCPP_HARDENING_MODE\=_LIBCPP_HARDENING_MODE_DEBUG -Xcc -ivfsstatcache -Xcc /Users/admin/builder/spi-builder-workspace/.derivedData/SDKStatCaches.noindex/watchos27.0-24R360-e829b21a6f8c9b70876ba0858053c04477534ef55a1706bf4c1112bbb242f0a2.sdkstatcache -Xcc -fmodules-prune-interval\=86400 -Xcc -fmodules-prune-after\=345600 -Xcc -I/Users/admin/builder/spi-builder-workspace/.derivedData/Build/Products/Debug-watchos/include -Xcc -I/Users/admin/builder/spi-builder-workspace/.derivedData/Build/Intermediates.noindex/SearchAndSort.build/Debug-watchos/SearchAndSort-t.build/DerivedSources-normal/arm64 -Xcc -I/Users/admin/builder/spi-builder-workspace/.derivedData/Build/Intermediates.noindex/SearchAndSort.build/Debug-watchos/SearchAndSort-t.build/DerivedSources/arm64 -Xcc -I/Users/admin/builder/spi-builder-workspace/.derivedData/Build/Intermediates.noindex/SearchAndSort.build/Debug-watchos/SearchAndSort-t.build/DerivedSources -Xcc -DSWIFT_PACKAGE -Xcc -DDEBUG\=1 -no-auto-bridging-header-chaining -module-name SearchAndSort -package-name spi_builder_workspace -const-gather-protocols-file /Users/admin/builder/spi-builder-workspace/.derivedData/Build/Intermediates.noindex/SearchAndSort.build/Debug-watchos/SearchAndSort-t.build/Objects-normal/arm64/SearchAndSort_const_extract_protocols.json -disable-clang-spi -clang-target arm64-apple-watchos27.0 -target-sdk-version 27.0 -target-sdk-name watchos27.0 -in-process-plugin-server-path /Applications/Xcode-27.0.0-Release.Candidate.app/Contents/Developer/Toolchains/XcodeDefault.xctoolchain/usr/lib/swift/host/libSwiftInProcPluginServer.dylib -parse-as-library -o /Users/admin/builder/spi-builder-workspace/.derivedData/Build/Intermediates.noindex/SearchAndSort.build/Debug-watchos/SearchAndSort-t.build/Objects-normal/arm64/BackgroundSearcher.o -debug-module-path /Users/admin/builder/spi-builder-workspace/.derivedData/Build/Intermediates.noindex/SearchAndSort.build/Debug-watchos/SearchAndSort-t.build/Objects-normal/arm64/SearchAndSort.swiftmodule -index-unit-output-path /SearchAndSort.build/Debug-watchos/SearchAndSort-t.build/Objects-normal/arm64/BackgroundSearcher.o -index-store-path /Users/admin/builder/spi-builder-workspace/.derivedData/Index.noindex/DataStore -index-system-modules
SwiftCompile normal arm64 /Users/admin/builder/spi-builder-workspace/Sources/SearchAndSort/Search/BackgroundSearcher.swift (in target 'SearchAndSort' from project 'SearchAndSort')
cd /Users/admin/builder/spi-builder-workspace/.swiftpm/xcode
builtin-SwiftPerFileCompile BackgroundSearcher.swift
SwiftEmitModule normal arm64 Emitting\ module\ for\ SearchAndSort (in target 'SearchAndSort' from project 'SearchAndSort')
SwiftCompile normal arm64 (in target 'SearchAndSort' from project 'SearchAndSort')
cd /Users/admin/builder/spi-builder-workspace/.swiftpm/xcode
SwiftCompile normal arm64 Compiling\ KeyPath.swift /Users/admin/builder/spi-builder-workspace/Sources/SearchAndSort/Extensions/KeyPath.swift (in target 'SearchAndSort' from project 'SearchAndSort')
SwiftCompile normal arm64 /Users/admin/builder/spi-builder-workspace/Sources/SearchAndSort/Extensions/KeyPath.swift (in target 'SearchAndSort' from project 'SearchAndSort')
cd /Users/admin/builder/spi-builder-workspace/.swiftpm/xcode
builtin-SwiftPerFileCompile KeyPath.swift
SwiftCompile normal arm64 Compiling\ Logger.swift /Users/admin/builder/spi-builder-workspace/Sources/SearchAndSort/Logger.swift (in target 'SearchAndSort' from project 'SearchAndSort')
SwiftCompile normal arm64 /Users/admin/builder/spi-builder-workspace/Sources/SearchAndSort/Logger.swift (in target 'SearchAndSort' from project 'SearchAndSort')
cd /Users/admin/builder/spi-builder-workspace/.swiftpm/xcode
builtin-SwiftPerFileCompile Logger.swift
SwiftCompile normal arm64 Compiling\ ValuePresentable.swift /Users/admin/builder/spi-builder-workspace/Sources/SearchAndSort/Protocols/ValuePresentable.swift (in target 'SearchAndSort' from project 'SearchAndSort')
SwiftCompile normal arm64 /Users/admin/builder/spi-builder-workspace/Sources/SearchAndSort/Protocols/ValuePresentable.swift (in target 'SearchAndSort' from project 'SearchAndSort')
cd /Users/admin/builder/spi-builder-workspace/.swiftpm/xcode
builtin-SwiftPerFileCompile ValuePresentable.swift
SwiftDriverJobDiscovery normal arm64_32 Compiling Stringifier.swift, ValuePresentable.swift (in target 'SearchAndSort' from project 'SearchAndSort')
SwiftCompile normal arm64_32 Compiling\ Optional\ Extension.swift /Users/admin/builder/spi-builder-workspace/Sources/SearchAndSort/Protocols/Optional\ Extension.swift (in target 'SearchAndSort' from project 'SearchAndSort')
SwiftCompile normal arm64_32 /Users/admin/builder/spi-builder-workspace/Sources/SearchAndSort/Protocols/Optional\ Extension.swift (in target 'SearchAndSort' from project 'SearchAndSort')
cd /Users/admin/builder/spi-builder-workspace/.swiftpm/xcode
builtin-SwiftPerFileCompile Optional\ Extension.swift
SwiftDriverJobDiscovery normal arm64 Compiling KeyPath.swift (in target 'SearchAndSort' from project 'SearchAndSort')
SwiftCompile normal arm64 Compiling\ AnyKey.swift /Users/admin/builder/spi-builder-workspace/Sources/SearchAndSort/Type\ Erasure/AnyKey.swift (in target 'SearchAndSort' from project 'SearchAndSort')
SwiftCompile normal arm64 /Users/admin/builder/spi-builder-workspace/Sources/SearchAndSort/Type\ Erasure/AnyKey.swift (in target 'SearchAndSort' from project 'SearchAndSort')
cd /Users/admin/builder/spi-builder-workspace/.swiftpm/xcode
builtin-SwiftPerFileCompile AnyKey.swift
/Users/admin/builder/spi-builder-workspace/Sources/SearchAndSort/Type Erasure/AnyKey.swift:49:29: warning: capture of non-Sendable type 'Key.Type' in an isolated closure [#SendableMetatypes]
47 | let stringer = StringConvertableStringifier<Key>()
48 | self.stringProducer = { model in
49 | return stringer.stringify(model[keyPath: key])
| `- warning: capture of non-Sendable type 'Key.Type' in an isolated closure [#SendableMetatypes]
50 | }
51 |
/Users/admin/builder/spi-builder-workspace/Sources/SearchAndSort/Type Erasure/AnyKey.swift:53:27: warning: capture of non-Sendable type 'Key.Type' in an isolated closure [#SendableMetatypes]
51 |
52 | sorterProducer = { models , order in
53 | let sortKey = SortableKeyPath(key)
| `- warning: capture of non-Sendable type 'Key.Type' in an isolated closure [#SendableMetatypes]
54 | return await sortKey.sort(models , order: order)
55 | }
/Users/admin/builder/spi-builder-workspace/Sources/SearchAndSort/Type Erasure/AnyKey.swift:57:23: warning: capture of non-Sendable type 'Key.Type' in an isolated closure [#SendableMetatypes]
55 | }
56 | searchProducer = { models , query,strategy in
57 | let key = SearchableKeyPath( key , stringifier: stringer)
| `- warning: capture of non-Sendable type 'Key.Type' in an isolated closure [#SendableMetatypes]
58 |
59 | return await key.search(in: models, for: query,strategy: strategy)
/Users/admin/builder/spi-builder-workspace/Sources/SearchAndSort/Type Erasure/AnyKey.swift:70:29: warning: capture of non-Sendable type 'Key.Type' in an isolated closure [#SendableMetatypes]
68 |
69 | self.stringProducer = { model in
70 | return stringer.stringify(model[keyPath: key])
| `- warning: capture of non-Sendable type 'Key.Type' in an isolated closure [#SendableMetatypes]
71 | }
72 |
/Users/admin/builder/spi-builder-workspace/Sources/SearchAndSort/Type Erasure/AnyKey.swift:74:27: warning: capture of non-Sendable type 'Key.Type' in an isolated closure [#SendableMetatypes]
72 |
73 | sorterProducer = { models , order in
74 | let sortKey = SortableKeyPath(key)
| `- warning: capture of non-Sendable type 'Key.Type' in an isolated closure [#SendableMetatypes]
75 | return await sortKey.sort(models , order: order)
76 | }
/Users/admin/builder/spi-builder-workspace/Sources/SearchAndSort/Type Erasure/AnyKey.swift:78:23: warning: capture of non-Sendable type 'Key.Type' in an isolated closure [#SendableMetatypes]
76 | }
77 | searchProducer = { models , query,strategy in
78 | let key = SearchableKeyPath( key , stringifier: stringer)
| `- warning: capture of non-Sendable type 'Key.Type' in an isolated closure [#SendableMetatypes]
79 |
80 | return await key.search(in: models, for: query,strategy: strategy)
/Users/admin/builder/spi-builder-workspace/Sources/SearchAndSort/Type Erasure/AnyKey.swift:93:29: warning: capture of non-Sendable type 'SearchKey.Type' in an isolated closure [#SendableMetatypes]
91 | let stringer = key.stringer
92 | self.stringProducer = { model in
93 | return stringer.stringify(model[keyPath: key.key])
| `- warning: capture of non-Sendable type 'SearchKey.Type' in an isolated closure [#SendableMetatypes]
94 | }
95 |
/Users/admin/builder/spi-builder-workspace/Sources/SearchAndSort/Type Erasure/AnyKey.swift:97:27: warning: capture of non-Sendable type 'SearchKey.Type' in an isolated closure [#SendableMetatypes]
95 |
96 | sorterProducer = { models , order in
97 | let sortKey = SortableKeyPath(key.key)
| `- warning: capture of non-Sendable type 'SearchKey.Type' in an isolated closure [#SendableMetatypes]
98 | return await sortKey.sort(models , order: order)
99 | }
/Users/admin/builder/spi-builder-workspace/Sources/SearchAndSort/Type Erasure/AnyKey.swift:115:29: warning: capture of non-Sendable type 'SortKey.Type' in an isolated closure [#SendableMetatypes]
113 |
114 | self.stringProducer = { model in
115 | return stringer.stringify(model[keyPath: key.key])
| `- warning: capture of non-Sendable type 'SortKey.Type' in an isolated closure [#SendableMetatypes]
116 | }
117 |
/Users/admin/builder/spi-builder-workspace/Sources/SearchAndSort/Type Erasure/AnyKey.swift:119:27: warning: capture of non-Sendable type 'SortKey.Type' in an isolated closure [#SendableMetatypes]
117 |
118 | sorterProducer = { models , order in
119 | let sortKey = SortableKeyPath(key.key)
| `- warning: capture of non-Sendable type 'SortKey.Type' in an isolated closure [#SendableMetatypes]
120 | return await sortKey.sort(models , order: order)
121 | }
SwiftDriverJobDiscovery normal arm64 Compiling Logger.swift (in target 'SearchAndSort' from project 'SearchAndSort')
SwiftCompile normal arm64 Compiling\ SortableKeyPath.swift /Users/admin/builder/spi-builder-workspace/Sources/SearchAndSort/Sort/SortableKeyPath.swift (in target 'SearchAndSort' from project 'SearchAndSort')
SwiftCompile normal arm64 /Users/admin/builder/spi-builder-workspace/Sources/SearchAndSort/Sort/SortableKeyPath.swift (in target 'SearchAndSort' from project 'SearchAndSort')
cd /Users/admin/builder/spi-builder-workspace/.swiftpm/xcode
builtin-SwiftPerFileCompile SortableKeyPath.swift
SwiftDriverJobDiscovery normal arm64 Compiling MyLogger.swift (in target 'MyLogger' from project 'MyLogger')
SwiftCompile normal arm64 Compiling\ TitledKey.swift /Users/admin/builder/spi-builder-workspace/Sources/SearchAndSort/TitledKey.swift (in target 'SearchAndSort' from project 'SearchAndSort')
SwiftCompile normal arm64 /Users/admin/builder/spi-builder-workspace/Sources/SearchAndSort/TitledKey.swift (in target 'SearchAndSort' from project 'SearchAndSort')
cd /Users/admin/builder/spi-builder-workspace/.swiftpm/xcode
builtin-SwiftPerFileCompile TitledKey.swift
SwiftDriverJobDiscovery normal arm64 Compiling ValuePresentable.swift (in target 'SearchAndSort' from project 'SearchAndSort')
SwiftCompile normal arm64 Compiling\ PersianDateStringifier.swift /Users/admin/builder/spi-builder-workspace/Sources/SearchAndSort/Stringifirers/Persian/PersianDateStringifier.swift (in target 'SearchAndSort' from project 'SearchAndSort')
SwiftCompile normal arm64 /Users/admin/builder/spi-builder-workspace/Sources/SearchAndSort/Stringifirers/Persian/PersianDateStringifier.swift (in target 'SearchAndSort' from project 'SearchAndSort')
cd /Users/admin/builder/spi-builder-workspace/.swiftpm/xcode
builtin-SwiftPerFileCompile PersianDateStringifier.swift
SwiftDriverJobDiscovery normal arm64_32 Compiling SortableKeyPath.swift, Sorter.swift (in target 'SearchAndSort' from project 'SearchAndSort')
SwiftCompile normal arm64 Compiling\ Sorter.swift /Users/admin/builder/spi-builder-workspace/Sources/SearchAndSort/Sort/Sorter.swift (in target 'SearchAndSort' from project 'SearchAndSort')
SwiftCompile normal arm64 /Users/admin/builder/spi-builder-workspace/Sources/SearchAndSort/Sort/Sorter.swift (in target 'SearchAndSort' from project 'SearchAndSort')
cd /Users/admin/builder/spi-builder-workspace/.swiftpm/xcode
builtin-SwiftPerFileCompile Sorter.swift
SwiftDriverJobDiscovery normal arm64_32 Compiling MyLogger.swift (in target 'MyLogger' from project 'MyLogger')
SwiftCompile normal arm64 Compiling\ SearchableKeyProtocol.swift /Users/admin/builder/spi-builder-workspace/Sources/SearchAndSort/Protocols/SearchableKeyProtocol.swift (in target 'SearchAndSort' from project 'SearchAndSort')
SwiftCompile normal arm64 /Users/admin/builder/spi-builder-workspace/Sources/SearchAndSort/Protocols/SearchableKeyProtocol.swift (in target 'SearchAndSort' from project 'SearchAndSort')
cd /Users/admin/builder/spi-builder-workspace/.swiftpm/xcode
builtin-SwiftPerFileCompile SearchableKeyProtocol.swift
SwiftCompile normal arm64 Compiling\ PersianIntStringifier.swift /Users/admin/builder/spi-builder-workspace/Sources/SearchAndSort/Stringifirers/Persian/PersianIntStringifier.swift (in target 'SearchAndSort' from project 'SearchAndSort')
SwiftCompile normal arm64 /Users/admin/builder/spi-builder-workspace/Sources/SearchAndSort/Stringifirers/Persian/PersianIntStringifier.swift (in target 'SearchAndSort' from project 'SearchAndSort')
cd /Users/admin/builder/spi-builder-workspace/.swiftpm/xcode
builtin-SwiftPerFileCompile PersianIntStringifier.swift
SwiftCompile normal arm64_32 Compiling\ AnySortableKey.swift,\ AnySortabletTitledKey.swift /Users/admin/builder/spi-builder-workspace/Sources/SearchAndSort/Type\ Erasure/AnySortableKey.swift /Users/admin/builder/spi-builder-workspace/Sources/SearchAndSort/Type\ Erasure/AnySortabletTitledKey.swift (in target 'SearchAndSort' from project 'SearchAndSort')
SwiftCompile normal arm64_32 /Users/admin/builder/spi-builder-workspace/Sources/SearchAndSort/Type\ Erasure/AnySortableKey.swift (in target 'SearchAndSort' from project 'SearchAndSort')
cd /Users/admin/builder/spi-builder-workspace/.swiftpm/xcode
builtin-SwiftPerFileCompile AnySortableKey.swift
SwiftCompile normal arm64_32 /Users/admin/builder/spi-builder-workspace/Sources/SearchAndSort/Type\ Erasure/AnySortabletTitledKey.swift (in target 'SearchAndSort' from project 'SearchAndSort')
cd /Users/admin/builder/spi-builder-workspace/.swiftpm/xcode
builtin-SwiftPerFileCompile AnySortabletTitledKey.swift
SwiftDriverJobDiscovery normal arm64_32 Compiling Optional Extension.swift (in target 'SearchAndSort' from project 'SearchAndSort')
SwiftCompile normal arm64 Compiling\ AnySortabletTitledKey.swift /Users/admin/builder/spi-builder-workspace/Sources/SearchAndSort/Type\ Erasure/AnySortabletTitledKey.swift (in target 'SearchAndSort' from project 'SearchAndSort')
SwiftCompile normal arm64 /Users/admin/builder/spi-builder-workspace/Sources/SearchAndSort/Type\ Erasure/AnySortabletTitledKey.swift (in target 'SearchAndSort' from project 'SearchAndSort')
cd /Users/admin/builder/spi-builder-workspace/.swiftpm/xcode
builtin-SwiftPerFileCompile AnySortabletTitledKey.swift
PruneExplicitPrecompiledModules /Users/admin/builder/spi-builder-workspace/.derivedData/SDKExplicitPrecompiledModules
PruneExplicitPrecompiledModules /Users/admin/builder/spi-builder-workspace/.derivedData/Build/Intermediates.noindex/SwiftExplicitPrecompiledModules
PruneExplicitPrecompiledModules /Users/admin/builder/spi-builder-workspace/.derivedData/Build/Intermediates.noindex/ExplicitPrecompiledModules
2026-09-21 14:35:08.717 xcodebuild[800:4863] [MT] IDERunDestination: Supported platforms for the buildables in the current scheme is empty.
2026-09-21 14:35:08.817 xcodebuild[800:4863] [MT] IDERunDestination: Supported platforms for the buildables in the current scheme is empty.
** BUILD FAILED **
The following build commands failed:
SwiftCompile normal arm64 Compiling\ BackgroundSearcher.swift /Users/admin/builder/spi-builder-workspace/Sources/SearchAndSort/Search/BackgroundSearcher.swift (in target 'SearchAndSort' from project 'SearchAndSort')
SwiftCompile normal arm64 /Users/admin/builder/spi-builder-workspace/Sources/SearchAndSort/Search/BackgroundSearcher.swift (in target 'SearchAndSort' from project 'SearchAndSort')
Building workspace SearchAndSort with scheme SearchAndSort
(3 failures)
BUILD FAILURE 6.4 watchOS