The Swift Package Index logo.Swift Package Index

Build Information

Failed to build ExtendedAttributes, reference master (1f8c0f), with Swift 6.4 for Linux on 16 Sep 2026 13:47:48 UTC.

Build Command

bash -c docker run --pull=always --rm -v "checkouts-53886769-0":/host -w "$PWD" -e JAVA_HOME="/root/.sdkman/candidates/java/current" -e SPI_BUILD="1" -e SPI_PROCESSING="1" registry.gitlab.com/saguaro1/spi-images:basic-6.4-latest swift build --triple x86_64-unknown-linux-gnu 2>&1

Build Log

========================================
RunAll
========================================
Builder version: 5.1.0
Interrupt handler set up.
========================================
Checkout
========================================
Clone URL: https://github.com/amosavian/ExtendedAttributes.git
Reference: master
Initialized empty Git repository in /host/spi-builder-workspace/.git/
hint: Using 'master' as the name for the initial branch. This default branch name
hint: is subject to change. To configure the initial branch name to use in all
hint: of your new repositories, which will suppress this warning, call:
hint:
hint: 	git config --global init.defaultBranch <name>
hint:
hint: Names commonly chosen instead of 'master' are 'main', 'trunk' and
hint: 'development'. The just-created branch can be renamed via this command:
hint:
hint: 	git branch -m <name>
From https://github.com/amosavian/ExtendedAttributes
 * branch            master     -> FETCH_HEAD
 * [new branch]      master     -> origin/master
HEAD is now at 1f8c0fe Updated travis,yml
Cloned https://github.com/amosavian/ExtendedAttributes.git
Revision (git rev-parse @):
1f8c0fe3c9f46249fa4bb46e00c1f808ea607ca0
SUCCESS checkout https://github.com/amosavian/ExtendedAttributes.git at master
========================================
Build
========================================
Selected platform:         linux
Swift version:             6.4
Building package at path:  $PWD
https://github.com/amosavian/ExtendedAttributes.git
Running build ...
bash -c docker run --pull=always --rm -v "checkouts-53886769-0":/host -w "$PWD" -e JAVA_HOME="/root/.sdkman/candidates/java/current" -e SPI_BUILD="1" -e SPI_PROCESSING="1" registry.gitlab.com/saguaro1/spi-images:basic-6.4-latest swift build --triple x86_64-unknown-linux-gnu 2>&1
basic-6.4-latest: Pulling from saguaro1/spi-images
Digest: sha256:c77fcce225e223ac0fafed844619173fc6de8d62dd560eeb28db3182af6a282b
Status: Image is up to date for registry.gitlab.com/saguaro1/spi-images:basic-6.4-latest
Building for debugging...
[Planning deferred tasks]
[21 / 29] ExtendedAttributes
error: SwiftCompile normal x86_64 /host/spi-builder-workspace/Sources/ExtendedAttributes/ExtendedAttributes.swift failed with a nonzero exit code. Command line:     cd /host
    builtin-SwiftPerFileCompile ExtendedAttributes.swift
/host/spi-builder-workspace/Sources/ExtendedAttributes/ExtendedAttributes.swift:20:13: error: cannot find 'getxattr' in scope
 18 |
 19 |         return withUnsafeFileSystemRepresentation { fileSystemPath -> Bool in
 20 |             getxattr(fileSystemPath, name, nil, 0, 0, 0) > 0
    |             `- error: cannot find 'getxattr' in scope
 21 |         }
 22 |     }
/host/spi-builder-workspace/Sources/ExtendedAttributes/ExtendedAttributes.swift:29:26: error: cannot find 'getxattr' in scope
 27 |         return try withUnsafeFileSystemRepresentation { fileSystemPath -> Data in
 28 |             // Determine attribute size:
 29 |             let length = getxattr(fileSystemPath, name, nil, 0, 0, 0)
    |                          `- error: cannot find 'getxattr' in scope
 30 |             guard length >= 0 else { throw URL.posixError(errno) }
 31 |
/host/spi-builder-workspace/Sources/ExtendedAttributes/ExtendedAttributes.swift:37:30: error: cannot find 'getxattr' in scope
 35 |             // Retrieve attribute:
 36 |             if length > 0 {
 37 |                 let result = getxattr(fileSystemPath, name, &data, length, 0, 0)
    |                              `- error: cannot find 'getxattr' in scope
 38 |                 guard result >= 0 else { throw URL.posixError(errno) }
 39 |             }
/host/spi-builder-workspace/Sources/ExtendedAttributes/ExtendedAttributes.swift:61:13: error: cannot find 'setxattr' in scope
 59 |         var data = Data(data)
 60 |         let result = withUnsafeFileSystemRepresentation { fileSystemPath in
 61 |             setxattr(fileSystemPath, name, &data, data.count, 0, 0)
    |             `- error: cannot find 'setxattr' in scope
 62 |         }
 63 |         guard result >= 0 else { throw URL.posixError(errno) }
/host/spi-builder-workspace/Sources/ExtendedAttributes/ExtendedAttributes.swift:83:13: error: cannot find 'removexattr' in scope
 81 |         try checkFileURL()
 82 |         let result = withUnsafeFileSystemRepresentation { fileSystemPath in
 83 |             removexattr(fileSystemPath, name, 0)
    |             `- error: cannot find 'removexattr' in scope
 84 |         }
 85 |         guard result >= 0 else { throw URL.posixError(errno) }
/host/spi-builder-workspace/Sources/ExtendedAttributes/ExtendedAttributes.swift:92:26: error: cannot find 'listxattr' in scope
 90 |         try checkFileURL()
 91 |         return try withUnsafeFileSystemRepresentation { fileSystemPath -> [String] in
 92 |             let length = listxattr(fileSystemPath, nil, 0, 0)
    |                          `- error: cannot find 'listxattr' in scope
 93 |             guard length >= 0 else { throw URL.posixError(errno) }
 94 |
/host/spi-builder-workspace/Sources/ExtendedAttributes/ExtendedAttributes.swift:99:26: error: cannot find 'listxattr' in scope
 97 |
 98 |             // Retrieve attribute list:
 99 |             let result = listxattr(fileSystemPath, &buffer, length, 0)
    |                          `- error: cannot find 'listxattr' in scope
100 |             guard result >= 0 else { throw URL.posixError(errno) }
101 |
Failed frontend command:
/usr/bin/swift-frontend -frontend -c -primary-file /host/spi-builder-workspace/Sources/ExtendedAttributes/ExtendedAttributes.swift -emit-dependencies-path /host/spi-builder-workspace/.build/out/Intermediates.noindex/ExtendedAttributes.build/Debug-linux-x86_64/ExtendedAttributes-t.build/Objects-normal/x86_64/ExtendedAttributes.d -emit-const-values-path /host/spi-builder-workspace/.build/out/Intermediates.noindex/ExtendedAttributes.build/Debug-linux-x86_64/ExtendedAttributes-t.build/Objects-normal/x86_64/ExtendedAttributes.swiftconstvalues -emit-reference-dependencies-path /host/spi-builder-workspace/.build/out/Intermediates.noindex/ExtendedAttributes.build/Debug-linux-x86_64/ExtendedAttributes-t.build/Objects-normal/x86_64/ExtendedAttributes.swiftdeps -serialize-diagnostics-path /host/spi-builder-workspace/.build/out/Intermediates.noindex/ExtendedAttributes.build/Debug-linux-x86_64/ExtendedAttributes-t.build/Objects-normal/x86_64/ExtendedAttributes.dia -target x86_64-unknown-linux-gnu -disable-objc-interop -I /host/spi-builder-workspace/.build/out/Products/Debug-linux-x86_64 -module-cache-path /host/spi-builder-workspace/.build/out/ModuleCache.noindex -color-diagnostics -Xcc -fcolor-diagnostics -enable-testing -g -debug-info-format\=dwarf -dwarf-version\=4 -swift-version 5 -Onone -D SWIFT_PACKAGE -D DEBUG -D SWIFT_MODULE_RESOURCE_BUNDLE_UNAVAILABLE -D Xcode -serialize-debugging-options -enable-experimental-feature DebugDescriptionMacro -empty-abi-descriptor -external-plugin-path /usr/lib/swift/host/plugins/testing\#/usr/bin/swift-plugin-server -validate-clang-modules-once -clang-build-session-file /host/spi-builder-workspace/.build/out/ModuleCache.noindex/Session.modulevalidation -Xcc -working-directory -Xcc /host -enable-anonymous-context-mangled-names -file-compilation-dir /host -Xcc -fno-omit-frame-pointer -Xcc -D_LIBCPP_HARDENING_MODE\=_LIBCPP_HARDENING_MODE_DEBUG -Xcc -fmodules-prune-interval\=86400 -Xcc -fmodules-prune-after\=345600 -Xcc -I/host/spi-builder-workspace/.build/out/Products/Debug-linux-x86_64/include -Xcc -I/host/spi-builder-workspace/.build/out/Intermediates.noindex/ExtendedAttributes.build/Debug-linux-x86_64/ExtendedAttributes-t.build/DerivedSources-normal/x86_64 -Xcc -I/host/spi-builder-workspace/.build/out/Intermediates.noindex/ExtendedAttributes.build/Debug-linux-x86_64/ExtendedAttributes-t.build/DerivedSources/x86_64 -Xcc -I/host/spi-builder-workspace/.build/out/Intermediates.noindex/ExtendedAttributes.build/Debug-linux-x86_64/ExtendedAttributes-t.build/DerivedSources -Xcc -DSWIFT_PACKAGE -Xcc -DDEBUG\=1 -no-auto-bridging-header-chaining -module-name ExtendedAttributes -const-gather-protocols-file /host/spi-builder-workspace/.build/out/Intermediates.noindex/ExtendedAttributes.build/Debug-linux-x86_64/ExtendedAttributes-t.build/Objects-normal/x86_64/ExtendedAttributes_const_extract_protocols.json -in-process-plugin-server-path /usr/lib/swift/host/libSwiftInProcPluginServer.so -plugin-path /usr/lib/swift/host/plugins -plugin-path /usr/local/lib/swift/host/plugins -parse-as-library -o /host/spi-builder-workspace/.build/out/Intermediates.noindex/ExtendedAttributes.build/Debug-linux-x86_64/ExtendedAttributes-t.build/Objects-normal/x86_64/ExtendedAttributes.o -index-unit-output-path /ExtendedAttributes.build/Debug-linux-x86_64/ExtendedAttributes-t.build/Objects-normal/x86_64/ExtendedAttributes.o -index-store-path /host/spi-builder-workspace/.build/out -index-system-modules
error: Build failed
BUILD FAILURE 6.4 linux