The Swift Package Index logo.Swift Package Index

Build Information

Failed to build OpenSpriteKit, reference main (635015), with Swift 6.4 for visionOS using Xcode 27.0 on 27 Sep 2026 16:04:26 UTC.

Build Command

No build command. This typically means the build failed at an early stage where we determine the build command.

Build Log

========================================
RunAll
========================================
Builder version: 5.1.0
Interrupt handler set up.
========================================
Checkout
========================================
Clone URL: https://github.com/1amageek/OpenSpriteKit.git
Reference: main
Initialized empty Git repository in /Users/admin/builder/spi-builder-workspace/.git/
From https://github.com/1amageek/OpenSpriteKit
 * branch            main       -> FETCH_HEAD
 * [new branch]      main       -> origin/main
HEAD is now at 635015a Separate resource and image rendering boundaries
Cloned https://github.com/1amageek/OpenSpriteKit.git
Revision (git rev-parse @):
635015a3d37ec93748c352b93d88c771333621e2
SUCCESS checkout https://github.com/1amageek/OpenSpriteKit.git at main
========================================
Build
========================================
Selected platform:         visionOS
Swift version:             6.4
Building package at path:  $PWD
https://github.com/1amageek/OpenSpriteKit.git
Command line invocation:
    /Applications/Xcode-27.0.0-Release.Candidate.app/Contents/Developer/usr/bin/xcodebuild -IDEClonedSourcePackagesDirPathOverride=/Users/admin/builder/spi-builder-workspace/.dependencies -resolvePackageDependencies
Resolve Package Graph
the package at '/Users/admin/builder/OpenCoreGraphics' cannot be accessed (/Users/admin/builder/OpenCoreGraphics doesn't exist in file system)
Resolve Package Graph
the package at '/Users/admin/builder/OpenCoreGraphics' cannot be accessed (/Users/admin/builder/OpenCoreGraphics doesn't exist in file system)
Resolved source packages:
  spi-builder-workspace: (null)
2026-09-27 12:04:24.897 xcodebuild[529:3033] Writing error result bundle to /var/folders/xq/y_g06wb113726d38xsyx71_h0000gn/T/ResultBundle_2026-27-09_12-04-0024.xcresult
xcodebuild: error: Could not resolve package dependencies:
  the package at '/Users/admin/builder/OpenCoreGraphics' cannot be accessed (/Users/admin/builder/OpenCoreGraphics doesn't exist in file system)
Command line invocation:
    /Applications/Xcode-27.0.0-Release.Candidate.app/Contents/Developer/usr/bin/xcodebuild -IDEClonedSourcePackagesDirPathOverride=/Users/admin/builder/spi-builder-workspace/.dependencies -resolvePackageDependencies
Resolve Package Graph
the package at '/Users/admin/builder/OpenCoreGraphics' cannot be accessed (/Users/admin/builder/OpenCoreGraphics doesn't exist in file system)
Resolved source packages:
  spi-builder-workspace: (null)
2026-09-27 12:04:26.051 xcodebuild[599:3682] Writing error result bundle to /var/folders/xq/y_g06wb113726d38xsyx71_h0000gn/T/ResultBundle_2026-27-09_12-04-0026.xcresult
xcodebuild: error: Could not resolve package dependencies:
  the package at '/Users/admin/builder/OpenCoreGraphics' cannot be accessed (/Users/admin/builder/OpenCoreGraphics doesn't exist in file system)
BUILD FAILURE 6.4 visionOS