The Swift Package Index logo.Swift Package Index

Build Information

Failed to build jp-fan-app-client with Swift 5.8 for macOS (SPM).

Build Command

env DEVELOPER_DIR="/Applications/Xcode-14.3.0.app" xcrun swift build --arch arm64

Build Log

========================================
RunAll
========================================
Builder version: 4.22.0
Interrupt handler set up.
========================================
Checkout
========================================
Clone URL: https://github.com/jp-fan-app/swift-client.git
Reference: 1.4.1
Initialized empty Git repository in /Users/builder/builds/o86TiJKT/1/finestructure/swiftpackageindex-builder/spi-builder-workspace/.git/
From https://github.com/jp-fan-app/swift-client
 * tag               1.4.1      -> FETCH_HEAD
HEAD is now at 8c5dd13 Add missing init
Cloned https://github.com/jp-fan-app/swift-client.git into spi-builder-workspace
8c5dd138d28f433ea65d99f907925fdd5017b94b
SUCCESS checkout https://github.com/jp-fan-app/swift-client.git at 1.4.1
========================================
Build
========================================
Selected platform:         macosSpm
Swift version:             5.8
Building package at path:  spi-builder-workspace
Running build ...
env DEVELOPER_DIR="/Applications/Xcode-14.3.0.app" xcrun swift build --arch arm64
Fetching https://github.com/apple/swift-nio-extras.git from cache
Fetching https://github.com/apple/swift-nio-ssl.git from cache
Fetching https://github.com/apple/swift-nio.git from cache
Fetched https://github.com/apple/swift-nio-ssl.git (0.49s)
Fetching https://github.com/swift-server/async-http-client.git from cache
Fetched https://github.com/apple/swift-nio.git (0.51s)
Fetched https://github.com/apple/swift-nio-extras.git (0.58s)
Fetched https://github.com/swift-server/async-http-client.git (0.66s)
Computing version for https://github.com/swift-server/async-http-client.git
Computed https://github.com/swift-server/async-http-client.git at 1.0.0 (0.62s)
Computing version for https://github.com/apple/swift-nio-extras.git
Computed https://github.com/apple/swift-nio-extras.git at 1.3.2 (0.02s)
Computing version for https://github.com/apple/swift-nio-ssl.git
Computed https://github.com/apple/swift-nio-ssl.git at 2.4.4 (0.48s)
Computing version for https://github.com/apple/swift-nio.git
Computed https://github.com/apple/swift-nio.git at 2.10.1 (0.45s)
Creating working copy for https://github.com/apple/swift-nio-ssl.git
Working copy of https://github.com/apple/swift-nio-ssl.git resolved at 2.4.4
Creating working copy for https://github.com/apple/swift-nio-extras.git
Working copy of https://github.com/apple/swift-nio-extras.git resolved at 1.3.2
Creating working copy for https://github.com/apple/swift-nio.git
Working copy of https://github.com/apple/swift-nio.git resolved at 2.10.1
Creating working copy for https://github.com/swift-server/async-http-client.git
Working copy of https://github.com/swift-server/async-http-client.git resolved at 1.0.0
Building for debugging...
[0/434] Compiling CNIOLinux ifaddrs-android.c
[1/434] Compiling CNIOLinux shim.c
[2/434] Compiling CNIOExtrasZlib empty.c
[3/434] Compiling CNIODarwin shim.c
[4/434] Compiling a_mbstr.c
[5/434] Compiling p256.c
/Users/builder/builds/o86TiJKT/1/finestructure/swiftpackageindex-builder/spi-builder-workspace/.build/checkouts/swift-nio/Sources/CNIOSHA1/c_nio_sha1.c:102:1: warning: a function declaration without a prototype is deprecated in all versions of C and is not supported in C2x [-Wdeprecated-non-prototype]
sha1_step(ctxt)
^
/Users/builder/builds/o86TiJKT/1/finestructure/swiftpackageindex-builder/spi-builder-workspace/.build/checkouts/swift-nio/Sources/CNIOSHA1/c_nio_sha1.c:102:1: warning: a function declaration without a prototype is deprecated in all versions of C and is not supported in C2x [-Wdeprecated-non-prototype]
/Users/builder/builds/o86TiJKT/1/finestructure/swiftpackageindex-builder/spi-builder-workspace/.build/checkouts/swift-nio/Sources/CNIOSHA1/c_nio_sha1.c:187:1: warning: a function declaration without a prototype is deprecated in all versions of C and is not supported in C2x [-Wdeprecated-non-prototype]
c_nio_sha1_init(ctxt)
^
/Users/builder/builds/o86TiJKT/1/finestructure/swiftpackageindex-builder/spi-builder-workspace/.build/checkouts/swift-nio/Sources/CNIOSHA1/c_nio_sha1.c:199:1: warning: a function declaration without a prototype is deprecated in all versions of C and is not supported in C2x [-Wdeprecated-non-prototype]
c_nio_sha1_pad(ctxt)
^
/Users/builder/builds/o86TiJKT/1/finestructure/swiftpackageindex-builder/spi-builder-workspace/.build/checkouts/swift-nio/Sources/CNIOSHA1/c_nio_sha1.c:234:1: warning: a function declaration without a prototype is deprecated in all versions of C and is not supported in C2x [-Wdeprecated-non-prototype]
c_nio_sha1_loop(ctxt, input, len)
^
5 warnings generated.
[6/434] Compiling CNIOSHA1 c_nio_sha1.c
[7/434] Compiling CNIOHTTPParser c_nio_http_parser.c
[8/434] Compiling curve25519.c
[9/434] Compiling CNIOBoringSSLShims shims.c
[10/434] Compiling tls_record.cc
[11/434] Compiling tls13_server.cc
[11/434] Compiling tls13_client.cc
[11/434] Compiling tls13_enc.cc
[14/434] Compiling tls_method.cc
[15/434] Compiling tls13_both.cc
[16/434] Compiling ssl_stat.cc
[17/434] Compiling ssl_versions.cc
[18/434] Compiling t1_enc.cc
[19/434] Compiling ssl_transcript.cc
[20/434] Compiling ssl_x509.cc
[21/434] Compiling ssl_session.cc
[22/434] Compiling t1_lib.cc
[23/434] Compiling ssl_privkey.cc
[24/434] Compiling ssl_file.cc
[25/434] Compiling ssl_key_share.cc
[26/434] Compiling ssl_cipher.cc
[27/434] Compiling ssl_lib.cc
[28/434] Compiling ssl_buffer.cc
[29/434] Compiling ssl_cert.cc
[30/434] Compiling ssl_asn1.cc
[31/434] Compiling ssl_aead_ctx.cc
[32/434] Compiling s3_pkt.cc
[33/434] Compiling s3_lib.cc
[34/434] Compiling handshake_server.cc
[35/434] Compiling handshake_client.cc
[36/434] Compiling s3_both.cc
[37/434] Compiling handshake.cc
[38/434] Compiling dtls_record.cc
[39/434] Compiling handoff.cc
[40/434] Compiling dtls_method.cc
[41/434] Compiling v3_utl.c
[42/434] Compiling v3_skey.c
[43/434] Compiling d1_srtp.cc
[44/434] Compiling d1_lib.cc
[45/434] Compiling v3_sxnet.c
[46/434] Compiling bio_ssl.cc
[47/434] Compiling d1_both.cc
[48/434] Compiling d1_pkt.cc
[49/434] Compiling c-atomics.c
[50/434] Compiling v3_prn.c
[51/434] Compiling v3_pcons.c
[52/434] Compiling v3_pmaps.c
[53/434] Compiling v3_purp.c
[54/434] Compiling v3_pcia.c
[55/434] Compiling v3_pku.c
[56/434] Compiling v3_ocsp.c
[57/434] Compiling v3_pci.c
[58/434] Compiling v3_info.c
[59/434] Compiling v3_int.c
[60/437] Compiling v3_ia5.c
[61/437] Compiling v3_ncons.c
[62/437] Compiling v3_lib.c
[62/437] Compiling v3_genn.c
[64/437] Compiling v3_extku.c
[65/437] Compiling v3_enum.c
[66/437] Compiling v3_crld.c
[67/437] Compiling v3_bitst.c
[68/437] Compiling v3_bcons.c
[69/437] Compiling v3_conf.c
[70/437] Compiling v3_cpols.c
[71/437] Compiling v3_alt.c
[72/437] Compiling v3_akeya.c
[73/437] Compiling v3_akey.c
[74/437] Compiling pcy_map.c
[75/437] Compiling pcy_lib.c
[76/437] Compiling pcy_node.c
[77/437] Compiling pcy_tree.c
[78/437] Compiling pcy_data.c
[79/437] Compiling x_x509a.c
[80/437] Compiling pcy_cache.c
[81/437] Compiling x_val.c
[82/437] Compiling x_spki.c
[83/437] Compiling x_sig.c
[84/437] Compiling x_x509.c
[85/437] Compiling x_req.c
[86/437] Compiling x_attrib.c
[87/437] Compiling x_info.c
[88/437] Compiling x_exten.c
[88/437] Compiling x_pubkey.c
[90/437] Compiling x_pkey.c
[91/437] Compiling x_name.c
[92/437] Compiling x_crl.c
[93/437] Compiling x509rset.c
[94/437] Compiling x509spki.c
[95/437] Compiling x_algor.c
[96/437] Compiling x509cset.c
[97/437] Compiling x_all.c
[98/437] Compiling x509name.c
[99/437] Compiling x509_vpm.c
[100/437] Compiling x509_txt.c
[101/437] Compiling x509_set.c
[102/437] Compiling x509_r2x.c
[103/437] Compiling x509_req.c
[104/437] Compiling x509_v3.c
[105/437] Compiling x509_trs.c
[106/437] Compiling x509_def.c
[107/437] Compiling x509_obj.c
[108/437] Compiling x509_d2.c
[109/437] Compiling x509_vfy.c
[110/437] Compiling x509_ext.c
[111/437] Compiling x509_att.c
[112/437] Compiling t_x509a.c
[113/437] Compiling x509.c
[114/437] Compiling x509_lu.c
[115/437] Compiling x509_cmp.c
[116/437] Compiling i2d_pr.c
[117/437] Compiling t_req.c
[118/437] Compiling t_x509.c
[119/437] Compiling rsa_pss.c
[120/437] Compiling t_crl.c
[121/437] Compiling by_file.c
[122/437] Compiling by_dir.c
[123/437] Compiling a_verify.c
[124/437] Compiling algorithm.c
[125/437] Compiling thread_win.c
[126/437] Compiling thread_none.c
[126/437] Compiling thread_pthread.c
[128/437] Compiling a_strex.c
[129/437] Compiling a_sign.c
[130/437] Compiling a_digest.c
[131/437] Compiling asn1_gen.c
[132/437] Compiling thread.c
[133/437] Compiling stack.c
[134/437] Compiling siphash.c
[135/437] Compiling refcount_lock.c
[136/437] Compiling refcount_c11.c
[137/437] Compiling rsa_print.c
[138/437] Compiling rsa_asn1.c
[139/437] Compiling windows.c
[140/437] Compiling rc4.c
[141/437] Compiling rand_extra.c
[142/437] Compiling deterministic.c
[143/437] Compiling fuchsia.c
[144/437] Compiling forkunsafe.c
[145/437] Compiling pool.c
[146/437] Compiling poly1305_vec.c
[147/437] Compiling poly1305_arm_asm.S
[148/437] Compiling poly1305.c
[149/437] Compiling poly1305_arm.c
[150/437] Compiling pkcs7.c
[151/437] Compiling p5_pbev2.c
[152/437] Compiling pem_x509.c
[153/437] Compiling pem_xaux.c
[154/437] Compiling pkcs8.c
[155/437] Compiling pkcs7_x509.c
[156/437] Compiling pkcs8_x509.c
[157/437] Compiling pem_pkey.c
[158/437] Compiling obj_xref.c
[159/437] Compiling pem_oth.c
[160/437] Compiling pem_pk8.c
[161/437] Compiling pem_info.c
[162/437] Compiling mem.c
[163/437] Compiling obj.c
[164/437] Compiling pem_lib.c
[165/437] Compiling lhash.c
[166/437] Compiling poly_rq_mul.S
[167/437] Compiling pem_all.c
[168/437] Compiling x86_64-mont5.mac.x86_64.S
[169/437] Compiling hkdf.c
[170/437] Compiling x86_64-mont.mac.x86_64.S
[170/437] Compiling x86_64-mont5.linux.x86_64.S
[172/437] Compiling x86-mont.linux.x86.S
[173/437] Compiling x86_64-mont.linux.x86_64.S
[174/437] Compiling vpaes-x86_64.mac.x86_64.S
[175/437] Compiling vpaes-x86_64.linux.x86_64.S
[175/437] Compiling vpaes-armv8.linux.aarch64.S
[177/437] Compiling vpaes-x86.linux.x86.S
[178/437] Compiling vpaes-armv7.ios.arm.S
[179/437] Compiling vpaes-armv7.linux.arm.S
[180/437] Compiling vpaes-armv8.ios.aarch64.S
[181/437] Compiling sha512-x86_64.linux.x86_64.S
[182/437] Compiling sha512-x86_64.mac.x86_64.S
[183/437] Compiling sha512-armv8.linux.aarch64.S
[184/437] Compiling sha512-armv4.linux.arm.S
[185/437] Compiling kdf.c
[186/437] Compiling sha512-armv8.ios.aarch64.S
[187/437] Compiling sha512-armv4.ios.arm.S
[188/437] Compiling sha256-x86_64.mac.x86_64.S
[189/437] Compiling sha512-586.linux.x86.S
[190/437] Compiling sha256-x86_64.linux.x86_64.S
[191/437] Compiling sha256-armv8.linux.aarch64.S
[192/437] Compiling sha256-armv4.linux.arm.S
[193/437] Compiling sha256-armv8.ios.aarch64.S
[194/437] Compiling sha256-armv4.ios.arm.S
[195/437] Compiling sha256-586.linux.x86.S
[196/437] Compiling sha1-x86_64.mac.x86_64.S
[197/437] Compiling sha1-x86_64.linux.x86_64.S
[198/437] Compiling sha1-armv8.linux.aarch64.S
[199/437] Compiling sha1-armv4-large.linux.arm.S
[200/437] Compiling sha1-armv8.ios.aarch64.S
[201/437] Compiling sha1-armv4-large.ios.arm.S
[202/437] Compiling sha1-586.linux.x86.S
[203/437] Compiling hrss.c
[204/437] Compiling sha512.c
[205/437] Compiling sha1-altivec.c
[206/437] Compiling rsaz-avx2.mac.x86_64.S
[207/437] Compiling sha1.c
[208/437] Compiling rsaz-avx2.linux.x86_64.S
[209/437] Compiling sha256.c
[210/437] Compiling self_check.c
[211/437] Compiling rdrand-x86_64.mac.x86_64.S
[212/437] Compiling blinding.c
[213/437] Compiling padding.c
[214/437] Compiling rdrand-x86_64.linux.x86_64.S
[215/437] Compiling rsa_impl.c
[216/437] Compiling rsa.c
[218/437] Compiling NIOConcurrencyHelpers atomics.swift
[218/437] Compiling urandom.c
[219/437] Emitting module NIOConcurrencyHelpers
[221/437] Compiling NIOConcurrencyHelpers lock.swift
[221/437] Compiling rand.c
[222/437] Compiling ctrdrbg.c
[223/437] Compiling p256-x86_64-asm.linux.x86_64.S
[224/437] Compiling p256-x86_64-asm.mac.x86_64.S
[224/437] Compiling p256_beeu-x86_64-asm.linux.x86_64.S
[226/437] Compiling p256_beeu-x86_64-asm.mac.x86_64.S
[227/437] Compiling polyval.c
[228/437] Compiling gcm_nohw.c
[229/437] Compiling cfb.c
[230/437] Compiling ofb.c
[231/437] Compiling ctr.c
[232/437] Compiling cbc.c
[233/437] Compiling gcm.c
[234/437] Compiling md5.c
[235/437] Compiling md5-x86_64.mac.x86_64.S
[236/437] Compiling md5-586.linux.x86.S
[237/437] Compiling md5-x86_64.linux.x86_64.S
[237/437] Compiling is_fips.c
[239/437] Compiling ghashv8-armx64.linux.aarch64.S
[240/437] Compiling hmac.c
[241/437] Compiling md4.c
[242/437] Compiling ghashv8-armx32.ios.arm.S
[242/437] Compiling ghashv8-armx32.linux.arm.S
[244/437] Compiling ghash-x86_64.mac.x86_64.S
[245/437] Compiling ghashv8-armx64.ios.aarch64.S
[246/437] Compiling ghash-x86_64.linux.x86_64.S
[247/437] Compiling ghash-ssse3-x86_64.mac.x86_64.S
[248/437] Compiling ghash-ssse3-x86_64.linux.x86_64.S
[248/437] Compiling ghash-x86.linux.x86.S
[250/437] Compiling ghash-ssse3-x86.linux.x86.S
[251/437] Compiling ghash-neon-armv8.ios.aarch64.S
[252/437] Compiling ghash-neon-armv8.linux.aarch64.S
[253/437] Compiling ghash-armv4.linux.arm.S
[254/437] Compiling ghash-armv4.ios.arm.S
[255/437] Compiling fips_shared_support.c
[256/446] Compiling ecdsa.c
[256/449] Compiling ecdh.c
[258/453] Compiling util.c
[259/470] Compiling wnaf.c
[260/470] Compiling simple_mul.c
[261/481] Compiling simple.c
[262/482] Compiling scalar.c
[263/490] Compiling felem.c
[264/490] Compiling p256-x86_64.c
[265/490] Compiling ec_key.c
[266/490] Compiling oct.c
[267/490] Compiling ec_montgomery.c
[268/490] Compiling digests.c
[269/490] Compiling p224-64.c
[270/490] Compiling co-586.linux.x86.S
[271/490] Compiling digest.c
[272/490] Compiling ec.c
[273/490] Compiling e_des.c
[274/490] Compiling bsaes-armv7.linux.arm.S
[275/490] Compiling bsaes-armv7.ios.arm.S
[276/490] Compiling des.c
[277/490] Compiling aead.c
[278/490] Compiling cipher.c
[279/490] Compiling e_aes.c
[280/490] Compiling rsaz_exp.c
[281/490] Compiling shift.c
[282/490] Compiling sqrt.c
[283/490] Compiling random.c
[284/490] Compiling montgomery.c
[285/490] Compiling montgomery_inv.c
[286/490] Compiling prime.c
[287/490] Compiling mul.c
[288/490] Compiling jacobi.c
[289/490] Compiling gcd_extra.c
[290/490] Compiling gcd.c
[291/490] Compiling div_extra.c
[292/490] Compiling cmp.c
[293/490] Compiling ctx.c
[294/490] Compiling bytes.c
[295/490] Compiling div.c
[296/490] Compiling exponentiation.c
[297/490] Compiling x86_64-gcc.c
[298/490] Compiling bn-586.linux.x86.S
[299/490] Compiling add.c
[300/490] Compiling armv8-mont.linux.aarch64.S
[301/490] Compiling generic.c
[302/490] Compiling armv8-mont.ios.aarch64.S
[303/490] Compiling bn.c
[304/490] Compiling armv4-mont.ios.arm.S
[305/490] Compiling armv4-mont.linux.arm.S
[306/490] Compiling aesv8-armx64.linux.aarch64.S
[307/490] Compiling aesv8-armx64.ios.aarch64.S
[308/490] Compiling aesv8-armx32.linux.arm.S
[309/490] Compiling aesni-x86_64.mac.x86_64.S
[310/490] Compiling aesv8-armx32.ios.arm.S
[311/490] Compiling aesni-gcm-x86_64.mac.x86_64.S
[311/490] Compiling aesni-x86_64.linux.x86_64.S
[313/490] Compiling aesni-x86.linux.x86.S
[314/490] Compiling aesni-gcm-x86_64.linux.x86_64.S
[315/490] Compiling aes-armv4.linux.arm.S
[316/490] Compiling aes-x86_64.mac.x86_64.S
[317/490] Compiling aes-armv4.ios.arm.S
[318/490] Compiling aes-x86_64.linux.x86_64.S
[319/490] Compiling mode_wrappers.c
[320/490] Compiling key_wrap.c
[321/490] Compiling aes-586.linux.x86.S
[322/490] Compiling aes.c
[323/490] Compiling sign.c
[324/490] Compiling scrypt.c
[325/490] Compiling ex_data.c
[326/490] Compiling pbkdf.c
[327/490] Compiling p_x25519_asn1.c
[328/490] Compiling p_x25519.c
[329/490] Compiling p_rsa_asn1.c
[330/490] Compiling print.c
[331/490] Compiling p_rsa.c
[332/490] Compiling p_ed25519_asn1.c
[333/490] Compiling p_ed25519.c
[334/490] Compiling p_ec_asn1.c
[335/490] Compiling p_dsa_asn1.c
[336/490] Compiling evp_ctx.c
[337/490] Compiling err_data.c
[338/490] Compiling digestsign.c
[339/490] Compiling p_ec.c
[340/490] Compiling evp.c
[341/490] Compiling engine.c
[342/490] Compiling evp_asn1.c
[343/490] Compiling err.c
[344/490] Compiling ecdsa_asn1.c
[345/490] Compiling params.c
[346/490] Compiling dsa_asn1.c
[347/490] Compiling digest_extra.c
[348/490] Compiling ecdh_extra.c
[349/490] Compiling ec_derive.c
[350/490] Compiling dh_asn1.c
[351/490] Compiling x25519-asm-arm.S
[352/490] Compiling check.c
[353/490] Compiling dsa.c
[354/490] Compiling crypto.c
[355/490] Compiling spake25519.c
[356/490] Compiling cpu-ppc64le.c
[357/490] Compiling cpu-intel.c
[358/490] Compiling cpu-arm-linux.c
[359/490] Compiling cpu-arm.c
[360/490] Compiling dh.c
[361/490] Compiling ec_asn1.c
[362/490] Compiling cpu-aarch64-linux.c
[363/490] Compiling cpu-aarch64-fuchsia.c
[365/490] Compiling NIO Interfaces.swift
/Users/builder/builds/o86TiJKT/1/finestructure/swiftpackageindex-builder/spi-builder-workspace/.build/checkouts/swift-nio/Sources/NIO/MarkedCircularBuffer.swift:132:1: error: type 'MarkedCircularBuffer<Element>' does not conform to protocol 'MutableCollection'
extension MarkedCircularBuffer: Collection, MutableCollection {
^
/Users/builder/builds/o86TiJKT/1/finestructure/swiftpackageindex-builder/spi-builder-workspace/.build/checkouts/swift-nio/Sources/NIO/MarkedCircularBuffer.swift:132:1: error: unavailable subscript 'subscript(_:)' was used to satisfy a requirement of protocol 'MutableCollection'
extension MarkedCircularBuffer: Collection, MutableCollection {
^
Swift.MutableCollection:8:12: note: 'subscript(_:)' declared here
    public subscript(bounds: Range<Self.Index>) -> Self.SubSequence { get set }
           ^
Swift.MutableCollection:6:14: note: requirement 'subscript(_:)' declared here
    override subscript(bounds: Range<Self.Index>) -> Self.SubSequence { get set }
             ^
[366/490] Compiling NIO Linux.swift
/Users/builder/builds/o86TiJKT/1/finestructure/swiftpackageindex-builder/spi-builder-workspace/.build/checkouts/swift-nio/Sources/NIO/MarkedCircularBuffer.swift:132:1: error: type 'MarkedCircularBuffer<Element>' does not conform to protocol 'MutableCollection'
extension MarkedCircularBuffer: Collection, MutableCollection {
^
/Users/builder/builds/o86TiJKT/1/finestructure/swiftpackageindex-builder/spi-builder-workspace/.build/checkouts/swift-nio/Sources/NIO/MarkedCircularBuffer.swift:132:1: error: unavailable subscript 'subscript(_:)' was used to satisfy a requirement of protocol 'MutableCollection'
extension MarkedCircularBuffer: Collection, MutableCollection {
^
Swift.MutableCollection:8:12: note: 'subscript(_:)' declared here
    public subscript(bounds: Range<Self.Index>) -> Self.SubSequence { get set }
           ^
Swift.MutableCollection:6:14: note: requirement 'subscript(_:)' declared here
    override subscript(bounds: Range<Self.Index>) -> Self.SubSequence { get set }
             ^
[367/490] Compiling NIO LinuxCPUSet.swift
/Users/builder/builds/o86TiJKT/1/finestructure/swiftpackageindex-builder/spi-builder-workspace/.build/checkouts/swift-nio/Sources/NIO/MarkedCircularBuffer.swift:132:1: error: type 'MarkedCircularBuffer<Element>' does not conform to protocol 'MutableCollection'
extension MarkedCircularBuffer: Collection, MutableCollection {
^
/Users/builder/builds/o86TiJKT/1/finestructure/swiftpackageindex-builder/spi-builder-workspace/.build/checkouts/swift-nio/Sources/NIO/MarkedCircularBuffer.swift:132:1: error: unavailable subscript 'subscript(_:)' was used to satisfy a requirement of protocol 'MutableCollection'
extension MarkedCircularBuffer: Collection, MutableCollection {
^
Swift.MutableCollection:8:12: note: 'subscript(_:)' declared here
    public subscript(bounds: Range<Self.Index>) -> Self.SubSequence { get set }
           ^
Swift.MutableCollection:6:14: note: requirement 'subscript(_:)' declared here
    override subscript(bounds: Range<Self.Index>) -> Self.SubSequence { get set }
             ^
[368/490] Compiling NIO MarkedCircularBuffer.swift
/Users/builder/builds/o86TiJKT/1/finestructure/swiftpackageindex-builder/spi-builder-workspace/.build/checkouts/swift-nio/Sources/NIO/MarkedCircularBuffer.swift:132:1: error: type 'MarkedCircularBuffer<Element>' does not conform to protocol 'MutableCollection'
extension MarkedCircularBuffer: Collection, MutableCollection {
^
/Users/builder/builds/o86TiJKT/1/finestructure/swiftpackageindex-builder/spi-builder-workspace/.build/checkouts/swift-nio/Sources/NIO/MarkedCircularBuffer.swift:132:1: error: unavailable subscript 'subscript(_:)' was used to satisfy a requirement of protocol 'MutableCollection'
extension MarkedCircularBuffer: Collection, MutableCollection {
^
Swift.MutableCollection:8:12: note: 'subscript(_:)' declared here
    public subscript(bounds: Range<Self.Index>) -> Self.SubSequence { get set }
           ^
Swift.MutableCollection:6:14: note: requirement 'subscript(_:)' declared here
    override subscript(bounds: Range<Self.Index>) -> Self.SubSequence { get set }
             ^
[369/490] Compiling NIO MulticastChannel.swift
/Users/builder/builds/o86TiJKT/1/finestructure/swiftpackageindex-builder/spi-builder-workspace/.build/checkouts/swift-nio/Sources/NIO/MarkedCircularBuffer.swift:132:1: error: type 'MarkedCircularBuffer<Element>' does not conform to protocol 'MutableCollection'
extension MarkedCircularBuffer: Collection, MutableCollection {
^
/Users/builder/builds/o86TiJKT/1/finestructure/swiftpackageindex-builder/spi-builder-workspace/.build/checkouts/swift-nio/Sources/NIO/MarkedCircularBuffer.swift:132:1: error: unavailable subscript 'subscript(_:)' was used to satisfy a requirement of protocol 'MutableCollection'
extension MarkedCircularBuffer: Collection, MutableCollection {
^
Swift.MutableCollection:8:12: note: 'subscript(_:)' declared here
    public subscript(bounds: Range<Self.Index>) -> Self.SubSequence { get set }
           ^
Swift.MutableCollection:6:14: note: requirement 'subscript(_:)' declared here
    override subscript(bounds: Range<Self.Index>) -> Self.SubSequence { get set }
             ^
[370/490] Compiling NIO NIOAny.swift
/Users/builder/builds/o86TiJKT/1/finestructure/swiftpackageindex-builder/spi-builder-workspace/.build/checkouts/swift-nio/Sources/NIO/MarkedCircularBuffer.swift:132:1: error: type 'MarkedCircularBuffer<Element>' does not conform to protocol 'MutableCollection'
extension MarkedCircularBuffer: Collection, MutableCollection {
^
/Users/builder/builds/o86TiJKT/1/finestructure/swiftpackageindex-builder/spi-builder-workspace/.build/checkouts/swift-nio/Sources/NIO/MarkedCircularBuffer.swift:132:1: error: unavailable subscript 'subscript(_:)' was used to satisfy a requirement of protocol 'MutableCollection'
extension MarkedCircularBuffer: Collection, MutableCollection {
^
Swift.MutableCollection:8:12: note: 'subscript(_:)' declared here
    public subscript(bounds: Range<Self.Index>) -> Self.SubSequence { get set }
           ^
Swift.MutableCollection:6:14: note: requirement 'subscript(_:)' declared here
    override subscript(bounds: Range<Self.Index>) -> Self.SubSequence { get set }
             ^
[371/490] Compiling NIO NIOCloseOnErrorHandler.swift
/Users/builder/builds/o86TiJKT/1/finestructure/swiftpackageindex-builder/spi-builder-workspace/.build/checkouts/swift-nio/Sources/NIO/MarkedCircularBuffer.swift:132:1: error: type 'MarkedCircularBuffer<Element>' does not conform to protocol 'MutableCollection'
extension MarkedCircularBuffer: Collection, MutableCollection {
^
/Users/builder/builds/o86TiJKT/1/finestructure/swiftpackageindex-builder/spi-builder-workspace/.build/checkouts/swift-nio/Sources/NIO/MarkedCircularBuffer.swift:132:1: error: unavailable subscript 'subscript(_:)' was used to satisfy a requirement of protocol 'MutableCollection'
extension MarkedCircularBuffer: Collection, MutableCollection {
^
Swift.MutableCollection:8:12: note: 'subscript(_:)' declared here
    public subscript(bounds: Range<Self.Index>) -> Self.SubSequence { get set }
           ^
Swift.MutableCollection:6:14: note: requirement 'subscript(_:)' declared here
    override subscript(bounds: Range<Self.Index>) -> Self.SubSequence { get set }
             ^
[371/497] Compiling e_rc4.c
[372/497] Compiling e_null.c
[373/497] Compiling cmac.c
[374/497] Compiling e_rc2.c
[375/497] Compiling e_tls.c
[376/497] Compiling e_chacha20poly1305.c
[377/497] Compiling conf.c
[378/497] Compiling tls_cbc.c
[379/497] Compiling derive_key.c
[380/497] Compiling e_aesctrhmac.c
[381/497] Compiling e_aesgcmsiv.c
[382/497] Compiling chacha20_poly1305_x86_64.mac.x86_64.S
[383/497] Compiling aes128gcmsiv-x86_64.mac.x86_64.S
[384/497] Compiling chacha20_poly1305_x86_64.linux.x86_64.S
[385/497] Compiling aes128gcmsiv-x86_64.linux.x86_64.S
[386/497] Compiling cipher_extra.c
[387/497] Compiling chacha-x86_64.mac.x86_64.S
[388/497] Compiling chacha-x86.linux.x86.S
[389/497] Compiling chacha-armv8.linux.aarch64.S
[390/497] Compiling chacha.c
[391/497] Compiling chacha-x86_64.linux.x86_64.S
[392/497] Compiling chacha-armv8.ios.aarch64.S
[393/497] Compiling e_aesccm.c
[394/497] Compiling chacha-armv4.ios.arm.S
[395/497] Compiling chacha-armv4.linux.arm.S
[396/497] Compiling unicode.c
[397/497] Compiling ber.c
[398/497] Compiling cbs.c
[399/497] Compiling buf.c
[400/497] Compiling convert.c
[401/497] Compiling asn1_compat.c
[402/497] Compiling bn_asn1.c
[403/497] Compiling printf.c
[404/497] Compiling socket.c
[405/497] Compiling socket_helper.c
[406/497] Compiling hexdump.c
[407/497] Compiling fd.c
[408/497] Compiling pair.c
[409/497] Compiling cbb.c
[410/497] Compiling connect.c
[411/497] Compiling base64.c
[412/497] Compiling bio.c
[413/497] Compiling bio_mem.c
[414/497] Compiling time_support.c
[415/497] Compiling file.c
[416/497] Compiling tasn_new.c
[417/497] Compiling tasn_typ.c
[418/497] Compiling tasn_utl.c
[419/497] Compiling tasn_enc.c
[420/497] Compiling tasn_fre.c
[421/497] Compiling f_string.c
[422/497] Compiling f_int.c
[423/497] Compiling f_enum.c
[424/497] Compiling asn1_par.c
[425/497] Compiling asn_pack.c
[426/497] Compiling tasn_dec.c
[427/497] Compiling a_strnid.c
[428/497] Compiling a_time.c
[429/497] Compiling a_utctm.c
[430/497] Compiling asn1_lib.c
[431/497] Compiling a_utf8.c
[432/497] Compiling a_type.c
[433/497] Compiling a_print.c
[434/497] Compiling a_octet.c
[435/497] Compiling a_object.c
[436/497] Compiling a_gentm.c
[437/497] Compiling a_int.c
[438/497] Compiling a_d2i_fp.c
[438/497] Compiling a_dup.c
[440/497] Compiling a_bool.c
[441/497] Compiling a_enum.c
[442/497] Compiling a_i2d_fp.c
[443/497] Compiling a_bitstr.c
[445/497] Compiling NIO FileRegion.swift
[446/497] Compiling NIO GetaddrinfoResolver.swift
[447/497] Compiling NIO HappyEyeballs.swift
[448/497] Compiling NIO Heap.swift
[449/497] Compiling NIO IO.swift
[450/497] Compiling NIO IOData.swift
[451/497] Compiling NIO IntegerTypes.swift
[452/497] Compiling NIO ByteBuffer-views.swift
/Users/builder/builds/o86TiJKT/1/finestructure/swiftpackageindex-builder/spi-builder-workspace/.build/checkouts/swift-nio/Sources/NIO/CircularBuffer.swift:114:1: error: type 'CircularBuffer<Element>' does not conform to protocol 'MutableCollection'
extension CircularBuffer: Collection, MutableCollection {
^
/Users/builder/builds/o86TiJKT/1/finestructure/swiftpackageindex-builder/spi-builder-workspace/.build/checkouts/swift-nio/Sources/NIO/CircularBuffer.swift:114:1: error: unavailable subscript 'subscript(_:)' was used to satisfy a requirement of protocol 'MutableCollection'
extension CircularBuffer: Collection, MutableCollection {
^
Swift.MutableCollection:8:12: note: 'subscript(_:)' declared here
    public subscript(bounds: Range<Self.Index>) -> Self.SubSequence { get set }
           ^
Swift.MutableCollection:6:14: note: requirement 'subscript(_:)' declared here
    override subscript(bounds: Range<Self.Index>) -> Self.SubSequence { get set }
             ^
[453/497] Compiling NIO Channel.swift
/Users/builder/builds/o86TiJKT/1/finestructure/swiftpackageindex-builder/spi-builder-workspace/.build/checkouts/swift-nio/Sources/NIO/CircularBuffer.swift:114:1: error: type 'CircularBuffer<Element>' does not conform to protocol 'MutableCollection'
extension CircularBuffer: Collection, MutableCollection {
^
/Users/builder/builds/o86TiJKT/1/finestructure/swiftpackageindex-builder/spi-builder-workspace/.build/checkouts/swift-nio/Sources/NIO/CircularBuffer.swift:114:1: error: unavailable subscript 'subscript(_:)' was used to satisfy a requirement of protocol 'MutableCollection'
extension CircularBuffer: Collection, MutableCollection {
^
Swift.MutableCollection:8:12: note: 'subscript(_:)' declared here
    public subscript(bounds: Range<Self.Index>) -> Self.SubSequence { get set }
           ^
Swift.MutableCollection:6:14: note: requirement 'subscript(_:)' declared here
    override subscript(bounds: Range<Self.Index>) -> Self.SubSequence { get set }
             ^
[454/497] Compiling NIO ChannelHandler.swift
/Users/builder/builds/o86TiJKT/1/finestructure/swiftpackageindex-builder/spi-builder-workspace/.build/checkouts/swift-nio/Sources/NIO/CircularBuffer.swift:114:1: error: type 'CircularBuffer<Element>' does not conform to protocol 'MutableCollection'
extension CircularBuffer: Collection, MutableCollection {
^
/Users/builder/builds/o86TiJKT/1/finestructure/swiftpackageindex-builder/spi-builder-workspace/.build/checkouts/swift-nio/Sources/NIO/CircularBuffer.swift:114:1: error: unavailable subscript 'subscript(_:)' was used to satisfy a requirement of protocol 'MutableCollection'
extension CircularBuffer: Collection, MutableCollection {
^
Swift.MutableCollection:8:12: note: 'subscript(_:)' declared here
    public subscript(bounds: Range<Self.Index>) -> Self.SubSequence { get set }
           ^
Swift.MutableCollection:6:14: note: requirement 'subscript(_:)' declared here
    override subscript(bounds: Range<Self.Index>) -> Self.SubSequence { get set }
             ^
[455/497] Compiling NIO ChannelHandlers.swift
/Users/builder/builds/o86TiJKT/1/finestructure/swiftpackageindex-builder/spi-builder-workspace/.build/checkouts/swift-nio/Sources/NIO/CircularBuffer.swift:114:1: error: type 'CircularBuffer<Element>' does not conform to protocol 'MutableCollection'
extension CircularBuffer: Collection, MutableCollection {
^
/Users/builder/builds/o86TiJKT/1/finestructure/swiftpackageindex-builder/spi-builder-workspace/.build/checkouts/swift-nio/Sources/NIO/CircularBuffer.swift:114:1: error: unavailable subscript 'subscript(_:)' was used to satisfy a requirement of protocol 'MutableCollection'
extension CircularBuffer: Collection, MutableCollection {
^
Swift.MutableCollection:8:12: note: 'subscript(_:)' declared here
    public subscript(bounds: Range<Self.Index>) -> Self.SubSequence { get set }
           ^
Swift.MutableCollection:6:14: note: requirement 'subscript(_:)' declared here
    override subscript(bounds: Range<Self.Index>) -> Self.SubSequence { get set }
             ^
[456/497] Compiling NIO ChannelInvoker.swift
/Users/builder/builds/o86TiJKT/1/finestructure/swiftpackageindex-builder/spi-builder-workspace/.build/checkouts/swift-nio/Sources/NIO/CircularBuffer.swift:114:1: error: type 'CircularBuffer<Element>' does not conform to protocol 'MutableCollection'
extension CircularBuffer: Collection, MutableCollection {
^
/Users/builder/builds/o86TiJKT/1/finestructure/swiftpackageindex-builder/spi-builder-workspace/.build/checkouts/swift-nio/Sources/NIO/CircularBuffer.swift:114:1: error: unavailable subscript 'subscript(_:)' was used to satisfy a requirement of protocol 'MutableCollection'
extension CircularBuffer: Collection, MutableCollection {
^
Swift.MutableCollection:8:12: note: 'subscript(_:)' declared here
    public subscript(bounds: Range<Self.Index>) -> Self.SubSequence { get set }
           ^
Swift.MutableCollection:6:14: note: requirement 'subscript(_:)' declared here
    override subscript(bounds: Range<Self.Index>) -> Self.SubSequence { get set }
             ^
[457/497] Compiling NIO ChannelOption.swift
/Users/builder/builds/o86TiJKT/1/finestructure/swiftpackageindex-builder/spi-builder-workspace/.build/checkouts/swift-nio/Sources/NIO/CircularBuffer.swift:114:1: error: type 'CircularBuffer<Element>' does not conform to protocol 'MutableCollection'
extension CircularBuffer: Collection, MutableCollection {
^
/Users/builder/builds/o86TiJKT/1/finestructure/swiftpackageindex-builder/spi-builder-workspace/.build/checkouts/swift-nio/Sources/NIO/CircularBuffer.swift:114:1: error: unavailable subscript 'subscript(_:)' was used to satisfy a requirement of protocol 'MutableCollection'
extension CircularBuffer: Collection, MutableCollection {
^
Swift.MutableCollection:8:12: note: 'subscript(_:)' declared here
    public subscript(bounds: Range<Self.Index>) -> Self.SubSequence { get set }
           ^
Swift.MutableCollection:6:14: note: requirement 'subscript(_:)' declared here
    override subscript(bounds: Range<Self.Index>) -> Self.SubSequence { get set }
             ^
[458/497] Compiling NIO ChannelPipeline.swift
/Users/builder/builds/o86TiJKT/1/finestructure/swiftpackageindex-builder/spi-builder-workspace/.build/checkouts/swift-nio/Sources/NIO/CircularBuffer.swift:114:1: error: type 'CircularBuffer<Element>' does not conform to protocol 'MutableCollection'
extension CircularBuffer: Collection, MutableCollection {
^
/Users/builder/builds/o86TiJKT/1/finestructure/swiftpackageindex-builder/spi-builder-workspace/.build/checkouts/swift-nio/Sources/NIO/CircularBuffer.swift:114:1: error: unavailable subscript 'subscript(_:)' was used to satisfy a requirement of protocol 'MutableCollection'
extension CircularBuffer: Collection, MutableCollection {
^
Swift.MutableCollection:8:12: note: 'subscript(_:)' declared here
    public subscript(bounds: Range<Self.Index>) -> Self.SubSequence { get set }
           ^
Swift.MutableCollection:6:14: note: requirement 'subscript(_:)' declared here
    override subscript(bounds: Range<Self.Index>) -> Self.SubSequence { get set }
             ^
[459/497] Compiling NIO CircularBuffer.swift
/Users/builder/builds/o86TiJKT/1/finestructure/swiftpackageindex-builder/spi-builder-workspace/.build/checkouts/swift-nio/Sources/NIO/CircularBuffer.swift:114:1: error: type 'CircularBuffer<Element>' does not conform to protocol 'MutableCollection'
extension CircularBuffer: Collection, MutableCollection {
^
/Users/builder/builds/o86TiJKT/1/finestructure/swiftpackageindex-builder/spi-builder-workspace/.build/checkouts/swift-nio/Sources/NIO/CircularBuffer.swift:114:1: error: unavailable subscript 'subscript(_:)' was used to satisfy a requirement of protocol 'MutableCollection'
extension CircularBuffer: Collection, MutableCollection {
^
Swift.MutableCollection:8:12: note: 'subscript(_:)' declared here
    public subscript(bounds: Range<Self.Index>) -> Self.SubSequence { get set }
           ^
Swift.MutableCollection:6:14: note: requirement 'subscript(_:)' declared here
    override subscript(bounds: Range<Self.Index>) -> Self.SubSequence { get set }
             ^
[460/497] Compiling NIO RecvByteBufferAllocator.swift
[461/497] Compiling NIO Resolver.swift
[462/497] Compiling NIO Selectable.swift
[463/497] Compiling NIO Selector.swift
[464/497] Compiling NIO ServerSocket.swift
[465/497] Compiling NIO Socket.swift
[466/497] Compiling NIO SocketAddresses.swift
[467/497] Compiling NIO SocketChannel.swift
[468/497] Compiling NIO SocketOptionProvider.swift
[469/497] Compiling NIO SocketProtocols.swift
[470/497] Compiling NIO System.swift
[471/497] Compiling NIO Thread.swift
[472/497] Compiling NIO TypeAssistedChannelHandler.swift
[473/497] Compiling NIO Utilities.swift
[474/497] Compiling NIO NIOThreadPool.swift
[475/497] Compiling NIO NonBlockingFileIO.swift
[476/497] Compiling NIO PendingDatagramWritesManager.swift
[477/497] Compiling NIO PendingWritesManager.swift
[478/497] Compiling NIO PipeChannel.swift
[479/497] Compiling NIO PipePair.swift
[480/497] Compiling NIO PriorityQueue.swift
error: emit-module command failed with exit code 1 (use -v to see invocation)
[481/497] Compiling NIO AddressedEnvelope.swift
[482/497] Compiling NIO BaseSocket.swift
[483/497] Compiling NIO BaseSocketChannel.swift
[484/497] Compiling NIO BaseStreamSocketChannel.swift
[485/497] Compiling NIO Bootstrap.swift
[486/497] Compiling NIO ByteBuffer-aux.swift
[487/497] Compiling NIO ByteBuffer-core.swift
[488/497] Compiling NIO ByteBuffer-int.swift
[489/497] Emitting module NIO
/Users/builder/builds/o86TiJKT/1/finestructure/swiftpackageindex-builder/spi-builder-workspace/.build/checkouts/swift-nio/Sources/NIO/CircularBuffer.swift:114:1: error: type 'CircularBuffer<Element>' does not conform to protocol 'MutableCollection'
extension CircularBuffer: Collection, MutableCollection {
^
/Users/builder/builds/o86TiJKT/1/finestructure/swiftpackageindex-builder/spi-builder-workspace/.build/checkouts/swift-nio/Sources/NIO/CircularBuffer.swift:114:1: error: unavailable subscript 'subscript(_:)' was used to satisfy a requirement of protocol 'MutableCollection'
extension CircularBuffer: Collection, MutableCollection {
^
Swift.MutableCollection:8:12: note: 'subscript(_:)' declared here
    public subscript(bounds: Range<Self.Index>) -> Self.SubSequence { get set }
           ^
Swift.MutableCollection:6:14: note: requirement 'subscript(_:)' declared here
    override subscript(bounds: Range<Self.Index>) -> Self.SubSequence { get set }
             ^
/Users/builder/builds/o86TiJKT/1/finestructure/swiftpackageindex-builder/spi-builder-workspace/.build/checkouts/swift-nio/Sources/NIO/MarkedCircularBuffer.swift:132:1: error: type 'MarkedCircularBuffer<Element>' does not conform to protocol 'MutableCollection'
extension MarkedCircularBuffer: Collection, MutableCollection {
^
/Users/builder/builds/o86TiJKT/1/finestructure/swiftpackageindex-builder/spi-builder-workspace/.build/checkouts/swift-nio/Sources/NIO/MarkedCircularBuffer.swift:132:1: error: unavailable subscript 'subscript(_:)' was used to satisfy a requirement of protocol 'MutableCollection'
extension MarkedCircularBuffer: Collection, MutableCollection {
^
Swift.MutableCollection:8:12: note: 'subscript(_:)' declared here
    public subscript(bounds: Range<Self.Index>) -> Self.SubSequence { get set }
           ^
Swift.MutableCollection:6:14: note: requirement 'subscript(_:)' declared here
    override subscript(bounds: Range<Self.Index>) -> Self.SubSequence { get set }
             ^
[490/497] Compiling NIO Codec.swift
[491/497] Compiling NIO DatagramVectorReadManager.swift
[492/497] Compiling NIO DeadChannel.swift
[493/497] Compiling NIO Embedded.swift
[494/497] Compiling NIO EventLoop.swift
[495/497] Compiling NIO EventLoopFuture.swift
[496/497] Compiling NIO FileDescriptor.swift
[497/497] Compiling NIO FileHandle.swift
ShellOut encountered an error
Status code: 1
Message: "Fetching https://github.com/apple/swift-nio-extras.git from cache
Fetching https://github.com/apple/swift-nio-ssl.git from cache
Fetching https://github.com/apple/swift-nio.git from cache
Fetched https://github.com/apple/swift-nio-ssl.git (0.49s)
Fetching https://github.com/swift-server/async-http-client.git from cache
Fetched https://github.com/apple/swift-nio.git (0.51s)
Fetched https://github.com/apple/swift-nio-extras.git (0.58s)
Fetched https://github.com/swift-server/async-http-client.git (0.66s)
Computing version for https://github.com/swift-server/async-http-client.git
Computed https://github.com/swift-server/async-http-client.git at 1.0.0 (0.62s)
Computing version for https://github.com/apple/swift-nio-extras.git
Computed https://github.com/apple/swift-nio-extras.git at 1.3.2 (0.02s)
Computing version for https://github.com/apple/swift-nio-ssl.git
Computed https://github.com/apple/swift-nio-ssl.git at 2.4.4 (0.48s)
Computing version for https://github.com/apple/swift-nio.git
Computed https://github.com/apple/swift-nio.git at 2.10.1 (0.45s)
Creating working copy for https://github.com/apple/swift-nio-ssl.git
Working copy of https://github.com/apple/swift-nio-ssl.git resolved at 2.4.4
Creating working copy for https://github.com/apple/swift-nio-extras.git
Working copy of https://github.com/apple/swift-nio-extras.git resolved at 1.3.2
Creating working copy for https://github.com/apple/swift-nio.git
Working copy of https://github.com/apple/swift-nio.git resolved at 2.10.1
Creating working copy for https://github.com/swift-server/async-http-client.git
Working copy of https://github.com/swift-server/async-http-client.git resolved at 1.0.0"
Output: "Building for debugging...
[0/434] Compiling CNIOLinux ifaddrs-android.c
[1/434] Compiling CNIOLinux shim.c
[2/434] Compiling CNIOExtrasZlib empty.c
[3/434] Compiling CNIODarwin shim.c
[4/434] Compiling a_mbstr.c
[5/434] Compiling p256.c
/Users/builder/builds/o86TiJKT/1/finestructure/swiftpackageindex-builder/spi-builder-workspace/.build/checkouts/swift-nio/Sources/CNIOSHA1/c_nio_sha1.c:102:1: warning: a function declaration without a prototype is deprecated in all versions of C and is not supported in C2x [-Wdeprecated-non-prototype]
sha1_step(ctxt)
^
/Users/builder/builds/o86TiJKT/1/finestructure/swiftpackageindex-builder/spi-builder-workspace/.build/checkouts/swift-nio/Sources/CNIOSHA1/c_nio_sha1.c:102:1: warning: a function declaration without a prototype is deprecated in all versions of C and is not supported in C2x [-Wdeprecated-non-prototype]
/Users/builder/builds/o86TiJKT/1/finestructure/swiftpackageindex-builder/spi-builder-workspace/.build/checkouts/swift-nio/Sources/CNIOSHA1/c_nio_sha1.c:187:1: warning: a function declaration without a prototype is deprecated in all versions of C and is not supported in C2x [-Wdeprecated-non-prototype]
c_nio_sha1_init(ctxt)
^
/Users/builder/builds/o86TiJKT/1/finestructure/swiftpackageindex-builder/spi-builder-workspace/.build/checkouts/swift-nio/Sources/CNIOSHA1/c_nio_sha1.c:199:1: warning: a function declaration without a prototype is deprecated in all versions of C and is not supported in C2x [-Wdeprecated-non-prototype]
c_nio_sha1_pad(ctxt)
^
/Users/builder/builds/o86TiJKT/1/finestructure/swiftpackageindex-builder/spi-builder-workspace/.build/checkouts/swift-nio/Sources/CNIOSHA1/c_nio_sha1.c:234:1: warning: a function declaration without a prototype is deprecated in all versions of C and is not supported in C2x [-Wdeprecated-non-prototype]
c_nio_sha1_loop(ctxt, input, len)
^
5 warnings generated.
[6/434] Compiling CNIOSHA1 c_nio_sha1.c
[7/434] Compiling CNIOHTTPParser c_nio_http_parser.c
[8/434] Compiling curve25519.c
[9/434] Compiling CNIOBoringSSLShims shims.c
[10/434] Compiling tls_record.cc
[11/434] Compiling tls13_server.cc
[11/434] Compiling tls13_client.cc
[11/434] Compiling tls13_enc.cc
[14/434] Compiling tls_method.cc
[15/434] Compiling tls13_both.cc
[16/434] Compiling ssl_stat.cc
[17/434] Compiling ssl_versions.cc
[18/434] Compiling t1_enc.cc
[19/434] Compiling ssl_transcript.cc
[20/434] Compiling ssl_x509.cc
[21/434] Compiling ssl_session.cc
[22/434] Compiling t1_lib.cc
[23/434] Compiling ssl_privkey.cc
[24/434] Compiling ssl_file.cc
[25/434] Compiling ssl_key_share.cc
[26/434] Compiling ssl_cipher.cc
[27/434] Compiling ssl_lib.cc
[28/434] Compiling ssl_buffer.cc
[29/434] Compiling ssl_cert.cc
[30/434] Compiling ssl_asn1.cc
[31/434] Compiling ssl_aead_ctx.cc
[32/434] Compiling s3_pkt.cc
[33/434] Compiling s3_lib.cc
[34/434] Compiling handshake_server.cc
[35/434] Compiling handshake_client.cc
[36/434] Compiling s3_both.cc
[37/434] Compiling handshake.cc
[38/434] Compiling dtls_record.cc
[39/434] Compiling handoff.cc
[40/434] Compiling dtls_method.cc
[41/434] Compiling v3_utl.c
[42/434] Compiling v3_skey.c
[43/434] Compiling d1_srtp.cc
[44/434] Compiling d1_lib.cc
[45/434] Compiling v3_sxnet.c
[46/434] Compiling bio_ssl.cc
[47/434] Compiling d1_both.cc
[48/434] Compiling d1_pkt.cc
[49/434] Compiling c-atomics.c
[50/434] Compiling v3_prn.c
[51/434] Compiling v3_pcons.c
[52/434] Compiling v3_pmaps.c
[53/434] Compiling v3_purp.c
[54/434] Compiling v3_pcia.c
[55/434] Compiling v3_pku.c
[56/434] Compiling v3_ocsp.c
[57/434] Compiling v3_pci.c
[58/434] Compiling v3_info.c
[59/434] Compiling v3_int.c
[60/437] Compiling v3_ia5.c
[61/437] Compiling v3_ncons.c
[62/437] Compiling v3_lib.c
[62/437] Compiling v3_genn.c
[64/437] Compiling v3_extku.c
[65/437] Compiling v3_enum.c
[66/437] Compiling v3_crld.c
[67/437] Compiling v3_bitst.c
[68/437] Compiling v3_bcons.c
[69/437] Compiling v3_conf.c
[70/437] Compiling v3_cpols.c
[71/437] Compiling v3_alt.c
[72/437] Compiling v3_akeya.c
[73/437] Compiling v3_akey.c
[74/437] Compiling pcy_map.c
[75/437] Compiling pcy_lib.c
[76/437] Compiling pcy_node.c
[77/437] Compiling pcy_tree.c
[78/437] Compiling pcy_data.c
[79/437] Compiling x_x509a.c
[80/437] Compiling pcy_cache.c
[81/437] Compiling x_val.c
[82/437] Compiling x_spki.c
[83/437] Compiling x_sig.c
[84/437] Compiling x_x509.c
[85/437] Compiling x_req.c
[86/437] Compiling x_attrib.c
[87/437] Compiling x_info.c
[88/437] Compiling x_exten.c
[88/437] Compiling x_pubkey.c
[90/437] Compiling x_pkey.c
[91/437] Compiling x_name.c
[92/437] Compiling x_crl.c
[93/437] Compiling x509rset.c
[94/437] Compiling x509spki.c
[95/437] Compiling x_algor.c
[96/437] Compiling x509cset.c
[97/437] Compiling x_all.c
[98/437] Compiling x509name.c
[99/437] Compiling x509_vpm.c
[100/437] Compiling x509_txt.c
[101/437] Compiling x509_set.c
[102/437] Compiling x509_r2x.c
[103/437] Compiling x509_req.c
[104/437] Compiling x509_v3.c
[105/437] Compiling x509_trs.c
[106/437] Compiling x509_def.c
[107/437] Compiling x509_obj.c
[108/437] Compiling x509_d2.c
[109/437] Compiling x509_vfy.c
[110/437] Compiling x509_ext.c
[111/437] Compiling x509_att.c
[112/437] Compiling t_x509a.c
[113/437] Compiling x509.c
[114/437] Compiling x509_lu.c
[115/437] Compiling x509_cmp.c
[116/437] Compiling i2d_pr.c
[117/437] Compiling t_req.c
[118/437] Compiling t_x509.c
[119/437] Compiling rsa_pss.c
[120/437] Compiling t_crl.c
[121/437] Compiling by_file.c
[122/437] Compiling by_dir.c
[123/437] Compiling a_verify.c
[124/437] Compiling algorithm.c
[125/437] Compiling thread_win.c
[126/437] Compiling thread_none.c
[126/437] Compiling thread_pthread.c
[128/437] Compiling a_strex.c
[129/437] Compiling a_sign.c
[130/437] Compiling a_digest.c
[131/437] Compiling asn1_gen.c
[132/437] Compiling thread.c
[133/437] Compiling stack.c
[134/437] Compiling siphash.c
[135/437] Compiling refcount_lock.c
[136/437] Compiling refcount_c11.c
[137/437] Compiling rsa_print.c
[138/437] Compiling rsa_asn1.c
[139/437] Compiling windows.c
[140/437] Compiling rc4.c
[141/437] Compiling rand_extra.c
[142/437] Compiling deterministic.c
[143/437] Compiling fuchsia.c
[144/437] Compiling forkunsafe.c
[145/437] Compiling pool.c
[146/437] Compiling poly1305_vec.c
[147/437] Compiling poly1305_arm_asm.S
[148/437] Compiling poly1305.c
[149/437] Compiling poly1305_arm.c
[150/437] Compiling pkcs7.c
[151/437] Compiling p5_pbev2.c
[152/437] Compiling pem_x509.c
[153/437] Compiling pem_xaux.c
[154/437] Compiling pkcs8.c
[155/437] Compiling pkcs7_x509.c
[156/437] Compiling pkcs8_x509.c
[157/437] Compiling pem_pkey.c
[158/437] Compiling obj_xref.c
[159/437] Compiling pem_oth.c
[160/437] Compiling pem_pk8.c
[161/437] Compiling pem_info.c
[162/437] Compiling mem.c
[163/437] Compiling obj.c
[164/437] Compiling pem_lib.c
[165/437] Compiling lhash.c
[166/437] Compiling poly_rq_mul.S
[167/437] Compiling pem_all.c
[168/437] Compiling x86_64-mont5.mac.x86_64.S
[169/437] Compiling hkdf.c
[170/437] Compiling x86_64-mont.mac.x86_64.S
[170/437] Compiling x86_64-mont5.linux.x86_64.S
[172/437] Compiling x86-mont.linux.x86.S
[173/437] Compiling x86_64-mont.linux.x86_64.S
[174/437] Compiling vpaes-x86_64.mac.x86_64.S
[175/437] Compiling vpaes-x86_64.linux.x86_64.S
[175/437] Compiling vpaes-armv8.linux.aarch64.S
[177/437] Compiling vpaes-x86.linux.x86.S
[178/437] Compiling vpaes-armv7.ios.arm.S
[179/437] Compiling vpaes-armv7.linux.arm.S
[180/437] Compiling vpaes-armv8.ios.aarch64.S
[181/437] Compiling sha512-x86_64.linux.x86_64.S
[182/437] Compiling sha512-x86_64.mac.x86_64.S
[183/437] Compiling sha512-armv8.linux.aarch64.S
[184/437] Compiling sha512-armv4.linux.arm.S
[185/437] Compiling kdf.c
[186/437] Compiling sha512-armv8.ios.aarch64.S
[187/437] Compiling sha512-armv4.ios.arm.S
[188/437] Compiling sha256-x86_64.mac.x86_64.S
[189/437] Compiling sha512-586.linux.x86.S
[190/437] Compiling sha256-x86_64.linux.x86_64.S
[191/437] Compiling sha256-armv8.linux.aarch64.S
[192/437] Compiling sha256-armv4.linux.arm.S
[193/437] Compiling sha256-armv8.ios.aarch64.S
[194/437] Compiling sha256-armv4.ios.arm.S
[195/437] Compiling sha256-586.linux.x86.S
[196/437] Compiling sha1-x86_64.mac.x86_64.S
[197/437] Compiling sha1-x86_64.linux.x86_64.S
[198/437] Compiling sha1-armv8.linux.aarch64.S
[199/437] Compiling sha1-armv4-large.linux.arm.S
[200/437] Compiling sha1-armv8.ios.aarch64.S
[201/437] Compiling sha1-armv4-large.ios.arm.S
[202/437] Compiling sha1-586.linux.x86.S
[203/437] Compiling hrss.c
[204/437] Compiling sha512.c
[205/437] Compiling sha1-altivec.c
[206/437] Compiling rsaz-avx2.mac.x86_64.S
[207/437] Compiling sha1.c
[208/437] Compiling rsaz-avx2.linux.x86_64.S
[209/437] Compiling sha256.c
[210/437] Compiling self_check.c
[211/437] Compiling rdrand-x86_64.mac.x86_64.S
[212/437] Compiling blinding.c
[213/437] Compiling padding.c
[214/437] Compiling rdrand-x86_64.linux.x86_64.S
[215/437] Compiling rsa_impl.c
[216/437] Compiling rsa.c
[218/437] Compiling NIOConcurrencyHelpers atomics.swift
[218/437] Compiling urandom.c
[219/437] Emitting module NIOConcurrencyHelpers
[221/437] Compiling NIOConcurrencyHelpers lock.swift
[221/437] Compiling rand.c
[222/437] Compiling ctrdrbg.c
[223/437] Compiling p256-x86_64-asm.linux.x86_64.S
[224/437] Compiling p256-x86_64-asm.mac.x86_64.S
[224/437] Compiling p256_beeu-x86_64-asm.linux.x86_64.S
[226/437] Compiling p256_beeu-x86_64-asm.mac.x86_64.S
[227/437] Compiling polyval.c
[228/437] Compiling gcm_nohw.c
[229/437] Compiling cfb.c
[230/437] Compiling ofb.c
[231/437] Compiling ctr.c
[232/437] Compiling cbc.c
[233/437] Compiling gcm.c
[234/437] Compiling md5.c
[235/437] Compiling md5-x86_64.mac.x86_64.S
[236/437] Compiling md5-586.linux.x86.S
[237/437] Compiling md5-x86_64.linux.x86_64.S
[237/437] Compiling is_fips.c
[239/437] Compiling ghashv8-armx64.linux.aarch64.S
[240/437] Compiling hmac.c
[241/437] Compiling md4.c
[242/437] Compiling ghashv8-armx32.ios.arm.S
[242/437] Compiling ghashv8-armx32.linux.arm.S
[244/437] Compiling ghash-x86_64.mac.x86_64.S
[245/437] Compiling ghashv8-armx64.ios.aarch64.S
[246/437] Compiling ghash-x86_64.linux.x86_64.S
[247/437] Compiling ghash-ssse3-x86_64.mac.x86_64.S
[248/437] Compiling ghash-ssse3-x86_64.linux.x86_64.S
[248/437] Compiling ghash-x86.linux.x86.S
[250/437] Compiling ghash-ssse3-x86.linux.x86.S
[251/437] Compiling ghash-neon-armv8.ios.aarch64.S
[252/437] Compiling ghash-neon-armv8.linux.aarch64.S
[253/437] Compiling ghash-armv4.linux.arm.S
[254/437] Compiling ghash-armv4.ios.arm.S
[255/437] Compiling fips_shared_support.c
[256/446] Compiling ecdsa.c
[256/449] Compiling ecdh.c
[258/453] Compiling util.c
[259/470] Compiling wnaf.c
[260/470] Compiling simple_mul.c
[261/481] Compiling simple.c
[262/482] Compiling scalar.c
[263/490] Compiling felem.c
[264/490] Compiling p256-x86_64.c
[265/490] Compiling ec_key.c
[266/490] Compiling oct.c
[267/490] Compiling ec_montgomery.c
[268/490] Compiling digests.c
[269/490] Compiling p224-64.c
[270/490] Compiling co-586.linux.x86.S
[271/490] Compiling digest.c
[272/490] Compiling ec.c
[273/490] Compiling e_des.c
[274/490] Compiling bsaes-armv7.linux.arm.S
[275/490] Compiling bsaes-armv7.ios.arm.S
[276/490] Compiling des.c
[277/490] Compiling aead.c
[278/490] Compiling cipher.c
[279/490] Compiling e_aes.c
[280/490] Compiling rsaz_exp.c
[281/490] Compiling shift.c
[282/490] Compiling sqrt.c
[283/490] Compiling random.c
[284/490] Compiling montgomery.c
[285/490] Compiling montgomery_inv.c
[286/490] Compiling prime.c
[287/490] Compiling mul.c
[288/490] Compiling jacobi.c
[289/490] Compiling gcd_extra.c
[290/490] Compiling gcd.c
[291/490] Compiling div_extra.c
[292/490] Compiling cmp.c
[293/490] Compiling ctx.c
[294/490] Compiling bytes.c
[295/490] Compiling div.c
[296/490] Compiling exponentiation.c
[297/490] Compiling x86_64-gcc.c
[298/490] Compiling bn-586.linux.x86.S
[299/490] Compiling add.c
[300/490] Compiling armv8-mont.linux.aarch64.S
[301/490] Compiling generic.c
[302/490] Compiling armv8-mont.ios.aarch64.S
[303/490] Compiling bn.c
[304/490] Compiling armv4-mont.ios.arm.S
[305/490] Compiling armv4-mont.linux.arm.S
[306/490] Compiling aesv8-armx64.linux.aarch64.S
[307/490] Compiling aesv8-armx64.ios.aarch64.S
[308/490] Compiling aesv8-armx32.linux.arm.S
[309/490] Compiling aesni-x86_64.mac.x86_64.S
[310/490] Compiling aesv8-armx32.ios.arm.S
[311/490] Compiling aesni-gcm-x86_64.mac.x86_64.S
[311/490] Compiling aesni-x86_64.linux.x86_64.S
[313/490] Compiling aesni-x86.linux.x86.S
[314/490] Compiling aesni-gcm-x86_64.linux.x86_64.S
[315/490] Compiling aes-armv4.linux.arm.S
[316/490] Compiling aes-x86_64.mac.x86_64.S
[317/490] Compiling aes-armv4.ios.arm.S
[318/490] Compiling aes-x86_64.linux.x86_64.S
[319/490] Compiling mode_wrappers.c
[320/490] Compiling key_wrap.c
[321/490] Compiling aes-586.linux.x86.S
[322/490] Compiling aes.c
[323/490] Compiling sign.c
[324/490] Compiling scrypt.c
[325/490] Compiling ex_data.c
[326/490] Compiling pbkdf.c
[327/490] Compiling p_x25519_asn1.c
[328/490] Compiling p_x25519.c
[329/490] Compiling p_rsa_asn1.c
[330/490] Compiling print.c
[331/490] Compiling p_rsa.c
[332/490] Compiling p_ed25519_asn1.c
[333/490] Compiling p_ed25519.c
[334/490] Compiling p_ec_asn1.c
[335/490] Compiling p_dsa_asn1.c
[336/490] Compiling evp_ctx.c
[337/490] Compiling err_data.c
[338/490] Compiling digestsign.c
[339/490] Compiling p_ec.c
[340/490] Compiling evp.c
[341/490] Compiling engine.c
[342/490] Compiling evp_asn1.c
[343/490] Compiling err.c
[344/490] Compiling ecdsa_asn1.c
[345/490] Compiling params.c
[346/490] Compiling dsa_asn1.c
[347/490] Compiling digest_extra.c
[348/490] Compiling ecdh_extra.c
[349/490] Compiling ec_derive.c
[350/490] Compiling dh_asn1.c
[351/490] Compiling x25519-asm-arm.S
[352/490] Compiling check.c
[353/490] Compiling dsa.c
[354/490] Compiling crypto.c
[355/490] Compiling spake25519.c
[356/490] Compiling cpu-ppc64le.c
[357/490] Compiling cpu-intel.c
[358/490] Compiling cpu-arm-linux.c
[359/490] Compiling cpu-arm.c
[360/490] Compiling dh.c
[361/490] Compiling ec_asn1.c
[362/490] Compiling cpu-aarch64-linux.c
[363/490] Compiling cpu-aarch64-fuchsia.c
[365/490] Compiling NIO Interfaces.swift
/Users/builder/builds/o86TiJKT/1/finestructure/swiftpackageindex-builder/spi-builder-workspace/.build/checkouts/swift-nio/Sources/NIO/MarkedCircularBuffer.swift:132:1: error: type 'MarkedCircularBuffer<Element>' does not conform to protocol 'MutableCollection'
extension MarkedCircularBuffer: Collection, MutableCollection {
^
/Users/builder/builds/o86TiJKT/1/finestructure/swiftpackageindex-builder/spi-builder-workspace/.build/checkouts/swift-nio/Sources/NIO/MarkedCircularBuffer.swift:132:1: error: unavailable subscript 'subscript(_:)' was used to satisfy a requirement of protocol 'MutableCollection'
extension MarkedCircularBuffer: Collection, MutableCollection {
^
Swift.MutableCollection:8:12: note: 'subscript(_:)' declared here
    public subscript(bounds: Range<Self.Index>) -> Self.SubSequence { get set }
           ^
Swift.MutableCollection:6:14: note: requirement 'subscript(_:)' declared here
    override subscript(bounds: Range<Self.Index>) -> Self.SubSequence { get set }
             ^
[366/490] Compiling NIO Linux.swift
/Users/builder/builds/o86TiJKT/1/finestructure/swiftpackageindex-builder/spi-builder-workspace/.build/checkouts/swift-nio/Sources/NIO/MarkedCircularBuffer.swift:132:1: error: type 'MarkedCircularBuffer<Element>' does not conform to protocol 'MutableCollection'
extension MarkedCircularBuffer: Collection, MutableCollection {
^
/Users/builder/builds/o86TiJKT/1/finestructure/swiftpackageindex-builder/spi-builder-workspace/.build/checkouts/swift-nio/Sources/NIO/MarkedCircularBuffer.swift:132:1: error: unavailable subscript 'subscript(_:)' was used to satisfy a requirement of protocol 'MutableCollection'
extension MarkedCircularBuffer: Collection, MutableCollection {
^
Swift.MutableCollection:8:12: note: 'subscript(_:)' declared here
    public subscript(bounds: Range<Self.Index>) -> Self.SubSequence { get set }
           ^
Swift.MutableCollection:6:14: note: requirement 'subscript(_:)' declared here
    override subscript(bounds: Range<Self.Index>) -> Self.SubSequence { get set }
             ^
[367/490] Compiling NIO LinuxCPUSet.swift
/Users/builder/builds/o86TiJKT/1/finestructure/swiftpackageindex-builder/spi-builder-workspace/.build/checkouts/swift-nio/Sources/NIO/MarkedCircularBuffer.swift:132:1: error: type 'MarkedCircularBuffer<Element>' does not conform to protocol 'MutableCollection'
extension MarkedCircularBuffer: Collection, MutableCollection {
^
/Users/builder/builds/o86TiJKT/1/finestructure/swiftpackageindex-builder/spi-builder-workspace/.build/checkouts/swift-nio/Sources/NIO/MarkedCircularBuffer.swift:132:1: error: unavailable subscript 'subscript(_:)' was used to satisfy a requirement of protocol 'MutableCollection'
extension MarkedCircularBuffer: Collection, MutableCollection {
^
Swift.MutableCollection:8:12: note: 'subscript(_:)' declared here
    public subscript(bounds: Range<Self.Index>) -> Self.SubSequence { get set }
           ^
Swift.MutableCollection:6:14: note: requirement 'subscript(_:)' declared here
    override subscript(bounds: Range<Self.Index>) -> Self.SubSequence { get set }
             ^
[368/490] Compiling NIO MarkedCircularBuffer.swift
/Users/builder/builds/o86TiJKT/1/finestructure/swiftpackageindex-builder/spi-builder-workspace/.build/checkouts/swift-nio/Sources/NIO/MarkedCircularBuffer.swift:132:1: error: type 'MarkedCircularBuffer<Element>' does not conform to protocol 'MutableCollection'
extension MarkedCircularBuffer: Collection, MutableCollection {
^
/Users/builder/builds/o86TiJKT/1/finestructure/swiftpackageindex-builder/spi-builder-workspace/.build/checkouts/swift-nio/Sources/NIO/MarkedCircularBuffer.swift:132:1: error: unavailable subscript 'subscript(_:)' was used to satisfy a requirement of protocol 'MutableCollection'
extension MarkedCircularBuffer: Collection, MutableCollection {
^
Swift.MutableCollection:8:12: note: 'subscript(_:)' declared here
    public subscript(bounds: Range<Self.Index>) -> Self.SubSequence { get set }
           ^
Swift.MutableCollection:6:14: note: requirement 'subscript(_:)' declared here
    override subscript(bounds: Range<Self.Index>) -> Self.SubSequence { get set }
             ^
[369/490] Compiling NIO MulticastChannel.swift
/Users/builder/builds/o86TiJKT/1/finestructure/swiftpackageindex-builder/spi-builder-workspace/.build/checkouts/swift-nio/Sources/NIO/MarkedCircularBuffer.swift:132:1: error: type 'MarkedCircularBuffer<Element>' does not conform to protocol 'MutableCollection'
extension MarkedCircularBuffer: Collection, MutableCollection {
^
/Users/builder/builds/o86TiJKT/1/finestructure/swiftpackageindex-builder/spi-builder-workspace/.build/checkouts/swift-nio/Sources/NIO/MarkedCircularBuffer.swift:132:1: error: unavailable subscript 'subscript(_:)' was used to satisfy a requirement of protocol 'MutableCollection'
extension MarkedCircularBuffer: Collection, MutableCollection {
^
Swift.MutableCollection:8:12: note: 'subscript(_:)' declared here
    public subscript(bounds: Range<Self.Index>) -> Self.SubSequence { get set }
           ^
Swift.MutableCollection:6:14: note: requirement 'subscript(_:)' declared here
    override subscript(bounds: Range<Self.Index>) -> Self.SubSequence { get set }
             ^
[370/490] Compiling NIO NIOAny.swift
/Users/builder/builds/o86TiJKT/1/finestructure/swiftpackageindex-builder/spi-builder-workspace/.build/checkouts/swift-nio/Sources/NIO/MarkedCircularBuffer.swift:132:1: error: type 'MarkedCircularBuffer<Element>' does not conform to protocol 'MutableCollection'
extension MarkedCircularBuffer: Collection, MutableCollection {
^
/Users/builder/builds/o86TiJKT/1/finestructure/swiftpackageindex-builder/spi-builder-workspace/.build/checkouts/swift-nio/Sources/NIO/MarkedCircularBuffer.swift:132:1: error: unavailable subscript 'subscript(_:)' was used to satisfy a requirement of protocol 'MutableCollection'
extension MarkedCircularBuffer: Collection, MutableCollection {
^
Swift.MutableCollection:8:12: note: 'subscript(_:)' declared here
    public subscript(bounds: Range<Self.Index>) -> Self.SubSequence { get set }
           ^
Swift.MutableCollection:6:14: note: requirement 'subscript(_:)' declared here
    override subscript(bounds: Range<Self.Index>) -> Self.SubSequence { get set }
             ^
[371/490] Compiling NIO NIOCloseOnErrorHandler.swift
/Users/builder/builds/o86TiJKT/1/finestructure/swiftpackageindex-builder/spi-builder-workspace/.build/checkouts/swift-nio/Sources/NIO/MarkedCircularBuffer.swift:132:1: error: type 'MarkedCircularBuffer<Element>' does not conform to protocol 'MutableCollection'
extension MarkedCircularBuffer: Collection, MutableCollection {
^
/Users/builder/builds/o86TiJKT/1/finestructure/swiftpackageindex-builder/spi-builder-workspace/.build/checkouts/swift-nio/Sources/NIO/MarkedCircularBuffer.swift:132:1: error: unavailable subscript 'subscript(_:)' was used to satisfy a requirement of protocol 'MutableCollection'
extension MarkedCircularBuffer: Collection, MutableCollection {
^
Swift.MutableCollection:8:12: note: 'subscript(_:)' declared here
    public subscript(bounds: Range<Self.Index>) -> Self.SubSequence { get set }
           ^
Swift.MutableCollection:6:14: note: requirement 'subscript(_:)' declared here
    override subscript(bounds: Range<Self.Index>) -> Self.SubSequence { get set }
             ^
[371/497] Compiling e_rc4.c
[372/497] Compiling e_null.c
[373/497] Compiling cmac.c
[374/497] Compiling e_rc2.c
[375/497] Compiling e_tls.c
[376/497] Compiling e_chacha20poly1305.c
[377/497] Compiling conf.c
[378/497] Compiling tls_cbc.c
[379/497] Compiling derive_key.c
[380/497] Compiling e_aesctrhmac.c
[381/497] Compiling e_aesgcmsiv.c
[382/497] Compiling chacha20_poly1305_x86_64.mac.x86_64.S
[383/497] Compiling aes128gcmsiv-x86_64.mac.x86_64.S
[384/497] Compiling chacha20_poly1305_x86_64.linux.x86_64.S
[385/497] Compiling aes128gcmsiv-x86_64.linux.x86_64.S
[386/497] Compiling cipher_extra.c
[387/497] Compiling chacha-x86_64.mac.x86_64.S
[388/497] Compiling chacha-x86.linux.x86.S
[389/497] Compiling chacha-armv8.linux.aarch64.S
[390/497] Compiling chacha.c
[391/497] Compiling chacha-x86_64.linux.x86_64.S
[392/497] Compiling chacha-armv8.ios.aarch64.S
[393/497] Compiling e_aesccm.c
[394/497] Compiling chacha-armv4.ios.arm.S
[395/497] Compiling chacha-armv4.linux.arm.S
[396/497] Compiling unicode.c
[397/497] Compiling ber.c
[398/497] Compiling cbs.c
[399/497] Compiling buf.c
[400/497] Compiling convert.c
[401/497] Compiling asn1_compat.c
[402/497] Compiling bn_asn1.c
[403/497] Compiling printf.c
[404/497] Compiling socket.c
[405/497] Compiling socket_helper.c
[406/497] Compiling hexdump.c
[407/497] Compiling fd.c
[408/497] Compiling pair.c
[409/497] Compiling cbb.c
[410/497] Compiling connect.c
[411/497] Compiling base64.c
[412/497] Compiling bio.c
[413/497] Compiling bio_mem.c
[414/497] Compiling time_support.c
[415/497] Compiling file.c
[416/497] Compiling tasn_new.c
[417/497] Compiling tasn_typ.c
[418/497] Compiling tasn_utl.c
[419/497] Compiling tasn_enc.c
[420/497] Compiling tasn_fre.c
[421/497] Compiling f_string.c
[422/497] Compiling f_int.c
[423/497] Compiling f_enum.c
[424/497] Compiling asn1_par.c
[425/497] Compiling asn_pack.c
[426/497] Compiling tasn_dec.c
[427/497] Compiling a_strnid.c
[428/497] Compiling a_time.c
[429/497] Compiling a_utctm.c
[430/497] Compiling asn1_lib.c
[431/497] Compiling a_utf8.c
[432/497] Compiling a_type.c
[433/497] Compiling a_print.c
[434/497] Compiling a_octet.c
[435/497] Compiling a_object.c
[436/497] Compiling a_gentm.c
[437/497] Compiling a_int.c
[438/497] Compiling a_d2i_fp.c
[438/497] Compiling a_dup.c
[440/497] Compiling a_bool.c
[441/497] Compiling a_enum.c
[442/497] Compiling a_i2d_fp.c
[443/497] Compiling a_bitstr.c
[445/497] Compiling NIO FileRegion.swift
[446/497] Compiling NIO GetaddrinfoResolver.swift
[447/497] Compiling NIO HappyEyeballs.swift
[448/497] Compiling NIO Heap.swift
[449/497] Compiling NIO IO.swift
[450/497] Compiling NIO IOData.swift
[451/497] Compiling NIO IntegerTypes.swift
[452/497] Compiling NIO ByteBuffer-views.swift
/Users/builder/builds/o86TiJKT/1/finestructure/swiftpackageindex-builder/spi-builder-workspace/.build/checkouts/swift-nio/Sources/NIO/CircularBuffer.swift:114:1: error: type 'CircularBuffer<Element>' does not conform to protocol 'MutableCollection'
extension CircularBuffer: Collection, MutableCollection {
^
/Users/builder/builds/o86TiJKT/1/finestructure/swiftpackageindex-builder/spi-builder-workspace/.build/checkouts/swift-nio/Sources/NIO/CircularBuffer.swift:114:1: error: unavailable subscript 'subscript(_:)' was used to satisfy a requirement of protocol 'MutableCollection'
extension CircularBuffer: Collection, MutableCollection {
^
Swift.MutableCollection:8:12: note: 'subscript(_:)' declared here
    public subscript(bounds: Range<Self.Index>) -> Self.SubSequence { get set }
           ^
Swift.MutableCollection:6:14: note: requirement 'subscript(_:)' declared here
    override subscript(bounds: Range<Self.Index>) -> Self.SubSequence { get set }
             ^
[453/497] Compiling NIO Channel.swift
/Users/builder/builds/o86TiJKT/1/finestructure/swiftpackageindex-builder/spi-builder-workspace/.build/checkouts/swift-nio/Sources/NIO/CircularBuffer.swift:114:1: error: type 'CircularBuffer<Element>' does not conform to protocol 'MutableCollection'
extension CircularBuffer: Collection, MutableCollection {
^
/Users/builder/builds/o86TiJKT/1/finestructure/swiftpackageindex-builder/spi-builder-workspace/.build/checkouts/swift-nio/Sources/NIO/CircularBuffer.swift:114:1: error: unavailable subscript 'subscript(_:)' was used to satisfy a requirement of protocol 'MutableCollection'
extension CircularBuffer: Collection, MutableCollection {
^
Swift.MutableCollection:8:12: note: 'subscript(_:)' declared here
    public subscript(bounds: Range<Self.Index>) -> Self.SubSequence { get set }
           ^
Swift.MutableCollection:6:14: note: requirement 'subscript(_:)' declared here
    override subscript(bounds: Range<Self.Index>) -> Self.SubSequence { get set }
             ^
[454/497] Compiling NIO ChannelHandler.swift
/Users/builder/builds/o86TiJKT/1/finestructure/swiftpackageindex-builder/spi-builder-workspace/.build/checkouts/swift-nio/Sources/NIO/CircularBuffer.swift:114:1: error: type 'CircularBuffer<Element>' does not conform to protocol 'MutableCollection'
extension CircularBuffer: Collection, MutableCollection {
^
/Users/builder/builds/o86TiJKT/1/finestructure/swiftpackageindex-builder/spi-builder-workspace/.build/checkouts/swift-nio/Sources/NIO/CircularBuffer.swift:114:1: error: unavailable subscript 'subscript(_:)' was used to satisfy a requirement of protocol 'MutableCollection'
extension CircularBuffer: Collection, MutableCollection {
^
Swift.MutableCollection:8:12: note: 'subscript(_:)' declared here
    public subscript(bounds: Range<Self.Index>) -> Self.SubSequence { get set }
           ^
Swift.MutableCollection:6:14: note: requirement 'subscript(_:)' declared here
    override subscript(bounds: Range<Self.Index>) -> Self.SubSequence { get set }
             ^
[455/497] Compiling NIO ChannelHandlers.swift
/Users/builder/builds/o86TiJKT/1/finestructure/swiftpackageindex-builder/spi-builder-workspace/.build/checkouts/swift-nio/Sources/NIO/CircularBuffer.swift:114:1: error: type 'CircularBuffer<Element>' does not conform to protocol 'MutableCollection'
extension CircularBuffer: Collection, MutableCollection {
^
/Users/builder/builds/o86TiJKT/1/finestructure/swiftpackageindex-builder/spi-builder-workspace/.build/checkouts/swift-nio/Sources/NIO/CircularBuffer.swift:114:1: error: unavailable subscript 'subscript(_:)' was used to satisfy a requirement of protocol 'MutableCollection'
extension CircularBuffer: Collection, MutableCollection {
^
Swift.MutableCollection:8:12: note: 'subscript(_:)' declared here
    public subscript(bounds: Range<Self.Index>) -> Self.SubSequence { get set }
           ^
Swift.MutableCollection:6:14: note: requirement 'subscript(_:)' declared here
    override subscript(bounds: Range<Self.Index>) -> Self.SubSequence { get set }
             ^
[456/497] Compiling NIO ChannelInvoker.swift
/Users/builder/builds/o86TiJKT/1/finestructure/swiftpackageindex-builder/spi-builder-workspace/.build/checkouts/swift-nio/Sources/NIO/CircularBuffer.swift:114:1: error: type 'CircularBuffer<Element>' does not conform to protocol 'MutableCollection'
extension CircularBuffer: Collection, MutableCollection {
^
/Users/builder/builds/o86TiJKT/1/finestructure/swiftpackageindex-builder/spi-builder-workspace/.build/checkouts/swift-nio/Sources/NIO/CircularBuffer.swift:114:1: error: unavailable subscript 'subscript(_:)' was used to satisfy a requirement of protocol 'MutableCollection'
extension CircularBuffer: Collection, MutableCollection {
^
Swift.MutableCollection:8:12: note: 'subscript(_:)' declared here
    public subscript(bounds: Range<Self.Index>) -> Self.SubSequence { get set }
           ^
Swift.MutableCollection:6:14: note: requirement 'subscript(_:)' declared here
    override subscript(bounds: Range<Self.Index>) -> Self.SubSequence { get set }
             ^
[457/497] Compiling NIO ChannelOption.swift
/Users/builder/builds/o86TiJKT/1/finestructure/swiftpackageindex-builder/spi-builder-workspace/.build/checkouts/swift-nio/Sources/NIO/CircularBuffer.swift:114:1: error: type 'CircularBuffer<Element>' does not conform to protocol 'MutableCollection'
extension CircularBuffer: Collection, MutableCollection {
^
/Users/builder/builds/o86TiJKT/1/finestructure/swiftpackageindex-builder/spi-builder-workspace/.build/checkouts/swift-nio/Sources/NIO/CircularBuffer.swift:114:1: error: unavailable subscript 'subscript(_:)' was used to satisfy a requirement of protocol 'MutableCollection'
extension CircularBuffer: Collection, MutableCollection {
^
Swift.MutableCollection:8:12: note: 'subscript(_:)' declared here
    public subscript(bounds: Range<Self.Index>) -> Self.SubSequence { get set }
           ^
Swift.MutableCollection:6:14: note: requirement 'subscript(_:)' declared here
    override subscript(bounds: Range<Self.Index>) -> Self.SubSequence { get set }
             ^
[458/497] Compiling NIO ChannelPipeline.swift
/Users/builder/builds/o86TiJKT/1/finestructure/swiftpackageindex-builder/spi-builder-workspace/.build/checkouts/swift-nio/Sources/NIO/CircularBuffer.swift:114:1: error: type 'CircularBuffer<Element>' does not conform to protocol 'MutableCollection'
extension CircularBuffer: Collection, MutableCollection {
^
/Users/builder/builds/o86TiJKT/1/finestructure/swiftpackageindex-builder/spi-builder-workspace/.build/checkouts/swift-nio/Sources/NIO/CircularBuffer.swift:114:1: error: unavailable subscript 'subscript(_:)' was used to satisfy a requirement of protocol 'MutableCollection'
extension CircularBuffer: Collection, MutableCollection {
^
Swift.MutableCollection:8:12: note: 'subscript(_:)' declared here
    public subscript(bounds: Range<Self.Index>) -> Self.SubSequence { get set }
           ^
Swift.MutableCollection:6:14: note: requirement 'subscript(_:)' declared here
    override subscript(bounds: Range<Self.Index>) -> Self.SubSequence { get set }
             ^
[459/497] Compiling NIO CircularBuffer.swift
/Users/builder/builds/o86TiJKT/1/finestructure/swiftpackageindex-builder/spi-builder-workspace/.build/checkouts/swift-nio/Sources/NIO/CircularBuffer.swift:114:1: error: type 'CircularBuffer<Element>' does not conform to protocol 'MutableCollection'
extension CircularBuffer: Collection, MutableCollection {
^
/Users/builder/builds/o86TiJKT/1/finestructure/swiftpackageindex-builder/spi-builder-workspace/.build/checkouts/swift-nio/Sources/NIO/CircularBuffer.swift:114:1: error: unavailable subscript 'subscript(_:)' was used to satisfy a requirement of protocol 'MutableCollection'
extension CircularBuffer: Collection, MutableCollection {
^
Swift.MutableCollection:8:12: note: 'subscript(_:)' declared here
    public subscript(bounds: Range<Self.Index>) -> Self.SubSequence { get set }
           ^
Swift.MutableCollection:6:14: note: requirement 'subscript(_:)' declared here
    override subscript(bounds: Range<Self.Index>) -> Self.SubSequence { get set }
             ^
[460/497] Compiling NIO RecvByteBufferAllocator.swift
[461/497] Compiling NIO Resolver.swift
[462/497] Compiling NIO Selectable.swift
[463/497] Compiling NIO Selector.swift
[464/497] Compiling NIO ServerSocket.swift
[465/497] Compiling NIO Socket.swift
[466/497] Compiling NIO SocketAddresses.swift
[467/497] Compiling NIO SocketChannel.swift
[468/497] Compiling NIO SocketOptionProvider.swift
[469/497] Compiling NIO SocketProtocols.swift
[470/497] Compiling NIO System.swift
[471/497] Compiling NIO Thread.swift
[472/497] Compiling NIO TypeAssistedChannelHandler.swift
[473/497] Compiling NIO Utilities.swift
[474/497] Compiling NIO NIOThreadPool.swift
[475/497] Compiling NIO NonBlockingFileIO.swift
[476/497] Compiling NIO PendingDatagramWritesManager.swift
[477/497] Compiling NIO PendingWritesManager.swift
[478/497] Compiling NIO PipeChannel.swift
[479/497] Compiling NIO PipePair.swift
[480/497] Compiling NIO PriorityQueue.swift
error: emit-module command failed with exit code 1 (use -v to see invocation)
[481/497] Compiling NIO AddressedEnvelope.swift
[482/497] Compiling NIO BaseSocket.swift
[483/497] Compiling NIO BaseSocketChannel.swift
[484/497] Compiling NIO BaseStreamSocketChannel.swift
[485/497] Compiling NIO Bootstrap.swift
[486/497] Compiling NIO ByteBuffer-aux.swift
[487/497] Compiling NIO ByteBuffer-core.swift
[488/497] Compiling NIO ByteBuffer-int.swift
[489/497] Emitting module NIO
/Users/builder/builds/o86TiJKT/1/finestructure/swiftpackageindex-builder/spi-builder-workspace/.build/checkouts/swift-nio/Sources/NIO/CircularBuffer.swift:114:1: error: type 'CircularBuffer<Element>' does not conform to protocol 'MutableCollection'
extension CircularBuffer: Collection, MutableCollection {
^
/Users/builder/builds/o86TiJKT/1/finestructure/swiftpackageindex-builder/spi-builder-workspace/.build/checkouts/swift-nio/Sources/NIO/CircularBuffer.swift:114:1: error: unavailable subscript 'subscript(_:)' was used to satisfy a requirement of protocol 'MutableCollection'
extension CircularBuffer: Collection, MutableCollection {
^
Swift.MutableCollection:8:12: note: 'subscript(_:)' declared here
    public subscript(bounds: Range<Self.Index>) -> Self.SubSequence { get set }
           ^
Swift.MutableCollection:6:14: note: requirement 'subscript(_:)' declared here
    override subscript(bounds: Range<Self.Index>) -> Self.SubSequence { get set }
             ^
/Users/builder/builds/o86TiJKT/1/finestructure/swiftpackageindex-builder/spi-builder-workspace/.build/checkouts/swift-nio/Sources/NIO/MarkedCircularBuffer.swift:132:1: error: type 'MarkedCircularBuffer<Element>' does not conform to protocol 'MutableCollection'
extension MarkedCircularBuffer: Collection, MutableCollection {
^
/Users/builder/builds/o86TiJKT/1/finestructure/swiftpackageindex-builder/spi-builder-workspace/.build/checkouts/swift-nio/Sources/NIO/MarkedCircularBuffer.swift:132:1: error: unavailable subscript 'subscript(_:)' was used to satisfy a requirement of protocol 'MutableCollection'
extension MarkedCircularBuffer: Collection, MutableCollection {
^
Swift.MutableCollection:8:12: note: 'subscript(_:)' declared here
    public subscript(bounds: Range<Self.Index>) -> Self.SubSequence { get set }
           ^
Swift.MutableCollection:6:14: note: requirement 'subscript(_:)' declared here
    override subscript(bounds: Range<Self.Index>) -> Self.SubSequence { get set }
             ^
[490/497] Compiling NIO Codec.swift
[491/497] Compiling NIO DatagramVectorReadManager.swift
[492/497] Compiling NIO DeadChannel.swift
[493/497] Compiling NIO Embedded.swift
[494/497] Compiling NIO EventLoop.swift
[495/497] Compiling NIO EventLoopFuture.swift
[496/497] Compiling NIO FileDescriptor.swift
[497/497] Compiling NIO FileHandle.swift"
Retrying in 0.0 seconds ...
Building ... (attempt 2)
[0/1] Planning build
Building for debugging...
[1/15] Compiling NIO ByteBuffer-views.swift
[2/15] Compiling NIO Channel.swift
[3/15] Compiling NIO ChannelInvoker.swift
[4/15] Compiling NIO ChannelOption.swift
[5/21] Compiling NIO NIOCloseOnErrorHandler.swift
[6/26] Compiling NIO LinuxCPUSet.swift
/Users/builder/builds/o86TiJKT/1/finestructure/swiftpackageindex-builder/spi-builder-workspace/.build/checkouts/swift-nio/Sources/NIO/MarkedCircularBuffer.swift:132:1: error: type 'MarkedCircularBuffer<Element>' does not conform to protocol 'MutableCollection'
extension MarkedCircularBuffer: Collection, MutableCollection {
^
/Users/builder/builds/o86TiJKT/1/finestructure/swiftpackageindex-builder/spi-builder-workspace/.build/checkouts/swift-nio/Sources/NIO/MarkedCircularBuffer.swift:132:1: error: unavailable subscript 'subscript(_:)' was used to satisfy a requirement of protocol 'MutableCollection'
extension MarkedCircularBuffer: Collection, MutableCollection {
^
Swift.MutableCollection:8:12: note: 'subscript(_:)' declared here
    public subscript(bounds: Range<Self.Index>) -> Self.SubSequence { get set }
           ^
Swift.MutableCollection:6:14: note: requirement 'subscript(_:)' declared here
    override subscript(bounds: Range<Self.Index>) -> Self.SubSequence { get set }
             ^
[7/26] Compiling NIO MarkedCircularBuffer.swift
/Users/builder/builds/o86TiJKT/1/finestructure/swiftpackageindex-builder/spi-builder-workspace/.build/checkouts/swift-nio/Sources/NIO/MarkedCircularBuffer.swift:132:1: error: type 'MarkedCircularBuffer<Element>' does not conform to protocol 'MutableCollection'
extension MarkedCircularBuffer: Collection, MutableCollection {
^
/Users/builder/builds/o86TiJKT/1/finestructure/swiftpackageindex-builder/spi-builder-workspace/.build/checkouts/swift-nio/Sources/NIO/MarkedCircularBuffer.swift:132:1: error: unavailable subscript 'subscript(_:)' was used to satisfy a requirement of protocol 'MutableCollection'
extension MarkedCircularBuffer: Collection, MutableCollection {
^
Swift.MutableCollection:8:12: note: 'subscript(_:)' declared here
    public subscript(bounds: Range<Self.Index>) -> Self.SubSequence { get set }
           ^
Swift.MutableCollection:6:14: note: requirement 'subscript(_:)' declared here
    override subscript(bounds: Range<Self.Index>) -> Self.SubSequence { get set }
             ^
[8/26] Compiling NIO ChannelPipeline.swift
/Users/builder/builds/o86TiJKT/1/finestructure/swiftpackageindex-builder/spi-builder-workspace/.build/checkouts/swift-nio/Sources/NIO/CircularBuffer.swift:114:1: error: type 'CircularBuffer<Element>' does not conform to protocol 'MutableCollection'
extension CircularBuffer: Collection, MutableCollection {
^
/Users/builder/builds/o86TiJKT/1/finestructure/swiftpackageindex-builder/spi-builder-workspace/.build/checkouts/swift-nio/Sources/NIO/CircularBuffer.swift:114:1: error: unavailable subscript 'subscript(_:)' was used to satisfy a requirement of protocol 'MutableCollection'
extension CircularBuffer: Collection, MutableCollection {
^
Swift.MutableCollection:8:12: note: 'subscript(_:)' declared here
    public subscript(bounds: Range<Self.Index>) -> Self.SubSequence { get set }
           ^
Swift.MutableCollection:6:14: note: requirement 'subscript(_:)' declared here
    override subscript(bounds: Range<Self.Index>) -> Self.SubSequence { get set }
             ^
[9/26] Compiling NIO CircularBuffer.swift
/Users/builder/builds/o86TiJKT/1/finestructure/swiftpackageindex-builder/spi-builder-workspace/.build/checkouts/swift-nio/Sources/NIO/CircularBuffer.swift:114:1: error: type 'CircularBuffer<Element>' does not conform to protocol 'MutableCollection'
extension CircularBuffer: Collection, MutableCollection {
^
/Users/builder/builds/o86TiJKT/1/finestructure/swiftpackageindex-builder/spi-builder-workspace/.build/checkouts/swift-nio/Sources/NIO/CircularBuffer.swift:114:1: error: unavailable subscript 'subscript(_:)' was used to satisfy a requirement of protocol 'MutableCollection'
extension CircularBuffer: Collection, MutableCollection {
^
Swift.MutableCollection:8:12: note: 'subscript(_:)' declared here
    public subscript(bounds: Range<Self.Index>) -> Self.SubSequence { get set }
           ^
Swift.MutableCollection:6:14: note: requirement 'subscript(_:)' declared here
    override subscript(bounds: Range<Self.Index>) -> Self.SubSequence { get set }
             ^
error: emit-module command failed with exit code 1 (use -v to see invocation)
[10/36] Compiling NIO MulticastChannel.swift
[11/36] Compiling NIO NIOAny.swift
[12/36] Compiling NIO ChannelHandler.swift
[13/36] Compiling NIO ChannelHandlers.swift
[14/36] Compiling NIO Interfaces.swift
[15/36] Compiling NIO Linux.swift
[16/36] Emitting module NIO
/Users/builder/builds/o86TiJKT/1/finestructure/swiftpackageindex-builder/spi-builder-workspace/.build/checkouts/swift-nio/Sources/NIO/CircularBuffer.swift:114:1: error: type 'CircularBuffer<Element>' does not conform to protocol 'MutableCollection'
extension CircularBuffer: Collection, MutableCollection {
^
/Users/builder/builds/o86TiJKT/1/finestructure/swiftpackageindex-builder/spi-builder-workspace/.build/checkouts/swift-nio/Sources/NIO/CircularBuffer.swift:114:1: error: unavailable subscript 'subscript(_:)' was used to satisfy a requirement of protocol 'MutableCollection'
extension CircularBuffer: Collection, MutableCollection {
^
Swift.MutableCollection:8:12: note: 'subscript(_:)' declared here
    public subscript(bounds: Range<Self.Index>) -> Self.SubSequence { get set }
           ^
Swift.MutableCollection:6:14: note: requirement 'subscript(_:)' declared here
    override subscript(bounds: Range<Self.Index>) -> Self.SubSequence { get set }
             ^
/Users/builder/builds/o86TiJKT/1/finestructure/swiftpackageindex-builder/spi-builder-workspace/.build/checkouts/swift-nio/Sources/NIO/MarkedCircularBuffer.swift:132:1: error: type 'MarkedCircularBuffer<Element>' does not conform to protocol 'MutableCollection'
extension MarkedCircularBuffer: Collection, MutableCollection {
^
/Users/builder/builds/o86TiJKT/1/finestructure/swiftpackageindex-builder/spi-builder-workspace/.build/checkouts/swift-nio/Sources/NIO/MarkedCircularBuffer.swift:132:1: error: unavailable subscript 'subscript(_:)' was used to satisfy a requirement of protocol 'MutableCollection'
extension MarkedCircularBuffer: Collection, MutableCollection {
^
Swift.MutableCollection:8:12: note: 'subscript(_:)' declared here
    public subscript(bounds: Range<Self.Index>) -> Self.SubSequence { get set }
           ^
Swift.MutableCollection:6:14: note: requirement 'subscript(_:)' declared here
    override subscript(bounds: Range<Self.Index>) -> Self.SubSequence { get set }
             ^
[17/53] Compiling NIO FileRegion.swift
[18/53] Compiling NIO GetaddrinfoResolver.swift
[19/53] Compiling NIO HappyEyeballs.swift
[20/53] Compiling NIO Heap.swift
[21/53] Compiling NIO IO.swift
[22/54] Compiling NIO SocketOptionProvider.swift
[23/54] Compiling NIO System.swift
[24/54] Compiling NIO Thread.swift
[25/54] Compiling NIO TypeAssistedChannelHandler.swift
[26/54] Compiling NIO Utilities.swift
[27/54] Compiling NIO PendingWritesManager.swift
[28/54] Compiling NIO PipeChannel.swift
[29/54] Compiling NIO PipePair.swift
[30/54] Compiling NIO PriorityQueue.swift
[31/54] Compiling NIO ByteBuffer-core.swift
[32/54] Compiling NIO ByteBuffer-int.swift
[33/54] Compiling NIO Codec.swift
[34/54] Compiling NIO DatagramVectorReadManager.swift
[35/54] Compiling NIO DeadChannel.swift
[36/54] Compiling NIO BaseSocket.swift
[37/54] Compiling NIO BaseSocketChannel.swift
[38/54] Compiling NIO BaseStreamSocketChannel.swift
[39/54] Compiling NIO Bootstrap.swift
[40/54] Compiling NIO ByteBuffer-aux.swift
[41/54] Compiling NIO Embedded.swift
[42/54] Compiling NIO EventLoop.swift
[43/54] Compiling NIO EventLoopFuture.swift
[44/54] Compiling NIO FileDescriptor.swift
[45/54] Compiling NIO FileHandle.swift
[46/54] Compiling NIO IOData.swift
[47/54] Compiling NIO IntegerTypes.swift
[48/54] Compiling NIO NIOThreadPool.swift
[49/54] Compiling NIO NonBlockingFileIO.swift
[50/54] Compiling NIO PendingDatagramWritesManager.swift
[51/54] Compiling NIO RecvByteBufferAllocator.swift
[52/54] Compiling NIO Selector.swift
[53/54] Compiling NIO SocketAddresses.swift
[54/54] Compiling NIO SocketChannel.swift
ShellOut encountered an error
Status code: 1
Message: ""
Output: "[0/1] Planning build
Building for debugging...
[1/15] Compiling NIO ByteBuffer-views.swift
[2/15] Compiling NIO Channel.swift
[3/15] Compiling NIO ChannelInvoker.swift
[4/15] Compiling NIO ChannelOption.swift
[5/21] Compiling NIO NIOCloseOnErrorHandler.swift
[6/26] Compiling NIO LinuxCPUSet.swift
/Users/builder/builds/o86TiJKT/1/finestructure/swiftpackageindex-builder/spi-builder-workspace/.build/checkouts/swift-nio/Sources/NIO/MarkedCircularBuffer.swift:132:1: error: type 'MarkedCircularBuffer<Element>' does not conform to protocol 'MutableCollection'
extension MarkedCircularBuffer: Collection, MutableCollection {
^
/Users/builder/builds/o86TiJKT/1/finestructure/swiftpackageindex-builder/spi-builder-workspace/.build/checkouts/swift-nio/Sources/NIO/MarkedCircularBuffer.swift:132:1: error: unavailable subscript 'subscript(_:)' was used to satisfy a requirement of protocol 'MutableCollection'
extension MarkedCircularBuffer: Collection, MutableCollection {
^
Swift.MutableCollection:8:12: note: 'subscript(_:)' declared here
    public subscript(bounds: Range<Self.Index>) -> Self.SubSequence { get set }
           ^
Swift.MutableCollection:6:14: note: requirement 'subscript(_:)' declared here
    override subscript(bounds: Range<Self.Index>) -> Self.SubSequence { get set }
             ^
[7/26] Compiling NIO MarkedCircularBuffer.swift
/Users/builder/builds/o86TiJKT/1/finestructure/swiftpackageindex-builder/spi-builder-workspace/.build/checkouts/swift-nio/Sources/NIO/MarkedCircularBuffer.swift:132:1: error: type 'MarkedCircularBuffer<Element>' does not conform to protocol 'MutableCollection'
extension MarkedCircularBuffer: Collection, MutableCollection {
^
/Users/builder/builds/o86TiJKT/1/finestructure/swiftpackageindex-builder/spi-builder-workspace/.build/checkouts/swift-nio/Sources/NIO/MarkedCircularBuffer.swift:132:1: error: unavailable subscript 'subscript(_:)' was used to satisfy a requirement of protocol 'MutableCollection'
extension MarkedCircularBuffer: Collection, MutableCollection {
^
Swift.MutableCollection:8:12: note: 'subscript(_:)' declared here
    public subscript(bounds: Range<Self.Index>) -> Self.SubSequence { get set }
           ^
Swift.MutableCollection:6:14: note: requirement 'subscript(_:)' declared here
    override subscript(bounds: Range<Self.Index>) -> Self.SubSequence { get set }
             ^
[8/26] Compiling NIO ChannelPipeline.swift
/Users/builder/builds/o86TiJKT/1/finestructure/swiftpackageindex-builder/spi-builder-workspace/.build/checkouts/swift-nio/Sources/NIO/CircularBuffer.swift:114:1: error: type 'CircularBuffer<Element>' does not conform to protocol 'MutableCollection'
extension CircularBuffer: Collection, MutableCollection {
^
/Users/builder/builds/o86TiJKT/1/finestructure/swiftpackageindex-builder/spi-builder-workspace/.build/checkouts/swift-nio/Sources/NIO/CircularBuffer.swift:114:1: error: unavailable subscript 'subscript(_:)' was used to satisfy a requirement of protocol 'MutableCollection'
extension CircularBuffer: Collection, MutableCollection {
^
Swift.MutableCollection:8:12: note: 'subscript(_:)' declared here
    public subscript(bounds: Range<Self.Index>) -> Self.SubSequence { get set }
           ^
Swift.MutableCollection:6:14: note: requirement 'subscript(_:)' declared here
    override subscript(bounds: Range<Self.Index>) -> Self.SubSequence { get set }
             ^
[9/26] Compiling NIO CircularBuffer.swift
/Users/builder/builds/o86TiJKT/1/finestructure/swiftpackageindex-builder/spi-builder-workspace/.build/checkouts/swift-nio/Sources/NIO/CircularBuffer.swift:114:1: error: type 'CircularBuffer<Element>' does not conform to protocol 'MutableCollection'
extension CircularBuffer: Collection, MutableCollection {
^
/Users/builder/builds/o86TiJKT/1/finestructure/swiftpackageindex-builder/spi-builder-workspace/.build/checkouts/swift-nio/Sources/NIO/CircularBuffer.swift:114:1: error: unavailable subscript 'subscript(_:)' was used to satisfy a requirement of protocol 'MutableCollection'
extension CircularBuffer: Collection, MutableCollection {
^
Swift.MutableCollection:8:12: note: 'subscript(_:)' declared here
    public subscript(bounds: Range<Self.Index>) -> Self.SubSequence { get set }
           ^
Swift.MutableCollection:6:14: note: requirement 'subscript(_:)' declared here
    override subscript(bounds: Range<Self.Index>) -> Self.SubSequence { get set }
             ^
error: emit-module command failed with exit code 1 (use -v to see invocation)
[10/36] Compiling NIO MulticastChannel.swift
[11/36] Compiling NIO NIOAny.swift
[12/36] Compiling NIO ChannelHandler.swift
[13/36] Compiling NIO ChannelHandlers.swift
[14/36] Compiling NIO Interfaces.swift
[15/36] Compiling NIO Linux.swift
[16/36] Emitting module NIO
/Users/builder/builds/o86TiJKT/1/finestructure/swiftpackageindex-builder/spi-builder-workspace/.build/checkouts/swift-nio/Sources/NIO/CircularBuffer.swift:114:1: error: type 'CircularBuffer<Element>' does not conform to protocol 'MutableCollection'
extension CircularBuffer: Collection, MutableCollection {
^
/Users/builder/builds/o86TiJKT/1/finestructure/swiftpackageindex-builder/spi-builder-workspace/.build/checkouts/swift-nio/Sources/NIO/CircularBuffer.swift:114:1: error: unavailable subscript 'subscript(_:)' was used to satisfy a requirement of protocol 'MutableCollection'
extension CircularBuffer: Collection, MutableCollection {
^
Swift.MutableCollection:8:12: note: 'subscript(_:)' declared here
    public subscript(bounds: Range<Self.Index>) -> Self.SubSequence { get set }
           ^
Swift.MutableCollection:6:14: note: requirement 'subscript(_:)' declared here
    override subscript(bounds: Range<Self.Index>) -> Self.SubSequence { get set }
             ^
/Users/builder/builds/o86TiJKT/1/finestructure/swiftpackageindex-builder/spi-builder-workspace/.build/checkouts/swift-nio/Sources/NIO/MarkedCircularBuffer.swift:132:1: error: type 'MarkedCircularBuffer<Element>' does not conform to protocol 'MutableCollection'
extension MarkedCircularBuffer: Collection, MutableCollection {
^
/Users/builder/builds/o86TiJKT/1/finestructure/swiftpackageindex-builder/spi-builder-workspace/.build/checkouts/swift-nio/Sources/NIO/MarkedCircularBuffer.swift:132:1: error: unavailable subscript 'subscript(_:)' was used to satisfy a requirement of protocol 'MutableCollection'
extension MarkedCircularBuffer: Collection, MutableCollection {
^
Swift.MutableCollection:8:12: note: 'subscript(_:)' declared here
    public subscript(bounds: Range<Self.Index>) -> Self.SubSequence { get set }
           ^
Swift.MutableCollection:6:14: note: requirement 'subscript(_:)' declared here
    override subscript(bounds: Range<Self.Index>) -> Self.SubSequence { get set }
             ^
[17/53] Compiling NIO FileRegion.swift
[18/53] Compiling NIO GetaddrinfoResolver.swift
[19/53] Compiling NIO HappyEyeballs.swift
[20/53] Compiling NIO Heap.swift
[21/53] Compiling NIO IO.swift
[22/54] Compiling NIO SocketOptionProvider.swift
[23/54] Compiling NIO System.swift
[24/54] Compiling NIO Thread.swift
[25/54] Compiling NIO TypeAssistedChannelHandler.swift
[26/54] Compiling NIO Utilities.swift
[27/54] Compiling NIO PendingWritesManager.swift
[28/54] Compiling NIO PipeChannel.swift
[29/54] Compiling NIO PipePair.swift
[30/54] Compiling NIO PriorityQueue.swift
[31/54] Compiling NIO ByteBuffer-core.swift
[32/54] Compiling NIO ByteBuffer-int.swift
[33/54] Compiling NIO Codec.swift
[34/54] Compiling NIO DatagramVectorReadManager.swift
[35/54] Compiling NIO DeadChannel.swift
[36/54] Compiling NIO BaseSocket.swift
[37/54] Compiling NIO BaseSocketChannel.swift
[38/54] Compiling NIO BaseStreamSocketChannel.swift
[39/54] Compiling NIO Bootstrap.swift
[40/54] Compiling NIO ByteBuffer-aux.swift
[41/54] Compiling NIO Embedded.swift
[42/54] Compiling NIO EventLoop.swift
[43/54] Compiling NIO EventLoopFuture.swift
[44/54] Compiling NIO FileDescriptor.swift
[45/54] Compiling NIO FileHandle.swift
[46/54] Compiling NIO IOData.swift
[47/54] Compiling NIO IntegerTypes.swift
[48/54] Compiling NIO NIOThreadPool.swift
[49/54] Compiling NIO NonBlockingFileIO.swift
[50/54] Compiling NIO PendingDatagramWritesManager.swift
[51/54] Compiling NIO RecvByteBufferAllocator.swift
[52/54] Compiling NIO Selector.swift
[53/54] Compiling NIO SocketAddresses.swift
[54/54] Compiling NIO SocketChannel.swift"
BUILD FAILURE 5.8 macosSpm

Build Machine: Mac 5