The Swift Package Index logo.Swift Package Index

Build Information

Failed to build AdjustSignature, reference v5.5.0 (526d41), with Swift 6.4 for macOS (Xcode) using Xcode 27.0 on 27 Sep 2026 11:27:20 UTC.

Build Command

env DEVELOPER_DIR=/Applications/Xcode-27.0.0-Release.Candidate.app xcrun xcodebuild -IDEClonedSourcePackagesDirPathOverride=$PWD/.dependencies -skipMacroValidation -skipPackagePluginValidation -derivedDataPath $PWD/.derivedData build -scheme AdjustSignature -destination platform=macOS,arch=arm64

Build Log

========================================
RunAll
========================================
Builder version: 5.1.0
Interrupt handler set up.
========================================
Checkout
========================================
Clone URL: https://github.com/adjust/adjust_signature_sdk.git
Reference: v5.5.0
Initialized empty Git repository in /Users/admin/builder/spi-builder-workspace/.git/
From https://github.com/adjust/adjust_signature_sdk
 * tag               v5.5.0     -> FETCH_HEAD
HEAD is now at 526d419 Update to v5.5.0 (#37)
Cloned https://github.com/adjust/adjust_signature_sdk.git
Revision (git rev-parse @):
526d41926fa03ed06fc7064194a19e8352898dde
SUCCESS checkout https://github.com/adjust/adjust_signature_sdk.git at v5.5.0
========================================
Build
========================================
Selected platform:         macosXcodebuild
Swift version:             6.4
Building package at path:  $PWD
https://github.com/adjust/adjust_signature_sdk.git
Command line invocation:
    /Applications/Xcode-27.0.0-Release.Candidate.app/Contents/Developer/usr/bin/xcodebuild -IDEClonedSourcePackagesDirPathOverride=/Users/admin/builder/spi-builder-workspace/.dependencies -resolvePackageDependencies
Resolve Package Graph
Resolve Package Graph
Resolved source packages:
  AdjustSignature: /Users/admin/builder/spi-builder-workspace
resolved source packages: AdjustSignature
2026-09-27 07:26:33.761 xcodebuild[529:3037] [MT] IDERunDestination: Supported platforms for the buildables in the current scheme is empty.
{
  "dependencies" : [
  ],
  "manifest_display_name" : "AdjustSignature",
  "name" : "AdjustSignature",
  "path" : "/Users/admin/builder/spi-builder-workspace",
  "platforms" : [
  ],
  "products" : [
    {
      "name" : "AdjustSignature",
      "targets" : [
        "AdjustSignature"
      ],
      "type" : {
        "library" : [
          "automatic"
        ]
      }
    }
  ],
  "targets" : [
    {
      "c99name" : "AdjustSignature",
      "module_type" : "BinaryTarget",
      "name" : "AdjustSignature",
      "path" : "remote/archive/AdjustSigSdk-iOS-tvOS-Dynamic-5.5.0.xcframework.zip",
      "product_memberships" : [
        "AdjustSignature"
      ],
      "sources" : [
      ],
      "type" : "binary"
    }
  ],
  "tools_version" : "5.3"
}
{
  "workspace" : {
    "name" : "AdjustSignature",
    "schemes" : [
      "AdjustSignature"
    ]
  }
}
2026-09-27 07:27:14.636 xcodebuild[660:4142] [MT] IDERunDestination: Supported platforms for the buildables in the current scheme is empty.
Running build ...
env DEVELOPER_DIR=/Applications/Xcode-27.0.0-Release.Candidate.app xcrun xcodebuild -IDEClonedSourcePackagesDirPathOverride=$PWD/.dependencies -skipMacroValidation -skipPackagePluginValidation -derivedDataPath $PWD/.derivedData build -scheme AdjustSignature -destination platform=macOS,arch=arm64
Command line invocation:
    /Applications/Xcode-27.0.0-Release.Candidate.app/Contents/Developer/usr/bin/xcodebuild -IDEClonedSourcePackagesDirPathOverride=/Users/admin/builder/spi-builder-workspace/.dependencies -skipMacroValidation -skipPackagePluginValidation -derivedDataPath /Users/admin/builder/spi-builder-workspace/.derivedData build -scheme AdjustSignature -destination platform=macOS,arch=arm64
Resolve Package Graph
Resolved source packages:
  AdjustSignature: /Users/admin/builder/spi-builder-workspace
ComputePackagePrebuildTargetDependencyGraph
Prepare packages
CreateBuildRequest
SendProjectDescription
CreateBuildOperation
ComputeTargetDependencyGraph
note: Building targets in dependency order
note: Target dependency graph (1 target)
    Target 'AdjustSignature-product' in project 'AdjustSignature' (no dependencies)
GatherProvisioningInputs
CreateBuildDescription
ExecuteExternalTool /Applications/Xcode-27.0.0-Release.Candidate.app/Contents/Developer/Toolchains/XcodeDefault.xctoolchain/usr/bin/clang -v -E -dM -isysroot /Applications/Xcode-27.0.0-Release.Candidate.app/Contents/Developer/Platforms/MacOSX.platform/Developer/SDKs/MacOSX27.0.sdk -x c -c /dev/null
Build description signature: 10c320b75a290042ebd2d4ffe485d14e
Build description path: /Users/admin/builder/spi-builder-workspace/.derivedData/Build/Intermediates.noindex/XCBuildData/10c320b75a290042ebd2d4ffe485d14e.xcbuilddata
/Users/admin/builder/spi-builder-workspace/.dependencies/artifacts/spi-builder-workspace/AdjustSignature/AdjustSigSdk.xcframework:1:1: error: While building for macOS, no library for this platform was found in '/Users/admin/builder/spi-builder-workspace/.dependencies/artifacts/spi-builder-workspace/AdjustSignature/AdjustSigSdk.xcframework'. (in target 'AdjustSignature-product' from project 'AdjustSignature')
2026-09-27 07:27:16.216 xcodebuild[661:4188] [MT] IDERunDestination: Supported platforms for the buildables in the current scheme is empty.
--- xcodebuild: WARNING: Using the first of multiple matching destinations:
{ platform:macOS, arch:arm64, id:56dd7c7e38a12893a5791f7b741c74c45e749508, name:My Mac }
{ platform:macOS, arch:arm64, variant:Mac Catalyst, id:56dd7c7e38a12893a5791f7b741c74c45e749508, name:My Mac }
{ platform:macOS, arch:arm64, variant:DriverKit, id:56dd7c7e38a12893a5791f7b741c74c45e749508, name:My Mac }
{ platform:macOS, arch:arm64, variant:Designed for [iPad,iPhone], id:56dd7c7e38a12893a5791f7b741c74c45e749508, name:My Mac }
** BUILD FAILED **
The following build commands failed:
	Building workspace AdjustSignature with scheme AdjustSignature
(1 failure)
Command line invocation:
    /Applications/Xcode-27.0.0-Release.Candidate.app/Contents/Developer/usr/bin/xcodebuild -IDEClonedSourcePackagesDirPathOverride=/Users/admin/builder/spi-builder-workspace/.dependencies -resolvePackageDependencies
Resolve Package Graph
Resolved source packages:
  AdjustSignature: /Users/admin/builder/spi-builder-workspace
resolved source packages: AdjustSignature
2026-09-27 07:27:17.778 xcodebuild[673:4280] [MT] IDERunDestination: Supported platforms for the buildables in the current scheme is empty.
{
  "dependencies" : [
  ],
  "manifest_display_name" : "AdjustSignature",
  "name" : "AdjustSignature",
  "path" : "/Users/admin/builder/spi-builder-workspace",
  "platforms" : [
  ],
  "products" : [
    {
      "name" : "AdjustSignature",
      "targets" : [
        "AdjustSignature"
      ],
      "type" : {
        "library" : [
          "automatic"
        ]
      }
    }
  ],
  "targets" : [
    {
      "c99name" : "AdjustSignature",
      "module_type" : "BinaryTarget",
      "name" : "AdjustSignature",
      "path" : "remote/archive/AdjustSigSdk-iOS-tvOS-Dynamic-5.5.0.xcframework.zip",
      "product_memberships" : [
        "AdjustSignature"
      ],
      "sources" : [
      ],
      "type" : "binary"
    }
  ],
  "tools_version" : "5.3"
}
{
  "workspace" : {
    "name" : "AdjustSignature",
    "schemes" : [
      "AdjustSignature"
    ]
  }
}
2026-09-27 07:27:18.949 xcodebuild[681:4339] [MT] IDERunDestination: Supported platforms for the buildables in the current scheme is empty.
Running build ...
env DEVELOPER_DIR=/Applications/Xcode-27.0.0-Release.Candidate.app xcrun xcodebuild -IDEClonedSourcePackagesDirPathOverride=$PWD/.dependencies -skipMacroValidation -skipPackagePluginValidation -derivedDataPath $PWD/.derivedData build -scheme AdjustSignature -destination platform=macOS,arch=arm64
Command line invocation:
    /Applications/Xcode-27.0.0-Release.Candidate.app/Contents/Developer/usr/bin/xcodebuild -IDEClonedSourcePackagesDirPathOverride=/Users/admin/builder/spi-builder-workspace/.dependencies -skipMacroValidation -skipPackagePluginValidation -derivedDataPath /Users/admin/builder/spi-builder-workspace/.derivedData build -scheme AdjustSignature -destination platform=macOS,arch=arm64
Resolve Package Graph
Resolved source packages:
  AdjustSignature: /Users/admin/builder/spi-builder-workspace
ComputePackagePrebuildTargetDependencyGraph
Prepare packages
CreateBuildRequest
SendProjectDescription
CreateBuildOperation
ComputeTargetDependencyGraph
note: Building targets in dependency order
note: Target dependency graph (1 target)
    Target 'AdjustSignature-product' in project 'AdjustSignature' (no dependencies)
GatherProvisioningInputs
CreateBuildDescription
/Users/admin/builder/spi-builder-workspace/.dependencies/artifacts/spi-builder-workspace/AdjustSignature/AdjustSigSdk.xcframework:1:1: error: While building for macOS, no library for this platform was found in '/Users/admin/builder/spi-builder-workspace/.dependencies/artifacts/spi-builder-workspace/AdjustSignature/AdjustSigSdk.xcframework'. (in target 'AdjustSignature-product' from project 'AdjustSignature')
2026-09-27 07:27:19.873 xcodebuild[682:4366] [MT] IDERunDestination: Supported platforms for the buildables in the current scheme is empty.
--- xcodebuild: WARNING: Using the first of multiple matching destinations:
{ platform:macOS, arch:arm64, id:56dd7c7e38a12893a5791f7b741c74c45e749508, name:My Mac }
{ platform:macOS, arch:arm64, variant:Mac Catalyst, id:56dd7c7e38a12893a5791f7b741c74c45e749508, name:My Mac }
{ platform:macOS, arch:arm64, variant:DriverKit, id:56dd7c7e38a12893a5791f7b741c74c45e749508, name:My Mac }
{ platform:macOS, arch:arm64, variant:Designed for [iPad,iPhone], id:56dd7c7e38a12893a5791f7b741c74c45e749508, name:My Mac }
** BUILD FAILED **
The following build commands failed:
	Building workspace AdjustSignature with scheme AdjustSignature
(1 failure)
BUILD FAILURE 6.4 macosXcodebuild