The Swift Package Index logo.Swift Package Index

Build Information

Failed to build SwiftUIJoystick, reference 1.5.0 (5bd303), with Swift 6.4 for tvOS using Xcode 27.0 on 22 Sep 2026 12:47:09 UTC.

Build Command

env DEVELOPER_DIR=/Applications/Xcode-27.0.0-Release.Candidate.app xcrun xcodebuild -IDEClonedSourcePackagesDirPathOverride=$PWD/.dependencies -skipMacroValidation -skipPackagePluginValidation -derivedDataPath $PWD/.derivedData build -scheme SwiftUIJoystick -destination generic/platform=tvOS

Build Log

========================================
RunAll
========================================
Builder version: 5.1.0
Interrupt handler set up.
========================================
Checkout
========================================
Clone URL: https://github.com/michael94ellis/SwiftUIJoystick.git
Reference: 1.5.0
Initialized empty Git repository in /Users/admin/builder/spi-builder-workspace/.git/
From https://github.com/michael94ellis/SwiftUIJoystick
 * tag               1.5.0      -> FETCH_HEAD
HEAD is now at 5bd303c Merge pull request #4 from c941010623/main
Cloned https://github.com/michael94ellis/SwiftUIJoystick.git
Revision (git rev-parse @):
5bd303cdafb369a70a45c902538b42dd3c5f4d65
SUCCESS checkout https://github.com/michael94ellis/SwiftUIJoystick.git at 1.5.0
========================================
Build
========================================
Selected platform:         tvOS
Swift version:             6.4
Building package at path:  $PWD
https://github.com/michael94ellis/SwiftUIJoystick.git
Command line invocation:
    /Applications/Xcode-27.0.0-Release.Candidate.app/Contents/Developer/usr/bin/xcodebuild -IDEClonedSourcePackagesDirPathOverride=/Users/admin/builder/spi-builder-workspace/.dependencies -resolvePackageDependencies
Resolve Package Graph
Fetching from https://github.com/michael94ellis/SwiftUIJoystick
Creating working copy of package ‘SwiftUIJoystick’
Checking out main (8ef7668) of package ‘SwiftUIJoystick’
Resolved source packages:
  SwiftUIJoystick: https://github.com/michael94ellis/SwiftUIJoystick @ main (8ef7668)
resolved source packages: SwiftUIJoystick
{
  "dependencies" : [
  ],
  "manifest_display_name" : "SwiftUIJoystick",
  "name" : "SwiftUIJoystick",
  "path" : "/Users/admin/builder/spi-builder-workspace",
  "platforms" : [
    {
      "name" : "ios",
      "version" : "13.0"
    },
    {
      "name" : "macos",
      "version" : "10.15"
    },
    {
      "name" : "tvos",
      "version" : "13.0"
    },
    {
      "name" : "watchos",
      "version" : "6.0"
    }
  ],
  "products" : [
    {
      "name" : "SwiftUIJoystick",
      "targets" : [
        "SwiftUIJoystick"
      ],
      "type" : {
        "library" : [
          "automatic"
        ]
      }
    }
  ],
  "targets" : [
    {
      "c99name" : "SwiftUIJoystickTests",
      "module_type" : "SwiftTarget",
      "name" : "SwiftUIJoystickTests",
      "path" : "Tests/SwiftUIJoystickTests",
      "sources" : [
        "SwiftUIJoystickTests.swift"
      ],
      "target_dependencies" : [
        "SwiftUIJoystick"
      ],
      "type" : "test"
    },
    {
      "c99name" : "SwiftUIJoystick",
      "module_type" : "SwiftTarget",
      "name" : "SwiftUIJoystick",
      "path" : "Sources/SwiftUIJoystick",
      "product_memberships" : [
        "SwiftUIJoystick"
      ],
      "sources" : [
        "CGPoint-Extension.swift",
        "JoystickBuilder.swift",
        "JoystickMonitor.swift",
        "JoystickRecognizer.swift",
        "JoystickShape.swift",
        "PolarCoordinate.swift",
        "View-Extension.swift"
      ],
      "type" : "library"
    }
  ],
  "tools_version" : "5.5"
}
{
  "project" : {
    "configurations" : [
      "Debug",
      "Release"
    ],
    "name" : "SwiftUIJoystickApp",
    "schemes" : [
      "App",
      "SwiftUIJoystick",
      "SwiftUIJoystickTests"
    ],
    "targets" : [
      "SwiftUIJoystickApp"
    ]
  }
}
{
  "workspace" : {
    "name" : "SwiftUIJoystick",
    "schemes" : [
      "SwiftUIJoystick",
      "SwiftUIJoystickTests"
    ]
  }
}
2026-09-22 08:46:54.305 xcodebuild[685:4349] [MT] IDERunDestination: Supported platforms for the buildables in the current scheme is empty.
2026-09-22 08:46:54.561 xcodebuild[685:4349] [MT] IDERunDestination: Supported platforms for the buildables in the current scheme is empty.
Running build ...
env DEVELOPER_DIR=/Applications/Xcode-27.0.0-Release.Candidate.app xcrun xcodebuild -IDEClonedSourcePackagesDirPathOverride=$PWD/.dependencies -skipMacroValidation -skipPackagePluginValidation -derivedDataPath $PWD/.derivedData build -scheme SwiftUIJoystick -destination generic/platform=tvOS
Command line invocation:
    /Applications/Xcode-27.0.0-Release.Candidate.app/Contents/Developer/usr/bin/xcodebuild -IDEClonedSourcePackagesDirPathOverride=/Users/admin/builder/spi-builder-workspace/.dependencies -skipMacroValidation -skipPackagePluginValidation -derivedDataPath /Users/admin/builder/spi-builder-workspace/.derivedData build -scheme SwiftUIJoystick -destination generic/platform=tvOS
Resolve Package Graph
Resolved source packages:
  SwiftUIJoystick: /Users/admin/builder/spi-builder-workspace
ComputePackagePrebuildTargetDependencyGraph
Prepare packages
CreateBuildRequest
SendProjectDescription
CreateBuildOperation
ComputeTargetDependencyGraph
note: Building targets in dependency order
note: Target dependency graph (3 targets)
    Target 'SwiftUIJoystickTests-product' in project 'SwiftUIJoystick'
        ➜ Explicit dependency on target 'SwiftUIJoystick' in project 'SwiftUIJoystick'
    Target 'SwiftUIJoystick-product' in project 'SwiftUIJoystick'
        ➜ Explicit dependency on target 'SwiftUIJoystick' in project 'SwiftUIJoystick'
    Target 'SwiftUIJoystick' in project 'SwiftUIJoystick' (no dependencies)
GatherProvisioningInputs
CreateBuildDescription
ExecuteExternalTool /Applications/Xcode-27.0.0-Release.Candidate.app/Contents/Developer/Toolchains/XcodeDefault.xctoolchain/usr/bin/clang -v -E -dM -isysroot /Applications/Xcode-27.0.0-Release.Candidate.app/Contents/Developer/Platforms/AppleTVOS.platform/Developer/SDKs/AppleTVOS27.0.sdk -x c -c /dev/null
ExecuteExternalTool /Applications/Xcode-27.0.0-Release.Candidate.app/Contents/Developer/Toolchains/XcodeDefault.xctoolchain/usr/bin/swiftc --version
ExecuteExternalTool /Applications/Xcode-27.0.0-Release.Candidate.app/Contents/Developer/Toolchains/XcodeDefault.xctoolchain/usr/bin/ld -version_details
Build description signature: b7b46634f511b152ae2da9b3843a7438
Build description path: /Users/admin/builder/spi-builder-workspace/.derivedData/Build/Intermediates.noindex/XCBuildData/b7b46634f511b152ae2da9b3843a7438.xcbuilddata
CreateBuildDirectory /Users/admin/builder/spi-builder-workspace/.derivedData/SDKExplicitPrecompiledModules
    cd /Users/admin/builder/spi-builder-workspace/.swiftpm/xcode
    builtin-create-build-directory /Users/admin/builder/spi-builder-workspace/.derivedData/SDKExplicitPrecompiledModules
CreateBuildDirectory /Users/admin/builder/spi-builder-workspace/.derivedData/ModuleCache.noindex
    cd /Users/admin/builder/spi-builder-workspace/.swiftpm/xcode
    builtin-create-build-directory /Users/admin/builder/spi-builder-workspace/.derivedData/ModuleCache.noindex
CreateBuildDirectory /Users/admin/builder/spi-builder-workspace/.derivedData/CompilationCache.noindex
    cd /Users/admin/builder/spi-builder-workspace/.swiftpm/xcode
    builtin-create-build-directory /Users/admin/builder/spi-builder-workspace/.derivedData/CompilationCache.noindex
CreateBuildDirectory /Users/admin/builder/spi-builder-workspace/.derivedData/Build/Intermediates.noindex
    cd /Users/admin/builder/spi-builder-workspace/.swiftpm/xcode
    builtin-create-build-directory /Users/admin/builder/spi-builder-workspace/.derivedData/Build/Intermediates.noindex
CreateBuildDirectory /Users/admin/builder/spi-builder-workspace/.derivedData/Build/Products
    cd /Users/admin/builder/spi-builder-workspace/.swiftpm/xcode
    builtin-create-build-directory /Users/admin/builder/spi-builder-workspace/.derivedData/Build/Products
ClangStatCache /Applications/Xcode-27.0.0-Release.Candidate.app/Contents/Developer/Toolchains/XcodeDefault.xctoolchain/usr/bin/clang-stat-cache /Applications/Xcode-27.0.0-Release.Candidate.app/Contents/Developer/Platforms/AppleTVOS.platform/Developer/SDKs/AppleTVOS27.0.sdk /Users/admin/builder/spi-builder-workspace/.derivedData/SDKStatCaches.noindex/appletvos27.0-24J360-e829b21a6f8c9b70876ba0858053c044b32bfd8d43560033f8d89884cdb90028.sdkstatcache
    cd /Users/admin/builder/spi-builder-workspace/.swiftpm/xcode
    /Applications/Xcode-27.0.0-Release.Candidate.app/Contents/Developer/Toolchains/XcodeDefault.xctoolchain/usr/bin/clang-stat-cache /Applications/Xcode-27.0.0-Release.Candidate.app/Contents/Developer/Platforms/AppleTVOS.platform/Developer/SDKs/AppleTVOS27.0.sdk -o /Users/admin/builder/spi-builder-workspace/.derivedData/SDKStatCaches.noindex/appletvos27.0-24J360-e829b21a6f8c9b70876ba0858053c044b32bfd8d43560033f8d89884cdb90028.sdkstatcache
CreateBuildDirectory /Users/admin/builder/spi-builder-workspace/.derivedData/Build/Intermediates.noindex/SwiftExplicitPrecompiledModules
    cd /Users/admin/builder/spi-builder-workspace/.swiftpm/xcode
    builtin-create-build-directory /Users/admin/builder/spi-builder-workspace/.derivedData/Build/Intermediates.noindex/SwiftExplicitPrecompiledModules
CreateBuildDirectory /Users/admin/builder/spi-builder-workspace/.derivedData/Build/Intermediates.noindex/PrecompiledHeaders
    cd /Users/admin/builder/spi-builder-workspace/.swiftpm/xcode
    builtin-create-build-directory /Users/admin/builder/spi-builder-workspace/.derivedData/Build/Intermediates.noindex/PrecompiledHeaders
CreateBuildDirectory /Users/admin/builder/spi-builder-workspace/.derivedData/Build/Intermediates.noindex/ExplicitPrecompiledModules
    cd /Users/admin/builder/spi-builder-workspace/.swiftpm/xcode
    builtin-create-build-directory /Users/admin/builder/spi-builder-workspace/.derivedData/Build/Intermediates.noindex/ExplicitPrecompiledModules
CreateBuildDirectory /Users/admin/builder/spi-builder-workspace/.derivedData/Build/Intermediates.noindex/EagerLinkingTBDs/Debug-appletvos
    cd /Users/admin/builder/spi-builder-workspace/.swiftpm/xcode
    builtin-create-build-directory /Users/admin/builder/spi-builder-workspace/.derivedData/Build/Intermediates.noindex/EagerLinkingTBDs/Debug-appletvos
CreateBuildDirectory /Users/admin/builder/spi-builder-workspace/.derivedData/Build/Products/Debug-appletvos
    cd /Users/admin/builder/spi-builder-workspace/.swiftpm/xcode
    builtin-create-build-directory /Users/admin/builder/spi-builder-workspace/.derivedData/Build/Products/Debug-appletvos
CreateBuildDirectory /Users/admin/builder/spi-builder-workspace/.derivedData/Build/Products/Debug-appletvos/PackageFrameworks
    cd /Users/admin/builder/spi-builder-workspace/.swiftpm/xcode
    builtin-create-build-directory /Users/admin/builder/spi-builder-workspace/.derivedData/Build/Products/Debug-appletvos/PackageFrameworks
WriteAuxiliaryFile /Users/admin/builder/spi-builder-workspace/.derivedData/Build/Intermediates.noindex/SwiftUIJoystick.build/Debug-appletvos/SwiftUIJoystickTests-p.build/empty-SwiftUIJoystickTests.plist (in target 'SwiftUIJoystickTests-product' from project 'SwiftUIJoystick')
    cd /Users/admin/builder/spi-builder-workspace
    write-file /Users/admin/builder/spi-builder-workspace/.derivedData/Build/Intermediates.noindex/SwiftUIJoystick.build/Debug-appletvos/SwiftUIJoystickTests-p.build/empty-SwiftUIJoystickTests.plist
WriteAuxiliaryFile /Users/admin/builder/spi-builder-workspace/.derivedData/Build/Intermediates.noindex/SwiftUIJoystick.build/Debug-appletvos/SwiftUIJoystickTests-p.build/SwiftUIJoystickTests.DependencyMetadataFileList (in target 'SwiftUIJoystickTests-product' from project 'SwiftUIJoystick')
    cd /Users/admin/builder/spi-builder-workspace
    write-file /Users/admin/builder/spi-builder-workspace/.derivedData/Build/Intermediates.noindex/SwiftUIJoystick.build/Debug-appletvos/SwiftUIJoystickTests-p.build/SwiftUIJoystickTests.DependencyMetadataFileList
WriteAuxiliaryFile /Users/admin/builder/spi-builder-workspace/.derivedData/Build/Intermediates.noindex/SwiftUIJoystick.build/Debug-appletvos/SwiftUIJoystickTests-p.build/SwiftUIJoystickTests.DependencyStaticMetadataFileList (in target 'SwiftUIJoystickTests-product' from project 'SwiftUIJoystick')
    cd /Users/admin/builder/spi-builder-workspace
    write-file /Users/admin/builder/spi-builder-workspace/.derivedData/Build/Intermediates.noindex/SwiftUIJoystick.build/Debug-appletvos/SwiftUIJoystickTests-p.build/SwiftUIJoystickTests.DependencyStaticMetadataFileList
WriteAuxiliaryFile /Users/admin/builder/spi-builder-workspace/.derivedData/Build/Intermediates.noindex/SwiftUIJoystick.build/Debug-appletvos/SwiftUIJoystickTests-p.build/Objects-normal/arm64/SwiftUIJoystickTests.LinkFileList (in target 'SwiftUIJoystickTests-product' from project 'SwiftUIJoystick')
    cd /Users/admin/builder/spi-builder-workspace
    write-file /Users/admin/builder/spi-builder-workspace/.derivedData/Build/Intermediates.noindex/SwiftUIJoystick.build/Debug-appletvos/SwiftUIJoystickTests-p.build/Objects-normal/arm64/SwiftUIJoystickTests.LinkFileList
WriteAuxiliaryFile /Users/admin/builder/spi-builder-workspace/.derivedData/Build/Intermediates.noindex/SwiftUIJoystick.build/Debug-appletvos/SwiftUIJoystickTests-p.build/Objects-normal/arm64/SwiftUIJoystickTests.SwiftConstValuesFileList (in target 'SwiftUIJoystickTests-product' from project 'SwiftUIJoystick')
    cd /Users/admin/builder/spi-builder-workspace
    write-file /Users/admin/builder/spi-builder-workspace/.derivedData/Build/Intermediates.noindex/SwiftUIJoystick.build/Debug-appletvos/SwiftUIJoystickTests-p.build/Objects-normal/arm64/SwiftUIJoystickTests.SwiftConstValuesFileList
WriteAuxiliaryFile /Users/admin/builder/spi-builder-workspace/.derivedData/Build/Intermediates.noindex/SwiftUIJoystick.build/Debug-appletvos/SwiftUIJoystickTests-p.build/Objects-normal/arm64/SwiftUIJoystickTests.SwiftFileList (in target 'SwiftUIJoystickTests-product' from project 'SwiftUIJoystick')
    cd /Users/admin/builder/spi-builder-workspace
    write-file /Users/admin/builder/spi-builder-workspace/.derivedData/Build/Intermediates.noindex/SwiftUIJoystick.build/Debug-appletvos/SwiftUIJoystickTests-p.build/Objects-normal/arm64/SwiftUIJoystickTests.SwiftFileList
WriteAuxiliaryFile /Users/admin/builder/spi-builder-workspace/.derivedData/Build/Intermediates.noindex/SwiftUIJoystick.build/Debug-appletvos/SwiftUIJoystickTests-p.build/Objects-normal/arm64/SwiftUIJoystickTests_const_extract_protocols.json (in target 'SwiftUIJoystickTests-product' from project 'SwiftUIJoystick')
    cd /Users/admin/builder/spi-builder-workspace
    write-file /Users/admin/builder/spi-builder-workspace/.derivedData/Build/Intermediates.noindex/SwiftUIJoystick.build/Debug-appletvos/SwiftUIJoystickTests-p.build/Objects-normal/arm64/SwiftUIJoystickTests_const_extract_protocols.json
WriteAuxiliaryFile /Users/admin/builder/spi-builder-workspace/.derivedData/Build/Intermediates.noindex/SwiftUIJoystick.build/Debug-appletvos/SwiftUIJoystickTests-p.build/Objects-normal/arm64/SwiftUIJoystickTests-OutputFileMap.json (in target 'SwiftUIJoystickTests-product' from project 'SwiftUIJoystick')
    cd /Users/admin/builder/spi-builder-workspace
    write-file /Users/admin/builder/spi-builder-workspace/.derivedData/Build/Intermediates.noindex/SwiftUIJoystick.build/Debug-appletvos/SwiftUIJoystickTests-p.build/Objects-normal/arm64/SwiftUIJoystickTests-OutputFileMap.json
WriteAuxiliaryFile /Users/admin/builder/spi-builder-workspace/.derivedData/Build/Intermediates.noindex/SwiftUIJoystick.build/Debug-appletvos/SwiftUIJoystick-t.build/SwiftUIJoystick.modulemap (in target 'SwiftUIJoystick' from project 'SwiftUIJoystick')
    cd /Users/admin/builder/spi-builder-workspace
    write-file /Users/admin/builder/spi-builder-workspace/.derivedData/Build/Intermediates.noindex/SwiftUIJoystick.build/Debug-appletvos/SwiftUIJoystick-t.build/SwiftUIJoystick.modulemap
WriteAuxiliaryFile /Users/admin/builder/spi-builder-workspace/.derivedData/Build/Intermediates.noindex/SwiftUIJoystick.build/Debug-appletvos/SwiftUIJoystick-t.build/SwiftUIJoystick.DependencyMetadataFileList (in target 'SwiftUIJoystick' from project 'SwiftUIJoystick')
    cd /Users/admin/builder/spi-builder-workspace
    write-file /Users/admin/builder/spi-builder-workspace/.derivedData/Build/Intermediates.noindex/SwiftUIJoystick.build/Debug-appletvos/SwiftUIJoystick-t.build/SwiftUIJoystick.DependencyMetadataFileList
WriteAuxiliaryFile /Users/admin/builder/spi-builder-workspace/.derivedData/Build/Intermediates.noindex/SwiftUIJoystick.build/Debug-appletvos/SwiftUIJoystick-t.build/SwiftUIJoystick.DependencyStaticMetadataFileList (in target 'SwiftUIJoystick' from project 'SwiftUIJoystick')
    cd /Users/admin/builder/spi-builder-workspace
    write-file /Users/admin/builder/spi-builder-workspace/.derivedData/Build/Intermediates.noindex/SwiftUIJoystick.build/Debug-appletvos/SwiftUIJoystick-t.build/SwiftUIJoystick.DependencyStaticMetadataFileList
MkDir /Users/admin/builder/spi-builder-workspace/.derivedData/Build/Products/Debug-appletvos/SwiftUIJoystickTests.xctest (in target 'SwiftUIJoystickTests-product' from project 'SwiftUIJoystick')
    cd /Users/admin/builder/spi-builder-workspace
    /bin/mkdir -p /Users/admin/builder/spi-builder-workspace/.derivedData/Build/Products/Debug-appletvos/SwiftUIJoystickTests.xctest
WriteAuxiliaryFile /Users/admin/builder/spi-builder-workspace/.derivedData/Build/Intermediates.noindex/SwiftUIJoystick.build/Debug-appletvos/SwiftUIJoystick-t.build/Objects-normal/arm64/SwiftUIJoystick.LinkFileList (in target 'SwiftUIJoystick' from project 'SwiftUIJoystick')
    cd /Users/admin/builder/spi-builder-workspace
    write-file /Users/admin/builder/spi-builder-workspace/.derivedData/Build/Intermediates.noindex/SwiftUIJoystick.build/Debug-appletvos/SwiftUIJoystick-t.build/Objects-normal/arm64/SwiftUIJoystick.LinkFileList
WriteAuxiliaryFile /Users/admin/builder/spi-builder-workspace/.derivedData/Build/Intermediates.noindex/SwiftUIJoystick.build/Debug-appletvos/SwiftUIJoystick-t.build/Objects-normal/arm64/SwiftUIJoystick-OutputFileMap.json (in target 'SwiftUIJoystick' from project 'SwiftUIJoystick')
    cd /Users/admin/builder/spi-builder-workspace
    write-file /Users/admin/builder/spi-builder-workspace/.derivedData/Build/Intermediates.noindex/SwiftUIJoystick.build/Debug-appletvos/SwiftUIJoystick-t.build/Objects-normal/arm64/SwiftUIJoystick-OutputFileMap.json
WriteAuxiliaryFile /Users/admin/builder/spi-builder-workspace/.derivedData/Build/Intermediates.noindex/SwiftUIJoystick.build/Debug-appletvos/SwiftUIJoystick-t.build/Objects-normal/arm64/SwiftUIJoystick_const_extract_protocols.json (in target 'SwiftUIJoystick' from project 'SwiftUIJoystick')
    cd /Users/admin/builder/spi-builder-workspace
    write-file /Users/admin/builder/spi-builder-workspace/.derivedData/Build/Intermediates.noindex/SwiftUIJoystick.build/Debug-appletvos/SwiftUIJoystick-t.build/Objects-normal/arm64/SwiftUIJoystick_const_extract_protocols.json
WriteAuxiliaryFile /Users/admin/builder/spi-builder-workspace/.derivedData/Build/Intermediates.noindex/SwiftUIJoystick.build/Debug-appletvos/SwiftUIJoystick-t.build/Objects-normal/arm64/SwiftUIJoystick.SwiftConstValuesFileList (in target 'SwiftUIJoystick' from project 'SwiftUIJoystick')
    cd /Users/admin/builder/spi-builder-workspace
    write-file /Users/admin/builder/spi-builder-workspace/.derivedData/Build/Intermediates.noindex/SwiftUIJoystick.build/Debug-appletvos/SwiftUIJoystick-t.build/Objects-normal/arm64/SwiftUIJoystick.SwiftConstValuesFileList
WriteAuxiliaryFile /Users/admin/builder/spi-builder-workspace/.derivedData/Build/Intermediates.noindex/SwiftUIJoystick.build/Debug-appletvos/SwiftUIJoystick-t.build/Objects-normal/arm64/SwiftUIJoystick.SwiftFileList (in target 'SwiftUIJoystick' from project 'SwiftUIJoystick')
    cd /Users/admin/builder/spi-builder-workspace
    write-file /Users/admin/builder/spi-builder-workspace/.derivedData/Build/Intermediates.noindex/SwiftUIJoystick.build/Debug-appletvos/SwiftUIJoystick-t.build/Objects-normal/arm64/SwiftUIJoystick.SwiftFileList
Copy /Users/admin/builder/spi-builder-workspace/.derivedData/Build/Intermediates.noindex/GeneratedModuleMaps-appletvos/SwiftUIJoystick.modulemap /Users/admin/builder/spi-builder-workspace/.derivedData/Build/Intermediates.noindex/SwiftUIJoystick.build/Debug-appletvos/SwiftUIJoystick-t.build/SwiftUIJoystick.modulemap (in target 'SwiftUIJoystick' from project 'SwiftUIJoystick')
    cd /Users/admin/builder/spi-builder-workspace
    builtin-copy -exclude .DS_Store -exclude CVS -exclude .svn -exclude .git -exclude .hg -resolve-src-symlinks /Users/admin/builder/spi-builder-workspace/.derivedData/Build/Intermediates.noindex/SwiftUIJoystick.build/Debug-appletvos/SwiftUIJoystick-t.build/SwiftUIJoystick.modulemap /Users/admin/builder/spi-builder-workspace/.derivedData/Build/Intermediates.noindex/GeneratedModuleMaps-appletvos
SwiftDriver SwiftUIJoystick normal arm64 com.apple.xcode.tools.swift.compiler (in target 'SwiftUIJoystick' from project 'SwiftUIJoystick')
    cd /Users/admin/builder/spi-builder-workspace/.swiftpm/xcode
    builtin-SwiftDriver -- /Applications/Xcode-27.0.0-Release.Candidate.app/Contents/Developer/Toolchains/XcodeDefault.xctoolchain/usr/bin/swiftc -parse-as-library -module-name SwiftUIJoystick -Onone @/Users/admin/builder/spi-builder-workspace/.derivedData/Build/Intermediates.noindex/SwiftUIJoystick.build/Debug-appletvos/SwiftUIJoystick-t.build/Objects-normal/arm64/SwiftUIJoystick.SwiftFileList -DSWIFT_PACKAGE -DDEBUG -DSWIFT_MODULE_RESOURCE_BUNDLE_UNAVAILABLE -DXcode -plugin-path /Applications/Xcode-27.0.0-Release.Candidate.app/Contents/Developer/Toolchains/XcodeDefault.xctoolchain/usr/lib/swift/host/plugins/testing -enable-experimental-feature DebugDescriptionMacro -sdk /Applications/Xcode-27.0.0-Release.Candidate.app/Contents/Developer/Platforms/AppleTVOS.platform/Developer/SDKs/AppleTVOS27.0.sdk -target arm64-apple-tvos15.0 -g -module-cache-path /Users/admin/builder/spi-builder-workspace/.derivedData/ModuleCache.noindex -Xfrontend -serialize-debugging-options -enable-testing -index-store-path /Users/admin/builder/spi-builder-workspace/.derivedData/Index.noindex/DataStore -Xcc -D_LIBCPP_HARDENING_MODE\=_LIBCPP_HARDENING_MODE_DEBUG -swift-version 5 -I /Users/admin/builder/spi-builder-workspace/.derivedData/Build/Products/Debug-appletvos -Isystem /Applications/Xcode-27.0.0-Release.Candidate.app/Contents/Developer/Platforms/AppleTVOS.platform/Developer/usr/lib -F /Users/admin/builder/spi-builder-workspace/.derivedData/Build/Products/Debug-appletvos -F /Applications/Xcode-27.0.0-Release.Candidate.app/Contents/Developer/Platforms/AppleTVOS.platform/Developer/Library/Frameworks -F /Applications/Xcode-27.0.0-Release.Candidate.app/Contents/Developer/Platforms/AppleTVOS.platform/Developer/SDKs/AppleTVOS27.0.sdk/Developer/Library/Frameworks -c -j10 -enable-batch-mode -incremental -Xcc -ivfsstatcache -Xcc /Users/admin/builder/spi-builder-workspace/.derivedData/SDKStatCaches.noindex/appletvos27.0-24J360-e829b21a6f8c9b70876ba0858053c044b32bfd8d43560033f8d89884cdb90028.sdkstatcache -output-file-map /Users/admin/builder/spi-builder-workspace/.derivedData/Build/Intermediates.noindex/SwiftUIJoystick.build/Debug-appletvos/SwiftUIJoystick-t.build/Objects-normal/arm64/SwiftUIJoystick-OutputFileMap.json -save-temps -no-color-diagnostics -explicit-module-build -module-cache-path /Users/admin/builder/spi-builder-workspace/.derivedData/Build/Intermediates.noindex/SwiftExplicitPrecompiledModules -clang-scanner-module-cache-path /Users/admin/builder/spi-builder-workspace/.derivedData/ModuleCache.noindex -sdk-module-cache-path /Users/admin/builder/spi-builder-workspace/.derivedData/SDKExplicitPrecompiledModules -emit-dependencies -emit-module -emit-module-path /Users/admin/builder/spi-builder-workspace/.derivedData/Build/Intermediates.noindex/SwiftUIJoystick.build/Debug-appletvos/SwiftUIJoystick-t.build/Objects-normal/arm64/SwiftUIJoystick.swiftmodule -serialize-diagnostics -dependency-scan-serialize-diagnostics-path /Users/admin/builder/spi-builder-workspace/.derivedData/Build/Intermediates.noindex/SwiftUIJoystick.build/Debug-appletvos/SwiftUIJoystick-t.build/Objects-normal/arm64/SwiftUIJoystick-dependency-scan.dia -validate-clang-modules-once -clang-build-session-file /Users/admin/builder/spi-builder-workspace/.derivedData/ModuleCache.noindex/Session.modulevalidation -Xcc -fmodules-prune-interval\=86400 -Xcc -fmodules-prune-after\=345600 -emit-const-values -const-gather-protocols-list /Users/admin/builder/spi-builder-workspace/.derivedData/Build/Intermediates.noindex/SwiftUIJoystick.build/Debug-appletvos/SwiftUIJoystick-t.build/Objects-normal/arm64/SwiftUIJoystick_const_extract_protocols.json -Xcc -I/Users/admin/builder/spi-builder-workspace/.derivedData/Build/Products/Debug-appletvos/include -Xcc -I/Users/admin/builder/spi-builder-workspace/.derivedData/Build/Intermediates.noindex/SwiftUIJoystick.build/Debug-appletvos/SwiftUIJoystick-t.build/DerivedSources-normal/arm64 -Xcc -I/Users/admin/builder/spi-builder-workspace/.derivedData/Build/Intermediates.noindex/SwiftUIJoystick.build/Debug-appletvos/SwiftUIJoystick-t.build/DerivedSources/arm64 -Xcc -I/Users/admin/builder/spi-builder-workspace/.derivedData/Build/Intermediates.noindex/SwiftUIJoystick.build/Debug-appletvos/SwiftUIJoystick-t.build/DerivedSources -Xcc -DSWIFT_PACKAGE -Xcc -DDEBUG\=1 -emit-objc-header -emit-objc-header-path /Users/admin/builder/spi-builder-workspace/.derivedData/Build/Intermediates.noindex/SwiftUIJoystick.build/Debug-appletvos/SwiftUIJoystick-t.build/Objects-normal/arm64/SwiftUIJoystick-Swift.h -working-directory /Users/admin/builder/spi-builder-workspace/.swiftpm/xcode -experimental-emit-module-separately -disable-cmo
SwiftExplicitDependencyGeneratePcm arm64 /Users/admin/builder/spi-builder-workspace/.derivedData/SDKExplicitPrecompiledModules/ptrauth-8X2KEPL7CTRPS40TUB9APHPK6.pcm
SwiftExplicitDependencyGeneratePcm arm64 /Users/admin/builder/spi-builder-workspace/.derivedData/SDKExplicitPrecompiledModules/DeveloperToolsSupport-B1X8RI63V48AJRTH2RK6JAARV.pcm
SwiftExplicitDependencyGeneratePcm arm64 /Users/admin/builder/spi-builder-workspace/.derivedData/SDKExplicitPrecompiledModules/SwiftShims-8N4EXJ4RUJTR8K9OO3CMOH1EP.pcm
SwiftExplicitDependencyGeneratePcm arm64 /Users/admin/builder/spi-builder-workspace/.derivedData/SDKExplicitPrecompiledModules/_Builtin_stddef-9ZJZ6FDEZNKTZU8YLPMFT9RAQ.pcm
SwiftExplicitDependencyGeneratePcm arm64 /Users/admin/builder/spi-builder-workspace/.derivedData/SDKExplicitPrecompiledModules/_Builtin_stdbool-AHRDH5EKLY6D04C5E42F3VCQI.pcm
SwiftExplicitDependencyGeneratePcm arm64 /Users/admin/builder/spi-builder-workspace/.derivedData/SDKExplicitPrecompiledModules/ptrcheck-2AZ6B5IBYD3RRRTFWN2ONASY3.pcm
SwiftExplicitDependencyGeneratePcm arm64 /Users/admin/builder/spi-builder-workspace/.derivedData/SDKExplicitPrecompiledModules/_AvailabilityInternal-BV2EDDP0MI5QJDDPEEV4D9D3V.pcm
SwiftExplicitDependencyGeneratePcm arm64 /Users/admin/builder/spi-builder-workspace/.derivedData/SDKExplicitPrecompiledModules/_SwiftConcurrencyShims-BY5PD8KF1L5KF6F4Q69HE3TJ4.pcm
SwiftExplicitDependencyGeneratePcm arm64 /Users/admin/builder/spi-builder-workspace/.derivedData/SDKExplicitPrecompiledModules/_Builtin_stdarg-BO2OCAUYVAXDRVQWQ8ISKGNUQ.pcm
SwiftExplicitDependencyGeneratePcm arm64 /Users/admin/builder/spi-builder-workspace/.derivedData/SDKExplicitPrecompiledModules/_Builtin_float-8ZJAYZ85YBOAOP52Y9H6IUNP3.pcm
SwiftExplicitDependencyGeneratePcm arm64 /Users/admin/builder/spi-builder-workspace/.derivedData/SDKExplicitPrecompiledModules/_DarwinFoundation1-JOTYMOA1YZCIJ2NON6FQ848O.pcm
SwiftExplicitDependencyGeneratePcm arm64 /Users/admin/builder/spi-builder-workspace/.derivedData/SDKExplicitPrecompiledModules/_Builtin_limits-7JU2HP127LIT1X9E2V3D8WZ1.pcm
SwiftExplicitDependencyGeneratePcm arm64 /Users/admin/builder/spi-builder-workspace/.derivedData/SDKExplicitPrecompiledModules/_DarwinFoundation2-AOGAN1O02NKXRJN5V73AV3V3M.pcm
SwiftExplicitDependencyGeneratePcm arm64 /Users/admin/builder/spi-builder-workspace/.derivedData/SDKExplicitPrecompiledModules/sys_types-8GCAV1YMG5UUGHUID3CA20TCH.pcm
SwiftExplicitDependencyGeneratePcm arm64 /Users/admin/builder/spi-builder-workspace/.derivedData/SDKExplicitPrecompiledModules/_Builtin_stdint-6NFTB6IBKS143IVPGT1EKB7HO.pcm
SwiftExplicitDependencyGeneratePcm arm64 /Users/admin/builder/spi-builder-workspace/.derivedData/SDKExplicitPrecompiledModules/string_h-6EVHP7A717OUS5DMC78F79HWO.pcm
SwiftExplicitDependencyGeneratePcm arm64 /Users/admin/builder/spi-builder-workspace/.derivedData/SDKExplicitPrecompiledModules/_Builtin_tgmath-7ULT1EUHDHW4OZPSTT33H6QGE.pcm
SwiftExplicitDependencyGeneratePcm arm64 /Users/admin/builder/spi-builder-workspace/.derivedData/SDKExplicitPrecompiledModules/_Builtin_intrinsics-437O2R2NID4WAQVENR63GR82C.pcm
SwiftExplicitDependencyGeneratePcm arm64 /Users/admin/builder/spi-builder-workspace/.derivedData/SDKExplicitPrecompiledModules/_Builtin_stdatomic-3YXHN678NGYM3NL9POJ2HVEIF.pcm
SwiftExplicitDependencyGeneratePcm arm64 /Users/admin/builder/spi-builder-workspace/.derivedData/SDKExplicitPrecompiledModules/_DarwinFoundation3-8SR3855WDFHQPR6G9GHOI2C07.pcm
SwiftExplicitDependencyGeneratePcm arm64 /Users/admin/builder/spi-builder-workspace/.derivedData/SDKExplicitPrecompiledModules/_Builtin_inttypes-6X1IQ3QK9KEVKXOK9Y79EW7J3.pcm
SwiftExplicitDependencyGeneratePcm arm64 /Users/admin/builder/spi-builder-workspace/.derivedData/SDKExplicitPrecompiledModules/Darwin-DBSQAVBBPC3D2OMU5ZI2RXMST.pcm
SwiftExplicitDependencyGeneratePcm arm64 /Users/admin/builder/spi-builder-workspace/.derivedData/SDKExplicitPrecompiledModules/simd-117QUXEUT3Z7UQCUYWV2UA228.pcm
SwiftExplicitDependencyGeneratePcm arm64 /Users/admin/builder/spi-builder-workspace/.derivedData/SDKExplicitPrecompiledModules/ObjectiveC-5250FDCE56N8508OR6XUYDKZM.pcm
SwiftExplicitDependencyGeneratePcm arm64 /Users/admin/builder/spi-builder-workspace/.derivedData/SDKExplicitPrecompiledModules/MachO-EH3F5PJCIZG05NO51CEFSZYPW.pcm
SwiftExplicitDependencyGeneratePcm arm64 /Users/admin/builder/spi-builder-workspace/.derivedData/SDKExplicitPrecompiledModules/os_object-E2DGZ0SX0TULQHULZRPO6OKNW.pcm
SwiftExplicitDependencyGeneratePcm arm64 /Users/admin/builder/spi-builder-workspace/.derivedData/SDKExplicitPrecompiledModules/os_workgroup-DBUFF7811DKMX7VPBOJPGGF1U.pcm
SwiftExplicitDependencyGeneratePcm arm64 /Users/admin/builder/spi-builder-workspace/.derivedData/SDKExplicitPrecompiledModules/Dispatch-1QL58A0V50C39KVAIC6C38SHL.pcm
SwiftExplicitDependencyGeneratePcm arm64 /Users/admin/builder/spi-builder-workspace/.derivedData/SDKExplicitPrecompiledModules/Spatial-7U8NLEFXSB8BR7PJQGVMF5A4Q.pcm
SwiftExplicitDependencyGeneratePcm arm64 /Users/admin/builder/spi-builder-workspace/.derivedData/SDKExplicitPrecompiledModules/XPC-6O2DJFT3QUJ7QKTD3SNUB6PCR.pcm
SwiftExplicitDependencyGeneratePcm arm64 /Users/admin/builder/spi-builder-workspace/.derivedData/SDKExplicitPrecompiledModules/CoreFoundation-7TPJ7ENDC4L1A1ESHYI9TXS0D.pcm
SwiftExplicitDependencyGeneratePcm arm64 /Users/admin/builder/spi-builder-workspace/.derivedData/SDKExplicitPrecompiledModules/os-3GJI8H0BNAEZPQPQ1V0VVY3FY.pcm
SwiftExplicitDependencyGeneratePcm arm64 /Users/admin/builder/spi-builder-workspace/.derivedData/SDKExplicitPrecompiledModules/Security-8VMXEKVDA3MHUH9AOTP905DID.pcm
SwiftExplicitDependencyGeneratePcm arm64 /Users/admin/builder/spi-builder-workspace/.derivedData/SDKExplicitPrecompiledModules/CFNetwork-2CUR2VK9S3S3WPFXPNXNUWYGN.pcm
SwiftExplicitDependencyGeneratePcm arm64 /Users/admin/builder/spi-builder-workspace/.derivedData/SDKExplicitPrecompiledModules/CoreGraphics-CWSP3J98S2658BYCVL6RP99T3.pcm
SwiftExplicitDependencyGeneratePcm arm64 /Users/admin/builder/spi-builder-workspace/.derivedData/SDKExplicitPrecompiledModules/CoreAudioTypes-E7EH96HAL3G83QSWLT7VWYIP4.pcm
SwiftExplicitDependencyGeneratePcm arm64 /Users/admin/builder/spi-builder-workspace/.derivedData/SDKExplicitPrecompiledModules/CoreAudio-6IR1XRM0Q9YQZMFW89F3H4V3X.pcm
SwiftExplicitDependencyGeneratePcm arm64 /Users/admin/builder/spi-builder-workspace/.derivedData/SDKExplicitPrecompiledModules/Foundation-BSSIP64DIGUKMAYJOG1WPQ78X.pcm
SwiftExplicitDependencyGeneratePcm arm64 /Users/admin/builder/spi-builder-workspace/.derivedData/SDKExplicitPrecompiledModules/CoreText-59NY7PABM0I4V978161FOC04A.pcm
SwiftExplicitDependencyGeneratePcm arm64 /Users/admin/builder/spi-builder-workspace/.derivedData/SDKExplicitPrecompiledModules/ImageIO-88D4CLEBD4CLWQKT78PZ6H1O8.pcm
SwiftExplicitDependencyGeneratePcm arm64 /Users/admin/builder/spi-builder-workspace/.derivedData/SDKExplicitPrecompiledModules/IOSurface-38FJ1CKX9FV2RD97O64Z7QB17.pcm
SwiftExplicitDependencyGeneratePcm arm64 /Users/admin/builder/spi-builder-workspace/.derivedData/SDKExplicitPrecompiledModules/CoreData-DYMPHH3PH8AX9I1FHA4VFJ675.pcm
SwiftExplicitDependencyGeneratePcm arm64 /Users/admin/builder/spi-builder-workspace/.derivedData/SDKExplicitPrecompiledModules/UserNotifications-E9ZW5TH066WIJWH9080RC5NG4.pcm
SwiftExplicitDependencyGeneratePcm arm64 /Users/admin/builder/spi-builder-workspace/.derivedData/SDKExplicitPrecompiledModules/OSLog-7OT6HHTMY0ZFEQJ095LJZ6NLC.pcm
SwiftExplicitDependencyGeneratePcm arm64 /Users/admin/builder/spi-builder-workspace/.derivedData/SDKExplicitPrecompiledModules/UIUtilities-6ZFJ1AK4H8IBGEBMYQBWGBYLK.pcm
SwiftExplicitDependencyGeneratePcm arm64 /Users/admin/builder/spi-builder-workspace/.derivedData/SDKExplicitPrecompiledModules/_LocationEssentials-ETSJ65FELPWR8WH8G49R1DF2E.pcm
SwiftExplicitDependencyGeneratePcm arm64 /Users/admin/builder/spi-builder-workspace/.derivedData/SDKExplicitPrecompiledModules/Symbols-B5AU9VM9Y7NU79RLMH13Z4IFM.pcm
SwiftExplicitDependencyGeneratePcm arm64 /Users/admin/builder/spi-builder-workspace/.derivedData/SDKExplicitPrecompiledModules/UniformTypeIdentifiers-95CC8U42ZA9STP5K6GP9ZVJS5.pcm
SwiftExplicitDependencyGeneratePcm arm64 /Users/admin/builder/spi-builder-workspace/.derivedData/SDKExplicitPrecompiledModules/CoreTransferable-7V4O8DATEQ9F7SDNTCW8YWLG3.pcm
SwiftExplicitDependencyGeneratePcm arm64 /Users/admin/builder/spi-builder-workspace/.derivedData/SDKExplicitPrecompiledModules/DataDetection-37JIYZ2GWDA1L166PP1D9JKAF.pcm
SwiftExplicitDependencyGeneratePcm arm64 /Users/admin/builder/spi-builder-workspace/.derivedData/SDKExplicitPrecompiledModules/Accessibility-B6BODGZ4MQQTY0PBC4SHRP009.pcm
SwiftExplicitDependencyGeneratePcm arm64 /Users/admin/builder/spi-builder-workspace/.derivedData/SDKExplicitPrecompiledModules/CoreLocation-YVXXAOMVX0JH2KO1XTTKTY51.pcm
SwiftExplicitDependencyGeneratePcm arm64 /Users/admin/builder/spi-builder-workspace/.derivedData/SDKExplicitPrecompiledModules/OpenGLES-4NY99CNDU9WUNUYEIXSS1QFGE.pcm
SwiftExplicitDependencyGeneratePcm arm64 /Users/admin/builder/spi-builder-workspace/.derivedData/SDKExplicitPrecompiledModules/Metal-2KYBS7IML1SD788M91YV7Q0CC.pcm
SwiftExplicitDependencyGeneratePcm arm64 /Users/admin/builder/spi-builder-workspace/.derivedData/SDKExplicitPrecompiledModules/CoreVideo-DPU0PB5X0XLSVA2ETRGI6FJBM.pcm
SwiftExplicitDependencyGeneratePcm arm64 /Users/admin/builder/spi-builder-workspace/.derivedData/SDKExplicitPrecompiledModules/QuartzCore-DJSYAWKXFGVSAK5CQMOB3JSR.pcm
SwiftExplicitDependencyGeneratePcm arm64 /Users/admin/builder/spi-builder-workspace/.derivedData/SDKExplicitPrecompiledModules/CoreImage-7S2AFJ8EIY3DUFYLEAX1JR1QV.pcm
SwiftExplicitDependencyGeneratePcm arm64 /Users/admin/builder/spi-builder-workspace/.derivedData/SDKExplicitPrecompiledModules/CoreMedia-4OUKVT03LV547KZJDPPJRJ4F8.pcm
SwiftExplicitDependencyGeneratePcm arm64 /Users/admin/builder/spi-builder-workspace/.derivedData/SDKExplicitPrecompiledModules/SwiftUICore-543QU5V2NHKUFCYFJDKUJ7NYG.pcm
SwiftExplicitDependencyGeneratePcm arm64 /Users/admin/builder/spi-builder-workspace/.derivedData/SDKExplicitPrecompiledModules/UIKit-1TKWN7VC2X6N3ITMRVA2G0EB2.pcm
SwiftExplicitDependencyGeneratePcm arm64 /Users/admin/builder/spi-builder-workspace/.derivedData/SDKExplicitPrecompiledModules/SwiftUI-7BV1YDT6IZWW6B8OC6ENV0Y0F.pcm
SwiftEmitModule normal arm64 Emitting\ module\ for\ SwiftUIJoystick (in target 'SwiftUIJoystick' from project 'SwiftUIJoystick')
SwiftCompile normal arm64 (in target 'SwiftUIJoystick' from project 'SwiftUIJoystick')
    cd /Users/admin/builder/spi-builder-workspace/.swiftpm/xcode

SwiftCompile normal arm64 Compiling\ JoystickBuilder.swift /Users/admin/builder/spi-builder-workspace/Sources/SwiftUIJoystick/JoystickBuilder.swift (in target 'SwiftUIJoystick' from project 'SwiftUIJoystick')
SwiftCompile normal arm64 /Users/admin/builder/spi-builder-workspace/Sources/SwiftUIJoystick/JoystickBuilder.swift (in target 'SwiftUIJoystick' from project 'SwiftUIJoystick')
    cd /Users/admin/builder/spi-builder-workspace/.swiftpm/xcode
    builtin-SwiftPerFileCompile JoystickBuilder.swift
SwiftCompile normal arm64 Compiling\ View-Extension.swift /Users/admin/builder/spi-builder-workspace/Sources/SwiftUIJoystick/View-Extension.swift (in target 'SwiftUIJoystick' from project 'SwiftUIJoystick')
SwiftCompile normal arm64 /Users/admin/builder/spi-builder-workspace/Sources/SwiftUIJoystick/View-Extension.swift (in target 'SwiftUIJoystick' from project 'SwiftUIJoystick')
    cd /Users/admin/builder/spi-builder-workspace/.swiftpm/xcode
    builtin-SwiftPerFileCompile View-Extension.swift
SwiftCompile normal arm64 Compiling\ JoystickShape.swift /Users/admin/builder/spi-builder-workspace/Sources/SwiftUIJoystick/JoystickShape.swift (in target 'SwiftUIJoystick' from project 'SwiftUIJoystick')
SwiftCompile normal arm64 /Users/admin/builder/spi-builder-workspace/Sources/SwiftUIJoystick/JoystickShape.swift (in target 'SwiftUIJoystick' from project 'SwiftUIJoystick')
    cd /Users/admin/builder/spi-builder-workspace/.swiftpm/xcode
    builtin-SwiftPerFileCompile JoystickShape.swift
SwiftCompile normal arm64 Compiling\ JoystickRecognizer.swift /Users/admin/builder/spi-builder-workspace/Sources/SwiftUIJoystick/JoystickRecognizer.swift (in target 'SwiftUIJoystick' from project 'SwiftUIJoystick')
/Users/admin/builder/spi-builder-workspace/Sources/SwiftUIJoystick/JoystickRecognizer.swift:88:17: error: 'DragGesture' is unavailable in tvOS
 86 |             .contentShape(Rectangle())
 87 |             .gesture(
 88 |                 DragGesture(minimumDistance: 0, coordinateSpace: .local)
    |                 `- error: 'DragGesture' is unavailable in tvOS
 89 |                     .onChanged({ value in
 90 |                         var thumbX = value.location.x
SwiftUI.DragGesture:3:42: note: 'DragGesture' has been explicitly marked unavailable here
 1 | @available(iOS 13.0, macOS 10.15, watchOS 6.0, *)
 2 | @available(tvOS, unavailable)
 3 | @MainActor @preconcurrency public struct DragGesture : Gesture, ~Sendable {
   |                                          `- note: 'DragGesture' has been explicitly marked unavailable here
 4 |     public struct Value : Equatable, Sendable {
 5 |         public var time: Date
/Users/admin/builder/spi-builder-workspace/Sources/SwiftUIJoystick/JoystickRecognizer.swift:88:17: error: 'init(minimumDistance:coordinateSpace:)' is unavailable in tvOS
 86 |             .contentShape(Rectangle())
 87 |             .gesture(
 88 |                 DragGesture(minimumDistance: 0, coordinateSpace: .local)
    |                 `- error: 'init(minimumDistance:coordinateSpace:)' is unavailable in tvOS
 89 |                     .onChanged({ value in
 90 |                         var thumbX = value.location.x
SwiftUI.DragGesture.init:7:37: note: 'init(minimumDistance:coordinateSpace:)' has been explicitly marked unavailable here
5 |   @available(visionOS, introduced: 1.0, deprecated: 100000.0, message: "use overload that accepts a CoordinateSpaceProtocol instead")
6 |   @available(tvOS, unavailable)
7 |   @MainActor @preconcurrency public init(minimumDistance: CGFloat = 10, coordinateSpace: CoordinateSpace = .local)}
  |                                     `- note: 'init(minimumDistance:coordinateSpace:)' has been explicitly marked unavailable here
8 |
/Users/admin/builder/spi-builder-workspace/Sources/SwiftUIJoystick/JoystickRecognizer.swift:106:29: error: 'init(minimumDuration:maximumDistance:)' is unavailable in tvOS
104 |                     .exclusively(
105 |                         before:
106 |                             LongPressGesture(minimumDuration: 0.0, maximumDistance: 0.0)
    |                             `- error: 'init(minimumDuration:maximumDistance:)' is unavailable in tvOS
107 |                             .onEnded({ _ in
108 |                                 if !locksInPlace {
SwiftUI.LongPressGesture.init:3:22: note: 'init(minimumDuration:maximumDistance:)' has been explicitly marked unavailable here
1 | struct LongPressGesture {
2 | @available(tvOS, unavailable)
3 |   nonisolated public init(minimumDuration: Double = 0.5, maximumDistance: CGFloat = 10)}
  |                      `- note: 'init(minimumDuration:maximumDistance:)' has been explicitly marked unavailable here
4 |
/Users/admin/builder/spi-builder-workspace/Sources/SwiftUIJoystick/JoystickRecognizer.swift:124:17: error: 'DragGesture' is unavailable in tvOS
122 |             .contentShape(Circle())
123 |             .gesture(
124 |                 DragGesture(minimumDistance: 0, coordinateSpace: .local)
    |                 `- error: 'DragGesture' is unavailable in tvOS
125 |                     .onChanged() { value in
126 |                         let distance = self.midPoint.distance(to: value.location)
SwiftUI.DragGesture:3:42: note: 'DragGesture' has been explicitly marked unavailable here
 1 | @available(iOS 13.0, macOS 10.15, watchOS 6.0, *)
 2 | @available(tvOS, unavailable)
 3 | @MainActor @preconcurrency public struct DragGesture : Gesture, ~Sendable {
   |                                          `- note: 'DragGesture' has been explicitly marked unavailable here
 4 |     public struct Value : Equatable, Sendable {
 5 |         public var time: Date
/Users/admin/builder/spi-builder-workspace/Sources/SwiftUIJoystick/JoystickRecognizer.swift:124:17: error: 'init(minimumDistance:coordinateSpace:)' is unavailable in tvOS
122 |             .contentShape(Circle())
123 |             .gesture(
124 |                 DragGesture(minimumDistance: 0, coordinateSpace: .local)
    |                 `- error: 'init(minimumDistance:coordinateSpace:)' is unavailable in tvOS
125 |                     .onChanged() { value in
126 |                         let distance = self.midPoint.distance(to: value.location)
SwiftUI.DragGesture.init:7:37: note: 'init(minimumDistance:coordinateSpace:)' has been explicitly marked unavailable here
5 |   @available(visionOS, introduced: 1.0, deprecated: 100000.0, message: "use overload that accepts a CoordinateSpaceProtocol instead")
6 |   @available(tvOS, unavailable)
7 |   @MainActor @preconcurrency public init(minimumDistance: CGFloat = 10, coordinateSpace: CoordinateSpace = .local)}
  |                                     `- note: 'init(minimumDistance:coordinateSpace:)' has been explicitly marked unavailable here
8 |
/Users/admin/builder/spi-builder-workspace/Sources/SwiftUIJoystick/JoystickRecognizer.swift:148:29: error: 'init(minimumDuration:maximumDistance:)' is unavailable in tvOS
146 |                     .exclusively(
147 |                         before:
148 |                             LongPressGesture(minimumDuration: 0.0, maximumDistance: 0.0)
    |                             `- error: 'init(minimumDuration:maximumDistance:)' is unavailable in tvOS
149 |                             .onEnded({ _ in
150 |                                 if !locksInPlace {
SwiftUI.LongPressGesture.init:3:22: note: 'init(minimumDuration:maximumDistance:)' has been explicitly marked unavailable here
1 | struct LongPressGesture {
2 | @available(tvOS, unavailable)
3 |   nonisolated public init(minimumDuration: Double = 0.5, maximumDistance: CGFloat = 10)}
  |                      `- note: 'init(minimumDuration:maximumDistance:)' has been explicitly marked unavailable here
4 |
Failed frontend command:
/Applications/Xcode-27.0.0-Release.Candidate.app/Contents/Developer/Toolchains/XcodeDefault.xctoolchain/usr/bin/swift-frontend -frontend -c /Users/admin/builder/spi-builder-workspace/Sources/SwiftUIJoystick/CGPoint-Extension.swift /Users/admin/builder/spi-builder-workspace/Sources/SwiftUIJoystick/JoystickBuilder.swift /Users/admin/builder/spi-builder-workspace/Sources/SwiftUIJoystick/JoystickMonitor.swift -primary-file /Users/admin/builder/spi-builder-workspace/Sources/SwiftUIJoystick/JoystickRecognizer.swift /Users/admin/builder/spi-builder-workspace/Sources/SwiftUIJoystick/JoystickShape.swift /Users/admin/builder/spi-builder-workspace/Sources/SwiftUIJoystick/PolarCoordinate.swift /Users/admin/builder/spi-builder-workspace/Sources/SwiftUIJoystick/View-Extension.swift -emit-dependencies-path /Users/admin/builder/spi-builder-workspace/.derivedData/Build/Intermediates.noindex/SwiftUIJoystick.build/Debug-appletvos/SwiftUIJoystick-t.build/Objects-normal/arm64/JoystickRecognizer.d -emit-const-values-path /Users/admin/builder/spi-builder-workspace/.derivedData/Build/Intermediates.noindex/SwiftUIJoystick.build/Debug-appletvos/SwiftUIJoystick-t.build/Objects-normal/arm64/JoystickRecognizer.swiftconstvalues -emit-reference-dependencies-path /Users/admin/builder/spi-builder-workspace/.derivedData/Build/Intermediates.noindex/SwiftUIJoystick.build/Debug-appletvos/SwiftUIJoystick-t.build/Objects-normal/arm64/JoystickRecognizer.swiftdeps -serialize-diagnostics-path /Users/admin/builder/spi-builder-workspace/.derivedData/Build/Intermediates.noindex/SwiftUIJoystick.build/Debug-appletvos/SwiftUIJoystick-t.build/Objects-normal/arm64/JoystickRecognizer.dia -target arm64-apple-tvos15.0 -disable-cross-import-overlay-search -load-resolved-plugin /Applications/Xcode-27.0.0-Release.Candidate.app/Contents/Developer/Platforms/AppleTVOS.platform/Developer/usr/lib/swift/host/plugins/libFoundationMacros.dylib\#/Applications/Xcode-27.0.0-Release.Candidate.app/Contents/Developer/Platforms/AppleTVOS.platform/Developer/usr/bin/swift-plugin-server\#FoundationMacros -load-resolved-plugin /Applications/Xcode-27.0.0-Release.Candidate.app/Contents/Developer/Platforms/AppleTVOS.platform/Developer/usr/lib/swift/host/plugins/libObservationMacros.dylib\#/Applications/Xcode-27.0.0-Release.Candidate.app/Contents/Developer/Platforms/AppleTVOS.platform/Developer/usr/bin/swift-plugin-server\#ObservationMacros -load-resolved-plugin /Applications/Xcode-27.0.0-Release.Candidate.app/Contents/Developer/Platforms/AppleTVOS.platform/Developer/usr/lib/swift/host/plugins/libPreviewsMacros.dylib\#/Applications/Xcode-27.0.0-Release.Candidate.app/Contents/Developer/Platforms/AppleTVOS.platform/Developer/usr/bin/swift-plugin-server\#PreviewsMacros -load-resolved-plugin /Applications/Xcode-27.0.0-Release.Candidate.app/Contents/Developer/Platforms/AppleTVOS.platform/Developer/usr/lib/swift/host/plugins/libSwiftMacros.dylib\#/Applications/Xcode-27.0.0-Release.Candidate.app/Contents/Developer/Platforms/AppleTVOS.platform/Developer/usr/bin/swift-plugin-server\#SwiftMacros -load-resolved-plugin /Applications/Xcode-27.0.0-Release.Candidate.app/Contents/Developer/Platforms/AppleTVOS.platform/Developer/usr/lib/swift/host/plugins/libSwiftUIMacros.dylib\#/Applications/Xcode-27.0.0-Release.Candidate.app/Contents/Developer/Platforms/AppleTVOS.platform/Developer/usr/bin/swift-plugin-server\#SwiftUIMacros -disable-implicit-swift-modules -Xcc -fno-implicit-modules -Xcc -fno-implicit-module-maps -explicit-swift-module-map-file /Users/admin/builder/spi-builder-workspace/.derivedData/Build/Intermediates.noindex/SwiftUIJoystick.build/Debug-appletvos/SwiftUIJoystick-t.build/Objects-normal/arm64/SwiftUIJoystick-dependencies-1.json -Xllvm -aarch64-use-tbi -enable-objc-interop -stack-check -sdk /Applications/Xcode-27.0.0-Release.Candidate.app/Contents/Developer/Platforms/AppleTVOS.platform/Developer/SDKs/AppleTVOS27.0.sdk -I /Users/admin/builder/spi-builder-workspace/.derivedData/Build/Products/Debug-appletvos -Isystem /Applications/Xcode-27.0.0-Release.Candidate.app/Contents/Developer/Platforms/AppleTVOS.platform/Developer/usr/lib -F /Users/admin/builder/spi-builder-workspace/.derivedData/Build/Products/Debug-appletvos -F /Applications/Xcode-27.0.0-Release.Candidate.app/Contents/Developer/Platforms/AppleTVOS.platform/Developer/Library/Frameworks -F /Applications/Xcode-27.0.0-Release.Candidate.app/Contents/Developer/Platforms/AppleTVOS.platform/Developer/SDKs/AppleTVOS27.0.sdk/Developer/Library/Frameworks -module-cache-path /Users/admin/builder/spi-builder-workspace/.derivedData/Build/Intermediates.noindex/SwiftExplicitPrecompiledModules -no-color-diagnostics -Xcc -fno-color-diagnostics -enable-testing -g -debug-info-format\=dwarf -dwarf-version\=4 -swift-version 5 -Onone -D SWIFT_PACKAGE -D DEBUG -D SWIFT_MODULE_RESOURCE_BUNDLE_UNAVAILABLE -D Xcode -serialize-debugging-options -enable-experimental-feature DebugDescriptionMacro -empty-abi-descriptor -validate-clang-modules-once -clang-build-session-file /Users/admin/builder/spi-builder-workspace/.derivedData/ModuleCache.noindex/Session.modulevalidation -Xcc -working-directory -Xcc /Users/admin/builder/spi-builder-workspace/.swiftpm/xcode -enable-anonymous-context-mangled-names -file-compilation-dir /Users/admin/builder/spi-builder-workspace/.swiftpm/xcode -Xcc -D_LIBCPP_HARDENING_MODE\=_LIBCPP_HARDENING_MODE_DEBUG -Xcc -ivfsstatcache -Xcc /Users/admin/builder/spi-builder-workspace/.derivedData/SDKStatCaches.noindex/appletvos27.0-24J360-e829b21a6f8c9b70876ba0858053c044b32bfd8d43560033f8d89884cdb90028.sdkstatcache -Xcc -fmodules-prune-interval\=86400 -Xcc -fmodules-prune-after\=345600 -Xcc -I/Users/admin/builder/spi-builder-workspace/.derivedData/Build/Products/Debug-appletvos/include -Xcc -I/Users/admin/builder/spi-builder-workspace/.derivedData/Build/Intermediates.noindex/SwiftUIJoystick.build/Debug-appletvos/SwiftUIJoystick-t.build/DerivedSources-normal/arm64 -Xcc -I/Users/admin/builder/spi-builder-workspace/.derivedData/Build/Intermediates.noindex/SwiftUIJoystick.build/Debug-appletvos/SwiftUIJoystick-t.build/DerivedSources/arm64 -Xcc -I/Users/admin/builder/spi-builder-workspace/.derivedData/Build/Intermediates.noindex/SwiftUIJoystick.build/Debug-appletvos/SwiftUIJoystick-t.build/DerivedSources -Xcc -DSWIFT_PACKAGE -Xcc -DDEBUG\=1 -no-auto-bridging-header-chaining -module-name SwiftUIJoystick -const-gather-protocols-file /Users/admin/builder/spi-builder-workspace/.derivedData/Build/Intermediates.noindex/SwiftUIJoystick.build/Debug-appletvos/SwiftUIJoystick-t.build/Objects-normal/arm64/SwiftUIJoystick_const_extract_protocols.json -disable-clang-spi -clang-target arm64-apple-tvos27.0 -target-sdk-version 27.0 -target-sdk-name appletvos27.0 -in-process-plugin-server-path /Applications/Xcode-27.0.0-Release.Candidate.app/Contents/Developer/Toolchains/XcodeDefault.xctoolchain/usr/lib/swift/host/libSwiftInProcPluginServer.dylib -parse-as-library -o /Users/admin/builder/spi-builder-workspace/.derivedData/Build/Intermediates.noindex/SwiftUIJoystick.build/Debug-appletvos/SwiftUIJoystick-t.build/Objects-normal/arm64/JoystickRecognizer.o -debug-module-path /Users/admin/builder/spi-builder-workspace/.derivedData/Build/Intermediates.noindex/SwiftUIJoystick.build/Debug-appletvos/SwiftUIJoystick-t.build/Objects-normal/arm64/SwiftUIJoystick.swiftmodule -index-unit-output-path /SwiftUIJoystick.build/Debug-appletvos/SwiftUIJoystick-t.build/Objects-normal/arm64/JoystickRecognizer.o -index-store-path /Users/admin/builder/spi-builder-workspace/.derivedData/Index.noindex/DataStore -index-system-modules
SwiftCompile normal arm64 /Users/admin/builder/spi-builder-workspace/Sources/SwiftUIJoystick/JoystickRecognizer.swift (in target 'SwiftUIJoystick' from project 'SwiftUIJoystick')
    cd /Users/admin/builder/spi-builder-workspace/.swiftpm/xcode
    builtin-SwiftPerFileCompile JoystickRecognizer.swift
SwiftCompile normal arm64 Compiling\ PolarCoordinate.swift /Users/admin/builder/spi-builder-workspace/Sources/SwiftUIJoystick/PolarCoordinate.swift (in target 'SwiftUIJoystick' from project 'SwiftUIJoystick')
SwiftCompile normal arm64 /Users/admin/builder/spi-builder-workspace/Sources/SwiftUIJoystick/PolarCoordinate.swift (in target 'SwiftUIJoystick' from project 'SwiftUIJoystick')
    cd /Users/admin/builder/spi-builder-workspace/.swiftpm/xcode
    builtin-SwiftPerFileCompile PolarCoordinate.swift
SwiftCompile normal arm64 Compiling\ JoystickMonitor.swift /Users/admin/builder/spi-builder-workspace/Sources/SwiftUIJoystick/JoystickMonitor.swift (in target 'SwiftUIJoystick' from project 'SwiftUIJoystick')
SwiftCompile normal arm64 /Users/admin/builder/spi-builder-workspace/Sources/SwiftUIJoystick/JoystickMonitor.swift (in target 'SwiftUIJoystick' from project 'SwiftUIJoystick')
    cd /Users/admin/builder/spi-builder-workspace/.swiftpm/xcode
    builtin-SwiftPerFileCompile JoystickMonitor.swift
SwiftCompile normal arm64 Compiling\ CGPoint-Extension.swift /Users/admin/builder/spi-builder-workspace/Sources/SwiftUIJoystick/CGPoint-Extension.swift (in target 'SwiftUIJoystick' from project 'SwiftUIJoystick')
SwiftCompile normal arm64 /Users/admin/builder/spi-builder-workspace/Sources/SwiftUIJoystick/CGPoint-Extension.swift (in target 'SwiftUIJoystick' from project 'SwiftUIJoystick')
    cd /Users/admin/builder/spi-builder-workspace/.swiftpm/xcode
    builtin-SwiftPerFileCompile CGPoint-Extension.swift
SwiftDriverJobDiscovery normal arm64 Emitting module for SwiftUIJoystick (in target 'SwiftUIJoystick' from project 'SwiftUIJoystick')
SwiftDriver\ Compilation\ Requirements SwiftUIJoystick normal arm64 com.apple.xcode.tools.swift.compiler (in target 'SwiftUIJoystick' from project 'SwiftUIJoystick')
    cd /Users/admin/builder/spi-builder-workspace/.swiftpm/xcode
    builtin-Swift-Compilation-Requirements -- /Applications/Xcode-27.0.0-Release.Candidate.app/Contents/Developer/Toolchains/XcodeDefault.xctoolchain/usr/bin/swiftc -parse-as-library -module-name SwiftUIJoystick -Onone @/Users/admin/builder/spi-builder-workspace/.derivedData/Build/Intermediates.noindex/SwiftUIJoystick.build/Debug-appletvos/SwiftUIJoystick-t.build/Objects-normal/arm64/SwiftUIJoystick.SwiftFileList -DSWIFT_PACKAGE -DDEBUG -DSWIFT_MODULE_RESOURCE_BUNDLE_UNAVAILABLE -DXcode -plugin-path /Applications/Xcode-27.0.0-Release.Candidate.app/Contents/Developer/Toolchains/XcodeDefault.xctoolchain/usr/lib/swift/host/plugins/testing -enable-experimental-feature DebugDescriptionMacro -sdk /Applications/Xcode-27.0.0-Release.Candidate.app/Contents/Developer/Platforms/AppleTVOS.platform/Developer/SDKs/AppleTVOS27.0.sdk -target arm64-apple-tvos15.0 -g -module-cache-path /Users/admin/builder/spi-builder-workspace/.derivedData/ModuleCache.noindex -Xfrontend -serialize-debugging-options -enable-testing -index-store-path /Users/admin/builder/spi-builder-workspace/.derivedData/Index.noindex/DataStore -Xcc -D_LIBCPP_HARDENING_MODE\=_LIBCPP_HARDENING_MODE_DEBUG -swift-version 5 -I /Users/admin/builder/spi-builder-workspace/.derivedData/Build/Products/Debug-appletvos -Isystem /Applications/Xcode-27.0.0-Release.Candidate.app/Contents/Developer/Platforms/AppleTVOS.platform/Developer/usr/lib -F /Users/admin/builder/spi-builder-workspace/.derivedData/Build/Products/Debug-appletvos -F /Applications/Xcode-27.0.0-Release.Candidate.app/Contents/Developer/Platforms/AppleTVOS.platform/Developer/Library/Frameworks -F /Applications/Xcode-27.0.0-Release.Candidate.app/Contents/Developer/Platforms/AppleTVOS.platform/Developer/SDKs/AppleTVOS27.0.sdk/Developer/Library/Frameworks -c -j10 -enable-batch-mode -incremental -Xcc -ivfsstatcache -Xcc /Users/admin/builder/spi-builder-workspace/.derivedData/SDKStatCaches.noindex/appletvos27.0-24J360-e829b21a6f8c9b70876ba0858053c044b32bfd8d43560033f8d89884cdb90028.sdkstatcache -output-file-map /Users/admin/builder/spi-builder-workspace/.derivedData/Build/Intermediates.noindex/SwiftUIJoystick.build/Debug-appletvos/SwiftUIJoystick-t.build/Objects-normal/arm64/SwiftUIJoystick-OutputFileMap.json -save-temps -no-color-diagnostics -explicit-module-build -module-cache-path /Users/admin/builder/spi-builder-workspace/.derivedData/Build/Intermediates.noindex/SwiftExplicitPrecompiledModules -clang-scanner-module-cache-path /Users/admin/builder/spi-builder-workspace/.derivedData/ModuleCache.noindex -sdk-module-cache-path /Users/admin/builder/spi-builder-workspace/.derivedData/SDKExplicitPrecompiledModules -emit-dependencies -emit-module -emit-module-path /Users/admin/builder/spi-builder-workspace/.derivedData/Build/Intermediates.noindex/SwiftUIJoystick.build/Debug-appletvos/SwiftUIJoystick-t.build/Objects-normal/arm64/SwiftUIJoystick.swiftmodule -serialize-diagnostics -dependency-scan-serialize-diagnostics-path /Users/admin/builder/spi-builder-workspace/.derivedData/Build/Intermediates.noindex/SwiftUIJoystick.build/Debug-appletvos/SwiftUIJoystick-t.build/Objects-normal/arm64/SwiftUIJoystick-dependency-scan.dia -validate-clang-modules-once -clang-build-session-file /Users/admin/builder/spi-builder-workspace/.derivedData/ModuleCache.noindex/Session.modulevalidation -Xcc -fmodules-prune-interval\=86400 -Xcc -fmodules-prune-after\=345600 -emit-const-values -const-gather-protocols-list /Users/admin/builder/spi-builder-workspace/.derivedData/Build/Intermediates.noindex/SwiftUIJoystick.build/Debug-appletvos/SwiftUIJoystick-t.build/Objects-normal/arm64/SwiftUIJoystick_const_extract_protocols.json -Xcc -I/Users/admin/builder/spi-builder-workspace/.derivedData/Build/Products/Debug-appletvos/include -Xcc -I/Users/admin/builder/spi-builder-workspace/.derivedData/Build/Intermediates.noindex/SwiftUIJoystick.build/Debug-appletvos/SwiftUIJoystick-t.build/DerivedSources-normal/arm64 -Xcc -I/Users/admin/builder/spi-builder-workspace/.derivedData/Build/Intermediates.noindex/SwiftUIJoystick.build/Debug-appletvos/SwiftUIJoystick-t.build/DerivedSources/arm64 -Xcc -I/Users/admin/builder/spi-builder-workspace/.derivedData/Build/Intermediates.noindex/SwiftUIJoystick.build/Debug-appletvos/SwiftUIJoystick-t.build/DerivedSources -Xcc -DSWIFT_PACKAGE -Xcc -DDEBUG\=1 -emit-objc-header -emit-objc-header-path /Users/admin/builder/spi-builder-workspace/.derivedData/Build/Intermediates.noindex/SwiftUIJoystick.build/Debug-appletvos/SwiftUIJoystick-t.build/Objects-normal/arm64/SwiftUIJoystick-Swift.h -working-directory /Users/admin/builder/spi-builder-workspace/.swiftpm/xcode -experimental-emit-module-separately -disable-cmo
SwiftMergeGeneratedHeaders /Users/admin/builder/spi-builder-workspace/.derivedData/Build/Intermediates.noindex/GeneratedModuleMaps-appletvos/SwiftUIJoystick-Swift.h /Users/admin/builder/spi-builder-workspace/.derivedData/Build/Intermediates.noindex/SwiftUIJoystick.build/Debug-appletvos/SwiftUIJoystick-t.build/Objects-normal/arm64/SwiftUIJoystick-Swift.h (in target 'SwiftUIJoystick' from project 'SwiftUIJoystick')
    cd /Users/admin/builder/spi-builder-workspace
    builtin-swiftHeaderTool -arch arm64 /Users/admin/builder/spi-builder-workspace/.derivedData/Build/Intermediates.noindex/SwiftUIJoystick.build/Debug-appletvos/SwiftUIJoystick-t.build/Objects-normal/arm64/SwiftUIJoystick-Swift.h -o /Users/admin/builder/spi-builder-workspace/.derivedData/Build/Intermediates.noindex/GeneratedModuleMaps-appletvos/SwiftUIJoystick-Swift.h
Copy /Users/admin/builder/spi-builder-workspace/.derivedData/Build/Products/Debug-appletvos/SwiftUIJoystick.swiftmodule/arm64-apple-tvos.swiftmodule /Users/admin/builder/spi-builder-workspace/.derivedData/Build/Intermediates.noindex/SwiftUIJoystick.build/Debug-appletvos/SwiftUIJoystick-t.build/Objects-normal/arm64/SwiftUIJoystick.swiftmodule (in target 'SwiftUIJoystick' from project 'SwiftUIJoystick')
    cd /Users/admin/builder/spi-builder-workspace
    builtin-copy -exclude .DS_Store -exclude CVS -exclude .svn -exclude .git -exclude .hg -resolve-src-symlinks -rename /Users/admin/builder/spi-builder-workspace/.derivedData/Build/Intermediates.noindex/SwiftUIJoystick.build/Debug-appletvos/SwiftUIJoystick-t.build/Objects-normal/arm64/SwiftUIJoystick.swiftmodule /Users/admin/builder/spi-builder-workspace/.derivedData/Build/Products/Debug-appletvos/SwiftUIJoystick.swiftmodule/arm64-apple-tvos.swiftmodule
Copy /Users/admin/builder/spi-builder-workspace/.derivedData/Build/Products/Debug-appletvos/SwiftUIJoystick.swiftmodule/arm64-apple-tvos.swiftdoc /Users/admin/builder/spi-builder-workspace/.derivedData/Build/Intermediates.noindex/SwiftUIJoystick.build/Debug-appletvos/SwiftUIJoystick-t.build/Objects-normal/arm64/SwiftUIJoystick.swiftdoc (in target 'SwiftUIJoystick' from project 'SwiftUIJoystick')
    cd /Users/admin/builder/spi-builder-workspace
    builtin-copy -exclude .DS_Store -exclude CVS -exclude .svn -exclude .git -exclude .hg -resolve-src-symlinks -rename /Users/admin/builder/spi-builder-workspace/.derivedData/Build/Intermediates.noindex/SwiftUIJoystick.build/Debug-appletvos/SwiftUIJoystick-t.build/Objects-normal/arm64/SwiftUIJoystick.swiftdoc /Users/admin/builder/spi-builder-workspace/.derivedData/Build/Products/Debug-appletvos/SwiftUIJoystick.swiftmodule/arm64-apple-tvos.swiftdoc
Copy /Users/admin/builder/spi-builder-workspace/.derivedData/Build/Products/Debug-appletvos/SwiftUIJoystick.swiftmodule/arm64-apple-tvos.abi.json /Users/admin/builder/spi-builder-workspace/.derivedData/Build/Intermediates.noindex/SwiftUIJoystick.build/Debug-appletvos/SwiftUIJoystick-t.build/Objects-normal/arm64/SwiftUIJoystick.abi.json (in target 'SwiftUIJoystick' from project 'SwiftUIJoystick')
    cd /Users/admin/builder/spi-builder-workspace
    builtin-copy -exclude .DS_Store -exclude CVS -exclude .svn -exclude .git -exclude .hg -resolve-src-symlinks -rename /Users/admin/builder/spi-builder-workspace/.derivedData/Build/Intermediates.noindex/SwiftUIJoystick.build/Debug-appletvos/SwiftUIJoystick-t.build/Objects-normal/arm64/SwiftUIJoystick.abi.json /Users/admin/builder/spi-builder-workspace/.derivedData/Build/Products/Debug-appletvos/SwiftUIJoystick.swiftmodule/arm64-apple-tvos.abi.json
Copy /Users/admin/builder/spi-builder-workspace/.derivedData/Build/Products/Debug-appletvos/SwiftUIJoystick.swiftmodule/Project/arm64-apple-tvos.swiftsourceinfo /Users/admin/builder/spi-builder-workspace/.derivedData/Build/Intermediates.noindex/SwiftUIJoystick.build/Debug-appletvos/SwiftUIJoystick-t.build/Objects-normal/arm64/SwiftUIJoystick.swiftsourceinfo (in target 'SwiftUIJoystick' from project 'SwiftUIJoystick')
    cd /Users/admin/builder/spi-builder-workspace
    builtin-copy -exclude .DS_Store -exclude CVS -exclude .svn -exclude .git -exclude .hg -resolve-src-symlinks -rename /Users/admin/builder/spi-builder-workspace/.derivedData/Build/Intermediates.noindex/SwiftUIJoystick.build/Debug-appletvos/SwiftUIJoystick-t.build/Objects-normal/arm64/SwiftUIJoystick.swiftsourceinfo /Users/admin/builder/spi-builder-workspace/.derivedData/Build/Products/Debug-appletvos/SwiftUIJoystick.swiftmodule/Project/arm64-apple-tvos.swiftsourceinfo
SwiftDriver SwiftUIJoystickTests normal arm64 com.apple.xcode.tools.swift.compiler (in target 'SwiftUIJoystickTests-product' from project 'SwiftUIJoystick')
    cd /Users/admin/builder/spi-builder-workspace/.swiftpm/xcode
    builtin-SwiftDriver -- /Applications/Xcode-27.0.0-Release.Candidate.app/Contents/Developer/Toolchains/XcodeDefault.xctoolchain/usr/bin/swiftc -parse-as-library -module-name SwiftUIJoystickTests -Onone @/Users/admin/builder/spi-builder-workspace/.derivedData/Build/Intermediates.noindex/SwiftUIJoystick.build/Debug-appletvos/SwiftUIJoystickTests-p.build/Objects-normal/arm64/SwiftUIJoystickTests.SwiftFileList -DSWIFT_PACKAGE -DDEBUG -DXcode -plugin-path /Applications/Xcode-27.0.0-Release.Candidate.app/Contents/Developer/Toolchains/XcodeDefault.xctoolchain/usr/lib/swift/host/plugins/testing -enable-experimental-feature DebugDescriptionMacro -sdk /Applications/Xcode-27.0.0-Release.Candidate.app/Contents/Developer/Platforms/AppleTVOS.platform/Developer/SDKs/AppleTVOS27.0.sdk -target arm64-apple-tvos17.0 -g -module-cache-path /Users/admin/builder/spi-builder-workspace/.derivedData/ModuleCache.noindex -Xfrontend -serialize-debugging-options -enable-testing -index-store-path /Users/admin/builder/spi-builder-workspace/.derivedData/Index.noindex/DataStore -Xcc -D_LIBCPP_HARDENING_MODE\=_LIBCPP_HARDENING_MODE_DEBUG -swift-version 5 -I /Users/admin/builder/spi-builder-workspace/.derivedData/Build/Products/Debug-appletvos -Isystem /Applications/Xcode-27.0.0-Release.Candidate.app/Contents/Developer/Platforms/AppleTVOS.platform/Developer/usr/lib -F /Users/admin/builder/spi-builder-workspace/.derivedData/Build/Products/Debug-appletvos/PackageFrameworks -F /Users/admin/builder/spi-builder-workspace/.derivedData/Build/Products/Debug-appletvos -F /Applications/Xcode-27.0.0-Release.Candidate.app/Contents/Developer/Platforms/AppleTVOS.platform/Developer/Library/Frameworks -F /Applications/Xcode-27.0.0-Release.Candidate.app/Contents/Developer/Platforms/AppleTVOS.platform/Developer/SDKs/AppleTVOS27.0.sdk/Developer/Library/Frameworks -c -j10 -enable-batch-mode -incremental -Xcc -ivfsstatcache -Xcc /Users/admin/builder/spi-builder-workspace/.derivedData/SDKStatCaches.noindex/appletvos27.0-24J360-e829b21a6f8c9b70876ba0858053c044b32bfd8d43560033f8d89884cdb90028.sdkstatcache -output-file-map /Users/admin/builder/spi-builder-workspace/.derivedData/Build/Intermediates.noindex/SwiftUIJoystick.build/Debug-appletvos/SwiftUIJoystickTests-p.build/Objects-normal/arm64/SwiftUIJoystickTests-OutputFileMap.json -save-temps -no-color-diagnostics -explicit-module-build -module-cache-path /Users/admin/builder/spi-builder-workspace/.derivedData/Build/Intermediates.noindex/SwiftExplicitPrecompiledModules -clang-scanner-module-cache-path /Users/admin/builder/spi-builder-workspace/.derivedData/ModuleCache.noindex -sdk-module-cache-path /Users/admin/builder/spi-builder-workspace/.derivedData/SDKExplicitPrecompiledModules -emit-dependencies -emit-module -emit-module-path /Users/admin/builder/spi-builder-workspace/.derivedData/Build/Intermediates.noindex/SwiftUIJoystick.build/Debug-appletvos/SwiftUIJoystickTests-p.build/Objects-normal/arm64/SwiftUIJoystickTests.swiftmodule -serialize-diagnostics -dependency-scan-serialize-diagnostics-path /Users/admin/builder/spi-builder-workspace/.derivedData/Build/Intermediates.noindex/SwiftUIJoystick.build/Debug-appletvos/SwiftUIJoystickTests-p.build/Objects-normal/arm64/SwiftUIJoystickTests-dependency-scan.dia -validate-clang-modules-once -clang-build-session-file /Users/admin/builder/spi-builder-workspace/.derivedData/ModuleCache.noindex/Session.modulevalidation -Xcc -fmodules-prune-interval\=86400 -Xcc -fmodules-prune-after\=345600 -emit-const-values -const-gather-protocols-list /Users/admin/builder/spi-builder-workspace/.derivedData/Build/Intermediates.noindex/SwiftUIJoystick.build/Debug-appletvos/SwiftUIJoystickTests-p.build/Objects-normal/arm64/SwiftUIJoystickTests_const_extract_protocols.json -Xcc -I/Users/admin/builder/spi-builder-workspace/.derivedData/Build/Products/Debug-appletvos/include -Xcc -I/Users/admin/builder/spi-builder-workspace/.derivedData/Build/Intermediates.noindex/SwiftUIJoystick.build/Debug-appletvos/SwiftUIJoystickTests-p.build/DerivedSources-normal/arm64 -Xcc -I/Users/admin/builder/spi-builder-workspace/.derivedData/Build/Intermediates.noindex/SwiftUIJoystick.build/Debug-appletvos/SwiftUIJoystickTests-p.build/DerivedSources/arm64 -Xcc -I/Users/admin/builder/spi-builder-workspace/.derivedData/Build/Intermediates.noindex/SwiftUIJoystick.build/Debug-appletvos/SwiftUIJoystickTests-p.build/DerivedSources -Xcc -DSWIFT_PACKAGE -Xcc -DDEBUG\=1 -working-directory /Users/admin/builder/spi-builder-workspace/.swiftpm/xcode -experimental-emit-module-separately -disable-cmo
SwiftDriverJobDiscovery normal arm64 Compiling JoystickShape.swift (in target 'SwiftUIJoystick' from project 'SwiftUIJoystick')
SwiftExplicitDependencyGeneratePcm arm64 /Users/admin/builder/spi-builder-workspace/.derivedData/Build/Intermediates.noindex/SwiftExplicitPrecompiledModules/XCUIAutomation-FJBJYHY5O0CJFAW58X6D04WA.pcm
SwiftExplicitDependencyCompileModuleFromInterface arm64 /Users/admin/builder/spi-builder-workspace/.derivedData/Build/Intermediates.noindex/SwiftExplicitPrecompiledModules/XCUIAutomation-11FHAB26TZA0P.swiftmodule
SwiftExplicitDependencyGeneratePcm arm64 /Users/admin/builder/spi-builder-workspace/.derivedData/Build/Intermediates.noindex/SwiftExplicitPrecompiledModules/XCTest-7MV3G0KAJR9WCI4ZIQ137RH2R.pcm
SwiftExplicitDependencyCompileModuleFromInterface arm64 /Users/admin/builder/spi-builder-workspace/.derivedData/Build/Intermediates.noindex/SwiftExplicitPrecompiledModules/XCTest-2NSBG261FIVW9.swiftmodule
SwiftEmitModule normal arm64 Emitting\ module\ for\ SwiftUIJoystickTests (in target 'SwiftUIJoystickTests-product' from project 'SwiftUIJoystick')
SwiftCompile normal arm64 (in target 'SwiftUIJoystickTests-product' from project 'SwiftUIJoystick')
    cd /Users/admin/builder/spi-builder-workspace/.swiftpm/xcode

SwiftCompile normal arm64 Compiling\ SwiftUIJoystickTests.swift /Users/admin/builder/spi-builder-workspace/Tests/SwiftUIJoystickTests/SwiftUIJoystickTests.swift (in target 'SwiftUIJoystickTests-product' from project 'SwiftUIJoystick')
SwiftCompile normal arm64 /Users/admin/builder/spi-builder-workspace/Tests/SwiftUIJoystickTests/SwiftUIJoystickTests.swift (in target 'SwiftUIJoystickTests-product' from project 'SwiftUIJoystick')
    cd /Users/admin/builder/spi-builder-workspace/.swiftpm/xcode
    builtin-SwiftPerFileCompile SwiftUIJoystickTests.swift
SwiftDriverJobDiscovery normal arm64 Emitting module for SwiftUIJoystickTests (in target 'SwiftUIJoystickTests-product' from project 'SwiftUIJoystick')
SwiftDriver\ Compilation\ Requirements SwiftUIJoystickTests normal arm64 com.apple.xcode.tools.swift.compiler (in target 'SwiftUIJoystickTests-product' from project 'SwiftUIJoystick')
    cd /Users/admin/builder/spi-builder-workspace/.swiftpm/xcode
    builtin-Swift-Compilation-Requirements -- /Applications/Xcode-27.0.0-Release.Candidate.app/Contents/Developer/Toolchains/XcodeDefault.xctoolchain/usr/bin/swiftc -parse-as-library -module-name SwiftUIJoystickTests -Onone @/Users/admin/builder/spi-builder-workspace/.derivedData/Build/Intermediates.noindex/SwiftUIJoystick.build/Debug-appletvos/SwiftUIJoystickTests-p.build/Objects-normal/arm64/SwiftUIJoystickTests.SwiftFileList -DSWIFT_PACKAGE -DDEBUG -DXcode -plugin-path /Applications/Xcode-27.0.0-Release.Candidate.app/Contents/Developer/Toolchains/XcodeDefault.xctoolchain/usr/lib/swift/host/plugins/testing -enable-experimental-feature DebugDescriptionMacro -sdk /Applications/Xcode-27.0.0-Release.Candidate.app/Contents/Developer/Platforms/AppleTVOS.platform/Developer/SDKs/AppleTVOS27.0.sdk -target arm64-apple-tvos17.0 -g -module-cache-path /Users/admin/builder/spi-builder-workspace/.derivedData/ModuleCache.noindex -Xfrontend -serialize-debugging-options -enable-testing -index-store-path /Users/admin/builder/spi-builder-workspace/.derivedData/Index.noindex/DataStore -Xcc -D_LIBCPP_HARDENING_MODE\=_LIBCPP_HARDENING_MODE_DEBUG -swift-version 5 -I /Users/admin/builder/spi-builder-workspace/.derivedData/Build/Products/Debug-appletvos -Isystem /Applications/Xcode-27.0.0-Release.Candidate.app/Contents/Developer/Platforms/AppleTVOS.platform/Developer/usr/lib -F /Users/admin/builder/spi-builder-workspace/.derivedData/Build/Products/Debug-appletvos/PackageFrameworks -F /Users/admin/builder/spi-builder-workspace/.derivedData/Build/Products/Debug-appletvos -F /Applications/Xcode-27.0.0-Release.Candidate.app/Contents/Developer/Platforms/AppleTVOS.platform/Developer/Library/Frameworks -F /Applications/Xcode-27.0.0-Release.Candidate.app/Contents/Developer/Platforms/AppleTVOS.platform/Developer/SDKs/AppleTVOS27.0.sdk/Developer/Library/Frameworks -c -j10 -enable-batch-mode -incremental -Xcc -ivfsstatcache -Xcc /Users/admin/builder/spi-builder-workspace/.derivedData/SDKStatCaches.noindex/appletvos27.0-24J360-e829b21a6f8c9b70876ba0858053c044b32bfd8d43560033f8d89884cdb90028.sdkstatcache -output-file-map /Users/admin/builder/spi-builder-workspace/.derivedData/Build/Intermediates.noindex/SwiftUIJoystick.build/Debug-appletvos/SwiftUIJoystickTests-p.build/Objects-normal/arm64/SwiftUIJoystickTests-OutputFileMap.json -save-temps -no-color-diagnostics -explicit-module-build -module-cache-path /Users/admin/builder/spi-builder-workspace/.derivedData/Build/Intermediates.noindex/SwiftExplicitPrecompiledModules -clang-scanner-module-cache-path /Users/admin/builder/spi-builder-workspace/.derivedData/ModuleCache.noindex -sdk-module-cache-path /Users/admin/builder/spi-builder-workspace/.derivedData/SDKExplicitPrecompiledModules -emit-dependencies -emit-module -emit-module-path /Users/admin/builder/spi-builder-workspace/.derivedData/Build/Intermediates.noindex/SwiftUIJoystick.build/Debug-appletvos/SwiftUIJoystickTests-p.build/Objects-normal/arm64/SwiftUIJoystickTests.swiftmodule -serialize-diagnostics -dependency-scan-serialize-diagnostics-path /Users/admin/builder/spi-builder-workspace/.derivedData/Build/Intermediates.noindex/SwiftUIJoystick.build/Debug-appletvos/SwiftUIJoystickTests-p.build/Objects-normal/arm64/SwiftUIJoystickTests-dependency-scan.dia -validate-clang-modules-once -clang-build-session-file /Users/admin/builder/spi-builder-workspace/.derivedData/ModuleCache.noindex/Session.modulevalidation -Xcc -fmodules-prune-interval\=86400 -Xcc -fmodules-prune-after\=345600 -emit-const-values -const-gather-protocols-list /Users/admin/builder/spi-builder-workspace/.derivedData/Build/Intermediates.noindex/SwiftUIJoystick.build/Debug-appletvos/SwiftUIJoystickTests-p.build/Objects-normal/arm64/SwiftUIJoystickTests_const_extract_protocols.json -Xcc -I/Users/admin/builder/spi-builder-workspace/.derivedData/Build/Products/Debug-appletvos/include -Xcc -I/Users/admin/builder/spi-builder-workspace/.derivedData/Build/Intermediates.noindex/SwiftUIJoystick.build/Debug-appletvos/SwiftUIJoystickTests-p.build/DerivedSources-normal/arm64 -Xcc -I/Users/admin/builder/spi-builder-workspace/.derivedData/Build/Intermediates.noindex/SwiftUIJoystick.build/Debug-appletvos/SwiftUIJoystickTests-p.build/DerivedSources/arm64 -Xcc -I/Users/admin/builder/spi-builder-workspace/.derivedData/Build/Intermediates.noindex/SwiftUIJoystick.build/Debug-appletvos/SwiftUIJoystickTests-p.build/DerivedSources -Xcc -DSWIFT_PACKAGE -Xcc -DDEBUG\=1 -working-directory /Users/admin/builder/spi-builder-workspace/.swiftpm/xcode -experimental-emit-module-separately -disable-cmo
Copy /Users/admin/builder/spi-builder-workspace/.derivedData/Build/Products/Debug-appletvos/SwiftUIJoystickTests.swiftmodule/arm64-apple-tvos.swiftmodule /Users/admin/builder/spi-builder-workspace/.derivedData/Build/Intermediates.noindex/SwiftUIJoystick.build/Debug-appletvos/SwiftUIJoystickTests-p.build/Objects-normal/arm64/SwiftUIJoystickTests.swiftmodule (in target 'SwiftUIJoystickTests-product' from project 'SwiftUIJoystick')
    cd /Users/admin/builder/spi-builder-workspace
    builtin-copy -exclude .DS_Store -exclude CVS -exclude .svn -exclude .git -exclude .hg -resolve-src-symlinks -rename /Users/admin/builder/spi-builder-workspace/.derivedData/Build/Intermediates.noindex/SwiftUIJoystick.build/Debug-appletvos/SwiftUIJoystickTests-p.build/Objects-normal/arm64/SwiftUIJoystickTests.swiftmodule /Users/admin/builder/spi-builder-workspace/.derivedData/Build/Products/Debug-appletvos/SwiftUIJoystickTests.swiftmodule/arm64-apple-tvos.swiftmodule
Copy /Users/admin/builder/spi-builder-workspace/.derivedData/Build/Products/Debug-appletvos/SwiftUIJoystickTests.swiftmodule/arm64-apple-tvos.swiftdoc /Users/admin/builder/spi-builder-workspace/.derivedData/Build/Intermediates.noindex/SwiftUIJoystick.build/Debug-appletvos/SwiftUIJoystickTests-p.build/Objects-normal/arm64/SwiftUIJoystickTests.swiftdoc (in target 'SwiftUIJoystickTests-product' from project 'SwiftUIJoystick')
    cd /Users/admin/builder/spi-builder-workspace
    builtin-copy -exclude .DS_Store -exclude CVS -exclude .svn -exclude .git -exclude .hg -resolve-src-symlinks -rename /Users/admin/builder/spi-builder-workspace/.derivedData/Build/Intermediates.noindex/SwiftUIJoystick.build/Debug-appletvos/SwiftUIJoystickTests-p.build/Objects-normal/arm64/SwiftUIJoystickTests.swiftdoc /Users/admin/builder/spi-builder-workspace/.derivedData/Build/Products/Debug-appletvos/SwiftUIJoystickTests.swiftmodule/arm64-apple-tvos.swiftdoc
Copy /Users/admin/builder/spi-builder-workspace/.derivedData/Build/Products/Debug-appletvos/SwiftUIJoystickTests.swiftmodule/arm64-apple-tvos.abi.json /Users/admin/builder/spi-builder-workspace/.derivedData/Build/Intermediates.noindex/SwiftUIJoystick.build/Debug-appletvos/SwiftUIJoystickTests-p.build/Objects-normal/arm64/SwiftUIJoystickTests.abi.json (in target 'SwiftUIJoystickTests-product' from project 'SwiftUIJoystick')
    cd /Users/admin/builder/spi-builder-workspace
    builtin-copy -exclude .DS_Store -exclude CVS -exclude .svn -exclude .git -exclude .hg -resolve-src-symlinks -rename /Users/admin/builder/spi-builder-workspace/.derivedData/Build/Intermediates.noindex/SwiftUIJoystick.build/Debug-appletvos/SwiftUIJoystickTests-p.build/Objects-normal/arm64/SwiftUIJoystickTests.abi.json /Users/admin/builder/spi-builder-workspace/.derivedData/Build/Products/Debug-appletvos/SwiftUIJoystickTests.swiftmodule/arm64-apple-tvos.abi.json
Copy /Users/admin/builder/spi-builder-workspace/.derivedData/Build/Products/Debug-appletvos/SwiftUIJoystickTests.swiftmodule/Project/arm64-apple-tvos.swiftsourceinfo /Users/admin/builder/spi-builder-workspace/.derivedData/Build/Intermediates.noindex/SwiftUIJoystick.build/Debug-appletvos/SwiftUIJoystickTests-p.build/Objects-normal/arm64/SwiftUIJoystickTests.swiftsourceinfo (in target 'SwiftUIJoystickTests-product' from project 'SwiftUIJoystick')
    cd /Users/admin/builder/spi-builder-workspace
    builtin-copy -exclude .DS_Store -exclude CVS -exclude .svn -exclude .git -exclude .hg -resolve-src-symlinks -rename /Users/admin/builder/spi-builder-workspace/.derivedData/Build/Intermediates.noindex/SwiftUIJoystick.build/Debug-appletvos/SwiftUIJoystickTests-p.build/Objects-normal/arm64/SwiftUIJoystickTests.swiftsourceinfo /Users/admin/builder/spi-builder-workspace/.derivedData/Build/Products/Debug-appletvos/SwiftUIJoystickTests.swiftmodule/Project/arm64-apple-tvos.swiftsourceinfo
PruneExplicitPrecompiledModules /Users/admin/builder/spi-builder-workspace/.derivedData/SDKExplicitPrecompiledModules
PruneExplicitPrecompiledModules /Users/admin/builder/spi-builder-workspace/.derivedData/Build/Intermediates.noindex/SwiftExplicitPrecompiledModules
PruneExplicitPrecompiledModules /Users/admin/builder/spi-builder-workspace/.derivedData/Build/Intermediates.noindex/ExplicitPrecompiledModules
2026-09-22 08:46:55.962 xcodebuild[694:4420] [MT] IDERunDestination: Supported platforms for the buildables in the current scheme is empty.
2026-09-22 08:46:56.111 xcodebuild[694:4420] [MT] IDERunDestination: Supported platforms for the buildables in the current scheme is empty.
** BUILD FAILED **
The following build commands failed:
	SwiftCompile normal arm64 Compiling\ JoystickRecognizer.swift /Users/admin/builder/spi-builder-workspace/Sources/SwiftUIJoystick/JoystickRecognizer.swift (in target 'SwiftUIJoystick' from project 'SwiftUIJoystick')
	SwiftCompile normal arm64 /Users/admin/builder/spi-builder-workspace/Sources/SwiftUIJoystick/JoystickRecognizer.swift (in target 'SwiftUIJoystick' from project 'SwiftUIJoystick')
	Building workspace SwiftUIJoystick with scheme SwiftUIJoystick
(3 failures)
Command line invocation:
    /Applications/Xcode-27.0.0-Release.Candidate.app/Contents/Developer/usr/bin/xcodebuild -IDEClonedSourcePackagesDirPathOverride=/Users/admin/builder/spi-builder-workspace/.dependencies -resolvePackageDependencies
Resolve Package Graph
Resolved source packages:
  SwiftUIJoystick: /Users/admin/builder/spi-builder-workspace
resolved source packages: SwiftUIJoystick
2026-09-22 08:47:05.445 xcodebuild[788:4883] [MT] IDERunDestination: Supported platforms for the buildables in the current scheme is empty.
2026-09-22 08:47:05.549 xcodebuild[788:4883] [MT] IDERunDestination: Supported platforms for the buildables in the current scheme is empty.
{
  "dependencies" : [
  ],
  "manifest_display_name" : "SwiftUIJoystick",
  "name" : "SwiftUIJoystick",
  "path" : "/Users/admin/builder/spi-builder-workspace",
  "platforms" : [
    {
      "name" : "ios",
      "version" : "13.0"
    },
    {
      "name" : "macos",
      "version" : "10.15"
    },
    {
      "name" : "tvos",
      "version" : "13.0"
    },
    {
      "name" : "watchos",
      "version" : "6.0"
    }
  ],
  "products" : [
    {
      "name" : "SwiftUIJoystick",
      "targets" : [
        "SwiftUIJoystick"
      ],
      "type" : {
        "library" : [
          "automatic"
        ]
      }
    }
  ],
  "targets" : [
    {
      "c99name" : "SwiftUIJoystickTests",
      "module_type" : "SwiftTarget",
      "name" : "SwiftUIJoystickTests",
      "path" : "Tests/SwiftUIJoystickTests",
      "sources" : [
        "SwiftUIJoystickTests.swift"
      ],
      "target_dependencies" : [
        "SwiftUIJoystick"
      ],
      "type" : "test"
    },
    {
      "c99name" : "SwiftUIJoystick",
      "module_type" : "SwiftTarget",
      "name" : "SwiftUIJoystick",
      "path" : "Sources/SwiftUIJoystick",
      "product_memberships" : [
        "SwiftUIJoystick"
      ],
      "sources" : [
        "CGPoint-Extension.swift",
        "JoystickBuilder.swift",
        "JoystickMonitor.swift",
        "JoystickRecognizer.swift",
        "JoystickShape.swift",
        "PolarCoordinate.swift",
        "View-Extension.swift"
      ],
      "type" : "library"
    }
  ],
  "tools_version" : "5.5"
}
{
  "workspace" : {
    "name" : "SwiftUIJoystick",
    "schemes" : [
      "SwiftUIJoystick",
      "SwiftUIJoystickTests"
    ]
  }
}
2026-09-22 08:47:06.625 xcodebuild[796:4954] [MT] IDERunDestination: Supported platforms for the buildables in the current scheme is empty.
2026-09-22 08:47:06.730 xcodebuild[796:4954] [MT] IDERunDestination: Supported platforms for the buildables in the current scheme is empty.
{
  "workspace" : {
    "name" : "SwiftUIJoystick",
    "schemes" : [
      "SwiftUIJoystick",
      "SwiftUIJoystickTests"
    ]
  }
}
2026-09-22 08:47:07.556 xcodebuild[798:4984] [MT] IDERunDestination: Supported platforms for the buildables in the current scheme is empty.
2026-09-22 08:47:07.657 xcodebuild[798:4984] [MT] IDERunDestination: Supported platforms for the buildables in the current scheme is empty.
Running build ...
env DEVELOPER_DIR=/Applications/Xcode-27.0.0-Release.Candidate.app xcrun xcodebuild -IDEClonedSourcePackagesDirPathOverride=$PWD/.dependencies -skipMacroValidation -skipPackagePluginValidation -derivedDataPath $PWD/.derivedData build -scheme SwiftUIJoystick -destination generic/platform=tvOS
Command line invocation:
    /Applications/Xcode-27.0.0-Release.Candidate.app/Contents/Developer/usr/bin/xcodebuild -IDEClonedSourcePackagesDirPathOverride=/Users/admin/builder/spi-builder-workspace/.dependencies -skipMacroValidation -skipPackagePluginValidation -derivedDataPath /Users/admin/builder/spi-builder-workspace/.derivedData build -scheme SwiftUIJoystick -destination generic/platform=tvOS
Resolve Package Graph
Resolved source packages:
  SwiftUIJoystick: /Users/admin/builder/spi-builder-workspace
ComputePackagePrebuildTargetDependencyGraph
Prepare packages
CreateBuildRequest
SendProjectDescription
CreateBuildOperation
ComputeTargetDependencyGraph
note: Building targets in dependency order
note: Target dependency graph (3 targets)
    Target 'SwiftUIJoystickTests-product' in project 'SwiftUIJoystick'
        ➜ Explicit dependency on target 'SwiftUIJoystick' in project 'SwiftUIJoystick'
    Target 'SwiftUIJoystick-product' in project 'SwiftUIJoystick'
        ➜ Explicit dependency on target 'SwiftUIJoystick' in project 'SwiftUIJoystick'
    Target 'SwiftUIJoystick' in project 'SwiftUIJoystick' (no dependencies)
GatherProvisioningInputs
CreateBuildDescription
ClangStatCache /Applications/Xcode-27.0.0-Release.Candidate.app/Contents/Developer/Toolchains/XcodeDefault.xctoolchain/usr/bin/clang-stat-cache /Applications/Xcode-27.0.0-Release.Candidate.app/Contents/Developer/Platforms/AppleTVOS.platform/Developer/SDKs/AppleTVOS27.0.sdk /Users/admin/builder/spi-builder-workspace/.derivedData/SDKStatCaches.noindex/appletvos27.0-24J360-e829b21a6f8c9b70876ba0858053c044b32bfd8d43560033f8d89884cdb90028.sdkstatcache
    cd /Users/admin/builder/spi-builder-workspace/.swiftpm/xcode
    /Applications/Xcode-27.0.0-Release.Candidate.app/Contents/Developer/Toolchains/XcodeDefault.xctoolchain/usr/bin/clang-stat-cache /Applications/Xcode-27.0.0-Release.Candidate.app/Contents/Developer/Platforms/AppleTVOS.platform/Developer/SDKs/AppleTVOS27.0.sdk -o /Users/admin/builder/spi-builder-workspace/.derivedData/SDKStatCaches.noindex/appletvos27.0-24J360-e829b21a6f8c9b70876ba0858053c044b32bfd8d43560033f8d89884cdb90028.sdkstatcache
SwiftDriver SwiftUIJoystick normal arm64 com.apple.xcode.tools.swift.compiler (in target 'SwiftUIJoystick' from project 'SwiftUIJoystick')
    cd /Users/admin/builder/spi-builder-workspace/.swiftpm/xcode
    builtin-SwiftDriver -- /Applications/Xcode-27.0.0-Release.Candidate.app/Contents/Developer/Toolchains/XcodeDefault.xctoolchain/usr/bin/swiftc -parse-as-library -module-name SwiftUIJoystick -Onone @/Users/admin/builder/spi-builder-workspace/.derivedData/Build/Intermediates.noindex/SwiftUIJoystick.build/Debug-appletvos/SwiftUIJoystick-t.build/Objects-normal/arm64/SwiftUIJoystick.SwiftFileList -DSWIFT_PACKAGE -DDEBUG -DSWIFT_MODULE_RESOURCE_BUNDLE_UNAVAILABLE -DXcode -plugin-path /Applications/Xcode-27.0.0-Release.Candidate.app/Contents/Developer/Toolchains/XcodeDefault.xctoolchain/usr/lib/swift/host/plugins/testing -enable-experimental-feature DebugDescriptionMacro -sdk /Applications/Xcode-27.0.0-Release.Candidate.app/Contents/Developer/Platforms/AppleTVOS.platform/Developer/SDKs/AppleTVOS27.0.sdk -target arm64-apple-tvos15.0 -g -module-cache-path /Users/admin/builder/spi-builder-workspace/.derivedData/ModuleCache.noindex -Xfrontend -serialize-debugging-options -enable-testing -index-store-path /Users/admin/builder/spi-builder-workspace/.derivedData/Index.noindex/DataStore -Xcc -D_LIBCPP_HARDENING_MODE\=_LIBCPP_HARDENING_MODE_DEBUG -swift-version 5 -I /Users/admin/builder/spi-builder-workspace/.derivedData/Build/Products/Debug-appletvos -Isystem /Applications/Xcode-27.0.0-Release.Candidate.app/Contents/Developer/Platforms/AppleTVOS.platform/Developer/usr/lib -F /Users/admin/builder/spi-builder-workspace/.derivedData/Build/Products/Debug-appletvos -F /Applications/Xcode-27.0.0-Release.Candidate.app/Contents/Developer/Platforms/AppleTVOS.platform/Developer/Library/Frameworks -F /Applications/Xcode-27.0.0-Release.Candidate.app/Contents/Developer/Platforms/AppleTVOS.platform/Developer/SDKs/AppleTVOS27.0.sdk/Developer/Library/Frameworks -c -j10 -enable-batch-mode -incremental -Xcc -ivfsstatcache -Xcc /Users/admin/builder/spi-builder-workspace/.derivedData/SDKStatCaches.noindex/appletvos27.0-24J360-e829b21a6f8c9b70876ba0858053c044b32bfd8d43560033f8d89884cdb90028.sdkstatcache -output-file-map /Users/admin/builder/spi-builder-workspace/.derivedData/Build/Intermediates.noindex/SwiftUIJoystick.build/Debug-appletvos/SwiftUIJoystick-t.build/Objects-normal/arm64/SwiftUIJoystick-OutputFileMap.json -save-temps -no-color-diagnostics -explicit-module-build -module-cache-path /Users/admin/builder/spi-builder-workspace/.derivedData/Build/Intermediates.noindex/SwiftExplicitPrecompiledModules -clang-scanner-module-cache-path /Users/admin/builder/spi-builder-workspace/.derivedData/ModuleCache.noindex -sdk-module-cache-path /Users/admin/builder/spi-builder-workspace/.derivedData/SDKExplicitPrecompiledModules -emit-dependencies -emit-module -emit-module-path /Users/admin/builder/spi-builder-workspace/.derivedData/Build/Intermediates.noindex/SwiftUIJoystick.build/Debug-appletvos/SwiftUIJoystick-t.build/Objects-normal/arm64/SwiftUIJoystick.swiftmodule -serialize-diagnostics -dependency-scan-serialize-diagnostics-path /Users/admin/builder/spi-builder-workspace/.derivedData/Build/Intermediates.noindex/SwiftUIJoystick.build/Debug-appletvos/SwiftUIJoystick-t.build/Objects-normal/arm64/SwiftUIJoystick-dependency-scan.dia -validate-clang-modules-once -clang-build-session-file /Users/admin/builder/spi-builder-workspace/.derivedData/ModuleCache.noindex/Session.modulevalidation -Xcc -fmodules-prune-interval\=86400 -Xcc -fmodules-prune-after\=345600 -emit-const-values -const-gather-protocols-list /Users/admin/builder/spi-builder-workspace/.derivedData/Build/Intermediates.noindex/SwiftUIJoystick.build/Debug-appletvos/SwiftUIJoystick-t.build/Objects-normal/arm64/SwiftUIJoystick_const_extract_protocols.json -Xcc -I/Users/admin/builder/spi-builder-workspace/.derivedData/Build/Products/Debug-appletvos/include -Xcc -I/Users/admin/builder/spi-builder-workspace/.derivedData/Build/Intermediates.noindex/SwiftUIJoystick.build/Debug-appletvos/SwiftUIJoystick-t.build/DerivedSources-normal/arm64 -Xcc -I/Users/admin/builder/spi-builder-workspace/.derivedData/Build/Intermediates.noindex/SwiftUIJoystick.build/Debug-appletvos/SwiftUIJoystick-t.build/DerivedSources/arm64 -Xcc -I/Users/admin/builder/spi-builder-workspace/.derivedData/Build/Intermediates.noindex/SwiftUIJoystick.build/Debug-appletvos/SwiftUIJoystick-t.build/DerivedSources -Xcc -DSWIFT_PACKAGE -Xcc -DDEBUG\=1 -emit-objc-header -emit-objc-header-path /Users/admin/builder/spi-builder-workspace/.derivedData/Build/Intermediates.noindex/SwiftUIJoystick.build/Debug-appletvos/SwiftUIJoystick-t.build/Objects-normal/arm64/SwiftUIJoystick-Swift.h -working-directory /Users/admin/builder/spi-builder-workspace/.swiftpm/xcode -experimental-emit-module-separately -disable-cmo
SwiftDriver SwiftUIJoystickTests normal arm64 com.apple.xcode.tools.swift.compiler (in target 'SwiftUIJoystickTests-product' from project 'SwiftUIJoystick')
    cd /Users/admin/builder/spi-builder-workspace/.swiftpm/xcode
    builtin-SwiftDriver -- /Applications/Xcode-27.0.0-Release.Candidate.app/Contents/Developer/Toolchains/XcodeDefault.xctoolchain/usr/bin/swiftc -parse-as-library -module-name SwiftUIJoystickTests -Onone @/Users/admin/builder/spi-builder-workspace/.derivedData/Build/Intermediates.noindex/SwiftUIJoystick.build/Debug-appletvos/SwiftUIJoystickTests-p.build/Objects-normal/arm64/SwiftUIJoystickTests.SwiftFileList -DSWIFT_PACKAGE -DDEBUG -DXcode -plugin-path /Applications/Xcode-27.0.0-Release.Candidate.app/Contents/Developer/Toolchains/XcodeDefault.xctoolchain/usr/lib/swift/host/plugins/testing -enable-experimental-feature DebugDescriptionMacro -sdk /Applications/Xcode-27.0.0-Release.Candidate.app/Contents/Developer/Platforms/AppleTVOS.platform/Developer/SDKs/AppleTVOS27.0.sdk -target arm64-apple-tvos17.0 -g -module-cache-path /Users/admin/builder/spi-builder-workspace/.derivedData/ModuleCache.noindex -Xfrontend -serialize-debugging-options -enable-testing -index-store-path /Users/admin/builder/spi-builder-workspace/.derivedData/Index.noindex/DataStore -Xcc -D_LIBCPP_HARDENING_MODE\=_LIBCPP_HARDENING_MODE_DEBUG -swift-version 5 -I /Users/admin/builder/spi-builder-workspace/.derivedData/Build/Products/Debug-appletvos -Isystem /Applications/Xcode-27.0.0-Release.Candidate.app/Contents/Developer/Platforms/AppleTVOS.platform/Developer/usr/lib -F /Users/admin/builder/spi-builder-workspace/.derivedData/Build/Products/Debug-appletvos/PackageFrameworks -F /Users/admin/builder/spi-builder-workspace/.derivedData/Build/Products/Debug-appletvos -F /Applications/Xcode-27.0.0-Release.Candidate.app/Contents/Developer/Platforms/AppleTVOS.platform/Developer/Library/Frameworks -F /Applications/Xcode-27.0.0-Release.Candidate.app/Contents/Developer/Platforms/AppleTVOS.platform/Developer/SDKs/AppleTVOS27.0.sdk/Developer/Library/Frameworks -c -j10 -enable-batch-mode -incremental -Xcc -ivfsstatcache -Xcc /Users/admin/builder/spi-builder-workspace/.derivedData/SDKStatCaches.noindex/appletvos27.0-24J360-e829b21a6f8c9b70876ba0858053c044b32bfd8d43560033f8d89884cdb90028.sdkstatcache -output-file-map /Users/admin/builder/spi-builder-workspace/.derivedData/Build/Intermediates.noindex/SwiftUIJoystick.build/Debug-appletvos/SwiftUIJoystickTests-p.build/Objects-normal/arm64/SwiftUIJoystickTests-OutputFileMap.json -save-temps -no-color-diagnostics -explicit-module-build -module-cache-path /Users/admin/builder/spi-builder-workspace/.derivedData/Build/Intermediates.noindex/SwiftExplicitPrecompiledModules -clang-scanner-module-cache-path /Users/admin/builder/spi-builder-workspace/.derivedData/ModuleCache.noindex -sdk-module-cache-path /Users/admin/builder/spi-builder-workspace/.derivedData/SDKExplicitPrecompiledModules -emit-dependencies -emit-module -emit-module-path /Users/admin/builder/spi-builder-workspace/.derivedData/Build/Intermediates.noindex/SwiftUIJoystick.build/Debug-appletvos/SwiftUIJoystickTests-p.build/Objects-normal/arm64/SwiftUIJoystickTests.swiftmodule -serialize-diagnostics -dependency-scan-serialize-diagnostics-path /Users/admin/builder/spi-builder-workspace/.derivedData/Build/Intermediates.noindex/SwiftUIJoystick.build/Debug-appletvos/SwiftUIJoystickTests-p.build/Objects-normal/arm64/SwiftUIJoystickTests-dependency-scan.dia -validate-clang-modules-once -clang-build-session-file /Users/admin/builder/spi-builder-workspace/.derivedData/ModuleCache.noindex/Session.modulevalidation -Xcc -fmodules-prune-interval\=86400 -Xcc -fmodules-prune-after\=345600 -emit-const-values -const-gather-protocols-list /Users/admin/builder/spi-builder-workspace/.derivedData/Build/Intermediates.noindex/SwiftUIJoystick.build/Debug-appletvos/SwiftUIJoystickTests-p.build/Objects-normal/arm64/SwiftUIJoystickTests_const_extract_protocols.json -Xcc -I/Users/admin/builder/spi-builder-workspace/.derivedData/Build/Products/Debug-appletvos/include -Xcc -I/Users/admin/builder/spi-builder-workspace/.derivedData/Build/Intermediates.noindex/SwiftUIJoystick.build/Debug-appletvos/SwiftUIJoystickTests-p.build/DerivedSources-normal/arm64 -Xcc -I/Users/admin/builder/spi-builder-workspace/.derivedData/Build/Intermediates.noindex/SwiftUIJoystick.build/Debug-appletvos/SwiftUIJoystickTests-p.build/DerivedSources/arm64 -Xcc -I/Users/admin/builder/spi-builder-workspace/.derivedData/Build/Intermediates.noindex/SwiftUIJoystick.build/Debug-appletvos/SwiftUIJoystickTests-p.build/DerivedSources -Xcc -DSWIFT_PACKAGE -Xcc -DDEBUG\=1 -working-directory /Users/admin/builder/spi-builder-workspace/.swiftpm/xcode -experimental-emit-module-separately -disable-cmo
SwiftCompile normal arm64 Compiling\ CGPoint-Extension.swift /Users/admin/builder/spi-builder-workspace/Sources/SwiftUIJoystick/CGPoint-Extension.swift (in target 'SwiftUIJoystick' from project 'SwiftUIJoystick')
SwiftCompile normal arm64 /Users/admin/builder/spi-builder-workspace/Sources/SwiftUIJoystick/CGPoint-Extension.swift (in target 'SwiftUIJoystick' from project 'SwiftUIJoystick')
    cd /Users/admin/builder/spi-builder-workspace/.swiftpm/xcode
    builtin-SwiftPerFileCompile CGPoint-Extension.swift
SwiftCompile normal arm64 Compiling\ PolarCoordinate.swift /Users/admin/builder/spi-builder-workspace/Sources/SwiftUIJoystick/PolarCoordinate.swift (in target 'SwiftUIJoystick' from project 'SwiftUIJoystick')
SwiftCompile normal arm64 /Users/admin/builder/spi-builder-workspace/Sources/SwiftUIJoystick/PolarCoordinate.swift (in target 'SwiftUIJoystick' from project 'SwiftUIJoystick')
    cd /Users/admin/builder/spi-builder-workspace/.swiftpm/xcode
    builtin-SwiftPerFileCompile PolarCoordinate.swift
SwiftEmitModule normal arm64 Emitting\ module\ for\ SwiftUIJoystick (in target 'SwiftUIJoystick' from project 'SwiftUIJoystick')
SwiftCompile normal arm64 (in target 'SwiftUIJoystick' from project 'SwiftUIJoystick')
    cd /Users/admin/builder/spi-builder-workspace/.swiftpm/xcode

SwiftEmitModule normal arm64 Emitting\ module\ for\ SwiftUIJoystickTests (in target 'SwiftUIJoystickTests-product' from project 'SwiftUIJoystick')
SwiftCompile normal arm64 (in target 'SwiftUIJoystickTests-product' from project 'SwiftUIJoystick')
    cd /Users/admin/builder/spi-builder-workspace/.swiftpm/xcode

SwiftCompile normal arm64 Compiling\ SwiftUIJoystickTests.swift /Users/admin/builder/spi-builder-workspace/Tests/SwiftUIJoystickTests/SwiftUIJoystickTests.swift (in target 'SwiftUIJoystickTests-product' from project 'SwiftUIJoystick')
SwiftCompile normal arm64 /Users/admin/builder/spi-builder-workspace/Tests/SwiftUIJoystickTests/SwiftUIJoystickTests.swift (in target 'SwiftUIJoystickTests-product' from project 'SwiftUIJoystick')
    cd /Users/admin/builder/spi-builder-workspace/.swiftpm/xcode
    builtin-SwiftPerFileCompile SwiftUIJoystickTests.swift
SwiftCompile normal arm64 Compiling\ JoystickMonitor.swift /Users/admin/builder/spi-builder-workspace/Sources/SwiftUIJoystick/JoystickMonitor.swift (in target 'SwiftUIJoystick' from project 'SwiftUIJoystick')
SwiftCompile normal arm64 /Users/admin/builder/spi-builder-workspace/Sources/SwiftUIJoystick/JoystickMonitor.swift (in target 'SwiftUIJoystick' from project 'SwiftUIJoystick')
    cd /Users/admin/builder/spi-builder-workspace/.swiftpm/xcode
    builtin-SwiftPerFileCompile JoystickMonitor.swift
SwiftCompile normal arm64 Compiling\ View-Extension.swift /Users/admin/builder/spi-builder-workspace/Sources/SwiftUIJoystick/View-Extension.swift (in target 'SwiftUIJoystick' from project 'SwiftUIJoystick')
SwiftCompile normal arm64 /Users/admin/builder/spi-builder-workspace/Sources/SwiftUIJoystick/View-Extension.swift (in target 'SwiftUIJoystick' from project 'SwiftUIJoystick')
    cd /Users/admin/builder/spi-builder-workspace/.swiftpm/xcode
    builtin-SwiftPerFileCompile View-Extension.swift
SwiftCompile normal arm64 Compiling\ JoystickRecognizer.swift /Users/admin/builder/spi-builder-workspace/Sources/SwiftUIJoystick/JoystickRecognizer.swift (in target 'SwiftUIJoystick' from project 'SwiftUIJoystick')
/Users/admin/builder/spi-builder-workspace/Sources/SwiftUIJoystick/JoystickRecognizer.swift:88:17: error: 'DragGesture' is unavailable in tvOS
 86 |             .contentShape(Rectangle())
 87 |             .gesture(
 88 |                 DragGesture(minimumDistance: 0, coordinateSpace: .local)
    |                 `- error: 'DragGesture' is unavailable in tvOS
 89 |                     .onChanged({ value in
 90 |                         var thumbX = value.location.x
SwiftUI.DragGesture:3:42: note: 'DragGesture' has been explicitly marked unavailable here
 1 | @available(iOS 13.0, macOS 10.15, watchOS 6.0, *)
 2 | @available(tvOS, unavailable)
 3 | @MainActor @preconcurrency public struct DragGesture : Gesture, ~Sendable {
   |                                          `- note: 'DragGesture' has been explicitly marked unavailable here
 4 |     public struct Value : Equatable, Sendable {
 5 |         public var time: Date
/Users/admin/builder/spi-builder-workspace/Sources/SwiftUIJoystick/JoystickRecognizer.swift:88:17: error: 'init(minimumDistance:coordinateSpace:)' is unavailable in tvOS
 86 |             .contentShape(Rectangle())
 87 |             .gesture(
 88 |                 DragGesture(minimumDistance: 0, coordinateSpace: .local)
    |                 `- error: 'init(minimumDistance:coordinateSpace:)' is unavailable in tvOS
 89 |                     .onChanged({ value in
 90 |                         var thumbX = value.location.x
SwiftUI.DragGesture.init:7:37: note: 'init(minimumDistance:coordinateSpace:)' has been explicitly marked unavailable here
5 |   @available(visionOS, introduced: 1.0, deprecated: 100000.0, message: "use overload that accepts a CoordinateSpaceProtocol instead")
6 |   @available(tvOS, unavailable)
7 |   @MainActor @preconcurrency public init(minimumDistance: CGFloat = 10, coordinateSpace: CoordinateSpace = .local)}
  |                                     `- note: 'init(minimumDistance:coordinateSpace:)' has been explicitly marked unavailable here
8 |
/Users/admin/builder/spi-builder-workspace/Sources/SwiftUIJoystick/JoystickRecognizer.swift:106:29: error: 'init(minimumDuration:maximumDistance:)' is unavailable in tvOS
104 |                     .exclusively(
105 |                         before:
106 |                             LongPressGesture(minimumDuration: 0.0, maximumDistance: 0.0)
    |                             `- error: 'init(minimumDuration:maximumDistance:)' is unavailable in tvOS
107 |                             .onEnded({ _ in
108 |                                 if !locksInPlace {
SwiftUI.LongPressGesture.init:3:22: note: 'init(minimumDuration:maximumDistance:)' has been explicitly marked unavailable here
1 | struct LongPressGesture {
2 | @available(tvOS, unavailable)
3 |   nonisolated public init(minimumDuration: Double = 0.5, maximumDistance: CGFloat = 10)}
  |                      `- note: 'init(minimumDuration:maximumDistance:)' has been explicitly marked unavailable here
4 |
/Users/admin/builder/spi-builder-workspace/Sources/SwiftUIJoystick/JoystickRecognizer.swift:124:17: error: 'DragGesture' is unavailable in tvOS
122 |             .contentShape(Circle())
123 |             .gesture(
124 |                 DragGesture(minimumDistance: 0, coordinateSpace: .local)
    |                 `- error: 'DragGesture' is unavailable in tvOS
125 |                     .onChanged() { value in
126 |                         let distance = self.midPoint.distance(to: value.location)
SwiftUI.DragGesture:3:42: note: 'DragGesture' has been explicitly marked unavailable here
 1 | @available(iOS 13.0, macOS 10.15, watchOS 6.0, *)
 2 | @available(tvOS, unavailable)
 3 | @MainActor @preconcurrency public struct DragGesture : Gesture, ~Sendable {
   |                                          `- note: 'DragGesture' has been explicitly marked unavailable here
 4 |     public struct Value : Equatable, Sendable {
 5 |         public var time: Date
/Users/admin/builder/spi-builder-workspace/Sources/SwiftUIJoystick/JoystickRecognizer.swift:124:17: error: 'init(minimumDistance:coordinateSpace:)' is unavailable in tvOS
122 |             .contentShape(Circle())
123 |             .gesture(
124 |                 DragGesture(minimumDistance: 0, coordinateSpace: .local)
    |                 `- error: 'init(minimumDistance:coordinateSpace:)' is unavailable in tvOS
125 |                     .onChanged() { value in
126 |                         let distance = self.midPoint.distance(to: value.location)
SwiftUI.DragGesture.init:7:37: note: 'init(minimumDistance:coordinateSpace:)' has been explicitly marked unavailable here
5 |   @available(visionOS, introduced: 1.0, deprecated: 100000.0, message: "use overload that accepts a CoordinateSpaceProtocol instead")
6 |   @available(tvOS, unavailable)
7 |   @MainActor @preconcurrency public init(minimumDistance: CGFloat = 10, coordinateSpace: CoordinateSpace = .local)}
  |                                     `- note: 'init(minimumDistance:coordinateSpace:)' has been explicitly marked unavailable here
8 |
/Users/admin/builder/spi-builder-workspace/Sources/SwiftUIJoystick/JoystickRecognizer.swift:148:29: error: 'init(minimumDuration:maximumDistance:)' is unavailable in tvOS
146 |                     .exclusively(
147 |                         before:
148 |                             LongPressGesture(minimumDuration: 0.0, maximumDistance: 0.0)
    |                             `- error: 'init(minimumDuration:maximumDistance:)' is unavailable in tvOS
149 |                             .onEnded({ _ in
150 |                                 if !locksInPlace {
SwiftUI.LongPressGesture.init:3:22: note: 'init(minimumDuration:maximumDistance:)' has been explicitly marked unavailable here
1 | struct LongPressGesture {
2 | @available(tvOS, unavailable)
3 |   nonisolated public init(minimumDuration: Double = 0.5, maximumDistance: CGFloat = 10)}
  |                      `- note: 'init(minimumDuration:maximumDistance:)' has been explicitly marked unavailable here
4 |
Failed frontend command:
/Applications/Xcode-27.0.0-Release.Candidate.app/Contents/Developer/Toolchains/XcodeDefault.xctoolchain/usr/bin/swift-frontend -frontend -c /Users/admin/builder/spi-builder-workspace/Sources/SwiftUIJoystick/CGPoint-Extension.swift /Users/admin/builder/spi-builder-workspace/Sources/SwiftUIJoystick/JoystickBuilder.swift /Users/admin/builder/spi-builder-workspace/Sources/SwiftUIJoystick/JoystickMonitor.swift -primary-file /Users/admin/builder/spi-builder-workspace/Sources/SwiftUIJoystick/JoystickRecognizer.swift /Users/admin/builder/spi-builder-workspace/Sources/SwiftUIJoystick/JoystickShape.swift /Users/admin/builder/spi-builder-workspace/Sources/SwiftUIJoystick/PolarCoordinate.swift /Users/admin/builder/spi-builder-workspace/Sources/SwiftUIJoystick/View-Extension.swift -emit-dependencies-path /Users/admin/builder/spi-builder-workspace/.derivedData/Build/Intermediates.noindex/SwiftUIJoystick.build/Debug-appletvos/SwiftUIJoystick-t.build/Objects-normal/arm64/JoystickRecognizer.d -emit-const-values-path /Users/admin/builder/spi-builder-workspace/.derivedData/Build/Intermediates.noindex/SwiftUIJoystick.build/Debug-appletvos/SwiftUIJoystick-t.build/Objects-normal/arm64/JoystickRecognizer.swiftconstvalues -emit-reference-dependencies-path /Users/admin/builder/spi-builder-workspace/.derivedData/Build/Intermediates.noindex/SwiftUIJoystick.build/Debug-appletvos/SwiftUIJoystick-t.build/Objects-normal/arm64/JoystickRecognizer.swiftdeps -serialize-diagnostics-path /Users/admin/builder/spi-builder-workspace/.derivedData/Build/Intermediates.noindex/SwiftUIJoystick.build/Debug-appletvos/SwiftUIJoystick-t.build/Objects-normal/arm64/JoystickRecognizer.dia -target arm64-apple-tvos15.0 -disable-cross-import-overlay-search -load-resolved-plugin /Applications/Xcode-27.0.0-Release.Candidate.app/Contents/Developer/Platforms/AppleTVOS.platform/Developer/usr/lib/swift/host/plugins/libFoundationMacros.dylib\#/Applications/Xcode-27.0.0-Release.Candidate.app/Contents/Developer/Platforms/AppleTVOS.platform/Developer/usr/bin/swift-plugin-server\#FoundationMacros -load-resolved-plugin /Applications/Xcode-27.0.0-Release.Candidate.app/Contents/Developer/Platforms/AppleTVOS.platform/Developer/usr/lib/swift/host/plugins/libObservationMacros.dylib\#/Applications/Xcode-27.0.0-Release.Candidate.app/Contents/Developer/Platforms/AppleTVOS.platform/Developer/usr/bin/swift-plugin-server\#ObservationMacros -load-resolved-plugin /Applications/Xcode-27.0.0-Release.Candidate.app/Contents/Developer/Platforms/AppleTVOS.platform/Developer/usr/lib/swift/host/plugins/libPreviewsMacros.dylib\#/Applications/Xcode-27.0.0-Release.Candidate.app/Contents/Developer/Platforms/AppleTVOS.platform/Developer/usr/bin/swift-plugin-server\#PreviewsMacros -load-resolved-plugin /Applications/Xcode-27.0.0-Release.Candidate.app/Contents/Developer/Platforms/AppleTVOS.platform/Developer/usr/lib/swift/host/plugins/libSwiftMacros.dylib\#/Applications/Xcode-27.0.0-Release.Candidate.app/Contents/Developer/Platforms/AppleTVOS.platform/Developer/usr/bin/swift-plugin-server\#SwiftMacros -load-resolved-plugin /Applications/Xcode-27.0.0-Release.Candidate.app/Contents/Developer/Platforms/AppleTVOS.platform/Developer/usr/lib/swift/host/plugins/libSwiftUIMacros.dylib\#/Applications/Xcode-27.0.0-Release.Candidate.app/Contents/Developer/Platforms/AppleTVOS.platform/Developer/usr/bin/swift-plugin-server\#SwiftUIMacros -disable-implicit-swift-modules -Xcc -fno-implicit-modules -Xcc -fno-implicit-module-maps -explicit-swift-module-map-file /Users/admin/builder/spi-builder-workspace/.derivedData/Build/Intermediates.noindex/SwiftUIJoystick.build/Debug-appletvos/SwiftUIJoystick-t.build/Objects-normal/arm64/SwiftUIJoystick-dependencies-1.json -Xllvm -aarch64-use-tbi -enable-objc-interop -stack-check -sdk /Applications/Xcode-27.0.0-Release.Candidate.app/Contents/Developer/Platforms/AppleTVOS.platform/Developer/SDKs/AppleTVOS27.0.sdk -I /Users/admin/builder/spi-builder-workspace/.derivedData/Build/Products/Debug-appletvos -Isystem /Applications/Xcode-27.0.0-Release.Candidate.app/Contents/Developer/Platforms/AppleTVOS.platform/Developer/usr/lib -F /Users/admin/builder/spi-builder-workspace/.derivedData/Build/Products/Debug-appletvos -F /Applications/Xcode-27.0.0-Release.Candidate.app/Contents/Developer/Platforms/AppleTVOS.platform/Developer/Library/Frameworks -F /Applications/Xcode-27.0.0-Release.Candidate.app/Contents/Developer/Platforms/AppleTVOS.platform/Developer/SDKs/AppleTVOS27.0.sdk/Developer/Library/Frameworks -module-cache-path /Users/admin/builder/spi-builder-workspace/.derivedData/Build/Intermediates.noindex/SwiftExplicitPrecompiledModules -no-color-diagnostics -Xcc -fno-color-diagnostics -enable-testing -g -debug-info-format\=dwarf -dwarf-version\=4 -swift-version 5 -Onone -D SWIFT_PACKAGE -D DEBUG -D SWIFT_MODULE_RESOURCE_BUNDLE_UNAVAILABLE -D Xcode -serialize-debugging-options -enable-experimental-feature DebugDescriptionMacro -empty-abi-descriptor -validate-clang-modules-once -clang-build-session-file /Users/admin/builder/spi-builder-workspace/.derivedData/ModuleCache.noindex/Session.modulevalidation -Xcc -working-directory -Xcc /Users/admin/builder/spi-builder-workspace/.swiftpm/xcode -enable-anonymous-context-mangled-names -file-compilation-dir /Users/admin/builder/spi-builder-workspace/.swiftpm/xcode -Xcc -D_LIBCPP_HARDENING_MODE\=_LIBCPP_HARDENING_MODE_DEBUG -Xcc -ivfsstatcache -Xcc /Users/admin/builder/spi-builder-workspace/.derivedData/SDKStatCaches.noindex/appletvos27.0-24J360-e829b21a6f8c9b70876ba0858053c044b32bfd8d43560033f8d89884cdb90028.sdkstatcache -Xcc -fmodules-prune-interval\=86400 -Xcc -fmodules-prune-after\=345600 -Xcc -I/Users/admin/builder/spi-builder-workspace/.derivedData/Build/Products/Debug-appletvos/include -Xcc -I/Users/admin/builder/spi-builder-workspace/.derivedData/Build/Intermediates.noindex/SwiftUIJoystick.build/Debug-appletvos/SwiftUIJoystick-t.build/DerivedSources-normal/arm64 -Xcc -I/Users/admin/builder/spi-builder-workspace/.derivedData/Build/Intermediates.noindex/SwiftUIJoystick.build/Debug-appletvos/SwiftUIJoystick-t.build/DerivedSources/arm64 -Xcc -I/Users/admin/builder/spi-builder-workspace/.derivedData/Build/Intermediates.noindex/SwiftUIJoystick.build/Debug-appletvos/SwiftUIJoystick-t.build/DerivedSources -Xcc -DSWIFT_PACKAGE -Xcc -DDEBUG\=1 -no-auto-bridging-header-chaining -module-name SwiftUIJoystick -const-gather-protocols-file /Users/admin/builder/spi-builder-workspace/.derivedData/Build/Intermediates.noindex/SwiftUIJoystick.build/Debug-appletvos/SwiftUIJoystick-t.build/Objects-normal/arm64/SwiftUIJoystick_const_extract_protocols.json -disable-clang-spi -clang-target arm64-apple-tvos27.0 -target-sdk-version 27.0 -target-sdk-name appletvos27.0 -in-process-plugin-server-path /Applications/Xcode-27.0.0-Release.Candidate.app/Contents/Developer/Toolchains/XcodeDefault.xctoolchain/usr/lib/swift/host/libSwiftInProcPluginServer.dylib -parse-as-library -o /Users/admin/builder/spi-builder-workspace/.derivedData/Build/Intermediates.noindex/SwiftUIJoystick.build/Debug-appletvos/SwiftUIJoystick-t.build/Objects-normal/arm64/JoystickRecognizer.o -debug-module-path /Users/admin/builder/spi-builder-workspace/.derivedData/Build/Intermediates.noindex/SwiftUIJoystick.build/Debug-appletvos/SwiftUIJoystick-t.build/Objects-normal/arm64/SwiftUIJoystick.swiftmodule -index-unit-output-path /SwiftUIJoystick.build/Debug-appletvos/SwiftUIJoystick-t.build/Objects-normal/arm64/JoystickRecognizer.o -index-store-path /Users/admin/builder/spi-builder-workspace/.derivedData/Index.noindex/DataStore -index-system-modules
SwiftCompile normal arm64 /Users/admin/builder/spi-builder-workspace/Sources/SwiftUIJoystick/JoystickRecognizer.swift (in target 'SwiftUIJoystick' from project 'SwiftUIJoystick')
    cd /Users/admin/builder/spi-builder-workspace/.swiftpm/xcode
    builtin-SwiftPerFileCompile JoystickRecognizer.swift
SwiftCompile normal arm64 Compiling\ JoystickBuilder.swift /Users/admin/builder/spi-builder-workspace/Sources/SwiftUIJoystick/JoystickBuilder.swift (in target 'SwiftUIJoystick' from project 'SwiftUIJoystick')
SwiftCompile normal arm64 /Users/admin/builder/spi-builder-workspace/Sources/SwiftUIJoystick/JoystickBuilder.swift (in target 'SwiftUIJoystick' from project 'SwiftUIJoystick')
    cd /Users/admin/builder/spi-builder-workspace/.swiftpm/xcode
    builtin-SwiftPerFileCompile JoystickBuilder.swift
SwiftDriverJobDiscovery normal arm64 Compiling PolarCoordinate.swift (in target 'SwiftUIJoystick' from project 'SwiftUIJoystick')
SwiftDriverJobDiscovery normal arm64 Compiling View-Extension.swift (in target 'SwiftUIJoystick' from project 'SwiftUIJoystick')
SwiftDriverJobDiscovery normal arm64 Compiling JoystickMonitor.swift (in target 'SwiftUIJoystick' from project 'SwiftUIJoystick')
PruneExplicitPrecompiledModules /Users/admin/builder/spi-builder-workspace/.derivedData/Build/Intermediates.noindex/ExplicitPrecompiledModules
PruneExplicitPrecompiledModules /Users/admin/builder/spi-builder-workspace/.derivedData/Build/Intermediates.noindex/SwiftExplicitPrecompiledModules
PruneExplicitPrecompiledModules /Users/admin/builder/spi-builder-workspace/.derivedData/SDKExplicitPrecompiledModules
2026-09-22 08:47:08.477 xcodebuild[799:5007] [MT] IDERunDestination: Supported platforms for the buildables in the current scheme is empty.
2026-09-22 08:47:08.578 xcodebuild[799:5007] [MT] IDERunDestination: Supported platforms for the buildables in the current scheme is empty.
** BUILD FAILED **
The following build commands failed:
	SwiftCompile normal arm64 Compiling\ JoystickRecognizer.swift /Users/admin/builder/spi-builder-workspace/Sources/SwiftUIJoystick/JoystickRecognizer.swift (in target 'SwiftUIJoystick' from project 'SwiftUIJoystick')
	SwiftCompile normal arm64 /Users/admin/builder/spi-builder-workspace/Sources/SwiftUIJoystick/JoystickRecognizer.swift (in target 'SwiftUIJoystick' from project 'SwiftUIJoystick')
	Building workspace SwiftUIJoystick with scheme SwiftUIJoystick
(3 failures)
BUILD FAILURE 6.4 tvOS