The Swift Package Index logo.Swift Package Index

Build Information

Failed to build swift-capstone, reference v7.0.0 (9f892f), with Swift 6.4 for watchOS using Xcode 27.0 on 24 Oct 2026 09:53:07 UTC.

Build Command

env DEVELOPER_DIR=/Applications/Xcode-27.0.0.app xcrun xcodebuild -IDEClonedSourcePackagesDirPathOverride=$PWD/.dependencies -skipMacroValidation -skipPackagePluginValidation -derivedDataPath $PWD/.derivedData build -scheme swift-capstone-Package -destination generic/platform=watchOS

Build Log

ScanDependencies /Users/admin/builder/spi-builder-workspace/.derivedData/Build/Intermediates.noindex/capstone.build/Debug-watchos/Ccapstone-t.build/Objects-normal/arm64/ARMDisassembler.o /Users/admin/builder/spi-builder-workspace/.dependencies/checkouts/capstone/bindings/swift/Ccapstone/arch/ARM/ARMDisassembler.c normal arm64 c com.apple.compilers.llvm.clang.1_0.compiler (in target 'Ccapstone' from project 'capstone')
    cd /Users/admin/builder/spi-builder-workspace/.swiftpm/xcode

    Using response file: /Users/admin/builder/spi-builder-workspace/.derivedData/Build/Intermediates.noindex/capstone.build/Debug-watchos/Ccapstone-t.build/Objects-normal/arm64/7187679823f38a2a940e0043cdf9d637-common-args.resp

    builtin-ScanDependencies -o /Users/admin/builder/spi-builder-workspace/.derivedData/Build/Intermediates.noindex/capstone.build/Debug-watchos/Ccapstone-t.build/Objects-normal/arm64/ARMDisassembler.o.scan -- /Applications/Xcode-27.0.0.app/Contents/Developer/Toolchains/XcodeDefault.xctoolchain/usr/bin/clang -x c -ivfsstatcache /Users/admin/builder/spi-builder-workspace/.derivedData/SDKStatCaches.noindex/watchos27.0-24R360-e829b21a6f8c9b70876ba0858053c044b9db9bc9c079ee3c7b5f3373b13d10bc.sdkstatcache -target arm64-apple-watchos9.0 -fmessage-length\=0 -fdiagnostics-show-note-include-stack -fmacro-backtrace-limit\=0 -fno-color-diagnostics -fmodules-prune-interval\=86400 -fmodules-prune-after\=345600 -fbuild-session-file\=/Users/admin/builder/spi-builder-workspace/.derivedData/ModuleCache.noindex/Session.modulevalidation -fmodules-validate-once-per-build-session -Wnon-modular-include-in-framework-module -Werror\=non-modular-include-in-framework-module -Wno-trigraphs -Wno-missing-field-initializers -Wno-missing-prototypes -Wno-return-type -Wno-missing-braces -Wparentheses -Wswitch -Wno-unused-function -Wno-unused-label -Wno-unused-parameter -Wno-unused-variable -Wunused-value -Wno-empty-body -Wno-uninitialized -Wno-unknown-pragmas -w -Wno-shadow -Wno-four-char-constants -Wno-conversion -Wno-constant-conversion -Wno-int-conversion -Wno-bool-conversion -Wno-enum-conversion -Wno-float-conversion -Wno-non-literal-null-conversion -Wno-objc-literal-conversion -Wshorten-64-to-32 -Wpointer-sign -Wno-newline-eof -Wno-implicit-fallthrough -isysroot /Applications/Xcode-27.0.0.app/Contents/Developer/Platforms/WatchOS.platform/Developer/SDKs/WatchOS27.0.sdk -fstrict-aliasing -Wdeprecated-declarations -Wno-sign-conversion -Wno-infinite-recursion -Wno-comma -Wno-block-capture-autoreleasing -Wno-strict-prototypes -Wno-semicolon-before-method-body -index-store-path /Users/admin/builder/spi-builder-workspace/.derivedData/Index.noindex/DataStore @/Users/admin/builder/spi-builder-workspace/.derivedData/Build/Intermediates.noindex/capstone.build/Debug-watchos/Ccapstone-t.build/Objects-normal/arm64/7187679823f38a2a940e0043cdf9d637-common-args.resp -MMD -MT dependencies -MF /Users/admin/builder/spi-builder-workspace/.derivedData/Build/Intermediates.noindex/capstone.build/Debug-watchos/Ccapstone-t.build/Objects-normal/arm64/ARMDisassembler.d --serialize-diagnostics /Users/admin/builder/spi-builder-workspace/.derivedData/Build/Intermediates.noindex/capstone.build/Debug-watchos/Ccapstone-t.build/Objects-normal/arm64/ARMDisassembler.dia -c /Users/admin/builder/spi-builder-workspace/.dependencies/checkouts/capstone/bindings/swift/Ccapstone/arch/ARM/ARMDisassembler.c -o /Users/admin/builder/spi-builder-workspace/.derivedData/Build/Intermediates.noindex/capstone.build/Debug-watchos/Ccapstone-t.build/Objects-normal/arm64/ARMDisassembler.o -index-unit-output-path /capstone.build/Debug-watchos/Ccapstone-t.build/Objects-normal/arm64/ARMDisassembler.o
CompileC /Users/admin/builder/spi-builder-workspace/.derivedData/Build/Intermediates.noindex/capstone.build/Debug-watchos/Ccapstone-t.build/Objects-normal/arm64/ARMInstPrinter.o /Users/admin/builder/spi-builder-workspace/.dependencies/checkouts/capstone/bindings/swift/Ccapstone/arch/ARM/ARMInstPrinter.c normal arm64 c com.apple.compilers.llvm.clang.1_0.compiler (in target 'Ccapstone' from project 'capstone')
    cd /Users/admin/builder/spi-builder-workspace/.swiftpm/xcode

    Using response file: /Users/admin/builder/spi-builder-workspace/.derivedData/Build/Intermediates.noindex/capstone.build/Debug-watchos/Ccapstone-t.build/Objects-normal/arm64/7187679823f38a2a940e0043cdf9d637-common-args.resp

    /Applications/Xcode-27.0.0.app/Contents/Developer/Toolchains/XcodeDefault.xctoolchain/usr/bin/clang -x c -ivfsstatcache /Users/admin/builder/spi-builder-workspace/.derivedData/SDKStatCaches.noindex/watchos27.0-24R360-e829b21a6f8c9b70876ba0858053c044b9db9bc9c079ee3c7b5f3373b13d10bc.sdkstatcache -target arm64-apple-watchos9.0 -fmessage-length\=0 -fdiagnostics-show-note-include-stack -fmacro-backtrace-limit\=0 -fno-color-diagnostics -fmodules-prune-interval\=86400 -fmodules-prune-after\=345600 -fbuild-session-file\=/Users/admin/builder/spi-builder-workspace/.derivedData/ModuleCache.noindex/Session.modulevalidation -fmodules-validate-once-per-build-session -Wnon-modular-include-in-framework-module -Werror\=non-modular-include-in-framework-module -Wno-trigraphs -Wno-missing-field-initializers -Wno-missing-prototypes -Wno-return-type -Wno-missing-braces -Wparentheses -Wswitch -Wno-unused-function -Wno-unused-label -Wno-unused-parameter -Wno-unused-variable -Wunused-value -Wno-empty-body -Wno-uninitialized -Wno-unknown-pragmas -w -Wno-shadow -Wno-four-char-constants -Wno-conversion -Wno-constant-conversion -Wno-int-conversion -Wno-bool-conversion -Wno-enum-conversion -Wno-float-conversion -Wno-non-literal-null-conversion -Wno-objc-literal-conversion -Wshorten-64-to-32 -Wpointer-sign -Wno-newline-eof -Wno-implicit-fallthrough -isysroot /Applications/Xcode-27.0.0.app/Contents/Developer/Platforms/WatchOS.platform/Developer/SDKs/WatchOS27.0.sdk -fstrict-aliasing -Wdeprecated-declarations -Wno-sign-conversion -Wno-infinite-recursion -Wno-comma -Wno-block-capture-autoreleasing -Wno-strict-prototypes -Wno-semicolon-before-method-body -index-store-path /Users/admin/builder/spi-builder-workspace/.derivedData/Index.noindex/DataStore @/Users/admin/builder/spi-builder-workspace/.derivedData/Build/Intermediates.noindex/capstone.build/Debug-watchos/Ccapstone-t.build/Objects-normal/arm64/7187679823f38a2a940e0043cdf9d637-common-args.resp -MMD -MT dependencies -MF /Users/admin/builder/spi-builder-workspace/.derivedData/Build/Intermediates.noindex/capstone.build/Debug-watchos/Ccapstone-t.build/Objects-normal/arm64/ARMInstPrinter.d --serialize-diagnostics /Users/admin/builder/spi-builder-workspace/.derivedData/Build/Intermediates.noindex/capstone.build/Debug-watchos/Ccapstone-t.build/Objects-normal/arm64/ARMInstPrinter.dia -c /Users/admin/builder/spi-builder-workspace/.dependencies/checkouts/capstone/bindings/swift/Ccapstone/arch/ARM/ARMInstPrinter.c -o /Users/admin/builder/spi-builder-workspace/.derivedData/Build/Intermediates.noindex/capstone.build/Debug-watchos/Ccapstone-t.build/Objects-normal/arm64/ARMInstPrinter.o -index-unit-output-path /capstone.build/Debug-watchos/Ccapstone-t.build/Objects-normal/arm64/ARMInstPrinter.o
CompileC /Users/admin/builder/spi-builder-workspace/.derivedData/Build/Intermediates.noindex/capstone.build/Debug-watchos/Ccapstone-t.build/Objects-normal/arm64/ARMDisassemblerExtension.o /Users/admin/builder/spi-builder-workspace/.dependencies/checkouts/capstone/bindings/swift/Ccapstone/arch/ARM/ARMDisassemblerExtension.c normal arm64 c com.apple.compilers.llvm.clang.1_0.compiler (in target 'Ccapstone' from project 'capstone')
    cd /Users/admin/builder/spi-builder-workspace/.swiftpm/xcode

    Using response file: /Users/admin/builder/spi-builder-workspace/.derivedData/Build/Intermediates.noindex/capstone.build/Debug-watchos/Ccapstone-t.build/Objects-normal/arm64/7187679823f38a2a940e0043cdf9d637-common-args.resp

    /Applications/Xcode-27.0.0.app/Contents/Developer/Toolchains/XcodeDefault.xctoolchain/usr/bin/clang -x c -ivfsstatcache /Users/admin/builder/spi-builder-workspace/.derivedData/SDKStatCaches.noindex/watchos27.0-24R360-e829b21a6f8c9b70876ba0858053c044b9db9bc9c079ee3c7b5f3373b13d10bc.sdkstatcache -target arm64-apple-watchos9.0 -fmessage-length\=0 -fdiagnostics-show-note-include-stack -fmacro-backtrace-limit\=0 -fno-color-diagnostics -fmodules-prune-interval\=86400 -fmodules-prune-after\=345600 -fbuild-session-file\=/Users/admin/builder/spi-builder-workspace/.derivedData/ModuleCache.noindex/Session.modulevalidation -fmodules-validate-once-per-build-session -Wnon-modular-include-in-framework-module -Werror\=non-modular-include-in-framework-module -Wno-trigraphs -Wno-missing-field-initializers -Wno-missing-prototypes -Wno-return-type -Wno-missing-braces -Wparentheses -Wswitch -Wno-unused-function -Wno-unused-label -Wno-unused-parameter -Wno-unused-variable -Wunused-value -Wno-empty-body -Wno-uninitialized -Wno-unknown-pragmas -w -Wno-shadow -Wno-four-char-constants -Wno-conversion -Wno-constant-conversion -Wno-int-conversion -Wno-bool-conversion -Wno-enum-conversion -Wno-float-conversion -Wno-non-literal-null-conversion -Wno-objc-literal-conversion -Wshorten-64-to-32 -Wpointer-sign -Wno-newline-eof -Wno-implicit-fallthrough -isysroot /Applications/Xcode-27.0.0.app/Contents/Developer/Platforms/WatchOS.platform/Developer/SDKs/WatchOS27.0.sdk -fstrict-aliasing -Wdeprecated-declarations -Wno-sign-conversion -Wno-infinite-recursion -Wno-comma -Wno-block-capture-autoreleasing -Wno-strict-prototypes -Wno-semicolon-before-method-body -index-store-path /Users/admin/builder/spi-builder-workspace/.derivedData/Index.noindex/DataStore @/Users/admin/builder/spi-builder-workspace/.derivedData/Build/Intermediates.noindex/capstone.build/Debug-watchos/Ccapstone-t.build/Objects-normal/arm64/7187679823f38a2a940e0043cdf9d637-common-args.resp -MMD -MT dependencies -MF /Users/admin/builder/spi-builder-workspace/.derivedData/Build/Intermediates.noindex/capstone.build/Debug-watchos/Ccapstone-t.build/Objects-normal/arm64/ARMDisassemblerExtension.d --serialize-diagnostics /Users/admin/builder/spi-builder-workspace/.derivedData/Build/Intermediates.noindex/capstone.build/Debug-watchos/Ccapstone-t.build/Objects-normal/arm64/ARMDisassemblerExtension.dia -c /Users/admin/builder/spi-builder-workspace/.dependencies/checkouts/capstone/bindings/swift/Ccapstone/arch/ARM/ARMDisassemblerExtension.c -o /Users/admin/builder/spi-builder-workspace/.derivedData/Build/Intermediates.noindex/capstone.build/Debug-watchos/Ccapstone-t.build/Objects-normal/arm64/ARMDisassemblerExtension.o -index-unit-output-path /capstone.build/Debug-watchos/Ccapstone-t.build/Objects-normal/arm64/ARMDisassemblerExtension.o
ScanDependencies /Users/admin/builder/spi-builder-workspace/.derivedData/Build/Intermediates.noindex/capstone.build/Debug-watchos/Ccapstone-t.build/Objects-normal/arm64/ARMBaseInfo.o /Users/admin/builder/spi-builder-workspace/.dependencies/checkouts/capstone/bindings/swift/Ccapstone/arch/ARM/ARMBaseInfo.c normal arm64 c com.apple.compilers.llvm.clang.1_0.compiler (in target 'Ccapstone' from project 'capstone')
    cd /Users/admin/builder/spi-builder-workspace/.swiftpm/xcode

    Using response file: /Users/admin/builder/spi-builder-workspace/.derivedData/Build/Intermediates.noindex/capstone.build/Debug-watchos/Ccapstone-t.build/Objects-normal/arm64/7187679823f38a2a940e0043cdf9d637-common-args.resp

    builtin-ScanDependencies -o /Users/admin/builder/spi-builder-workspace/.derivedData/Build/Intermediates.noindex/capstone.build/Debug-watchos/Ccapstone-t.build/Objects-normal/arm64/ARMBaseInfo.o.scan -- /Applications/Xcode-27.0.0.app/Contents/Developer/Toolchains/XcodeDefault.xctoolchain/usr/bin/clang -x c -ivfsstatcache /Users/admin/builder/spi-builder-workspace/.derivedData/SDKStatCaches.noindex/watchos27.0-24R360-e829b21a6f8c9b70876ba0858053c044b9db9bc9c079ee3c7b5f3373b13d10bc.sdkstatcache -target arm64-apple-watchos9.0 -fmessage-length\=0 -fdiagnostics-show-note-include-stack -fmacro-backtrace-limit\=0 -fno-color-diagnostics -fmodules-prune-interval\=86400 -fmodules-prune-after\=345600 -fbuild-session-file\=/Users/admin/builder/spi-builder-workspace/.derivedData/ModuleCache.noindex/Session.modulevalidation -fmodules-validate-once-per-build-session -Wnon-modular-include-in-framework-module -Werror\=non-modular-include-in-framework-module -Wno-trigraphs -Wno-missing-field-initializers -Wno-missing-prototypes -Wno-return-type -Wno-missing-braces -Wparentheses -Wswitch -Wno-unused-function -Wno-unused-label -Wno-unused-parameter -Wno-unused-variable -Wunused-value -Wno-empty-body -Wno-uninitialized -Wno-unknown-pragmas -w -Wno-shadow -Wno-four-char-constants -Wno-conversion -Wno-constant-conversion -Wno-int-conversion -Wno-bool-conversion -Wno-enum-conversion -Wno-float-conversion -Wno-non-literal-null-conversion -Wno-objc-literal-conversion -Wshorten-64-to-32 -Wpointer-sign -Wno-newline-eof -Wno-implicit-fallthrough -isysroot /Applications/Xcode-27.0.0.app/Contents/Developer/Platforms/WatchOS.platform/Developer/SDKs/WatchOS27.0.sdk -fstrict-aliasing -Wdeprecated-declarations -Wno-sign-conversion -Wno-infinite-recursion -Wno-comma -Wno-block-capture-autoreleasing -Wno-strict-prototypes -Wno-semicolon-before-method-body -index-store-path /Users/admin/builder/spi-builder-workspace/.derivedData/Index.noindex/DataStore @/Users/admin/builder/spi-builder-workspace/.derivedData/Build/Intermediates.noindex/capstone.build/Debug-watchos/Ccapstone-t.build/Objects-normal/arm64/7187679823f38a2a940e0043cdf9d637-common-args.resp -MMD -MT dependencies -MF /Users/admin/builder/spi-builder-workspace/.derivedData/Build/Intermediates.noindex/capstone.build/Debug-watchos/Ccapstone-t.build/Objects-normal/arm64/ARMBaseInfo.d --serialize-diagnostics /Users/admin/builder/spi-builder-workspace/.derivedData/Build/Intermediates.noindex/capstone.build/Debug-watchos/Ccapstone-t.build/Objects-normal/arm64/ARMBaseInfo.dia -c /Users/admin/builder/spi-builder-workspace/.dependencies/checkouts/capstone/bindings/swift/Ccapstone/arch/ARM/ARMBaseInfo.c -o /Users/admin/builder/spi-builder-workspace/.derivedData/Build/Intermediates.noindex/capstone.build/Debug-watchos/Ccapstone-t.build/Objects-normal/arm64/ARMBaseInfo.o -index-unit-output-path /capstone.build/Debug-watchos/Ccapstone-t.build/Objects-normal/arm64/ARMBaseInfo.o
ScanDependencies /Users/admin/builder/spi-builder-workspace/.derivedData/Build/Intermediates.noindex/capstone.build/Debug-watchos/Ccapstone-t.build/Objects-normal/arm64/ARCModule.o /Users/admin/builder/spi-builder-workspace/.dependencies/checkouts/capstone/bindings/swift/Ccapstone/arch/ARC/ARCModule.c normal arm64 c com.apple.compilers.llvm.clang.1_0.compiler (in target 'Ccapstone' from project 'capstone')
    cd /Users/admin/builder/spi-builder-workspace/.swiftpm/xcode

    Using response file: /Users/admin/builder/spi-builder-workspace/.derivedData/Build/Intermediates.noindex/capstone.build/Debug-watchos/Ccapstone-t.build/Objects-normal/arm64/7187679823f38a2a940e0043cdf9d637-common-args.resp

    builtin-ScanDependencies -o /Users/admin/builder/spi-builder-workspace/.derivedData/Build/Intermediates.noindex/capstone.build/Debug-watchos/Ccapstone-t.build/Objects-normal/arm64/ARCModule.o.scan -- /Applications/Xcode-27.0.0.app/Contents/Developer/Toolchains/XcodeDefault.xctoolchain/usr/bin/clang -x c -ivfsstatcache /Users/admin/builder/spi-builder-workspace/.derivedData/SDKStatCaches.noindex/watchos27.0-24R360-e829b21a6f8c9b70876ba0858053c044b9db9bc9c079ee3c7b5f3373b13d10bc.sdkstatcache -target arm64-apple-watchos9.0 -fmessage-length\=0 -fdiagnostics-show-note-include-stack -fmacro-backtrace-limit\=0 -fno-color-diagnostics -fmodules-prune-interval\=86400 -fmodules-prune-after\=345600 -fbuild-session-file\=/Users/admin/builder/spi-builder-workspace/.derivedData/ModuleCache.noindex/Session.modulevalidation -fmodules-validate-once-per-build-session -Wnon-modular-include-in-framework-module -Werror\=non-modular-include-in-framework-module -Wno-trigraphs -Wno-missing-field-initializers -Wno-missing-prototypes -Wno-return-type -Wno-missing-braces -Wparentheses -Wswitch -Wno-unused-function -Wno-unused-label -Wno-unused-parameter -Wno-unused-variable -Wunused-value -Wno-empty-body -Wno-uninitialized -Wno-unknown-pragmas -w -Wno-shadow -Wno-four-char-constants -Wno-conversion -Wno-constant-conversion -Wno-int-conversion -Wno-bool-conversion -Wno-enum-conversion -Wno-float-conversion -Wno-non-literal-null-conversion -Wno-objc-literal-conversion -Wshorten-64-to-32 -Wpointer-sign -Wno-newline-eof -Wno-implicit-fallthrough -isysroot /Applications/Xcode-27.0.0.app/Contents/Developer/Platforms/WatchOS.platform/Developer/SDKs/WatchOS27.0.sdk -fstrict-aliasing -Wdeprecated-declarations -Wno-sign-conversion -Wno-infinite-recursion -Wno-comma -Wno-block-capture-autoreleasing -Wno-strict-prototypes -Wno-semicolon-before-method-body -index-store-path /Users/admin/builder/spi-builder-workspace/.derivedData/Index.noindex/DataStore @/Users/admin/builder/spi-builder-workspace/.derivedData/Build/Intermediates.noindex/capstone.build/Debug-watchos/Ccapstone-t.build/Objects-normal/arm64/7187679823f38a2a940e0043cdf9d637-common-args.resp -MMD -MT dependencies -MF /Users/admin/builder/spi-builder-workspace/.derivedData/Build/Intermediates.noindex/capstone.build/Debug-watchos/Ccapstone-t.build/Objects-normal/arm64/ARCModule.d --serialize-diagnostics /Users/admin/builder/spi-builder-workspace/.derivedData/Build/Intermediates.noindex/capstone.build/Debug-watchos/Ccapstone-t.build/Objects-normal/arm64/ARCModule.dia -c /Users/admin/builder/spi-builder-workspace/.dependencies/checkouts/capstone/bindings/swift/Ccapstone/arch/ARC/ARCModule.c -o /Users/admin/builder/spi-builder-workspace/.derivedData/Build/Intermediates.noindex/capstone.build/Debug-watchos/Ccapstone-t.build/Objects-normal/arm64/ARCModule.o -index-unit-output-path /capstone.build/Debug-watchos/Ccapstone-t.build/Objects-normal/arm64/ARCModule.o
CompileC /Users/admin/builder/spi-builder-workspace/.derivedData/Build/Intermediates.noindex/capstone.build/Debug-watchos/Ccapstone-t.build/Objects-normal/arm64/ARMDisassembler.o /Users/admin/builder/spi-builder-workspace/.dependencies/checkouts/capstone/bindings/swift/Ccapstone/arch/ARM/ARMDisassembler.c normal arm64 c com.apple.compilers.llvm.clang.1_0.compiler (in target 'Ccapstone' from project 'capstone')
    cd /Users/admin/builder/spi-builder-workspace/.swiftpm/xcode

    Using response file: /Users/admin/builder/spi-builder-workspace/.derivedData/Build/Intermediates.noindex/capstone.build/Debug-watchos/Ccapstone-t.build/Objects-normal/arm64/7187679823f38a2a940e0043cdf9d637-common-args.resp

    /Applications/Xcode-27.0.0.app/Contents/Developer/Toolchains/XcodeDefault.xctoolchain/usr/bin/clang -x c -ivfsstatcache /Users/admin/builder/spi-builder-workspace/.derivedData/SDKStatCaches.noindex/watchos27.0-24R360-e829b21a6f8c9b70876ba0858053c044b9db9bc9c079ee3c7b5f3373b13d10bc.sdkstatcache -target arm64-apple-watchos9.0 -fmessage-length\=0 -fdiagnostics-show-note-include-stack -fmacro-backtrace-limit\=0 -fno-color-diagnostics -fmodules-prune-interval\=86400 -fmodules-prune-after\=345600 -fbuild-session-file\=/Users/admin/builder/spi-builder-workspace/.derivedData/ModuleCache.noindex/Session.modulevalidation -fmodules-validate-once-per-build-session -Wnon-modular-include-in-framework-module -Werror\=non-modular-include-in-framework-module -Wno-trigraphs -Wno-missing-field-initializers -Wno-missing-prototypes -Wno-return-type -Wno-missing-braces -Wparentheses -Wswitch -Wno-unused-function -Wno-unused-label -Wno-unused-parameter -Wno-unused-variable -Wunused-value -Wno-empty-body -Wno-uninitialized -Wno-unknown-pragmas -w -Wno-shadow -Wno-four-char-constants -Wno-conversion -Wno-constant-conversion -Wno-int-conversion -Wno-bool-conversion -Wno-enum-conversion -Wno-float-conversion -Wno-non-literal-null-conversion -Wno-objc-literal-conversion -Wshorten-64-to-32 -Wpointer-sign -Wno-newline-eof -Wno-implicit-fallthrough -isysroot /Applications/Xcode-27.0.0.app/Contents/Developer/Platforms/WatchOS.platform/Developer/SDKs/WatchOS27.0.sdk -fstrict-aliasing -Wdeprecated-declarations -Wno-sign-conversion -Wno-infinite-recursion -Wno-comma -Wno-block-capture-autoreleasing -Wno-strict-prototypes -Wno-semicolon-before-method-body -index-store-path /Users/admin/builder/spi-builder-workspace/.derivedData/Index.noindex/DataStore @/Users/admin/builder/spi-builder-workspace/.derivedData/Build/Intermediates.noindex/capstone.build/Debug-watchos/Ccapstone-t.build/Objects-normal/arm64/7187679823f38a2a940e0043cdf9d637-common-args.resp -MMD -MT dependencies -MF /Users/admin/builder/spi-builder-workspace/.derivedData/Build/Intermediates.noindex/capstone.build/Debug-watchos/Ccapstone-t.build/Objects-normal/arm64/ARMDisassembler.d --serialize-diagnostics /Users/admin/builder/spi-builder-workspace/.derivedData/Build/Intermediates.noindex/capstone.build/Debug-watchos/Ccapstone-t.build/Objects-normal/arm64/ARMDisassembler.dia -c /Users/admin/builder/spi-builder-workspace/.dependencies/checkouts/capstone/bindings/swift/Ccapstone/arch/ARM/ARMDisassembler.c -o /Users/admin/builder/spi-builder-workspace/.derivedData/Build/Intermediates.noindex/capstone.build/Debug-watchos/Ccapstone-t.build/Objects-normal/arm64/ARMDisassembler.o -index-unit-output-path /capstone.build/Debug-watchos/Ccapstone-t.build/Objects-normal/arm64/ARMDisassembler.o
CompileC /Users/admin/builder/spi-builder-workspace/.derivedData/Build/Intermediates.noindex/capstone.build/Debug-watchos/Ccapstone-t.build/Objects-normal/arm64/ARCModule.o /Users/admin/builder/spi-builder-workspace/.dependencies/checkouts/capstone/bindings/swift/Ccapstone/arch/ARC/ARCModule.c normal arm64 c com.apple.compilers.llvm.clang.1_0.compiler (in target 'Ccapstone' from project 'capstone')
    cd /Users/admin/builder/spi-builder-workspace/.swiftpm/xcode

    Using response file: /Users/admin/builder/spi-builder-workspace/.derivedData/Build/Intermediates.noindex/capstone.build/Debug-watchos/Ccapstone-t.build/Objects-normal/arm64/7187679823f38a2a940e0043cdf9d637-common-args.resp

    /Applications/Xcode-27.0.0.app/Contents/Developer/Toolchains/XcodeDefault.xctoolchain/usr/bin/clang -x c -ivfsstatcache /Users/admin/builder/spi-builder-workspace/.derivedData/SDKStatCaches.noindex/watchos27.0-24R360-e829b21a6f8c9b70876ba0858053c044b9db9bc9c079ee3c7b5f3373b13d10bc.sdkstatcache -target arm64-apple-watchos9.0 -fmessage-length\=0 -fdiagnostics-show-note-include-stack -fmacro-backtrace-limit\=0 -fno-color-diagnostics -fmodules-prune-interval\=86400 -fmodules-prune-after\=345600 -fbuild-session-file\=/Users/admin/builder/spi-builder-workspace/.derivedData/ModuleCache.noindex/Session.modulevalidation -fmodules-validate-once-per-build-session -Wnon-modular-include-in-framework-module -Werror\=non-modular-include-in-framework-module -Wno-trigraphs -Wno-missing-field-initializers -Wno-missing-prototypes -Wno-return-type -Wno-missing-braces -Wparentheses -Wswitch -Wno-unused-function -Wno-unused-label -Wno-unused-parameter -Wno-unused-variable -Wunused-value -Wno-empty-body -Wno-uninitialized -Wno-unknown-pragmas -w -Wno-shadow -Wno-four-char-constants -Wno-conversion -Wno-constant-conversion -Wno-int-conversion -Wno-bool-conversion -Wno-enum-conversion -Wno-float-conversion -Wno-non-literal-null-conversion -Wno-objc-literal-conversion -Wshorten-64-to-32 -Wpointer-sign -Wno-newline-eof -Wno-implicit-fallthrough -isysroot /Applications/Xcode-27.0.0.app/Contents/Developer/Platforms/WatchOS.platform/Developer/SDKs/WatchOS27.0.sdk -fstrict-aliasing -Wdeprecated-declarations -Wno-sign-conversion -Wno-infinite-recursion -Wno-comma -Wno-block-capture-autoreleasing -Wno-strict-prototypes -Wno-semicolon-before-method-body -index-store-path /Users/admin/builder/spi-builder-workspace/.derivedData/Index.noindex/DataStore @/Users/admin/builder/spi-builder-workspace/.derivedData/Build/Intermediates.noindex/capstone.build/Debug-watchos/Ccapstone-t.build/Objects-normal/arm64/7187679823f38a2a940e0043cdf9d637-common-args.resp -MMD -MT dependencies -MF /Users/admin/builder/spi-builder-workspace/.derivedData/Build/Intermediates.noindex/capstone.build/Debug-watchos/Ccapstone-t.build/Objects-normal/arm64/ARCModule.d --serialize-diagnostics /Users/admin/builder/spi-builder-workspace/.derivedData/Build/Intermediates.noindex/capstone.build/Debug-watchos/Ccapstone-t.build/Objects-normal/arm64/ARCModule.dia -c /Users/admin/builder/spi-builder-workspace/.dependencies/checkouts/capstone/bindings/swift/Ccapstone/arch/ARC/ARCModule.c -o /Users/admin/builder/spi-builder-workspace/.derivedData/Build/Intermediates.noindex/capstone.build/Debug-watchos/Ccapstone-t.build/Objects-normal/arm64/ARCModule.o -index-unit-output-path /capstone.build/Debug-watchos/Ccapstone-t.build/Objects-normal/arm64/ARCModule.o
CompileC /Users/admin/builder/spi-builder-workspace/.derivedData/Build/Intermediates.noindex/capstone.build/Debug-watchos/Ccapstone-t.build/Objects-normal/arm64/ARMBaseInfo.o /Users/admin/builder/spi-builder-workspace/.dependencies/checkouts/capstone/bindings/swift/Ccapstone/arch/ARM/ARMBaseInfo.c normal arm64 c com.apple.compilers.llvm.clang.1_0.compiler (in target 'Ccapstone' from project 'capstone')
    cd /Users/admin/builder/spi-builder-workspace/.swiftpm/xcode

    Using response file: /Users/admin/builder/spi-builder-workspace/.derivedData/Build/Intermediates.noindex/capstone.build/Debug-watchos/Ccapstone-t.build/Objects-normal/arm64/7187679823f38a2a940e0043cdf9d637-common-args.resp

    /Applications/Xcode-27.0.0.app/Contents/Developer/Toolchains/XcodeDefault.xctoolchain/usr/bin/clang -x c -ivfsstatcache /Users/admin/builder/spi-builder-workspace/.derivedData/SDKStatCaches.noindex/watchos27.0-24R360-e829b21a6f8c9b70876ba0858053c044b9db9bc9c079ee3c7b5f3373b13d10bc.sdkstatcache -target arm64-apple-watchos9.0 -fmessage-length\=0 -fdiagnostics-show-note-include-stack -fmacro-backtrace-limit\=0 -fno-color-diagnostics -fmodules-prune-interval\=86400 -fmodules-prune-after\=345600 -fbuild-session-file\=/Users/admin/builder/spi-builder-workspace/.derivedData/ModuleCache.noindex/Session.modulevalidation -fmodules-validate-once-per-build-session -Wnon-modular-include-in-framework-module -Werror\=non-modular-include-in-framework-module -Wno-trigraphs -Wno-missing-field-initializers -Wno-missing-prototypes -Wno-return-type -Wno-missing-braces -Wparentheses -Wswitch -Wno-unused-function -Wno-unused-label -Wno-unused-parameter -Wno-unused-variable -Wunused-value -Wno-empty-body -Wno-uninitialized -Wno-unknown-pragmas -w -Wno-shadow -Wno-four-char-constants -Wno-conversion -Wno-constant-conversion -Wno-int-conversion -Wno-bool-conversion -Wno-enum-conversion -Wno-float-conversion -Wno-non-literal-null-conversion -Wno-objc-literal-conversion -Wshorten-64-to-32 -Wpointer-sign -Wno-newline-eof -Wno-implicit-fallthrough -isysroot /Applications/Xcode-27.0.0.app/Contents/Developer/Platforms/WatchOS.platform/Developer/SDKs/WatchOS27.0.sdk -fstrict-aliasing -Wdeprecated-declarations -Wno-sign-conversion -Wno-infinite-recursion -Wno-comma -Wno-block-capture-autoreleasing -Wno-strict-prototypes -Wno-semicolon-before-method-body -index-store-path /Users/admin/builder/spi-builder-workspace/.derivedData/Index.noindex/DataStore @/Users/admin/builder/spi-builder-workspace/.derivedData/Build/Intermediates.noindex/capstone.build/Debug-watchos/Ccapstone-t.build/Objects-normal/arm64/7187679823f38a2a940e0043cdf9d637-common-args.resp -MMD -MT dependencies -MF /Users/admin/builder/spi-builder-workspace/.derivedData/Build/Intermediates.noindex/capstone.build/Debug-watchos/Ccapstone-t.build/Objects-normal/arm64/ARMBaseInfo.d --serialize-diagnostics /Users/admin/builder/spi-builder-workspace/.derivedData/Build/Intermediates.noindex/capstone.build/Debug-watchos/Ccapstone-t.build/Objects-normal/arm64/ARMBaseInfo.dia -c /Users/admin/builder/spi-builder-workspace/.dependencies/checkouts/capstone/bindings/swift/Ccapstone/arch/ARM/ARMBaseInfo.c -o /Users/admin/builder/spi-builder-workspace/.derivedData/Build/Intermediates.noindex/capstone.build/Debug-watchos/Ccapstone-t.build/Objects-normal/arm64/ARMBaseInfo.o -index-unit-output-path /capstone.build/Debug-watchos/Ccapstone-t.build/Objects-normal/arm64/ARMBaseInfo.o
ScanDependencies /Users/admin/builder/spi-builder-workspace/.derivedData/Build/Intermediates.noindex/capstone.build/Debug-watchos/Ccapstone-t.build/Objects-normal/arm64/ARCMapping.o /Users/admin/builder/spi-builder-workspace/.dependencies/checkouts/capstone/bindings/swift/Ccapstone/arch/ARC/ARCMapping.c normal arm64 c com.apple.compilers.llvm.clang.1_0.compiler (in target 'Ccapstone' from project 'capstone')
    cd /Users/admin/builder/spi-builder-workspace/.swiftpm/xcode

    Using response file: /Users/admin/builder/spi-builder-workspace/.derivedData/Build/Intermediates.noindex/capstone.build/Debug-watchos/Ccapstone-t.build/Objects-normal/arm64/7187679823f38a2a940e0043cdf9d637-common-args.resp

    builtin-ScanDependencies -o /Users/admin/builder/spi-builder-workspace/.derivedData/Build/Intermediates.noindex/capstone.build/Debug-watchos/Ccapstone-t.build/Objects-normal/arm64/ARCMapping.o.scan -- /Applications/Xcode-27.0.0.app/Contents/Developer/Toolchains/XcodeDefault.xctoolchain/usr/bin/clang -x c -ivfsstatcache /Users/admin/builder/spi-builder-workspace/.derivedData/SDKStatCaches.noindex/watchos27.0-24R360-e829b21a6f8c9b70876ba0858053c044b9db9bc9c079ee3c7b5f3373b13d10bc.sdkstatcache -target arm64-apple-watchos9.0 -fmessage-length\=0 -fdiagnostics-show-note-include-stack -fmacro-backtrace-limit\=0 -fno-color-diagnostics -fmodules-prune-interval\=86400 -fmodules-prune-after\=345600 -fbuild-session-file\=/Users/admin/builder/spi-builder-workspace/.derivedData/ModuleCache.noindex/Session.modulevalidation -fmodules-validate-once-per-build-session -Wnon-modular-include-in-framework-module -Werror\=non-modular-include-in-framework-module -Wno-trigraphs -Wno-missing-field-initializers -Wno-missing-prototypes -Wno-return-type -Wno-missing-braces -Wparentheses -Wswitch -Wno-unused-function -Wno-unused-label -Wno-unused-parameter -Wno-unused-variable -Wunused-value -Wno-empty-body -Wno-uninitialized -Wno-unknown-pragmas -w -Wno-shadow -Wno-four-char-constants -Wno-conversion -Wno-constant-conversion -Wno-int-conversion -Wno-bool-conversion -Wno-enum-conversion -Wno-float-conversion -Wno-non-literal-null-conversion -Wno-objc-literal-conversion -Wshorten-64-to-32 -Wpointer-sign -Wno-newline-eof -Wno-implicit-fallthrough -isysroot /Applications/Xcode-27.0.0.app/Contents/Developer/Platforms/WatchOS.platform/Developer/SDKs/WatchOS27.0.sdk -fstrict-aliasing -Wdeprecated-declarations -Wno-sign-conversion -Wno-infinite-recursion -Wno-comma -Wno-block-capture-autoreleasing -Wno-strict-prototypes -Wno-semicolon-before-method-body -index-store-path /Users/admin/builder/spi-builder-workspace/.derivedData/Index.noindex/DataStore @/Users/admin/builder/spi-builder-workspace/.derivedData/Build/Intermediates.noindex/capstone.build/Debug-watchos/Ccapstone-t.build/Objects-normal/arm64/7187679823f38a2a940e0043cdf9d637-common-args.resp -MMD -MT dependencies -MF /Users/admin/builder/spi-builder-workspace/.derivedData/Build/Intermediates.noindex/capstone.build/Debug-watchos/Ccapstone-t.build/Objects-normal/arm64/ARCMapping.d --serialize-diagnostics /Users/admin/builder/spi-builder-workspace/.derivedData/Build/Intermediates.noindex/capstone.build/Debug-watchos/Ccapstone-t.build/Objects-normal/arm64/ARCMapping.dia -c /Users/admin/builder/spi-builder-workspace/.dependencies/checkouts/capstone/bindings/swift/Ccapstone/arch/ARC/ARCMapping.c -o /Users/admin/builder/spi-builder-workspace/.derivedData/Build/Intermediates.noindex/capstone.build/Debug-watchos/Ccapstone-t.build/Objects-normal/arm64/ARCMapping.o -index-unit-output-path /capstone.build/Debug-watchos/Ccapstone-t.build/Objects-normal/arm64/ARCMapping.o
ScanDependencies /Users/admin/builder/spi-builder-workspace/.derivedData/Build/Intermediates.noindex/capstone.build/Debug-watchos/Ccapstone-t.build/Objects-normal/arm64/ARCInstPrinter.o /Users/admin/builder/spi-builder-workspace/.dependencies/checkouts/capstone/bindings/swift/Ccapstone/arch/ARC/ARCInstPrinter.c normal arm64 c com.apple.compilers.llvm.clang.1_0.compiler (in target 'Ccapstone' from project 'capstone')
    cd /Users/admin/builder/spi-builder-workspace/.swiftpm/xcode

    Using response file: /Users/admin/builder/spi-builder-workspace/.derivedData/Build/Intermediates.noindex/capstone.build/Debug-watchos/Ccapstone-t.build/Objects-normal/arm64/7187679823f38a2a940e0043cdf9d637-common-args.resp

    builtin-ScanDependencies -o /Users/admin/builder/spi-builder-workspace/.derivedData/Build/Intermediates.noindex/capstone.build/Debug-watchos/Ccapstone-t.build/Objects-normal/arm64/ARCInstPrinter.o.scan -- /Applications/Xcode-27.0.0.app/Contents/Developer/Toolchains/XcodeDefault.xctoolchain/usr/bin/clang -x c -ivfsstatcache /Users/admin/builder/spi-builder-workspace/.derivedData/SDKStatCaches.noindex/watchos27.0-24R360-e829b21a6f8c9b70876ba0858053c044b9db9bc9c079ee3c7b5f3373b13d10bc.sdkstatcache -target arm64-apple-watchos9.0 -fmessage-length\=0 -fdiagnostics-show-note-include-stack -fmacro-backtrace-limit\=0 -fno-color-diagnostics -fmodules-prune-interval\=86400 -fmodules-prune-after\=345600 -fbuild-session-file\=/Users/admin/builder/spi-builder-workspace/.derivedData/ModuleCache.noindex/Session.modulevalidation -fmodules-validate-once-per-build-session -Wnon-modular-include-in-framework-module -Werror\=non-modular-include-in-framework-module -Wno-trigraphs -Wno-missing-field-initializers -Wno-missing-prototypes -Wno-return-type -Wno-missing-braces -Wparentheses -Wswitch -Wno-unused-function -Wno-unused-label -Wno-unused-parameter -Wno-unused-variable -Wunused-value -Wno-empty-body -Wno-uninitialized -Wno-unknown-pragmas -w -Wno-shadow -Wno-four-char-constants -Wno-conversion -Wno-constant-conversion -Wno-int-conversion -Wno-bool-conversion -Wno-enum-conversion -Wno-float-conversion -Wno-non-literal-null-conversion -Wno-objc-literal-conversion -Wshorten-64-to-32 -Wpointer-sign -Wno-newline-eof -Wno-implicit-fallthrough -isysroot /Applications/Xcode-27.0.0.app/Contents/Developer/Platforms/WatchOS.platform/Developer/SDKs/WatchOS27.0.sdk -fstrict-aliasing -Wdeprecated-declarations -Wno-sign-conversion -Wno-infinite-recursion -Wno-comma -Wno-block-capture-autoreleasing -Wno-strict-prototypes -Wno-semicolon-before-method-body -index-store-path /Users/admin/builder/spi-builder-workspace/.derivedData/Index.noindex/DataStore @/Users/admin/builder/spi-builder-workspace/.derivedData/Build/Intermediates.noindex/capstone.build/Debug-watchos/Ccapstone-t.build/Objects-normal/arm64/7187679823f38a2a940e0043cdf9d637-common-args.resp -MMD -MT dependencies -MF /Users/admin/builder/spi-builder-workspace/.derivedData/Build/Intermediates.noindex/capstone.build/Debug-watchos/Ccapstone-t.build/Objects-normal/arm64/ARCInstPrinter.d --serialize-diagnostics /Users/admin/builder/spi-builder-workspace/.derivedData/Build/Intermediates.noindex/capstone.build/Debug-watchos/Ccapstone-t.build/Objects-normal/arm64/ARCInstPrinter.dia -c /Users/admin/builder/spi-builder-workspace/.dependencies/checkouts/capstone/bindings/swift/Ccapstone/arch/ARC/ARCInstPrinter.c -o /Users/admin/builder/spi-builder-workspace/.derivedData/Build/Intermediates.noindex/capstone.build/Debug-watchos/Ccapstone-t.build/Objects-normal/arm64/ARCInstPrinter.o -index-unit-output-path /capstone.build/Debug-watchos/Ccapstone-t.build/Objects-normal/arm64/ARCInstPrinter.o
ScanDependencies /Users/admin/builder/spi-builder-workspace/.derivedData/Build/Intermediates.noindex/capstone.build/Debug-watchos/Ccapstone-t.build/Objects-normal/arm64/ARCDisassembler.o /Users/admin/builder/spi-builder-workspace/.dependencies/checkouts/capstone/bindings/swift/Ccapstone/arch/ARC/ARCDisassembler.c normal arm64 c com.apple.compilers.llvm.clang.1_0.compiler (in target 'Ccapstone' from project 'capstone')
    cd /Users/admin/builder/spi-builder-workspace/.swiftpm/xcode

    Using response file: /Users/admin/builder/spi-builder-workspace/.derivedData/Build/Intermediates.noindex/capstone.build/Debug-watchos/Ccapstone-t.build/Objects-normal/arm64/7187679823f38a2a940e0043cdf9d637-common-args.resp

    builtin-ScanDependencies -o /Users/admin/builder/spi-builder-workspace/.derivedData/Build/Intermediates.noindex/capstone.build/Debug-watchos/Ccapstone-t.build/Objects-normal/arm64/ARCDisassembler.o.scan -- /Applications/Xcode-27.0.0.app/Contents/Developer/Toolchains/XcodeDefault.xctoolchain/usr/bin/clang -x c -ivfsstatcache /Users/admin/builder/spi-builder-workspace/.derivedData/SDKStatCaches.noindex/watchos27.0-24R360-e829b21a6f8c9b70876ba0858053c044b9db9bc9c079ee3c7b5f3373b13d10bc.sdkstatcache -target arm64-apple-watchos9.0 -fmessage-length\=0 -fdiagnostics-show-note-include-stack -fmacro-backtrace-limit\=0 -fno-color-diagnostics -fmodules-prune-interval\=86400 -fmodules-prune-after\=345600 -fbuild-session-file\=/Users/admin/builder/spi-builder-workspace/.derivedData/ModuleCache.noindex/Session.modulevalidation -fmodules-validate-once-per-build-session -Wnon-modular-include-in-framework-module -Werror\=non-modular-include-in-framework-module -Wno-trigraphs -Wno-missing-field-initializers -Wno-missing-prototypes -Wno-return-type -Wno-missing-braces -Wparentheses -Wswitch -Wno-unused-function -Wno-unused-label -Wno-unused-parameter -Wno-unused-variable -Wunused-value -Wno-empty-body -Wno-uninitialized -Wno-unknown-pragmas -w -Wno-shadow -Wno-four-char-constants -Wno-conversion -Wno-constant-conversion -Wno-int-conversion -Wno-bool-conversion -Wno-enum-conversion -Wno-float-conversion -Wno-non-literal-null-conversion -Wno-objc-literal-conversion -Wshorten-64-to-32 -Wpointer-sign -Wno-newline-eof -Wno-implicit-fallthrough -isysroot /Applications/Xcode-27.0.0.app/Contents/Developer/Platforms/WatchOS.platform/Developer/SDKs/WatchOS27.0.sdk -fstrict-aliasing -Wdeprecated-declarations -Wno-sign-conversion -Wno-infinite-recursion -Wno-comma -Wno-block-capture-autoreleasing -Wno-strict-prototypes -Wno-semicolon-before-method-body -index-store-path /Users/admin/builder/spi-builder-workspace/.derivedData/Index.noindex/DataStore @/Users/admin/builder/spi-builder-workspace/.derivedData/Build/Intermediates.noindex/capstone.build/Debug-watchos/Ccapstone-t.build/Objects-normal/arm64/7187679823f38a2a940e0043cdf9d637-common-args.resp -MMD -MT dependencies -MF /Users/admin/builder/spi-builder-workspace/.derivedData/Build/Intermediates.noindex/capstone.build/Debug-watchos/Ccapstone-t.build/Objects-normal/arm64/ARCDisassembler.d --serialize-diagnostics /Users/admin/builder/spi-builder-workspace/.derivedData/Build/Intermediates.noindex/capstone.build/Debug-watchos/Ccapstone-t.build/Objects-normal/arm64/ARCDisassembler.dia -c /Users/admin/builder/spi-builder-workspace/.dependencies/checkouts/capstone/bindings/swift/Ccapstone/arch/ARC/ARCDisassembler.c -o /Users/admin/builder/spi-builder-workspace/.derivedData/Build/Intermediates.noindex/capstone.build/Debug-watchos/Ccapstone-t.build/Objects-normal/arm64/ARCDisassembler.o -index-unit-output-path /capstone.build/Debug-watchos/Ccapstone-t.build/Objects-normal/arm64/ARCDisassembler.o
CompileC /Users/admin/builder/spi-builder-workspace/.derivedData/Build/Intermediates.noindex/capstone.build/Debug-watchos/Ccapstone-t.build/Objects-normal/arm64/ARCMapping.o /Users/admin/builder/spi-builder-workspace/.dependencies/checkouts/capstone/bindings/swift/Ccapstone/arch/ARC/ARCMapping.c normal arm64 c com.apple.compilers.llvm.clang.1_0.compiler (in target 'Ccapstone' from project 'capstone')
    cd /Users/admin/builder/spi-builder-workspace/.swiftpm/xcode

    Using response file: /Users/admin/builder/spi-builder-workspace/.derivedData/Build/Intermediates.noindex/capstone.build/Debug-watchos/Ccapstone-t.build/Objects-normal/arm64/7187679823f38a2a940e0043cdf9d637-common-args.resp

    /Applications/Xcode-27.0.0.app/Contents/Developer/Toolchains/XcodeDefault.xctoolchain/usr/bin/clang -x c -ivfsstatcache /Users/admin/builder/spi-builder-workspace/.derivedData/SDKStatCaches.noindex/watchos27.0-24R360-e829b21a6f8c9b70876ba0858053c044b9db9bc9c079ee3c7b5f3373b13d10bc.sdkstatcache -target arm64-apple-watchos9.0 -fmessage-length\=0 -fdiagnostics-show-note-include-stack -fmacro-backtrace-limit\=0 -fno-color-diagnostics -fmodules-prune-interval\=86400 -fmodules-prune-after\=345600 -fbuild-session-file\=/Users/admin/builder/spi-builder-workspace/.derivedData/ModuleCache.noindex/Session.modulevalidation -fmodules-validate-once-per-build-session -Wnon-modular-include-in-framework-module -Werror\=non-modular-include-in-framework-module -Wno-trigraphs -Wno-missing-field-initializers -Wno-missing-prototypes -Wno-return-type -Wno-missing-braces -Wparentheses -Wswitch -Wno-unused-function -Wno-unused-label -Wno-unused-parameter -Wno-unused-variable -Wunused-value -Wno-empty-body -Wno-uninitialized -Wno-unknown-pragmas -w -Wno-shadow -Wno-four-char-constants -Wno-conversion -Wno-constant-conversion -Wno-int-conversion -Wno-bool-conversion -Wno-enum-conversion -Wno-float-conversion -Wno-non-literal-null-conversion -Wno-objc-literal-conversion -Wshorten-64-to-32 -Wpointer-sign -Wno-newline-eof -Wno-implicit-fallthrough -isysroot /Applications/Xcode-27.0.0.app/Contents/Developer/Platforms/WatchOS.platform/Developer/SDKs/WatchOS27.0.sdk -fstrict-aliasing -Wdeprecated-declarations -Wno-sign-conversion -Wno-infinite-recursion -Wno-comma -Wno-block-capture-autoreleasing -Wno-strict-prototypes -Wno-semicolon-before-method-body -index-store-path /Users/admin/builder/spi-builder-workspace/.derivedData/Index.noindex/DataStore @/Users/admin/builder/spi-builder-workspace/.derivedData/Build/Intermediates.noindex/capstone.build/Debug-watchos/Ccapstone-t.build/Objects-normal/arm64/7187679823f38a2a940e0043cdf9d637-common-args.resp -MMD -MT dependencies -MF /Users/admin/builder/spi-builder-workspace/.derivedData/Build/Intermediates.noindex/capstone.build/Debug-watchos/Ccapstone-t.build/Objects-normal/arm64/ARCMapping.d --serialize-diagnostics /Users/admin/builder/spi-builder-workspace/.derivedData/Build/Intermediates.noindex/capstone.build/Debug-watchos/Ccapstone-t.build/Objects-normal/arm64/ARCMapping.dia -c /Users/admin/builder/spi-builder-workspace/.dependencies/checkouts/capstone/bindings/swift/Ccapstone/arch/ARC/ARCMapping.c -o /Users/admin/builder/spi-builder-workspace/.derivedData/Build/Intermediates.noindex/capstone.build/Debug-watchos/Ccapstone-t.build/Objects-normal/arm64/ARCMapping.o -index-unit-output-path /capstone.build/Debug-watchos/Ccapstone-t.build/Objects-normal/arm64/ARCMapping.o
CompileC /Users/admin/builder/spi-builder-workspace/.derivedData/Build/Intermediates.noindex/capstone.build/Debug-watchos/Ccapstone-t.build/Objects-normal/arm64/ARCInstPrinter.o /Users/admin/builder/spi-builder-workspace/.dependencies/checkouts/capstone/bindings/swift/Ccapstone/arch/ARC/ARCInstPrinter.c normal arm64 c com.apple.compilers.llvm.clang.1_0.compiler (in target 'Ccapstone' from project 'capstone')
    cd /Users/admin/builder/spi-builder-workspace/.swiftpm/xcode

    Using response file: /Users/admin/builder/spi-builder-workspace/.derivedData/Build/Intermediates.noindex/capstone.build/Debug-watchos/Ccapstone-t.build/Objects-normal/arm64/7187679823f38a2a940e0043cdf9d637-common-args.resp

    /Applications/Xcode-27.0.0.app/Contents/Developer/Toolchains/XcodeDefault.xctoolchain/usr/bin/clang -x c -ivfsstatcache /Users/admin/builder/spi-builder-workspace/.derivedData/SDKStatCaches.noindex/watchos27.0-24R360-e829b21a6f8c9b70876ba0858053c044b9db9bc9c079ee3c7b5f3373b13d10bc.sdkstatcache -target arm64-apple-watchos9.0 -fmessage-length\=0 -fdiagnostics-show-note-include-stack -fmacro-backtrace-limit\=0 -fno-color-diagnostics -fmodules-prune-interval\=86400 -fmodules-prune-after\=345600 -fbuild-session-file\=/Users/admin/builder/spi-builder-workspace/.derivedData/ModuleCache.noindex/Session.modulevalidation -fmodules-validate-once-per-build-session -Wnon-modular-include-in-framework-module -Werror\=non-modular-include-in-framework-module -Wno-trigraphs -Wno-missing-field-initializers -Wno-missing-prototypes -Wno-return-type -Wno-missing-braces -Wparentheses -Wswitch -Wno-unused-function -Wno-unused-label -Wno-unused-parameter -Wno-unused-variable -Wunused-value -Wno-empty-body -Wno-uninitialized -Wno-unknown-pragmas -w -Wno-shadow -Wno-four-char-constants -Wno-conversion -Wno-constant-conversion -Wno-int-conversion -Wno-bool-conversion -Wno-enum-conversion -Wno-float-conversion -Wno-non-literal-null-conversion -Wno-objc-literal-conversion -Wshorten-64-to-32 -Wpointer-sign -Wno-newline-eof -Wno-implicit-fallthrough -isysroot /Applications/Xcode-27.0.0.app/Contents/Developer/Platforms/WatchOS.platform/Developer/SDKs/WatchOS27.0.sdk -fstrict-aliasing -Wdeprecated-declarations -Wno-sign-conversion -Wno-infinite-recursion -Wno-comma -Wno-block-capture-autoreleasing -Wno-strict-prototypes -Wno-semicolon-before-method-body -index-store-path /Users/admin/builder/spi-builder-workspace/.derivedData/Index.noindex/DataStore @/Users/admin/builder/spi-builder-workspace/.derivedData/Build/Intermediates.noindex/capstone.build/Debug-watchos/Ccapstone-t.build/Objects-normal/arm64/7187679823f38a2a940e0043cdf9d637-common-args.resp -MMD -MT dependencies -MF /Users/admin/builder/spi-builder-workspace/.derivedData/Build/Intermediates.noindex/capstone.build/Debug-watchos/Ccapstone-t.build/Objects-normal/arm64/ARCInstPrinter.d --serialize-diagnostics /Users/admin/builder/spi-builder-workspace/.derivedData/Build/Intermediates.noindex/capstone.build/Debug-watchos/Ccapstone-t.build/Objects-normal/arm64/ARCInstPrinter.dia -c /Users/admin/builder/spi-builder-workspace/.dependencies/checkouts/capstone/bindings/swift/Ccapstone/arch/ARC/ARCInstPrinter.c -o /Users/admin/builder/spi-builder-workspace/.derivedData/Build/Intermediates.noindex/capstone.build/Debug-watchos/Ccapstone-t.build/Objects-normal/arm64/ARCInstPrinter.o -index-unit-output-path /capstone.build/Debug-watchos/Ccapstone-t.build/Objects-normal/arm64/ARCInstPrinter.o
CompileC /Users/admin/builder/spi-builder-workspace/.derivedData/Build/Intermediates.noindex/capstone.build/Debug-watchos/Ccapstone-t.build/Objects-normal/arm64/ARCDisassembler.o /Users/admin/builder/spi-builder-workspace/.dependencies/checkouts/capstone/bindings/swift/Ccapstone/arch/ARC/ARCDisassembler.c normal arm64 c com.apple.compilers.llvm.clang.1_0.compiler (in target 'Ccapstone' from project 'capstone')
    cd /Users/admin/builder/spi-builder-workspace/.swiftpm/xcode

    Using response file: /Users/admin/builder/spi-builder-workspace/.derivedData/Build/Intermediates.noindex/capstone.build/Debug-watchos/Ccapstone-t.build/Objects-normal/arm64/7187679823f38a2a940e0043cdf9d637-common-args.resp

    /Applications/Xcode-27.0.0.app/Contents/Developer/Toolchains/XcodeDefault.xctoolchain/usr/bin/clang -x c -ivfsstatcache /Users/admin/builder/spi-builder-workspace/.derivedData/SDKStatCaches.noindex/watchos27.0-24R360-e829b21a6f8c9b70876ba0858053c044b9db9bc9c079ee3c7b5f3373b13d10bc.sdkstatcache -target arm64-apple-watchos9.0 -fmessage-length\=0 -fdiagnostics-show-note-include-stack -fmacro-backtrace-limit\=0 -fno-color-diagnostics -fmodules-prune-interval\=86400 -fmodules-prune-after\=345600 -fbuild-session-file\=/Users/admin/builder/spi-builder-workspace/.derivedData/ModuleCache.noindex/Session.modulevalidation -fmodules-validate-once-per-build-session -Wnon-modular-include-in-framework-module -Werror\=non-modular-include-in-framework-module -Wno-trigraphs -Wno-missing-field-initializers -Wno-missing-prototypes -Wno-return-type -Wno-missing-braces -Wparentheses -Wswitch -Wno-unused-function -Wno-unused-label -Wno-unused-parameter -Wno-unused-variable -Wunused-value -Wno-empty-body -Wno-uninitialized -Wno-unknown-pragmas -w -Wno-shadow -Wno-four-char-constants -Wno-conversion -Wno-constant-conversion -Wno-int-conversion -Wno-bool-conversion -Wno-enum-conversion -Wno-float-conversion -Wno-non-literal-null-conversion -Wno-objc-literal-conversion -Wshorten-64-to-32 -Wpointer-sign -Wno-newline-eof -Wno-implicit-fallthrough -isysroot /Applications/Xcode-27.0.0.app/Contents/Developer/Platforms/WatchOS.platform/Developer/SDKs/WatchOS27.0.sdk -fstrict-aliasing -Wdeprecated-declarations -Wno-sign-conversion -Wno-infinite-recursion -Wno-comma -Wno-block-capture-autoreleasing -Wno-strict-prototypes -Wno-semicolon-before-method-body -index-store-path /Users/admin/builder/spi-builder-workspace/.derivedData/Index.noindex/DataStore @/Users/admin/builder/spi-builder-workspace/.derivedData/Build/Intermediates.noindex/capstone.build/Debug-watchos/Ccapstone-t.build/Objects-normal/arm64/7187679823f38a2a940e0043cdf9d637-common-args.resp -MMD -MT dependencies -MF /Users/admin/builder/spi-builder-workspace/.derivedData/Build/Intermediates.noindex/capstone.build/Debug-watchos/Ccapstone-t.build/Objects-normal/arm64/ARCDisassembler.d --serialize-diagnostics /Users/admin/builder/spi-builder-workspace/.derivedData/Build/Intermediates.noindex/capstone.build/Debug-watchos/Ccapstone-t.build/Objects-normal/arm64/ARCDisassembler.dia -c /Users/admin/builder/spi-builder-workspace/.dependencies/checkouts/capstone/bindings/swift/Ccapstone/arch/ARC/ARCDisassembler.c -o /Users/admin/builder/spi-builder-workspace/.derivedData/Build/Intermediates.noindex/capstone.build/Debug-watchos/Ccapstone-t.build/Objects-normal/arm64/ARCDisassembler.o -index-unit-output-path /capstone.build/Debug-watchos/Ccapstone-t.build/Objects-normal/arm64/ARCDisassembler.o
ScanDependencies /Users/admin/builder/spi-builder-workspace/.derivedData/Build/Intermediates.noindex/capstone.build/Debug-watchos/Ccapstone-t.build/Objects-normal/arm64/AArch64Module.o /Users/admin/builder/spi-builder-workspace/.dependencies/checkouts/capstone/bindings/swift/Ccapstone/arch/AArch64/AArch64Module.c normal arm64 c com.apple.compilers.llvm.clang.1_0.compiler (in target 'Ccapstone' from project 'capstone')
    cd /Users/admin/builder/spi-builder-workspace/.swiftpm/xcode

    Using response file: /Users/admin/builder/spi-builder-workspace/.derivedData/Build/Intermediates.noindex/capstone.build/Debug-watchos/Ccapstone-t.build/Objects-normal/arm64/7187679823f38a2a940e0043cdf9d637-common-args.resp

    builtin-ScanDependencies -o /Users/admin/builder/spi-builder-workspace/.derivedData/Build/Intermediates.noindex/capstone.build/Debug-watchos/Ccapstone-t.build/Objects-normal/arm64/AArch64Module.o.scan -- /Applications/Xcode-27.0.0.app/Contents/Developer/Toolchains/XcodeDefault.xctoolchain/usr/bin/clang -x c -ivfsstatcache /Users/admin/builder/spi-builder-workspace/.derivedData/SDKStatCaches.noindex/watchos27.0-24R360-e829b21a6f8c9b70876ba0858053c044b9db9bc9c079ee3c7b5f3373b13d10bc.sdkstatcache -target arm64-apple-watchos9.0 -fmessage-length\=0 -fdiagnostics-show-note-include-stack -fmacro-backtrace-limit\=0 -fno-color-diagnostics -fmodules-prune-interval\=86400 -fmodules-prune-after\=345600 -fbuild-session-file\=/Users/admin/builder/spi-builder-workspace/.derivedData/ModuleCache.noindex/Session.modulevalidation -fmodules-validate-once-per-build-session -Wnon-modular-include-in-framework-module -Werror\=non-modular-include-in-framework-module -Wno-trigraphs -Wno-missing-field-initializers -Wno-missing-prototypes -Wno-return-type -Wno-missing-braces -Wparentheses -Wswitch -Wno-unused-function -Wno-unused-label -Wno-unused-parameter -Wno-unused-variable -Wunused-value -Wno-empty-body -Wno-uninitialized -Wno-unknown-pragmas -w -Wno-shadow -Wno-four-char-constants -Wno-conversion -Wno-constant-conversion -Wno-int-conversion -Wno-bool-conversion -Wno-enum-conversion -Wno-float-conversion -Wno-non-literal-null-conversion -Wno-objc-literal-conversion -Wshorten-64-to-32 -Wpointer-sign -Wno-newline-eof -Wno-implicit-fallthrough -isysroot /Applications/Xcode-27.0.0.app/Contents/Developer/Platforms/WatchOS.platform/Developer/SDKs/WatchOS27.0.sdk -fstrict-aliasing -Wdeprecated-declarations -Wno-sign-conversion -Wno-infinite-recursion -Wno-comma -Wno-block-capture-autoreleasing -Wno-strict-prototypes -Wno-semicolon-before-method-body -index-store-path /Users/admin/builder/spi-builder-workspace/.derivedData/Index.noindex/DataStore @/Users/admin/builder/spi-builder-workspace/.derivedData/Build/Intermediates.noindex/capstone.build/Debug-watchos/Ccapstone-t.build/Objects-normal/arm64/7187679823f38a2a940e0043cdf9d637-common-args.resp -MMD -MT dependencies -MF /Users/admin/builder/spi-builder-workspace/.derivedData/Build/Intermediates.noindex/capstone.build/Debug-watchos/Ccapstone-t.build/Objects-normal/arm64/AArch64Module.d --serialize-diagnostics /Users/admin/builder/spi-builder-workspace/.derivedData/Build/Intermediates.noindex/capstone.build/Debug-watchos/Ccapstone-t.build/Objects-normal/arm64/AArch64Module.dia -c /Users/admin/builder/spi-builder-workspace/.dependencies/checkouts/capstone/bindings/swift/Ccapstone/arch/AArch64/AArch64Module.c -o /Users/admin/builder/spi-builder-workspace/.derivedData/Build/Intermediates.noindex/capstone.build/Debug-watchos/Ccapstone-t.build/Objects-normal/arm64/AArch64Module.o -index-unit-output-path /capstone.build/Debug-watchos/Ccapstone-t.build/Objects-normal/arm64/AArch64Module.o
ScanDependencies /Users/admin/builder/spi-builder-workspace/.derivedData/Build/Intermediates.noindex/capstone.build/Debug-watchos/Ccapstone-t.build/Objects-normal/arm64/AArch64Mapping.o /Users/admin/builder/spi-builder-workspace/.dependencies/checkouts/capstone/bindings/swift/Ccapstone/arch/AArch64/AArch64Mapping.c normal arm64 c com.apple.compilers.llvm.clang.1_0.compiler (in target 'Ccapstone' from project 'capstone')
    cd /Users/admin/builder/spi-builder-workspace/.swiftpm/xcode

    Using response file: /Users/admin/builder/spi-builder-workspace/.derivedData/Build/Intermediates.noindex/capstone.build/Debug-watchos/Ccapstone-t.build/Objects-normal/arm64/7187679823f38a2a940e0043cdf9d637-common-args.resp

    builtin-ScanDependencies -o /Users/admin/builder/spi-builder-workspace/.derivedData/Build/Intermediates.noindex/capstone.build/Debug-watchos/Ccapstone-t.build/Objects-normal/arm64/AArch64Mapping.o.scan -- /Applications/Xcode-27.0.0.app/Contents/Developer/Toolchains/XcodeDefault.xctoolchain/usr/bin/clang -x c -ivfsstatcache /Users/admin/builder/spi-builder-workspace/.derivedData/SDKStatCaches.noindex/watchos27.0-24R360-e829b21a6f8c9b70876ba0858053c044b9db9bc9c079ee3c7b5f3373b13d10bc.sdkstatcache -target arm64-apple-watchos9.0 -fmessage-length\=0 -fdiagnostics-show-note-include-stack -fmacro-backtrace-limit\=0 -fno-color-diagnostics -fmodules-prune-interval\=86400 -fmodules-prune-after\=345600 -fbuild-session-file\=/Users/admin/builder/spi-builder-workspace/.derivedData/ModuleCache.noindex/Session.modulevalidation -fmodules-validate-once-per-build-session -Wnon-modular-include-in-framework-module -Werror\=non-modular-include-in-framework-module -Wno-trigraphs -Wno-missing-field-initializers -Wno-missing-prototypes -Wno-return-type -Wno-missing-braces -Wparentheses -Wswitch -Wno-unused-function -Wno-unused-label -Wno-unused-parameter -Wno-unused-variable -Wunused-value -Wno-empty-body -Wno-uninitialized -Wno-unknown-pragmas -w -Wno-shadow -Wno-four-char-constants -Wno-conversion -Wno-constant-conversion -Wno-int-conversion -Wno-bool-conversion -Wno-enum-conversion -Wno-float-conversion -Wno-non-literal-null-conversion -Wno-objc-literal-conversion -Wshorten-64-to-32 -Wpointer-sign -Wno-newline-eof -Wno-implicit-fallthrough -isysroot /Applications/Xcode-27.0.0.app/Contents/Developer/Platforms/WatchOS.platform/Developer/SDKs/WatchOS27.0.sdk -fstrict-aliasing -Wdeprecated-declarations -Wno-sign-conversion -Wno-infinite-recursion -Wno-comma -Wno-block-capture-autoreleasing -Wno-strict-prototypes -Wno-semicolon-before-method-body -index-store-path /Users/admin/builder/spi-builder-workspace/.derivedData/Index.noindex/DataStore @/Users/admin/builder/spi-builder-workspace/.derivedData/Build/Intermediates.noindex/capstone.build/Debug-watchos/Ccapstone-t.build/Objects-normal/arm64/7187679823f38a2a940e0043cdf9d637-common-args.resp -MMD -MT dependencies -MF /Users/admin/builder/spi-builder-workspace/.derivedData/Build/Intermediates.noindex/capstone.build/Debug-watchos/Ccapstone-t.build/Objects-normal/arm64/AArch64Mapping.d --serialize-diagnostics /Users/admin/builder/spi-builder-workspace/.derivedData/Build/Intermediates.noindex/capstone.build/Debug-watchos/Ccapstone-t.build/Objects-normal/arm64/AArch64Mapping.dia -c /Users/admin/builder/spi-builder-workspace/.dependencies/checkouts/capstone/bindings/swift/Ccapstone/arch/AArch64/AArch64Mapping.c -o /Users/admin/builder/spi-builder-workspace/.derivedData/Build/Intermediates.noindex/capstone.build/Debug-watchos/Ccapstone-t.build/Objects-normal/arm64/AArch64Mapping.o -index-unit-output-path /capstone.build/Debug-watchos/Ccapstone-t.build/Objects-normal/arm64/AArch64Mapping.o
ScanDependencies /Users/admin/builder/spi-builder-workspace/.derivedData/Build/Intermediates.noindex/capstone.build/Debug-watchos/Ccapstone-t.build/Objects-normal/arm64/AArch64InstPrinter.o /Users/admin/builder/spi-builder-workspace/.dependencies/checkouts/capstone/bindings/swift/Ccapstone/arch/AArch64/AArch64InstPrinter.c normal arm64 c com.apple.compilers.llvm.clang.1_0.compiler (in target 'Ccapstone' from project 'capstone')
    cd /Users/admin/builder/spi-builder-workspace/.swiftpm/xcode

    Using response file: /Users/admin/builder/spi-builder-workspace/.derivedData/Build/Intermediates.noindex/capstone.build/Debug-watchos/Ccapstone-t.build/Objects-normal/arm64/7187679823f38a2a940e0043cdf9d637-common-args.resp

    builtin-ScanDependencies -o /Users/admin/builder/spi-builder-workspace/.derivedData/Build/Intermediates.noindex/capstone.build/Debug-watchos/Ccapstone-t.build/Objects-normal/arm64/AArch64InstPrinter.o.scan -- /Applications/Xcode-27.0.0.app/Contents/Developer/Toolchains/XcodeDefault.xctoolchain/usr/bin/clang -x c -ivfsstatcache /Users/admin/builder/spi-builder-workspace/.derivedData/SDKStatCaches.noindex/watchos27.0-24R360-e829b21a6f8c9b70876ba0858053c044b9db9bc9c079ee3c7b5f3373b13d10bc.sdkstatcache -target arm64-apple-watchos9.0 -fmessage-length\=0 -fdiagnostics-show-note-include-stack -fmacro-backtrace-limit\=0 -fno-color-diagnostics -fmodules-prune-interval\=86400 -fmodules-prune-after\=345600 -fbuild-session-file\=/Users/admin/builder/spi-builder-workspace/.derivedData/ModuleCache.noindex/Session.modulevalidation -fmodules-validate-once-per-build-session -Wnon-modular-include-in-framework-module -Werror\=non-modular-include-in-framework-module -Wno-trigraphs -Wno-missing-field-initializers -Wno-missing-prototypes -Wno-return-type -Wno-missing-braces -Wparentheses -Wswitch -Wno-unused-function -Wno-unused-label -Wno-unused-parameter -Wno-unused-variable -Wunused-value -Wno-empty-body -Wno-uninitialized -Wno-unknown-pragmas -w -Wno-shadow -Wno-four-char-constants -Wno-conversion -Wno-constant-conversion -Wno-int-conversion -Wno-bool-conversion -Wno-enum-conversion -Wno-float-conversion -Wno-non-literal-null-conversion -Wno-objc-literal-conversion -Wshorten-64-to-32 -Wpointer-sign -Wno-newline-eof -Wno-implicit-fallthrough -isysroot /Applications/Xcode-27.0.0.app/Contents/Developer/Platforms/WatchOS.platform/Developer/SDKs/WatchOS27.0.sdk -fstrict-aliasing -Wdeprecated-declarations -Wno-sign-conversion -Wno-infinite-recursion -Wno-comma -Wno-block-capture-autoreleasing -Wno-strict-prototypes -Wno-semicolon-before-method-body -index-store-path /Users/admin/builder/spi-builder-workspace/.derivedData/Index.noindex/DataStore @/Users/admin/builder/spi-builder-workspace/.derivedData/Build/Intermediates.noindex/capstone.build/Debug-watchos/Ccapstone-t.build/Objects-normal/arm64/7187679823f38a2a940e0043cdf9d637-common-args.resp -MMD -MT dependencies -MF /Users/admin/builder/spi-builder-workspace/.derivedData/Build/Intermediates.noindex/capstone.build/Debug-watchos/Ccapstone-t.build/Objects-normal/arm64/AArch64InstPrinter.d --serialize-diagnostics /Users/admin/builder/spi-builder-workspace/.derivedData/Build/Intermediates.noindex/capstone.build/Debug-watchos/Ccapstone-t.build/Objects-normal/arm64/AArch64InstPrinter.dia -c /Users/admin/builder/spi-builder-workspace/.dependencies/checkouts/capstone/bindings/swift/Ccapstone/arch/AArch64/AArch64InstPrinter.c -o /Users/admin/builder/spi-builder-workspace/.derivedData/Build/Intermediates.noindex/capstone.build/Debug-watchos/Ccapstone-t.build/Objects-normal/arm64/AArch64InstPrinter.o -index-unit-output-path /capstone.build/Debug-watchos/Ccapstone-t.build/Objects-normal/arm64/AArch64InstPrinter.o
CompileC /Users/admin/builder/spi-builder-workspace/.derivedData/Build/Intermediates.noindex/capstone.build/Debug-watchos/Ccapstone-t.build/Objects-normal/arm64/AArch64Module.o /Users/admin/builder/spi-builder-workspace/.dependencies/checkouts/capstone/bindings/swift/Ccapstone/arch/AArch64/AArch64Module.c normal arm64 c com.apple.compilers.llvm.clang.1_0.compiler (in target 'Ccapstone' from project 'capstone')
    cd /Users/admin/builder/spi-builder-workspace/.swiftpm/xcode

    Using response file: /Users/admin/builder/spi-builder-workspace/.derivedData/Build/Intermediates.noindex/capstone.build/Debug-watchos/Ccapstone-t.build/Objects-normal/arm64/7187679823f38a2a940e0043cdf9d637-common-args.resp

    /Applications/Xcode-27.0.0.app/Contents/Developer/Toolchains/XcodeDefault.xctoolchain/usr/bin/clang -x c -ivfsstatcache /Users/admin/builder/spi-builder-workspace/.derivedData/SDKStatCaches.noindex/watchos27.0-24R360-e829b21a6f8c9b70876ba0858053c044b9db9bc9c079ee3c7b5f3373b13d10bc.sdkstatcache -target arm64-apple-watchos9.0 -fmessage-length\=0 -fdiagnostics-show-note-include-stack -fmacro-backtrace-limit\=0 -fno-color-diagnostics -fmodules-prune-interval\=86400 -fmodules-prune-after\=345600 -fbuild-session-file\=/Users/admin/builder/spi-builder-workspace/.derivedData/ModuleCache.noindex/Session.modulevalidation -fmodules-validate-once-per-build-session -Wnon-modular-include-in-framework-module -Werror\=non-modular-include-in-framework-module -Wno-trigraphs -Wno-missing-field-initializers -Wno-missing-prototypes -Wno-return-type -Wno-missing-braces -Wparentheses -Wswitch -Wno-unused-function -Wno-unused-label -Wno-unused-parameter -Wno-unused-variable -Wunused-value -Wno-empty-body -Wno-uninitialized -Wno-unknown-pragmas -w -Wno-shadow -Wno-four-char-constants -Wno-conversion -Wno-constant-conversion -Wno-int-conversion -Wno-bool-conversion -Wno-enum-conversion -Wno-float-conversion -Wno-non-literal-null-conversion -Wno-objc-literal-conversion -Wshorten-64-to-32 -Wpointer-sign -Wno-newline-eof -Wno-implicit-fallthrough -isysroot /Applications/Xcode-27.0.0.app/Contents/Developer/Platforms/WatchOS.platform/Developer/SDKs/WatchOS27.0.sdk -fstrict-aliasing -Wdeprecated-declarations -Wno-sign-conversion -Wno-infinite-recursion -Wno-comma -Wno-block-capture-autoreleasing -Wno-strict-prototypes -Wno-semicolon-before-method-body -index-store-path /Users/admin/builder/spi-builder-workspace/.derivedData/Index.noindex/DataStore @/Users/admin/builder/spi-builder-workspace/.derivedData/Build/Intermediates.noindex/capstone.build/Debug-watchos/Ccapstone-t.build/Objects-normal/arm64/7187679823f38a2a940e0043cdf9d637-common-args.resp -MMD -MT dependencies -MF /Users/admin/builder/spi-builder-workspace/.derivedData/Build/Intermediates.noindex/capstone.build/Debug-watchos/Ccapstone-t.build/Objects-normal/arm64/AArch64Module.d --serialize-diagnostics /Users/admin/builder/spi-builder-workspace/.derivedData/Build/Intermediates.noindex/capstone.build/Debug-watchos/Ccapstone-t.build/Objects-normal/arm64/AArch64Module.dia -c /Users/admin/builder/spi-builder-workspace/.dependencies/checkouts/capstone/bindings/swift/Ccapstone/arch/AArch64/AArch64Module.c -o /Users/admin/builder/spi-builder-workspace/.derivedData/Build/Intermediates.noindex/capstone.build/Debug-watchos/Ccapstone-t.build/Objects-normal/arm64/AArch64Module.o -index-unit-output-path /capstone.build/Debug-watchos/Ccapstone-t.build/Objects-normal/arm64/AArch64Module.o
CompileC /Users/admin/builder/spi-builder-workspace/.derivedData/Build/Intermediates.noindex/capstone.build/Debug-watchos/Ccapstone-t.build/Objects-normal/arm64/AArch64Mapping.o /Users/admin/builder/spi-builder-workspace/.dependencies/checkouts/capstone/bindings/swift/Ccapstone/arch/AArch64/AArch64Mapping.c normal arm64 c com.apple.compilers.llvm.clang.1_0.compiler (in target 'Ccapstone' from project 'capstone')
    cd /Users/admin/builder/spi-builder-workspace/.swiftpm/xcode

    Using response file: /Users/admin/builder/spi-builder-workspace/.derivedData/Build/Intermediates.noindex/capstone.build/Debug-watchos/Ccapstone-t.build/Objects-normal/arm64/7187679823f38a2a940e0043cdf9d637-common-args.resp

    /Applications/Xcode-27.0.0.app/Contents/Developer/Toolchains/XcodeDefault.xctoolchain/usr/bin/clang -x c -ivfsstatcache /Users/admin/builder/spi-builder-workspace/.derivedData/SDKStatCaches.noindex/watchos27.0-24R360-e829b21a6f8c9b70876ba0858053c044b9db9bc9c079ee3c7b5f3373b13d10bc.sdkstatcache -target arm64-apple-watchos9.0 -fmessage-length\=0 -fdiagnostics-show-note-include-stack -fmacro-backtrace-limit\=0 -fno-color-diagnostics -fmodules-prune-interval\=86400 -fmodules-prune-after\=345600 -fbuild-session-file\=/Users/admin/builder/spi-builder-workspace/.derivedData/ModuleCache.noindex/Session.modulevalidation -fmodules-validate-once-per-build-session -Wnon-modular-include-in-framework-module -Werror\=non-modular-include-in-framework-module -Wno-trigraphs -Wno-missing-field-initializers -Wno-missing-prototypes -Wno-return-type -Wno-missing-braces -Wparentheses -Wswitch -Wno-unused-function -Wno-unused-label -Wno-unused-parameter -Wno-unused-variable -Wunused-value -Wno-empty-body -Wno-uninitialized -Wno-unknown-pragmas -w -Wno-shadow -Wno-four-char-constants -Wno-conversion -Wno-constant-conversion -Wno-int-conversion -Wno-bool-conversion -Wno-enum-conversion -Wno-float-conversion -Wno-non-literal-null-conversion -Wno-objc-literal-conversion -Wshorten-64-to-32 -Wpointer-sign -Wno-newline-eof -Wno-implicit-fallthrough -isysroot /Applications/Xcode-27.0.0.app/Contents/Developer/Platforms/WatchOS.platform/Developer/SDKs/WatchOS27.0.sdk -fstrict-aliasing -Wdeprecated-declarations -Wno-sign-conversion -Wno-infinite-recursion -Wno-comma -Wno-block-capture-autoreleasing -Wno-strict-prototypes -Wno-semicolon-before-method-body -index-store-path /Users/admin/builder/spi-builder-workspace/.derivedData/Index.noindex/DataStore @/Users/admin/builder/spi-builder-workspace/.derivedData/Build/Intermediates.noindex/capstone.build/Debug-watchos/Ccapstone-t.build/Objects-normal/arm64/7187679823f38a2a940e0043cdf9d637-common-args.resp -MMD -MT dependencies -MF /Users/admin/builder/spi-builder-workspace/.derivedData/Build/Intermediates.noindex/capstone.build/Debug-watchos/Ccapstone-t.build/Objects-normal/arm64/AArch64Mapping.d --serialize-diagnostics /Users/admin/builder/spi-builder-workspace/.derivedData/Build/Intermediates.noindex/capstone.build/Debug-watchos/Ccapstone-t.build/Objects-normal/arm64/AArch64Mapping.dia -c /Users/admin/builder/spi-builder-workspace/.dependencies/checkouts/capstone/bindings/swift/Ccapstone/arch/AArch64/AArch64Mapping.c -o /Users/admin/builder/spi-builder-workspace/.derivedData/Build/Intermediates.noindex/capstone.build/Debug-watchos/Ccapstone-t.build/Objects-normal/arm64/AArch64Mapping.o -index-unit-output-path /capstone.build/Debug-watchos/Ccapstone-t.build/Objects-normal/arm64/AArch64Mapping.o
ScanDependencies /Users/admin/builder/spi-builder-workspace/.derivedData/Build/Intermediates.noindex/capstone.build/Debug-watchos/Ccapstone-t.build/Objects-normal/arm64/AArch64DisassemblerExtension.o /Users/admin/builder/spi-builder-workspace/.dependencies/checkouts/capstone/bindings/swift/Ccapstone/arch/AArch64/AArch64DisassemblerExtension.c normal arm64 c com.apple.compilers.llvm.clang.1_0.compiler (in target 'Ccapstone' from project 'capstone')
    cd /Users/admin/builder/spi-builder-workspace/.swiftpm/xcode

    Using response file: /Users/admin/builder/spi-builder-workspace/.derivedData/Build/Intermediates.noindex/capstone.build/Debug-watchos/Ccapstone-t.build/Objects-normal/arm64/7187679823f38a2a940e0043cdf9d637-common-args.resp

    builtin-ScanDependencies -o /Users/admin/builder/spi-builder-workspace/.derivedData/Build/Intermediates.noindex/capstone.build/Debug-watchos/Ccapstone-t.build/Objects-normal/arm64/AArch64DisassemblerExtension.o.scan -- /Applications/Xcode-27.0.0.app/Contents/Developer/Toolchains/XcodeDefault.xctoolchain/usr/bin/clang -x c -ivfsstatcache /Users/admin/builder/spi-builder-workspace/.derivedData/SDKStatCaches.noindex/watchos27.0-24R360-e829b21a6f8c9b70876ba0858053c044b9db9bc9c079ee3c7b5f3373b13d10bc.sdkstatcache -target arm64-apple-watchos9.0 -fmessage-length\=0 -fdiagnostics-show-note-include-stack -fmacro-backtrace-limit\=0 -fno-color-diagnostics -fmodules-prune-interval\=86400 -fmodules-prune-after\=345600 -fbuild-session-file\=/Users/admin/builder/spi-builder-workspace/.derivedData/ModuleCache.noindex/Session.modulevalidation -fmodules-validate-once-per-build-session -Wnon-modular-include-in-framework-module -Werror\=non-modular-include-in-framework-module -Wno-trigraphs -Wno-missing-field-initializers -Wno-missing-prototypes -Wno-return-type -Wno-missing-braces -Wparentheses -Wswitch -Wno-unused-function -Wno-unused-label -Wno-unused-parameter -Wno-unused-variable -Wunused-value -Wno-empty-body -Wno-uninitialized -Wno-unknown-pragmas -w -Wno-shadow -Wno-four-char-constants -Wno-conversion -Wno-constant-conversion -Wno-int-conversion -Wno-bool-conversion -Wno-enum-conversion -Wno-float-conversion -Wno-non-literal-null-conversion -Wno-objc-literal-conversion -Wshorten-64-to-32 -Wpointer-sign -Wno-newline-eof -Wno-implicit-fallthrough -isysroot /Applications/Xcode-27.0.0.app/Contents/Developer/Platforms/WatchOS.platform/Developer/SDKs/WatchOS27.0.sdk -fstrict-aliasing -Wdeprecated-declarations -Wno-sign-conversion -Wno-infinite-recursion -Wno-comma -Wno-block-capture-autoreleasing -Wno-strict-prototypes -Wno-semicolon-before-method-body -index-store-path /Users/admin/builder/spi-builder-workspace/.derivedData/Index.noindex/DataStore @/Users/admin/builder/spi-builder-workspace/.derivedData/Build/Intermediates.noindex/capstone.build/Debug-watchos/Ccapstone-t.build/Objects-normal/arm64/7187679823f38a2a940e0043cdf9d637-common-args.resp -MMD -MT dependencies -MF /Users/admin/builder/spi-builder-workspace/.derivedData/Build/Intermediates.noindex/capstone.build/Debug-watchos/Ccapstone-t.build/Objects-normal/arm64/AArch64DisassemblerExtension.d --serialize-diagnostics /Users/admin/builder/spi-builder-workspace/.derivedData/Build/Intermediates.noindex/capstone.build/Debug-watchos/Ccapstone-t.build/Objects-normal/arm64/AArch64DisassemblerExtension.dia -c /Users/admin/builder/spi-builder-workspace/.dependencies/checkouts/capstone/bindings/swift/Ccapstone/arch/AArch64/AArch64DisassemblerExtension.c -o /Users/admin/builder/spi-builder-workspace/.derivedData/Build/Intermediates.noindex/capstone.build/Debug-watchos/Ccapstone-t.build/Objects-normal/arm64/AArch64DisassemblerExtension.o -index-unit-output-path /capstone.build/Debug-watchos/Ccapstone-t.build/Objects-normal/arm64/AArch64DisassemblerExtension.o
ScanDependencies /Users/admin/builder/spi-builder-workspace/.derivedData/Build/Intermediates.noindex/capstone.build/Debug-watchos/Ccapstone-t.build/Objects-normal/arm64/AArch64Disassembler.o /Users/admin/builder/spi-builder-workspace/.dependencies/checkouts/capstone/bindings/swift/Ccapstone/arch/AArch64/AArch64Disassembler.c normal arm64 c com.apple.compilers.llvm.clang.1_0.compiler (in target 'Ccapstone' from project 'capstone')
    cd /Users/admin/builder/spi-builder-workspace/.swiftpm/xcode

    Using response file: /Users/admin/builder/spi-builder-workspace/.derivedData/Build/Intermediates.noindex/capstone.build/Debug-watchos/Ccapstone-t.build/Objects-normal/arm64/7187679823f38a2a940e0043cdf9d637-common-args.resp

    builtin-ScanDependencies -o /Users/admin/builder/spi-builder-workspace/.derivedData/Build/Intermediates.noindex/capstone.build/Debug-watchos/Ccapstone-t.build/Objects-normal/arm64/AArch64Disassembler.o.scan -- /Applications/Xcode-27.0.0.app/Contents/Developer/Toolchains/XcodeDefault.xctoolchain/usr/bin/clang -x c -ivfsstatcache /Users/admin/builder/spi-builder-workspace/.derivedData/SDKStatCaches.noindex/watchos27.0-24R360-e829b21a6f8c9b70876ba0858053c044b9db9bc9c079ee3c7b5f3373b13d10bc.sdkstatcache -target arm64-apple-watchos9.0 -fmessage-length\=0 -fdiagnostics-show-note-include-stack -fmacro-backtrace-limit\=0 -fno-color-diagnostics -fmodules-prune-interval\=86400 -fmodules-prune-after\=345600 -fbuild-session-file\=/Users/admin/builder/spi-builder-workspace/.derivedData/ModuleCache.noindex/Session.modulevalidation -fmodules-validate-once-per-build-session -Wnon-modular-include-in-framework-module -Werror\=non-modular-include-in-framework-module -Wno-trigraphs -Wno-missing-field-initializers -Wno-missing-prototypes -Wno-return-type -Wno-missing-braces -Wparentheses -Wswitch -Wno-unused-function -Wno-unused-label -Wno-unused-parameter -Wno-unused-variable -Wunused-value -Wno-empty-body -Wno-uninitialized -Wno-unknown-pragmas -w -Wno-shadow -Wno-four-char-constants -Wno-conversion -Wno-constant-conversion -Wno-int-conversion -Wno-bool-conversion -Wno-enum-conversion -Wno-float-conversion -Wno-non-literal-null-conversion -Wno-objc-literal-conversion -Wshorten-64-to-32 -Wpointer-sign -Wno-newline-eof -Wno-implicit-fallthrough -isysroot /Applications/Xcode-27.0.0.app/Contents/Developer/Platforms/WatchOS.platform/Developer/SDKs/WatchOS27.0.sdk -fstrict-aliasing -Wdeprecated-declarations -Wno-sign-conversion -Wno-infinite-recursion -Wno-comma -Wno-block-capture-autoreleasing -Wno-strict-prototypes -Wno-semicolon-before-method-body -index-store-path /Users/admin/builder/spi-builder-workspace/.derivedData/Index.noindex/DataStore @/Users/admin/builder/spi-builder-workspace/.derivedData/Build/Intermediates.noindex/capstone.build/Debug-watchos/Ccapstone-t.build/Objects-normal/arm64/7187679823f38a2a940e0043cdf9d637-common-args.resp -MMD -MT dependencies -MF /Users/admin/builder/spi-builder-workspace/.derivedData/Build/Intermediates.noindex/capstone.build/Debug-watchos/Ccapstone-t.build/Objects-normal/arm64/AArch64Disassembler.d --serialize-diagnostics /Users/admin/builder/spi-builder-workspace/.derivedData/Build/Intermediates.noindex/capstone.build/Debug-watchos/Ccapstone-t.build/Objects-normal/arm64/AArch64Disassembler.dia -c /Users/admin/builder/spi-builder-workspace/.dependencies/checkouts/capstone/bindings/swift/Ccapstone/arch/AArch64/AArch64Disassembler.c -o /Users/admin/builder/spi-builder-workspace/.derivedData/Build/Intermediates.noindex/capstone.build/Debug-watchos/Ccapstone-t.build/Objects-normal/arm64/AArch64Disassembler.o -index-unit-output-path /capstone.build/Debug-watchos/Ccapstone-t.build/Objects-normal/arm64/AArch64Disassembler.o
ScanDependencies /Users/admin/builder/spi-builder-workspace/.derivedData/Build/Intermediates.noindex/capstone.build/Debug-watchos/Ccapstone-t.build/Objects-normal/arm64/AArch64BaseInfo.o /Users/admin/builder/spi-builder-workspace/.dependencies/checkouts/capstone/bindings/swift/Ccapstone/arch/AArch64/AArch64BaseInfo.c normal arm64 c com.apple.compilers.llvm.clang.1_0.compiler (in target 'Ccapstone' from project 'capstone')
    cd /Users/admin/builder/spi-builder-workspace/.swiftpm/xcode

    Using response file: /Users/admin/builder/spi-builder-workspace/.derivedData/Build/Intermediates.noindex/capstone.build/Debug-watchos/Ccapstone-t.build/Objects-normal/arm64/7187679823f38a2a940e0043cdf9d637-common-args.resp

    builtin-ScanDependencies -o /Users/admin/builder/spi-builder-workspace/.derivedData/Build/Intermediates.noindex/capstone.build/Debug-watchos/Ccapstone-t.build/Objects-normal/arm64/AArch64BaseInfo.o.scan -- /Applications/Xcode-27.0.0.app/Contents/Developer/Toolchains/XcodeDefault.xctoolchain/usr/bin/clang -x c -ivfsstatcache /Users/admin/builder/spi-builder-workspace/.derivedData/SDKStatCaches.noindex/watchos27.0-24R360-e829b21a6f8c9b70876ba0858053c044b9db9bc9c079ee3c7b5f3373b13d10bc.sdkstatcache -target arm64-apple-watchos9.0 -fmessage-length\=0 -fdiagnostics-show-note-include-stack -fmacro-backtrace-limit\=0 -fno-color-diagnostics -fmodules-prune-interval\=86400 -fmodules-prune-after\=345600 -fbuild-session-file\=/Users/admin/builder/spi-builder-workspace/.derivedData/ModuleCache.noindex/Session.modulevalidation -fmodules-validate-once-per-build-session -Wnon-modular-include-in-framework-module -Werror\=non-modular-include-in-framework-module -Wno-trigraphs -Wno-missing-field-initializers -Wno-missing-prototypes -Wno-return-type -Wno-missing-braces -Wparentheses -Wswitch -Wno-unused-function -Wno-unused-label -Wno-unused-parameter -Wno-unused-variable -Wunused-value -Wno-empty-body -Wno-uninitialized -Wno-unknown-pragmas -w -Wno-shadow -Wno-four-char-constants -Wno-conversion -Wno-constant-conversion -Wno-int-conversion -Wno-bool-conversion -Wno-enum-conversion -Wno-float-conversion -Wno-non-literal-null-conversion -Wno-objc-literal-conversion -Wshorten-64-to-32 -Wpointer-sign -Wno-newline-eof -Wno-implicit-fallthrough -isysroot /Applications/Xcode-27.0.0.app/Contents/Developer/Platforms/WatchOS.platform/Developer/SDKs/WatchOS27.0.sdk -fstrict-aliasing -Wdeprecated-declarations -Wno-sign-conversion -Wno-infinite-recursion -Wno-comma -Wno-block-capture-autoreleasing -Wno-strict-prototypes -Wno-semicolon-before-method-body -index-store-path /Users/admin/builder/spi-builder-workspace/.derivedData/Index.noindex/DataStore @/Users/admin/builder/spi-builder-workspace/.derivedData/Build/Intermediates.noindex/capstone.build/Debug-watchos/Ccapstone-t.build/Objects-normal/arm64/7187679823f38a2a940e0043cdf9d637-common-args.resp -MMD -MT dependencies -MF /Users/admin/builder/spi-builder-workspace/.derivedData/Build/Intermediates.noindex/capstone.build/Debug-watchos/Ccapstone-t.build/Objects-normal/arm64/AArch64BaseInfo.d --serialize-diagnostics /Users/admin/builder/spi-builder-workspace/.derivedData/Build/Intermediates.noindex/capstone.build/Debug-watchos/Ccapstone-t.build/Objects-normal/arm64/AArch64BaseInfo.dia -c /Users/admin/builder/spi-builder-workspace/.dependencies/checkouts/capstone/bindings/swift/Ccapstone/arch/AArch64/AArch64BaseInfo.c -o /Users/admin/builder/spi-builder-workspace/.derivedData/Build/Intermediates.noindex/capstone.build/Debug-watchos/Ccapstone-t.build/Objects-normal/arm64/AArch64BaseInfo.o -index-unit-output-path /capstone.build/Debug-watchos/Ccapstone-t.build/Objects-normal/arm64/AArch64BaseInfo.o
CompileC /Users/admin/builder/spi-builder-workspace/.derivedData/Build/Intermediates.noindex/capstone.build/Debug-watchos/Ccapstone-t.build/Objects-normal/arm64/AArch64InstPrinter.o /Users/admin/builder/spi-builder-workspace/.dependencies/checkouts/capstone/bindings/swift/Ccapstone/arch/AArch64/AArch64InstPrinter.c normal arm64 c com.apple.compilers.llvm.clang.1_0.compiler (in target 'Ccapstone' from project 'capstone')
    cd /Users/admin/builder/spi-builder-workspace/.swiftpm/xcode

    Using response file: /Users/admin/builder/spi-builder-workspace/.derivedData/Build/Intermediates.noindex/capstone.build/Debug-watchos/Ccapstone-t.build/Objects-normal/arm64/7187679823f38a2a940e0043cdf9d637-common-args.resp

    /Applications/Xcode-27.0.0.app/Contents/Developer/Toolchains/XcodeDefault.xctoolchain/usr/bin/clang -x c -ivfsstatcache /Users/admin/builder/spi-builder-workspace/.derivedData/SDKStatCaches.noindex/watchos27.0-24R360-e829b21a6f8c9b70876ba0858053c044b9db9bc9c079ee3c7b5f3373b13d10bc.sdkstatcache -target arm64-apple-watchos9.0 -fmessage-length\=0 -fdiagnostics-show-note-include-stack -fmacro-backtrace-limit\=0 -fno-color-diagnostics -fmodules-prune-interval\=86400 -fmodules-prune-after\=345600 -fbuild-session-file\=/Users/admin/builder/spi-builder-workspace/.derivedData/ModuleCache.noindex/Session.modulevalidation -fmodules-validate-once-per-build-session -Wnon-modular-include-in-framework-module -Werror\=non-modular-include-in-framework-module -Wno-trigraphs -Wno-missing-field-initializers -Wno-missing-prototypes -Wno-return-type -Wno-missing-braces -Wparentheses -Wswitch -Wno-unused-function -Wno-unused-label -Wno-unused-parameter -Wno-unused-variable -Wunused-value -Wno-empty-body -Wno-uninitialized -Wno-unknown-pragmas -w -Wno-shadow -Wno-four-char-constants -Wno-conversion -Wno-constant-conversion -Wno-int-conversion -Wno-bool-conversion -Wno-enum-conversion -Wno-float-conversion -Wno-non-literal-null-conversion -Wno-objc-literal-conversion -Wshorten-64-to-32 -Wpointer-sign -Wno-newline-eof -Wno-implicit-fallthrough -isysroot /Applications/Xcode-27.0.0.app/Contents/Developer/Platforms/WatchOS.platform/Developer/SDKs/WatchOS27.0.sdk -fstrict-aliasing -Wdeprecated-declarations -Wno-sign-conversion -Wno-infinite-recursion -Wno-comma -Wno-block-capture-autoreleasing -Wno-strict-prototypes -Wno-semicolon-before-method-body -index-store-path /Users/admin/builder/spi-builder-workspace/.derivedData/Index.noindex/DataStore @/Users/admin/builder/spi-builder-workspace/.derivedData/Build/Intermediates.noindex/capstone.build/Debug-watchos/Ccapstone-t.build/Objects-normal/arm64/7187679823f38a2a940e0043cdf9d637-common-args.resp -MMD -MT dependencies -MF /Users/admin/builder/spi-builder-workspace/.derivedData/Build/Intermediates.noindex/capstone.build/Debug-watchos/Ccapstone-t.build/Objects-normal/arm64/AArch64InstPrinter.d --serialize-diagnostics /Users/admin/builder/spi-builder-workspace/.derivedData/Build/Intermediates.noindex/capstone.build/Debug-watchos/Ccapstone-t.build/Objects-normal/arm64/AArch64InstPrinter.dia -c /Users/admin/builder/spi-builder-workspace/.dependencies/checkouts/capstone/bindings/swift/Ccapstone/arch/AArch64/AArch64InstPrinter.c -o /Users/admin/builder/spi-builder-workspace/.derivedData/Build/Intermediates.noindex/capstone.build/Debug-watchos/Ccapstone-t.build/Objects-normal/arm64/AArch64InstPrinter.o -index-unit-output-path /capstone.build/Debug-watchos/Ccapstone-t.build/Objects-normal/arm64/AArch64InstPrinter.o
CompileC /Users/admin/builder/spi-builder-workspace/.derivedData/Build/Intermediates.noindex/capstone.build/Debug-watchos/Ccapstone-t.build/Objects-normal/arm64/AArch64DisassemblerExtension.o /Users/admin/builder/spi-builder-workspace/.dependencies/checkouts/capstone/bindings/swift/Ccapstone/arch/AArch64/AArch64DisassemblerExtension.c normal arm64 c com.apple.compilers.llvm.clang.1_0.compiler (in target 'Ccapstone' from project 'capstone')
    cd /Users/admin/builder/spi-builder-workspace/.swiftpm/xcode

    Using response file: /Users/admin/builder/spi-builder-workspace/.derivedData/Build/Intermediates.noindex/capstone.build/Debug-watchos/Ccapstone-t.build/Objects-normal/arm64/7187679823f38a2a940e0043cdf9d637-common-args.resp

    /Applications/Xcode-27.0.0.app/Contents/Developer/Toolchains/XcodeDefault.xctoolchain/usr/bin/clang -x c -ivfsstatcache /Users/admin/builder/spi-builder-workspace/.derivedData/SDKStatCaches.noindex/watchos27.0-24R360-e829b21a6f8c9b70876ba0858053c044b9db9bc9c079ee3c7b5f3373b13d10bc.sdkstatcache -target arm64-apple-watchos9.0 -fmessage-length\=0 -fdiagnostics-show-note-include-stack -fmacro-backtrace-limit\=0 -fno-color-diagnostics -fmodules-prune-interval\=86400 -fmodules-prune-after\=345600 -fbuild-session-file\=/Users/admin/builder/spi-builder-workspace/.derivedData/ModuleCache.noindex/Session.modulevalidation -fmodules-validate-once-per-build-session -Wnon-modular-include-in-framework-module -Werror\=non-modular-include-in-framework-module -Wno-trigraphs -Wno-missing-field-initializers -Wno-missing-prototypes -Wno-return-type -Wno-missing-braces -Wparentheses -Wswitch -Wno-unused-function -Wno-unused-label -Wno-unused-parameter -Wno-unused-variable -Wunused-value -Wno-empty-body -Wno-uninitialized -Wno-unknown-pragmas -w -Wno-shadow -Wno-four-char-constants -Wno-conversion -Wno-constant-conversion -Wno-int-conversion -Wno-bool-conversion -Wno-enum-conversion -Wno-float-conversion -Wno-non-literal-null-conversion -Wno-objc-literal-conversion -Wshorten-64-to-32 -Wpointer-sign -Wno-newline-eof -Wno-implicit-fallthrough -isysroot /Applications/Xcode-27.0.0.app/Contents/Developer/Platforms/WatchOS.platform/Developer/SDKs/WatchOS27.0.sdk -fstrict-aliasing -Wdeprecated-declarations -Wno-sign-conversion -Wno-infinite-recursion -Wno-comma -Wno-block-capture-autoreleasing -Wno-strict-prototypes -Wno-semicolon-before-method-body -index-store-path /Users/admin/builder/spi-builder-workspace/.derivedData/Index.noindex/DataStore @/Users/admin/builder/spi-builder-workspace/.derivedData/Build/Intermediates.noindex/capstone.build/Debug-watchos/Ccapstone-t.build/Objects-normal/arm64/7187679823f38a2a940e0043cdf9d637-common-args.resp -MMD -MT dependencies -MF /Users/admin/builder/spi-builder-workspace/.derivedData/Build/Intermediates.noindex/capstone.build/Debug-watchos/Ccapstone-t.build/Objects-normal/arm64/AArch64DisassemblerExtension.d --serialize-diagnostics /Users/admin/builder/spi-builder-workspace/.derivedData/Build/Intermediates.noindex/capstone.build/Debug-watchos/Ccapstone-t.build/Objects-normal/arm64/AArch64DisassemblerExtension.dia -c /Users/admin/builder/spi-builder-workspace/.dependencies/checkouts/capstone/bindings/swift/Ccapstone/arch/AArch64/AArch64DisassemblerExtension.c -o /Users/admin/builder/spi-builder-workspace/.derivedData/Build/Intermediates.noindex/capstone.build/Debug-watchos/Ccapstone-t.build/Objects-normal/arm64/AArch64DisassemblerExtension.o -index-unit-output-path /capstone.build/Debug-watchos/Ccapstone-t.build/Objects-normal/arm64/AArch64DisassemblerExtension.o
CompileC /Users/admin/builder/spi-builder-workspace/.derivedData/Build/Intermediates.noindex/capstone.build/Debug-watchos/Ccapstone-t.build/Objects-normal/arm64/AArch64Disassembler.o /Users/admin/builder/spi-builder-workspace/.dependencies/checkouts/capstone/bindings/swift/Ccapstone/arch/AArch64/AArch64Disassembler.c normal arm64 c com.apple.compilers.llvm.clang.1_0.compiler (in target 'Ccapstone' from project 'capstone')
    cd /Users/admin/builder/spi-builder-workspace/.swiftpm/xcode

    Using response file: /Users/admin/builder/spi-builder-workspace/.derivedData/Build/Intermediates.noindex/capstone.build/Debug-watchos/Ccapstone-t.build/Objects-normal/arm64/7187679823f38a2a940e0043cdf9d637-common-args.resp

    /Applications/Xcode-27.0.0.app/Contents/Developer/Toolchains/XcodeDefault.xctoolchain/usr/bin/clang -x c -ivfsstatcache /Users/admin/builder/spi-builder-workspace/.derivedData/SDKStatCaches.noindex/watchos27.0-24R360-e829b21a6f8c9b70876ba0858053c044b9db9bc9c079ee3c7b5f3373b13d10bc.sdkstatcache -target arm64-apple-watchos9.0 -fmessage-length\=0 -fdiagnostics-show-note-include-stack -fmacro-backtrace-limit\=0 -fno-color-diagnostics -fmodules-prune-interval\=86400 -fmodules-prune-after\=345600 -fbuild-session-file\=/Users/admin/builder/spi-builder-workspace/.derivedData/ModuleCache.noindex/Session.modulevalidation -fmodules-validate-once-per-build-session -Wnon-modular-include-in-framework-module -Werror\=non-modular-include-in-framework-module -Wno-trigraphs -Wno-missing-field-initializers -Wno-missing-prototypes -Wno-return-type -Wno-missing-braces -Wparentheses -Wswitch -Wno-unused-function -Wno-unused-label -Wno-unused-parameter -Wno-unused-variable -Wunused-value -Wno-empty-body -Wno-uninitialized -Wno-unknown-pragmas -w -Wno-shadow -Wno-four-char-constants -Wno-conversion -Wno-constant-conversion -Wno-int-conversion -Wno-bool-conversion -Wno-enum-conversion -Wno-float-conversion -Wno-non-literal-null-conversion -Wno-objc-literal-conversion -Wshorten-64-to-32 -Wpointer-sign -Wno-newline-eof -Wno-implicit-fallthrough -isysroot /Applications/Xcode-27.0.0.app/Contents/Developer/Platforms/WatchOS.platform/Developer/SDKs/WatchOS27.0.sdk -fstrict-aliasing -Wdeprecated-declarations -Wno-sign-conversion -Wno-infinite-recursion -Wno-comma -Wno-block-capture-autoreleasing -Wno-strict-prototypes -Wno-semicolon-before-method-body -index-store-path /Users/admin/builder/spi-builder-workspace/.derivedData/Index.noindex/DataStore @/Users/admin/builder/spi-builder-workspace/.derivedData/Build/Intermediates.noindex/capstone.build/Debug-watchos/Ccapstone-t.build/Objects-normal/arm64/7187679823f38a2a940e0043cdf9d637-common-args.resp -MMD -MT dependencies -MF /Users/admin/builder/spi-builder-workspace/.derivedData/Build/Intermediates.noindex/capstone.build/Debug-watchos/Ccapstone-t.build/Objects-normal/arm64/AArch64Disassembler.d --serialize-diagnostics /Users/admin/builder/spi-builder-workspace/.derivedData/Build/Intermediates.noindex/capstone.build/Debug-watchos/Ccapstone-t.build/Objects-normal/arm64/AArch64Disassembler.dia -c /Users/admin/builder/spi-builder-workspace/.dependencies/checkouts/capstone/bindings/swift/Ccapstone/arch/AArch64/AArch64Disassembler.c -o /Users/admin/builder/spi-builder-workspace/.derivedData/Build/Intermediates.noindex/capstone.build/Debug-watchos/Ccapstone-t.build/Objects-normal/arm64/AArch64Disassembler.o -index-unit-output-path /capstone.build/Debug-watchos/Ccapstone-t.build/Objects-normal/arm64/AArch64Disassembler.o
CompileC /Users/admin/builder/spi-builder-workspace/.derivedData/Build/Intermediates.noindex/capstone.build/Debug-watchos/Ccapstone-t.build/Objects-normal/arm64/AArch64BaseInfo.o /Users/admin/builder/spi-builder-workspace/.dependencies/checkouts/capstone/bindings/swift/Ccapstone/arch/AArch64/AArch64BaseInfo.c normal arm64 c com.apple.compilers.llvm.clang.1_0.compiler (in target 'Ccapstone' from project 'capstone')
    cd /Users/admin/builder/spi-builder-workspace/.swiftpm/xcode

    Using response file: /Users/admin/builder/spi-builder-workspace/.derivedData/Build/Intermediates.noindex/capstone.build/Debug-watchos/Ccapstone-t.build/Objects-normal/arm64/7187679823f38a2a940e0043cdf9d637-common-args.resp

    /Applications/Xcode-27.0.0.app/Contents/Developer/Toolchains/XcodeDefault.xctoolchain/usr/bin/clang -x c -ivfsstatcache /Users/admin/builder/spi-builder-workspace/.derivedData/SDKStatCaches.noindex/watchos27.0-24R360-e829b21a6f8c9b70876ba0858053c044b9db9bc9c079ee3c7b5f3373b13d10bc.sdkstatcache -target arm64-apple-watchos9.0 -fmessage-length\=0 -fdiagnostics-show-note-include-stack -fmacro-backtrace-limit\=0 -fno-color-diagnostics -fmodules-prune-interval\=86400 -fmodules-prune-after\=345600 -fbuild-session-file\=/Users/admin/builder/spi-builder-workspace/.derivedData/ModuleCache.noindex/Session.modulevalidation -fmodules-validate-once-per-build-session -Wnon-modular-include-in-framework-module -Werror\=non-modular-include-in-framework-module -Wno-trigraphs -Wno-missing-field-initializers -Wno-missing-prototypes -Wno-return-type -Wno-missing-braces -Wparentheses -Wswitch -Wno-unused-function -Wno-unused-label -Wno-unused-parameter -Wno-unused-variable -Wunused-value -Wno-empty-body -Wno-uninitialized -Wno-unknown-pragmas -w -Wno-shadow -Wno-four-char-constants -Wno-conversion -Wno-constant-conversion -Wno-int-conversion -Wno-bool-conversion -Wno-enum-conversion -Wno-float-conversion -Wno-non-literal-null-conversion -Wno-objc-literal-conversion -Wshorten-64-to-32 -Wpointer-sign -Wno-newline-eof -Wno-implicit-fallthrough -isysroot /Applications/Xcode-27.0.0.app/Contents/Developer/Platforms/WatchOS.platform/Developer/SDKs/WatchOS27.0.sdk -fstrict-aliasing -Wdeprecated-declarations -Wno-sign-conversion -Wno-infinite-recursion -Wno-comma -Wno-block-capture-autoreleasing -Wno-strict-prototypes -Wno-semicolon-before-method-body -index-store-path /Users/admin/builder/spi-builder-workspace/.derivedData/Index.noindex/DataStore @/Users/admin/builder/spi-builder-workspace/.derivedData/Build/Intermediates.noindex/capstone.build/Debug-watchos/Ccapstone-t.build/Objects-normal/arm64/7187679823f38a2a940e0043cdf9d637-common-args.resp -MMD -MT dependencies -MF /Users/admin/builder/spi-builder-workspace/.derivedData/Build/Intermediates.noindex/capstone.build/Debug-watchos/Ccapstone-t.build/Objects-normal/arm64/AArch64BaseInfo.d --serialize-diagnostics /Users/admin/builder/spi-builder-workspace/.derivedData/Build/Intermediates.noindex/capstone.build/Debug-watchos/Ccapstone-t.build/Objects-normal/arm64/AArch64BaseInfo.dia -c /Users/admin/builder/spi-builder-workspace/.dependencies/checkouts/capstone/bindings/swift/Ccapstone/arch/AArch64/AArch64BaseInfo.c -o /Users/admin/builder/spi-builder-workspace/.derivedData/Build/Intermediates.noindex/capstone.build/Debug-watchos/Ccapstone-t.build/Objects-normal/arm64/AArch64BaseInfo.o -index-unit-output-path /capstone.build/Debug-watchos/Ccapstone-t.build/Objects-normal/arm64/AArch64BaseInfo.o
SwiftCompile normal arm64_32 Compiling\ library_wrapper.swift /Users/admin/builder/spi-builder-workspace/.dependencies/checkouts/swift-clang/Sources/CclangWrapper/library_wrapper.swift (in target 'CclangWrapper' from project 'swift-clang')
SwiftCompile normal arm64_32 /Users/admin/builder/spi-builder-workspace/.dependencies/checkouts/swift-clang/Sources/CclangWrapper/library_wrapper.swift (in target 'CclangWrapper' from project 'swift-clang')
    cd /Users/admin/builder/spi-builder-workspace/.swiftpm/xcode
    builtin-SwiftPerFileCompile library_wrapper.swift
/Users/admin/builder/spi-builder-workspace/.dependencies/checkouts/swift-clang/Sources/CclangWrapper/library_wrapper.swift:301:23: error: cannot find 'Process' in scope
299 |                      currentDirectory: String = FileManager.default.currentDirectoryPath,
300 |                      stderr: Stderr = .inherit) -> Results {
301 |         let process = Process()
    |                       `- error: cannot find 'Process' in scope
302 |         process.arguments = arguments
303 |
Failed frontend command:
/Applications/Xcode-27.0.0.app/Contents/Developer/Toolchains/XcodeDefault.xctoolchain/usr/bin/swift-frontend -frontend -c -primary-file /Users/admin/builder/spi-builder-workspace/.dependencies/checkouts/swift-clang/Sources/CclangWrapper/library_wrapper.swift /Users/admin/builder/spi-builder-workspace/.dependencies/checkouts/swift-clang/Sources/CclangWrapper/library_wrapper_Clang_C.swift -emit-dependencies-path /Users/admin/builder/spi-builder-workspace/.derivedData/Build/Intermediates.noindex/swift-clang.build/Debug-watchos/CclangWrapper-t.build/Objects-normal/arm64_32/library_wrapper.d -emit-const-values-path /Users/admin/builder/spi-builder-workspace/.derivedData/Build/Intermediates.noindex/swift-clang.build/Debug-watchos/CclangWrapper-t.build/Objects-normal/arm64_32/library_wrapper.swiftconstvalues -emit-reference-dependencies-path /Users/admin/builder/spi-builder-workspace/.derivedData/Build/Intermediates.noindex/swift-clang.build/Debug-watchos/CclangWrapper-t.build/Objects-normal/arm64_32/library_wrapper.swiftdeps -serialize-diagnostics-path /Users/admin/builder/spi-builder-workspace/.derivedData/Build/Intermediates.noindex/swift-clang.build/Debug-watchos/CclangWrapper-t.build/Objects-normal/arm64_32/library_wrapper.dia -target arm64_32-apple-watchos9.0 -module-can-import-version Darwin 428.0.10 0 -disable-cross-import-overlay-search -swift-module-cross-import Darwin /Applications/Xcode-27.0.0.app/Contents/Developer/Platforms/WatchOS.platform/Developer/SDKs/WatchOS.sdk/usr/include/Darwin.swiftcrossimport/xlocale.swiftoverlay -load-resolved-plugin /Applications/Xcode-27.0.0.app/Contents/Developer/Platforms/WatchOS.platform/Developer/usr/lib/swift/host/plugins/libFoundationMacros.dylib\#/Applications/Xcode-27.0.0.app/Contents/Developer/Platforms/WatchOS.platform/Developer/usr/bin/swift-plugin-server\#FoundationMacros -load-resolved-plugin /Applications/Xcode-27.0.0.app/Contents/Developer/Platforms/WatchOS.platform/Developer/usr/lib/swift/host/plugins/libObservationMacros.dylib\#/Applications/Xcode-27.0.0.app/Contents/Developer/Platforms/WatchOS.platform/Developer/usr/bin/swift-plugin-server\#ObservationMacros -load-resolved-plugin /Applications/Xcode-27.0.0.app/Contents/Developer/Platforms/WatchOS.platform/Developer/usr/lib/swift/host/plugins/libSwiftMacros.dylib\#/Applications/Xcode-27.0.0.app/Contents/Developer/Platforms/WatchOS.platform/Developer/usr/bin/swift-plugin-server\#SwiftMacros -disable-implicit-swift-modules -Xcc -fno-implicit-modules -Xcc -fno-implicit-module-maps -explicit-swift-module-map-file /Users/admin/builder/spi-builder-workspace/.derivedData/Build/Intermediates.noindex/swift-clang.build/Debug-watchos/CclangWrapper-t.build/Objects-normal/arm64_32/CclangWrapper-dependencies-2.json -enable-objc-interop -sdk /Applications/Xcode-27.0.0.app/Contents/Developer/Platforms/WatchOS.platform/Developer/SDKs/WatchOS27.0.sdk -I /Users/admin/builder/spi-builder-workspace/.derivedData/Build/Products/Debug-watchos -Isystem /Applications/Xcode-27.0.0.app/Contents/Developer/Platforms/WatchOS.platform/Developer/usr/lib -F /Users/admin/builder/spi-builder-workspace/.derivedData/Build/Products/Debug-watchos/PackageFrameworks -F /Users/admin/builder/spi-builder-workspace/.derivedData/Build/Products/Debug-watchos -F /Applications/Xcode-27.0.0.app/Contents/Developer/Platforms/WatchOS.platform/Developer/Library/Frameworks -F /Applications/Xcode-27.0.0.app/Contents/Developer/Platforms/WatchOS.platform/Developer/SDKs/WatchOS27.0.sdk/Developer/Library/Frameworks -module-cache-path /Users/admin/builder/spi-builder-workspace/.derivedData/Build/Intermediates.noindex/SwiftExplicitPrecompiledModules -no-color-diagnostics -Xcc -fno-color-diagnostics -enable-testing -g -debug-info-format\=dwarf -dwarf-version\=4 -suppress-warnings -profile-generate -profile-coverage-mapping -swift-version 5 -Onone -D SWIFT_PACKAGE -D DEBUG -D SWIFT_MODULE_RESOURCE_BUNDLE_UNAVAILABLE -D Xcode -serialize-debugging-options -enable-experimental-feature DebugDescriptionMacro -empty-abi-descriptor -user-module-version 0.3.0 -validate-clang-modules-once -clang-build-session-file /Users/admin/builder/spi-builder-workspace/.derivedData/ModuleCache.noindex/Session.modulevalidation -Xcc -working-directory -Xcc /Users/admin/builder/spi-builder-workspace/.swiftpm/xcode -enable-anonymous-context-mangled-names -file-compilation-dir /Users/admin/builder/spi-builder-workspace/.swiftpm/xcode -Xcc -fmodule-map-file\=/Users/admin/builder/spi-builder-workspace/.derivedData/Build/Intermediates.noindex/GeneratedModuleMaps-watchos/Cclang.modulemap -Xcc -D_LIBCPP_HARDENING_MODE\=_LIBCPP_HARDENING_MODE_DEBUG -Xcc -ivfsstatcache -Xcc /Users/admin/builder/spi-builder-workspace/.derivedData/SDKStatCaches.noindex/watchos27.0-24R360-e829b21a6f8c9b70876ba0858053c044b9db9bc9c079ee3c7b5f3373b13d10bc.sdkstatcache -Xcc -fmodules-prune-interval\=86400 -Xcc -fmodules-prune-after\=345600 -Xcc -I/Users/admin/builder/spi-builder-workspace/.dependencies/checkouts/swift-clang/Sources/Cclang/include -Xcc -I/Users/admin/builder/spi-builder-workspace/.derivedData/Build/Products/Debug-watchos/include -Xcc -I/Users/admin/builder/spi-builder-workspace/.derivedData/Build/Intermediates.noindex/swift-clang.build/Debug-watchos/CclangWrapper-t.build/DerivedSources-normal/arm64_32 -Xcc -I/Users/admin/builder/spi-builder-workspace/.derivedData/Build/Intermediates.noindex/swift-clang.build/Debug-watchos/CclangWrapper-t.build/DerivedSources/arm64_32 -Xcc -I/Users/admin/builder/spi-builder-workspace/.derivedData/Build/Intermediates.noindex/swift-clang.build/Debug-watchos/CclangWrapper-t.build/DerivedSources -Xcc -DSWIFT_PACKAGE -Xcc -DDEBUG\=1 -no-auto-bridging-header-chaining -module-name CclangWrapper -package-name swift_clang -const-gather-protocols-file /Users/admin/builder/spi-builder-workspace/.derivedData/Build/Intermediates.noindex/swift-clang.build/Debug-watchos/CclangWrapper-t.build/Objects-normal/arm64_32/CclangWrapper_const_extract_protocols.json -disable-clang-spi -clang-target arm64_32-apple-watchos27.0 -target-sdk-version 27.0 -target-sdk-name watchos27.0 -in-process-plugin-server-path /Applications/Xcode-27.0.0.app/Contents/Developer/Toolchains/XcodeDefault.xctoolchain/usr/lib/swift/host/libSwiftInProcPluginServer.dylib -parse-as-library -o /Users/admin/builder/spi-builder-workspace/.derivedData/Build/Intermediates.noindex/swift-clang.build/Debug-watchos/CclangWrapper-t.build/Objects-normal/arm64_32/library_wrapper.o -debug-module-path /Users/admin/builder/spi-builder-workspace/.derivedData/Build/Intermediates.noindex/swift-clang.build/Debug-watchos/CclangWrapper-t.build/Objects-normal/arm64_32/CclangWrapper.swiftmodule -index-unit-output-path /swift-clang.build/Debug-watchos/CclangWrapper-t.build/Objects-normal/arm64_32/library_wrapper.o -index-store-path /Users/admin/builder/spi-builder-workspace/.derivedData/Index.noindex/DataStore -index-system-modules
SwiftEmitModule normal arm64_32 Emitting\ module\ for\ CclangWrapper (in target 'CclangWrapper' from project 'swift-clang')
SwiftCompile normal arm64_32 (in target 'CclangWrapper' from project 'swift-clang')
    cd /Users/admin/builder/spi-builder-workspace/.swiftpm/xcode

SwiftCompile normal arm64_32 Compiling\ library_wrapper_Clang_C.swift /Users/admin/builder/spi-builder-workspace/.dependencies/checkouts/swift-clang/Sources/CclangWrapper/library_wrapper_Clang_C.swift (in target 'CclangWrapper' from project 'swift-clang')
SwiftCompile normal arm64_32 /Users/admin/builder/spi-builder-workspace/.dependencies/checkouts/swift-clang/Sources/CclangWrapper/library_wrapper_Clang_C.swift (in target 'CclangWrapper' from project 'swift-clang')
    cd /Users/admin/builder/spi-builder-workspace/.swiftpm/xcode
    builtin-SwiftPerFileCompile library_wrapper_Clang_C.swift
SwiftEmitModule normal arm64_32 Emitting\ module\ for\ Capstone (in target 'Capstone' from project 'swift-capstone')
SwiftCompile normal arm64_32 (in target 'Capstone' from project 'swift-capstone')
    cd /Users/admin/builder/spi-builder-workspace/.swiftpm/xcode

SwiftCompile normal arm64_32 Compiling\ LoongArchEnums.swift,\ M680xEnums.swift,\ M68kEnums.swift,\ MipsEnums.swift /Users/admin/builder/spi-builder-workspace/Sources/Capstone/LoongArchEnums.swift /Users/admin/builder/spi-builder-workspace/Sources/Capstone/M680xEnums.swift /Users/admin/builder/spi-builder-workspace/Sources/Capstone/M68kEnums.swift /Users/admin/builder/spi-builder-workspace/Sources/Capstone/MipsEnums.swift (in target 'Capstone' from project 'swift-capstone')
SwiftCompile normal arm64_32 /Users/admin/builder/spi-builder-workspace/Sources/Capstone/LoongArchEnums.swift (in target 'Capstone' from project 'swift-capstone')
    cd /Users/admin/builder/spi-builder-workspace/.swiftpm/xcode
    builtin-SwiftPerFileCompile LoongArchEnums.swift
SwiftCompile normal arm64_32 /Users/admin/builder/spi-builder-workspace/Sources/Capstone/M680xEnums.swift (in target 'Capstone' from project 'swift-capstone')
    cd /Users/admin/builder/spi-builder-workspace/.swiftpm/xcode
    builtin-SwiftPerFileCompile M680xEnums.swift
SwiftCompile normal arm64_32 /Users/admin/builder/spi-builder-workspace/Sources/Capstone/M68kEnums.swift (in target 'Capstone' from project 'swift-capstone')
    cd /Users/admin/builder/spi-builder-workspace/.swiftpm/xcode
    builtin-SwiftPerFileCompile M68kEnums.swift
SwiftCompile normal arm64_32 /Users/admin/builder/spi-builder-workspace/Sources/Capstone/MipsEnums.swift (in target 'Capstone' from project 'swift-capstone')
    cd /Users/admin/builder/spi-builder-workspace/.swiftpm/xcode
    builtin-SwiftPerFileCompile MipsEnums.swift
SwiftCompile normal arm64_32 Compiling\ Mos65xxEnums.swift,\ PpcEnums.swift,\ RiscvEnums.swift,\ ShEnums.swift /Users/admin/builder/spi-builder-workspace/Sources/Capstone/Mos65xxEnums.swift /Users/admin/builder/spi-builder-workspace/Sources/Capstone/PpcEnums.swift /Users/admin/builder/spi-builder-workspace/Sources/Capstone/RiscvEnums.swift /Users/admin/builder/spi-builder-workspace/Sources/Capstone/ShEnums.swift (in target 'Capstone' from project 'swift-capstone')
SwiftCompile normal arm64_32 /Users/admin/builder/spi-builder-workspace/Sources/Capstone/Mos65xxEnums.swift (in target 'Capstone' from project 'swift-capstone')
    cd /Users/admin/builder/spi-builder-workspace/.swiftpm/xcode
    builtin-SwiftPerFileCompile Mos65xxEnums.swift
SwiftCompile normal arm64_32 /Users/admin/builder/spi-builder-workspace/Sources/Capstone/PpcEnums.swift (in target 'Capstone' from project 'swift-capstone')
    cd /Users/admin/builder/spi-builder-workspace/.swiftpm/xcode
    builtin-SwiftPerFileCompile PpcEnums.swift
SwiftCompile normal arm64_32 /Users/admin/builder/spi-builder-workspace/Sources/Capstone/RiscvEnums.swift (in target 'Capstone' from project 'swift-capstone')
    cd /Users/admin/builder/spi-builder-workspace/.swiftpm/xcode
    builtin-SwiftPerFileCompile RiscvEnums.swift
SwiftCompile normal arm64_32 /Users/admin/builder/spi-builder-workspace/Sources/Capstone/ShEnums.swift (in target 'Capstone' from project 'swift-capstone')
    cd /Users/admin/builder/spi-builder-workspace/.swiftpm/xcode
    builtin-SwiftPerFileCompile ShEnums.swift
SwiftEmitModule normal arm64 Emitting\ module\ for\ CclangWrapper (in target 'CclangWrapper' from project 'swift-clang')
SwiftCompile normal arm64 (in target 'CclangWrapper' from project 'swift-clang')
    cd /Users/admin/builder/spi-builder-workspace/.swiftpm/xcode

SwiftEmitModule normal arm64 Emitting\ module\ for\ Capstone (in target 'Capstone' from project 'swift-capstone')
SwiftCompile normal arm64 (in target 'Capstone' from project 'swift-capstone')
    cd /Users/admin/builder/spi-builder-workspace/.swiftpm/xcode

SwiftCompile normal arm64 Compiling\ library_wrapper_Clang_C.swift /Users/admin/builder/spi-builder-workspace/.dependencies/checkouts/swift-clang/Sources/CclangWrapper/library_wrapper_Clang_C.swift (in target 'CclangWrapper' from project 'swift-clang')
SwiftCompile normal arm64 /Users/admin/builder/spi-builder-workspace/.dependencies/checkouts/swift-clang/Sources/CclangWrapper/library_wrapper_Clang_C.swift (in target 'CclangWrapper' from project 'swift-clang')
    cd /Users/admin/builder/spi-builder-workspace/.swiftpm/xcode
    builtin-SwiftPerFileCompile library_wrapper_Clang_C.swift
SwiftDriverJobDiscovery normal arm64_32 Emitting module for CclangWrapper (in target 'CclangWrapper' from project 'swift-clang')
SwiftDriver\ Compilation\ Requirements CclangWrapper normal arm64_32 com.apple.xcode.tools.swift.compiler (in target 'CclangWrapper' from project 'swift-clang')
    cd /Users/admin/builder/spi-builder-workspace/.swiftpm/xcode
    builtin-Swift-Compilation-Requirements -- /Applications/Xcode-27.0.0.app/Contents/Developer/Toolchains/XcodeDefault.xctoolchain/usr/bin/swiftc -parse-as-library -module-name CclangWrapper -Onone @/Users/admin/builder/spi-builder-workspace/.derivedData/Build/Intermediates.noindex/swift-clang.build/Debug-watchos/CclangWrapper-t.build/Objects-normal/arm64_32/CclangWrapper.SwiftFileList -DSWIFT_PACKAGE -DDEBUG -DSWIFT_MODULE_RESOURCE_BUNDLE_UNAVAILABLE -Xcc -fmodule-map-file\=/Users/admin/builder/spi-builder-workspace/.derivedData/Build/Intermediates.noindex/GeneratedModuleMaps-watchos/Cclang.modulemap -DXcode -plugin-path /Applications/Xcode-27.0.0.app/Contents/Developer/Toolchains/XcodeDefault.xctoolchain/usr/lib/swift/host/plugins/testing -enable-experimental-feature DebugDescriptionMacro -sdk /Applications/Xcode-27.0.0.app/Contents/Developer/Platforms/WatchOS.platform/Developer/SDKs/WatchOS27.0.sdk -target arm64_32-apple-watchos9.0 -g -module-cache-path /Users/admin/builder/spi-builder-workspace/.derivedData/ModuleCache.noindex -Xfrontend -serialize-debugging-options -profile-coverage-mapping -profile-generate -enable-testing -suppress-warnings -index-store-path /Users/admin/builder/spi-builder-workspace/.derivedData/Index.noindex/DataStore -Xcc -D_LIBCPP_HARDENING_MODE\=_LIBCPP_HARDENING_MODE_DEBUG -swift-version 5 -I /Users/admin/builder/spi-builder-workspace/.derivedData/Build/Products/Debug-watchos -Isystem /Applications/Xcode-27.0.0.app/Contents/Developer/Platforms/WatchOS.platform/Developer/usr/lib -F /Users/admin/builder/spi-builder-workspace/.derivedData/Build/Products/Debug-watchos/PackageFrameworks -F /Users/admin/builder/spi-builder-workspace/.derivedData/Build/Products/Debug-watchos -F /Applications/Xcode-27.0.0.app/Contents/Developer/Platforms/WatchOS.platform/Developer/Library/Frameworks -F /Applications/Xcode-27.0.0.app/Contents/Developer/Platforms/WatchOS.platform/Developer/SDKs/WatchOS27.0.sdk/Developer/Library/Frameworks -c -j10 -enable-batch-mode -incremental -Xcc -ivfsstatcache -Xcc /Users/admin/builder/spi-builder-workspace/.derivedData/SDKStatCaches.noindex/watchos27.0-24R360-e829b21a6f8c9b70876ba0858053c044b9db9bc9c079ee3c7b5f3373b13d10bc.sdkstatcache -output-file-map /Users/admin/builder/spi-builder-workspace/.derivedData/Build/Intermediates.noindex/swift-clang.build/Debug-watchos/CclangWrapper-t.build/Objects-normal/arm64_32/CclangWrapper-OutputFileMap.json -save-temps -no-color-diagnostics -explicit-module-build -module-cache-path /Users/admin/builder/spi-builder-workspace/.derivedData/Build/Intermediates.noindex/SwiftExplicitPrecompiledModules -clang-scanner-module-cache-path /Users/admin/builder/spi-builder-workspace/.derivedData/ModuleCache.noindex -sdk-module-cache-path /Users/admin/builder/spi-builder-workspace/.derivedData/SDKExplicitPrecompiledModules -emit-dependencies -emit-module -emit-module-path /Users/admin/builder/spi-builder-workspace/.derivedData/Build/Intermediates.noindex/swift-clang.build/Debug-watchos/CclangWrapper-t.build/Objects-normal/arm64_32/CclangWrapper.swiftmodule -serialize-diagnostics -dependency-scan-serialize-diagnostics-path /Users/admin/builder/spi-builder-workspace/.derivedData/Build/Intermediates.noindex/swift-clang.build/Debug-watchos/CclangWrapper-t.build/Objects-normal/arm64_32/CclangWrapper-dependency-scan.dia -user-module-version 0.3.0 -validate-clang-modules-once -clang-build-session-file /Users/admin/builder/spi-builder-workspace/.derivedData/ModuleCache.noindex/Session.modulevalidation -Xcc -fmodules-prune-interval\=86400 -Xcc -fmodules-prune-after\=345600 -package-name swift_clang -emit-const-values -const-gather-protocols-list /Users/admin/builder/spi-builder-workspace/.derivedData/Build/Intermediates.noindex/swift-clang.build/Debug-watchos/CclangWrapper-t.build/Objects-normal/arm64_32/CclangWrapper_const_extract_protocols.json -Xcc -I/Users/admin/builder/spi-builder-workspace/.dependencies/checkouts/swift-clang/Sources/Cclang/include -Xcc -I/Users/admin/builder/spi-builder-workspace/.derivedData/Build/Products/Debug-watchos/include -Xcc -I/Users/admin/builder/spi-builder-workspace/.derivedData/Build/Intermediates.noindex/swift-clang.build/Debug-watchos/CclangWrapper-t.build/DerivedSources-normal/arm64_32 -Xcc -I/Users/admin/builder/spi-builder-workspace/.derivedData/Build/Intermediates.noindex/swift-clang.build/Debug-watchos/CclangWrapper-t.build/DerivedSources/arm64_32 -Xcc -I/Users/admin/builder/spi-builder-workspace/.derivedData/Build/Intermediates.noindex/swift-clang.build/Debug-watchos/CclangWrapper-t.build/DerivedSources -Xcc -DSWIFT_PACKAGE -Xcc -DDEBUG\=1 -emit-objc-header -emit-objc-header-path /Users/admin/builder/spi-builder-workspace/.derivedData/Build/Intermediates.noindex/swift-clang.build/Debug-watchos/CclangWrapper-t.build/Objects-normal/arm64_32/CclangWrapper-Swift.h -working-directory /Users/admin/builder/spi-builder-workspace/.swiftpm/xcode -experimental-emit-module-separately -disable-cmo
SwiftDriverJobDiscovery normal arm64 Emitting module for CclangWrapper (in target 'CclangWrapper' from project 'swift-clang')
SwiftCompile normal arm64 Compiling\ library_wrapper.swift /Users/admin/builder/spi-builder-workspace/.dependencies/checkouts/swift-clang/Sources/CclangWrapper/library_wrapper.swift (in target 'CclangWrapper' from project 'swift-clang')
SwiftCompile normal arm64 /Users/admin/builder/spi-builder-workspace/.dependencies/checkouts/swift-clang/Sources/CclangWrapper/library_wrapper.swift (in target 'CclangWrapper' from project 'swift-clang')
    cd /Users/admin/builder/spi-builder-workspace/.swiftpm/xcode
    builtin-SwiftPerFileCompile library_wrapper.swift
SwiftDriver\ Compilation\ Requirements CclangWrapper normal arm64 com.apple.xcode.tools.swift.compiler (in target 'CclangWrapper' from project 'swift-clang')
    cd /Users/admin/builder/spi-builder-workspace/.swiftpm/xcode
    builtin-Swift-Compilation-Requirements -- /Applications/Xcode-27.0.0.app/Contents/Developer/Toolchains/XcodeDefault.xctoolchain/usr/bin/swiftc -parse-as-library -module-name CclangWrapper -Onone @/Users/admin/builder/spi-builder-workspace/.derivedData/Build/Intermediates.noindex/swift-clang.build/Debug-watchos/CclangWrapper-t.build/Objects-normal/arm64/CclangWrapper.SwiftFileList -DSWIFT_PACKAGE -DDEBUG -DSWIFT_MODULE_RESOURCE_BUNDLE_UNAVAILABLE -Xcc -fmodule-map-file\=/Users/admin/builder/spi-builder-workspace/.derivedData/Build/Intermediates.noindex/GeneratedModuleMaps-watchos/Cclang.modulemap -DXcode -plugin-path /Applications/Xcode-27.0.0.app/Contents/Developer/Toolchains/XcodeDefault.xctoolchain/usr/lib/swift/host/plugins/testing -enable-experimental-feature DebugDescriptionMacro -sdk /Applications/Xcode-27.0.0.app/Contents/Developer/Platforms/WatchOS.platform/Developer/SDKs/WatchOS27.0.sdk -target arm64-apple-watchos9.0 -g -module-cache-path /Users/admin/builder/spi-builder-workspace/.derivedData/ModuleCache.noindex -Xfrontend -serialize-debugging-options -profile-coverage-mapping -profile-generate -enable-testing -suppress-warnings -index-store-path /Users/admin/builder/spi-builder-workspace/.derivedData/Index.noindex/DataStore -Xcc -D_LIBCPP_HARDENING_MODE\=_LIBCPP_HARDENING_MODE_DEBUG -swift-version 5 -I /Users/admin/builder/spi-builder-workspace/.derivedData/Build/Products/Debug-watchos -Isystem /Applications/Xcode-27.0.0.app/Contents/Developer/Platforms/WatchOS.platform/Developer/usr/lib -F /Users/admin/builder/spi-builder-workspace/.derivedData/Build/Products/Debug-watchos/PackageFrameworks -F /Users/admin/builder/spi-builder-workspace/.derivedData/Build/Products/Debug-watchos -F /Applications/Xcode-27.0.0.app/Contents/Developer/Platforms/WatchOS.platform/Developer/Library/Frameworks -F /Applications/Xcode-27.0.0.app/Contents/Developer/Platforms/WatchOS.platform/Developer/SDKs/WatchOS27.0.sdk/Developer/Library/Frameworks -c -j10 -enable-batch-mode -incremental -Xcc -ivfsstatcache -Xcc /Users/admin/builder/spi-builder-workspace/.derivedData/SDKStatCaches.noindex/watchos27.0-24R360-e829b21a6f8c9b70876ba0858053c044b9db9bc9c079ee3c7b5f3373b13d10bc.sdkstatcache -output-file-map /Users/admin/builder/spi-builder-workspace/.derivedData/Build/Intermediates.noindex/swift-clang.build/Debug-watchos/CclangWrapper-t.build/Objects-normal/arm64/CclangWrapper-OutputFileMap.json -save-temps -no-color-diagnostics -explicit-module-build -module-cache-path /Users/admin/builder/spi-builder-workspace/.derivedData/Build/Intermediates.noindex/SwiftExplicitPrecompiledModules -clang-scanner-module-cache-path /Users/admin/builder/spi-builder-workspace/.derivedData/ModuleCache.noindex -sdk-module-cache-path /Users/admin/builder/spi-builder-workspace/.derivedData/SDKExplicitPrecompiledModules -emit-dependencies -emit-module -emit-module-path /Users/admin/builder/spi-builder-workspace/.derivedData/Build/Intermediates.noindex/swift-clang.build/Debug-watchos/CclangWrapper-t.build/Objects-normal/arm64/CclangWrapper.swiftmodule -serialize-diagnostics -dependency-scan-serialize-diagnostics-path /Users/admin/builder/spi-builder-workspace/.derivedData/Build/Intermediates.noindex/swift-clang.build/Debug-watchos/CclangWrapper-t.build/Objects-normal/arm64/CclangWrapper-dependency-scan.dia -user-module-version 0.3.0 -validate-clang-modules-once -clang-build-session-file /Users/admin/builder/spi-builder-workspace/.derivedData/ModuleCache.noindex/Session.modulevalidation -Xcc -fmodules-prune-interval\=86400 -Xcc -fmodules-prune-after\=345600 -package-name swift_clang -emit-const-values -const-gather-protocols-list /Users/admin/builder/spi-builder-workspace/.derivedData/Build/Intermediates.noindex/swift-clang.build/Debug-watchos/CclangWrapper-t.build/Objects-normal/arm64/CclangWrapper_const_extract_protocols.json -Xcc -I/Users/admin/builder/spi-builder-workspace/.dependencies/checkouts/swift-clang/Sources/Cclang/include -Xcc -I/Users/admin/builder/spi-builder-workspace/.derivedData/Build/Products/Debug-watchos/include -Xcc -I/Users/admin/builder/spi-builder-workspace/.derivedData/Build/Intermediates.noindex/swift-clang.build/Debug-watchos/CclangWrapper-t.build/DerivedSources-normal/arm64 -Xcc -I/Users/admin/builder/spi-builder-workspace/.derivedData/Build/Intermediates.noindex/swift-clang.build/Debug-watchos/CclangWrapper-t.build/DerivedSources/arm64 -Xcc -I/Users/admin/builder/spi-builder-workspace/.derivedData/Build/Intermediates.noindex/swift-clang.build/Debug-watchos/CclangWrapper-t.build/DerivedSources -Xcc -DSWIFT_PACKAGE -Xcc -DDEBUG\=1 -emit-objc-header -emit-objc-header-path /Users/admin/builder/spi-builder-workspace/.derivedData/Build/Intermediates.noindex/swift-clang.build/Debug-watchos/CclangWrapper-t.build/Objects-normal/arm64/CclangWrapper-Swift.h -working-directory /Users/admin/builder/spi-builder-workspace/.swiftpm/xcode -experimental-emit-module-separately -disable-cmo
SwiftDriverJobDiscovery normal arm64_32 Compiling LoongArchEnums.swift, M680xEnums.swift, M68kEnums.swift, MipsEnums.swift (in target 'Capstone' from project 'swift-capstone')
Copy /Users/admin/builder/spi-builder-workspace/.derivedData/Build/Products/Debug-watchos/CclangWrapper.swiftmodule/arm64_32-apple-watchos.swiftmodule /Users/admin/builder/spi-builder-workspace/.derivedData/Build/Intermediates.noindex/swift-clang.build/Debug-watchos/CclangWrapper-t.build/Objects-normal/arm64_32/CclangWrapper.swiftmodule (in target 'CclangWrapper' from project 'swift-clang')
    cd /Users/admin/builder/spi-builder-workspace/.dependencies/checkouts/swift-clang
    builtin-copy -exclude .DS_Store -exclude CVS -exclude .svn -exclude .git -exclude .hg -resolve-src-symlinks -rename /Users/admin/builder/spi-builder-workspace/.derivedData/Build/Intermediates.noindex/swift-clang.build/Debug-watchos/CclangWrapper-t.build/Objects-normal/arm64_32/CclangWrapper.swiftmodule /Users/admin/builder/spi-builder-workspace/.derivedData/Build/Products/Debug-watchos/CclangWrapper.swiftmodule/arm64_32-apple-watchos.swiftmodule
Copy /Users/admin/builder/spi-builder-workspace/.derivedData/Build/Products/Debug-watchos/CclangWrapper.swiftmodule/arm64_32-apple-watchos.swiftdoc /Users/admin/builder/spi-builder-workspace/.derivedData/Build/Intermediates.noindex/swift-clang.build/Debug-watchos/CclangWrapper-t.build/Objects-normal/arm64_32/CclangWrapper.swiftdoc (in target 'CclangWrapper' from project 'swift-clang')
    cd /Users/admin/builder/spi-builder-workspace/.dependencies/checkouts/swift-clang
    builtin-copy -exclude .DS_Store -exclude CVS -exclude .svn -exclude .git -exclude .hg -resolve-src-symlinks -rename /Users/admin/builder/spi-builder-workspace/.derivedData/Build/Intermediates.noindex/swift-clang.build/Debug-watchos/CclangWrapper-t.build/Objects-normal/arm64_32/CclangWrapper.swiftdoc /Users/admin/builder/spi-builder-workspace/.derivedData/Build/Products/Debug-watchos/CclangWrapper.swiftmodule/arm64_32-apple-watchos.swiftdoc
SwiftDriverJobDiscovery normal arm64_32 Compiling Mos65xxEnums.swift, PpcEnums.swift, RiscvEnums.swift, ShEnums.swift (in target 'Capstone' from project 'swift-capstone')
Copy /Users/admin/builder/spi-builder-workspace/.derivedData/Build/Products/Debug-watchos/CclangWrapper.swiftmodule/arm64_32-apple-watchos.abi.json /Users/admin/builder/spi-builder-workspace/.derivedData/Build/Intermediates.noindex/swift-clang.build/Debug-watchos/CclangWrapper-t.build/Objects-normal/arm64_32/CclangWrapper.abi.json (in target 'CclangWrapper' from project 'swift-clang')
    cd /Users/admin/builder/spi-builder-workspace/.dependencies/checkouts/swift-clang
    builtin-copy -exclude .DS_Store -exclude CVS -exclude .svn -exclude .git -exclude .hg -resolve-src-symlinks -rename /Users/admin/builder/spi-builder-workspace/.derivedData/Build/Intermediates.noindex/swift-clang.build/Debug-watchos/CclangWrapper-t.build/Objects-normal/arm64_32/CclangWrapper.abi.json /Users/admin/builder/spi-builder-workspace/.derivedData/Build/Products/Debug-watchos/CclangWrapper.swiftmodule/arm64_32-apple-watchos.abi.json
Copy /Users/admin/builder/spi-builder-workspace/.derivedData/Build/Products/Debug-watchos/CclangWrapper.swiftmodule/Project/arm64_32-apple-watchos.swiftsourceinfo /Users/admin/builder/spi-builder-workspace/.derivedData/Build/Intermediates.noindex/swift-clang.build/Debug-watchos/CclangWrapper-t.build/Objects-normal/arm64_32/CclangWrapper.swiftsourceinfo (in target 'CclangWrapper' from project 'swift-clang')
    cd /Users/admin/builder/spi-builder-workspace/.dependencies/checkouts/swift-clang
    builtin-copy -exclude .DS_Store -exclude CVS -exclude .svn -exclude .git -exclude .hg -resolve-src-symlinks -rename /Users/admin/builder/spi-builder-workspace/.derivedData/Build/Intermediates.noindex/swift-clang.build/Debug-watchos/CclangWrapper-t.build/Objects-normal/arm64_32/CclangWrapper.swiftsourceinfo /Users/admin/builder/spi-builder-workspace/.derivedData/Build/Products/Debug-watchos/CclangWrapper.swiftmodule/Project/arm64_32-apple-watchos.swiftsourceinfo
SwiftMergeGeneratedHeaders /Users/admin/builder/spi-builder-workspace/.derivedData/Build/Intermediates.noindex/GeneratedModuleMaps-watchos/CclangWrapper-Swift.h /Users/admin/builder/spi-builder-workspace/.derivedData/Build/Intermediates.noindex/swift-clang.build/Debug-watchos/CclangWrapper-t.build/Objects-normal/arm64/CclangWrapper-Swift.h /Users/admin/builder/spi-builder-workspace/.derivedData/Build/Intermediates.noindex/swift-clang.build/Debug-watchos/CclangWrapper-t.build/Objects-normal/arm64_32/CclangWrapper-Swift.h (in target 'CclangWrapper' from project 'swift-clang')
    cd /Users/admin/builder/spi-builder-workspace/.dependencies/checkouts/swift-clang
    builtin-swiftHeaderTool -arch arm64 /Users/admin/builder/spi-builder-workspace/.derivedData/Build/Intermediates.noindex/swift-clang.build/Debug-watchos/CclangWrapper-t.build/Objects-normal/arm64/CclangWrapper-Swift.h -arch arm64_32 /Users/admin/builder/spi-builder-workspace/.derivedData/Build/Intermediates.noindex/swift-clang.build/Debug-watchos/CclangWrapper-t.build/Objects-normal/arm64_32/CclangWrapper-Swift.h -o /Users/admin/builder/spi-builder-workspace/.derivedData/Build/Intermediates.noindex/GeneratedModuleMaps-watchos/CclangWrapper-Swift.h
Copy /Users/admin/builder/spi-builder-workspace/.derivedData/Build/Products/Debug-watchos/CclangWrapper.swiftmodule/arm64-apple-watchos.swiftmodule /Users/admin/builder/spi-builder-workspace/.derivedData/Build/Intermediates.noindex/swift-clang.build/Debug-watchos/CclangWrapper-t.build/Objects-normal/arm64/CclangWrapper.swiftmodule (in target 'CclangWrapper' from project 'swift-clang')
    cd /Users/admin/builder/spi-builder-workspace/.dependencies/checkouts/swift-clang
    builtin-copy -exclude .DS_Store -exclude CVS -exclude .svn -exclude .git -exclude .hg -resolve-src-symlinks -rename /Users/admin/builder/spi-builder-workspace/.derivedData/Build/Intermediates.noindex/swift-clang.build/Debug-watchos/CclangWrapper-t.build/Objects-normal/arm64/CclangWrapper.swiftmodule /Users/admin/builder/spi-builder-workspace/.derivedData/Build/Products/Debug-watchos/CclangWrapper.swiftmodule/arm64-apple-watchos.swiftmodule
Copy /Users/admin/builder/spi-builder-workspace/.derivedData/Build/Products/Debug-watchos/CclangWrapper.swiftmodule/arm64-apple-watchos.swiftdoc /Users/admin/builder/spi-builder-workspace/.derivedData/Build/Intermediates.noindex/swift-clang.build/Debug-watchos/CclangWrapper-t.build/Objects-normal/arm64/CclangWrapper.swiftdoc (in target 'CclangWrapper' from project 'swift-clang')
    cd /Users/admin/builder/spi-builder-workspace/.dependencies/checkouts/swift-clang
    builtin-copy -exclude .DS_Store -exclude CVS -exclude .svn -exclude .git -exclude .hg -resolve-src-symlinks -rename /Users/admin/builder/spi-builder-workspace/.derivedData/Build/Intermediates.noindex/swift-clang.build/Debug-watchos/CclangWrapper-t.build/Objects-normal/arm64/CclangWrapper.swiftdoc /Users/admin/builder/spi-builder-workspace/.derivedData/Build/Products/Debug-watchos/CclangWrapper.swiftmodule/arm64-apple-watchos.swiftdoc
Copy /Users/admin/builder/spi-builder-workspace/.derivedData/Build/Products/Debug-watchos/CclangWrapper.swiftmodule/arm64-apple-watchos.abi.json /Users/admin/builder/spi-builder-workspace/.derivedData/Build/Intermediates.noindex/swift-clang.build/Debug-watchos/CclangWrapper-t.build/Objects-normal/arm64/CclangWrapper.abi.json (in target 'CclangWrapper' from project 'swift-clang')
    cd /Users/admin/builder/spi-builder-workspace/.dependencies/checkouts/swift-clang
    builtin-copy -exclude .DS_Store -exclude CVS -exclude .svn -exclude .git -exclude .hg -resolve-src-symlinks -rename /Users/admin/builder/spi-builder-workspace/.derivedData/Build/Intermediates.noindex/swift-clang.build/Debug-watchos/CclangWrapper-t.build/Objects-normal/arm64/CclangWrapper.abi.json /Users/admin/builder/spi-builder-workspace/.derivedData/Build/Products/Debug-watchos/CclangWrapper.swiftmodule/arm64-apple-watchos.abi.json
Copy /Users/admin/builder/spi-builder-workspace/.derivedData/Build/Products/Debug-watchos/CclangWrapper.swiftmodule/Project/arm64-apple-watchos.swiftsourceinfo /Users/admin/builder/spi-builder-workspace/.derivedData/Build/Intermediates.noindex/swift-clang.build/Debug-watchos/CclangWrapper-t.build/Objects-normal/arm64/CclangWrapper.swiftsourceinfo (in target 'CclangWrapper' from project 'swift-clang')
    cd /Users/admin/builder/spi-builder-workspace/.dependencies/checkouts/swift-clang
    builtin-copy -exclude .DS_Store -exclude CVS -exclude .svn -exclude .git -exclude .hg -resolve-src-symlinks -rename /Users/admin/builder/spi-builder-workspace/.derivedData/Build/Intermediates.noindex/swift-clang.build/Debug-watchos/CclangWrapper-t.build/Objects-normal/arm64/CclangWrapper.swiftsourceinfo /Users/admin/builder/spi-builder-workspace/.derivedData/Build/Products/Debug-watchos/CclangWrapper.swiftmodule/Project/arm64-apple-watchos.swiftsourceinfo
SwiftCompile normal arm64 Compiling\ AArch64Operand.swift,\ Access.swift,\ AlphaEnums.swift,\ ArcEnums.swift /Users/admin/builder/spi-builder-workspace/Sources/Capstone/AArch64Operand.swift /Users/admin/builder/spi-builder-workspace/Sources/Capstone/Access.swift /Users/admin/builder/spi-builder-workspace/Sources/Capstone/AlphaEnums.swift /Users/admin/builder/spi-builder-workspace/Sources/Capstone/ArcEnums.swift (in target 'Capstone' from project 'swift-capstone')
SwiftCompile normal arm64 /Users/admin/builder/spi-builder-workspace/Sources/Capstone/AArch64Operand.swift (in target 'Capstone' from project 'swift-capstone')
    cd /Users/admin/builder/spi-builder-workspace/.swiftpm/xcode
    builtin-SwiftPerFileCompile AArch64Operand.swift
SwiftCompile normal arm64 /Users/admin/builder/spi-builder-workspace/Sources/Capstone/Access.swift (in target 'Capstone' from project 'swift-capstone')
    cd /Users/admin/builder/spi-builder-workspace/.swiftpm/xcode
    builtin-SwiftPerFileCompile Access.swift
SwiftCompile normal arm64 /Users/admin/builder/spi-builder-workspace/Sources/Capstone/AlphaEnums.swift (in target 'Capstone' from project 'swift-capstone')
    cd /Users/admin/builder/spi-builder-workspace/.swiftpm/xcode
    builtin-SwiftPerFileCompile AlphaEnums.swift
SwiftCompile normal arm64 /Users/admin/builder/spi-builder-workspace/Sources/Capstone/ArcEnums.swift (in target 'Capstone' from project 'swift-capstone')
    cd /Users/admin/builder/spi-builder-workspace/.swiftpm/xcode
    builtin-SwiftPerFileCompile ArcEnums.swift
SwiftCompile normal arm64 Compiling\ Architecture+Generated.swift,\ Architecture.swift,\ ArmEnums.swift,\ BpfEnums.swift /Users/admin/builder/spi-builder-workspace/Sources/Capstone/Architecture+Generated.swift /Users/admin/builder/spi-builder-workspace/Sources/Capstone/Architecture.swift /Users/admin/builder/spi-builder-workspace/Sources/Capstone/ArmEnums.swift /Users/admin/builder/spi-builder-workspace/Sources/Capstone/BpfEnums.swift (in target 'Capstone' from project 'swift-capstone')
SwiftCompile normal arm64 /Users/admin/builder/spi-builder-workspace/Sources/Capstone/Architecture+Generated.swift (in target 'Capstone' from project 'swift-capstone')
    cd /Users/admin/builder/spi-builder-workspace/.swiftpm/xcode
    builtin-SwiftPerFileCompile Architecture+Generated.swift
SwiftCompile normal arm64 /Users/admin/builder/spi-builder-workspace/Sources/Capstone/Architecture.swift (in target 'Capstone' from project 'swift-capstone')
    cd /Users/admin/builder/spi-builder-workspace/.swiftpm/xcode
    builtin-SwiftPerFileCompile Architecture.swift
SwiftCompile normal arm64 /Users/admin/builder/spi-builder-workspace/Sources/Capstone/ArmEnums.swift (in target 'Capstone' from project 'swift-capstone')
    cd /Users/admin/builder/spi-builder-workspace/.swiftpm/xcode
    builtin-SwiftPerFileCompile ArmEnums.swift
SwiftCompile normal arm64 /Users/admin/builder/spi-builder-workspace/Sources/Capstone/BpfEnums.swift (in target 'Capstone' from project 'swift-capstone')
    cd /Users/admin/builder/spi-builder-workspace/.swiftpm/xcode
    builtin-SwiftPerFileCompile BpfEnums.swift
SwiftCompile normal arm64_32 Compiling\ Error.swift,\ EvmEnums.swift,\ HppaEnums.swift,\ InstructionView.swift /Users/admin/builder/spi-builder-workspace/Sources/Capstone/Error.swift /Users/admin/builder/spi-builder-workspace/Sources/Capstone/EvmEnums.swift /Users/admin/builder/spi-builder-workspace/Sources/Capstone/HppaEnums.swift /Users/admin/builder/spi-builder-workspace/Sources/Capstone/InstructionView.swift (in target 'Capstone' from project 'swift-capstone')
SwiftCompile normal arm64_32 /Users/admin/builder/spi-builder-workspace/Sources/Capstone/Error.swift (in target 'Capstone' from project 'swift-capstone')
    cd /Users/admin/builder/spi-builder-workspace/.swiftpm/xcode
    builtin-SwiftPerFileCompile Error.swift
SwiftCompile normal arm64_32 /Users/admin/builder/spi-builder-workspace/Sources/Capstone/EvmEnums.swift (in target 'Capstone' from project 'swift-capstone')
    cd /Users/admin/builder/spi-builder-workspace/.swiftpm/xcode
    builtin-SwiftPerFileCompile EvmEnums.swift
SwiftCompile normal arm64_32 /Users/admin/builder/spi-builder-workspace/Sources/Capstone/HppaEnums.swift (in target 'Capstone' from project 'swift-capstone')
    cd /Users/admin/builder/spi-builder-workspace/.swiftpm/xcode
    builtin-SwiftPerFileCompile HppaEnums.swift
SwiftCompile normal arm64_32 /Users/admin/builder/spi-builder-workspace/Sources/Capstone/InstructionView.swift (in target 'Capstone' from project 'swift-capstone')
    cd /Users/admin/builder/spi-builder-workspace/.swiftpm/xcode
    builtin-SwiftPerFileCompile InstructionView.swift
Ld /Users/admin/builder/spi-builder-workspace/.derivedData/Build/Intermediates.noindex/capstone.build/Debug-watchos/Ccapstone-t.build/Objects-normal/arm64/Binary/Ccapstone.o normal arm64 (in target 'Ccapstone' from project 'capstone')
    cd /Users/admin/builder/spi-builder-workspace/.dependencies/checkouts/capstone
    /Applications/Xcode-27.0.0.app/Contents/Developer/Toolchains/XcodeDefault.xctoolchain/usr/bin/clang -Xlinker -reproducible -target arm64-apple-watchos9.0 -r -isysroot /Applications/Xcode-27.0.0.app/Contents/Developer/Platforms/WatchOS.platform/Developer/SDKs/WatchOS27.0.sdk -O0 -w -Xlinker -no_warn_duplicate_libraries -F/Users/admin/builder/spi-builder-workspace/.derivedData/Build/Intermediates.noindex/EagerLinkingTBDs/Debug-watchos -F/Users/admin/builder/spi-builder-workspace/.derivedData/Build/Products/Debug-watchos -iframework /Applications/Xcode-27.0.0.app/Contents/Developer/Platforms/WatchOS.platform/Developer/Library/Frameworks -iframework /Applications/Xcode-27.0.0.app/Contents/Developer/Platforms/WatchOS.platform/Developer/SDKs/WatchOS27.0.sdk/Developer/Library/Frameworks -filelist /Users/admin/builder/spi-builder-workspace/.derivedData/Build/Intermediates.noindex/capstone.build/Debug-watchos/Ccapstone-t.build/Objects-normal/arm64/Ccapstone.LinkFileList -nostdlib -Xlinker -object_path_lto -Xlinker /Users/admin/builder/spi-builder-workspace/.derivedData/Build/Intermediates.noindex/capstone.build/Debug-watchos/Ccapstone-t.build/Objects-normal/arm64/Ccapstone_lto.o -Xlinker -no_deduplicate -Xlinker -debug_variant -Xlinker -dependency_info -Xlinker /Users/admin/builder/spi-builder-workspace/.derivedData/Build/Intermediates.noindex/capstone.build/Debug-watchos/Ccapstone-t.build/Objects-normal/arm64/Ccapstone_dependency_info.dat -o /Users/admin/builder/spi-builder-workspace/.derivedData/Build/Intermediates.noindex/capstone.build/Debug-watchos/Ccapstone-t.build/Objects-normal/arm64/Binary/Ccapstone.o
CreateUniversalBinary /Users/admin/builder/spi-builder-workspace/.derivedData/Build/Products/Debug-watchos/Ccapstone.o normal arm64\ arm64_32 (in target 'Ccapstone' from project 'capstone')
    cd /Users/admin/builder/spi-builder-workspace/.dependencies/checkouts/capstone
    /Applications/Xcode-27.0.0.app/Contents/Developer/Toolchains/XcodeDefault.xctoolchain/usr/bin/lipo -create /Users/admin/builder/spi-builder-workspace/.derivedData/Build/Intermediates.noindex/capstone.build/Debug-watchos/Ccapstone-t.build/Objects-normal/arm64/Binary/Ccapstone.o /Users/admin/builder/spi-builder-workspace/.derivedData/Build/Intermediates.noindex/capstone.build/Debug-watchos/Ccapstone-t.build/Objects-normal/arm64_32/Binary/Ccapstone.o -output /Users/admin/builder/spi-builder-workspace/.derivedData/Build/Products/Debug-watchos/Ccapstone.o
SwiftCompile normal arm64 Compiling\ TricoreEnums.swift,\ Utils.swift,\ WasmEnums.swift /Users/admin/builder/spi-builder-workspace/Sources/Capstone/TricoreEnums.swift /Users/admin/builder/spi-builder-workspace/Sources/Capstone/Utils.swift /Users/admin/builder/spi-builder-workspace/Sources/Capstone/WasmEnums.swift (in target 'Capstone' from project 'swift-capstone')
SwiftCompile normal arm64 /Users/admin/builder/spi-builder-workspace/Sources/Capstone/TricoreEnums.swift (in target 'Capstone' from project 'swift-capstone')
    cd /Users/admin/builder/spi-builder-workspace/.swiftpm/xcode
    builtin-SwiftPerFileCompile TricoreEnums.swift
SwiftCompile normal arm64 /Users/admin/builder/spi-builder-workspace/Sources/Capstone/Utils.swift (in target 'Capstone' from project 'swift-capstone')
    cd /Users/admin/builder/spi-builder-workspace/.swiftpm/xcode
    builtin-SwiftPerFileCompile Utils.swift
SwiftCompile normal arm64 /Users/admin/builder/spi-builder-workspace/Sources/Capstone/WasmEnums.swift (in target 'Capstone' from project 'swift-capstone')
    cd /Users/admin/builder/spi-builder-workspace/.swiftpm/xcode
    builtin-SwiftPerFileCompile WasmEnums.swift
SwiftDriverJobDiscovery normal arm64 Compiling TricoreEnums.swift, Utils.swift, WasmEnums.swift (in target 'Capstone' from project 'swift-capstone')
SwiftCompile normal arm64_32 Compiling\ TricoreEnums.swift,\ Utils.swift,\ WasmEnums.swift /Users/admin/builder/spi-builder-workspace/Sources/Capstone/TricoreEnums.swift /Users/admin/builder/spi-builder-workspace/Sources/Capstone/Utils.swift /Users/admin/builder/spi-builder-workspace/Sources/Capstone/WasmEnums.swift (in target 'Capstone' from project 'swift-capstone')
SwiftCompile normal arm64_32 /Users/admin/builder/spi-builder-workspace/Sources/Capstone/TricoreEnums.swift (in target 'Capstone' from project 'swift-capstone')
    cd /Users/admin/builder/spi-builder-workspace/.swiftpm/xcode
    builtin-SwiftPerFileCompile TricoreEnums.swift
SwiftCompile normal arm64_32 /Users/admin/builder/spi-builder-workspace/Sources/Capstone/Utils.swift (in target 'Capstone' from project 'swift-capstone')
    cd /Users/admin/builder/spi-builder-workspace/.swiftpm/xcode
    builtin-SwiftPerFileCompile Utils.swift
SwiftCompile normal arm64_32 /Users/admin/builder/spi-builder-workspace/Sources/Capstone/WasmEnums.swift (in target 'Capstone' from project 'swift-capstone')
    cd /Users/admin/builder/spi-builder-workspace/.swiftpm/xcode
    builtin-SwiftPerFileCompile WasmEnums.swift
SwiftCompile normal arm64 Compiling\ SparcEnums.swift,\ SystemZEnums.swift,\ TMS320C64xEnums.swift /Users/admin/builder/spi-builder-workspace/Sources/Capstone/SparcEnums.swift /Users/admin/builder/spi-builder-workspace/Sources/Capstone/SystemZEnums.swift /Users/admin/builder/spi-builder-workspace/Sources/Capstone/TMS320C64xEnums.swift (in target 'Capstone' from project 'swift-capstone')
SwiftCompile normal arm64 /Users/admin/builder/spi-builder-workspace/Sources/Capstone/SparcEnums.swift (in target 'Capstone' from project 'swift-capstone')
    cd /Users/admin/builder/spi-builder-workspace/.swiftpm/xcode
    builtin-SwiftPerFileCompile SparcEnums.swift
SwiftCompile normal arm64 /Users/admin/builder/spi-builder-workspace/Sources/Capstone/SystemZEnums.swift (in target 'Capstone' from project 'swift-capstone')
    cd /Users/admin/builder/spi-builder-workspace/.swiftpm/xcode
    builtin-SwiftPerFileCompile SystemZEnums.swift
SwiftCompile normal arm64 /Users/admin/builder/spi-builder-workspace/Sources/Capstone/TMS320C64xEnums.swift (in target 'Capstone' from project 'swift-capstone')
    cd /Users/admin/builder/spi-builder-workspace/.swiftpm/xcode
    builtin-SwiftPerFileCompile TMS320C64xEnums.swift
SwiftDriverJobDiscovery normal arm64_32 Compiling library_wrapper_Clang_C.swift (in target 'CclangWrapper' from project 'swift-clang')
SwiftCompile normal arm64_32 Compiling\ SparcEnums.swift,\ SystemZEnums.swift,\ TMS320C64xEnums.swift /Users/admin/builder/spi-builder-workspace/Sources/Capstone/SparcEnums.swift /Users/admin/builder/spi-builder-workspace/Sources/Capstone/SystemZEnums.swift /Users/admin/builder/spi-builder-workspace/Sources/Capstone/TMS320C64xEnums.swift (in target 'Capstone' from project 'swift-capstone')
SwiftCompile normal arm64_32 /Users/admin/builder/spi-builder-workspace/Sources/Capstone/SparcEnums.swift (in target 'Capstone' from project 'swift-capstone')
    cd /Users/admin/builder/spi-builder-workspace/.swiftpm/xcode
    builtin-SwiftPerFileCompile SparcEnums.swift
SwiftCompile normal arm64_32 /Users/admin/builder/spi-builder-workspace/Sources/Capstone/SystemZEnums.swift (in target 'Capstone' from project 'swift-capstone')
    cd /Users/admin/builder/spi-builder-workspace/.swiftpm/xcode
    builtin-SwiftPerFileCompile SystemZEnums.swift
SwiftCompile normal arm64_32 /Users/admin/builder/spi-builder-workspace/Sources/Capstone/TMS320C64xEnums.swift (in target 'Capstone' from project 'swift-capstone')
    cd /Users/admin/builder/spi-builder-workspace/.swiftpm/xcode
    builtin-SwiftPerFileCompile TMS320C64xEnums.swift
PruneExplicitPrecompiledModules /Users/admin/builder/spi-builder-workspace/.derivedData/SDKExplicitPrecompiledModules
PruneExplicitPrecompiledModules /Users/admin/builder/spi-builder-workspace/.derivedData/Build/Intermediates.noindex/SwiftExplicitPrecompiledModules
PruneExplicitPrecompiledModules /Users/admin/builder/spi-builder-workspace/.derivedData/Build/Intermediates.noindex/ExplicitPrecompiledModules
2026-10-24 05:52:51.544 xcodebuild[725:4623] [MT] IDERunDestination: Supported platforms for the buildables in the current scheme is empty.
** BUILD FAILED **
The following build commands failed:
	SwiftCompile normal arm64_32 /Users/admin/builder/spi-builder-workspace/.dependencies/checkouts/swift-clang/Sources/CclangWrapper/library_wrapper.swift (in target 'CclangWrapper' from project 'swift-clang')
	SwiftCompile normal arm64_32 Compiling\ library_wrapper.swift /Users/admin/builder/spi-builder-workspace/.dependencies/checkouts/swift-clang/Sources/CclangWrapper/library_wrapper.swift (in target 'CclangWrapper' from project 'swift-clang')
	Building workspace swift-capstone with scheme swift-capstone-Package
(3 failures)
Command line invocation:
    /Applications/Xcode-27.0.0.app/Contents/Developer/usr/bin/xcodebuild -IDEClonedSourcePackagesDirPathOverride=/Users/admin/builder/spi-builder-workspace/.dependencies -resolvePackageDependencies
Resolve Package Graph
Resolved source packages:
  capstone: https://github.com/MxIris-Reverse-Engineering/capstone @ 6.0.101
  swift-capstone: /Users/admin/builder/spi-builder-workspace
  swift-clang: https://github.com/MxIris-DeveloperTool/swift-clang @ 0.3.0
resolved source packages: capstone, swift-capstone, swift-clang
2026-10-24 05:53:02.061 xcodebuild[1144:5946] [MT] IDERunDestination: Supported platforms for the buildables in the current scheme is empty.
{
  "dependencies" : [
    {
      "identity" : "capstone",
      "requirement" : {
        "range" : [
          {
            "lower_bound" : "6.0.101",
            "upper_bound" : "7.0.0"
          }
        ]
      },
      "type" : "sourceControl",
      "url" : "https://github.com/MxIris-Reverse-Engineering/capstone"
    },
    {
      "identity" : "swift-clang",
      "requirement" : {
        "range" : [
          {
            "lower_bound" : "0.2.0",
            "upper_bound" : "1.0.0"
          }
        ]
      },
      "type" : "sourceControl",
      "url" : "https://github.com/MxIris-DeveloperTool/swift-clang"
    }
  ],
  "manifest_display_name" : "swift-capstone",
  "name" : "swift-capstone",
  "path" : "/Users/admin/builder/spi-builder-workspace",
  "platforms" : [
    {
      "name" : "macos",
      "version" : "10.15"
    },
    {
      "name" : "ios",
      "version" : "13.0"
    },
    {
      "name" : "tvos",
      "version" : "13.0"
    },
    {
      "name" : "watchos",
      "version" : "6.0"
    },
    {
      "name" : "visionos",
      "version" : "1.0"
    }
  ],
  "products" : [
    {
      "name" : "Capstone",
      "targets" : [
        "Capstone"
      ],
      "type" : {
        "library" : [
          "automatic"
        ]
      }
    },
    {
      "name" : "capstone-enums-generator",
      "targets" : [
        "capstone-enums-generator"
      ],
      "type" : {
        "executable" : null
      }
    }
  ],
  "swift_languages_versions" : [
    "6"
  ],
  "targets" : [
    {
      "c99name" : "capstone_enums_generator",
      "module_type" : "SwiftTarget",
      "name" : "capstone-enums-generator",
      "path" : "Sources/capstone-enums-generator",
      "product_memberships" : [
        "capstone-enums-generator"
      ],
      "sources" : [
        "CapstoneEnumsGeneratorMain.swift"
      ],
      "target_dependencies" : [
        "CapstoneEnumsGenerator"
      ],
      "type" : "executable"
    },
    {
      "c99name" : "CapstoneTests",
      "module_type" : "SwiftTarget",
      "name" : "CapstoneTests",
      "path" : "Tests/CapstoneTests",
      "sources" : [
        "AArch64TestSupport.swift",
        "AArch64Tests.swift",
        "ArchitectureTests.swift",
        "DisassemblerOptionsTests.swift",
        "DisassemblerTests.swift",
        "InstructionInformationTests.swift",
        "SendableTests.swift",
        "SnapshotTests.swift"
      ],
      "target_dependencies" : [
        "Capstone"
      ],
      "type" : "test"
    },
    {
      "c99name" : "CapstoneEnumsGeneratorTests",
      "module_type" : "SwiftTarget",
      "name" : "CapstoneEnumsGeneratorTests",
      "path" : "Tests/CapstoneEnumsGeneratorTests",
      "sources" : [
        "CapstoneEnumsGeneratorTests.swift"
      ],
      "target_dependencies" : [
        "CapstoneEnumsGenerator"
      ],
      "type" : "test"
    },
    {
      "c99name" : "CapstoneEnumsGenerator",
      "module_type" : "SwiftTarget",
      "name" : "CapstoneEnumsGenerator",
      "path" : "Sources/CapstoneEnumsGenerator",
      "product_dependencies" : [
        "Clang"
      ],
      "product_memberships" : [
        "capstone-enums-generator"
      ],
      "sources" : [
        "CapstoneEnumsGenerator.swift"
      ],
      "type" : "library"
    },
    {
      "c99name" : "CapstoneEnumsGeneratePlugin",
      "module_type" : "PluginTarget",
      "name" : "CapstoneEnumsGeneratePlugin",
      "path" : "Plugins/CapstoneEnumsGeneratePlugin",
      "plugin_capability" : {
        "intent" : {
          "description" : "",
          "type" : "custom",
          "verb" : "generate-enums"
        },
        "permissions" : [
          {
            "network_scope" : {
              "none" : {
              }
            },
            "reason" : "This plugin creates a enum file at the root of the package.",
            "type" : "writeToPackageDirectory"
          }
        ],
        "type" : "command"
      },
      "sources" : [
        "Plugin.swift"
      ],
      "target_dependencies" : [
        "capstone-enums-generator"
      ],
      "type" : "plugin"
    },
    {
      "c99name" : "Capstone",
      "module_type" : "SwiftTarget",
      "name" : "Capstone",
      "path" : "Sources/Capstone",
      "product_dependencies" : [
        "Ccapstone"
      ],
      "product_memberships" : [
        "Capstone"
      ],
      "sources" : [
        "AArch64+InstructionView.swift",
        "AArch64+Operands.swift",
        "AArch64.swift",
        "AArch64Enums.swift",
        "AArch64Operand.swift",
        "Access.swift",
        "AlphaEnums.swift",
        "ArcEnums.swift",
        "Architecture+Generated.swift",
        "Architecture.swift",
        "ArmEnums.swift",
        "BpfEnums.swift",
        "Disassembler.swift",
        "DisassemblerOptions.swift",
        "DisassemblyArchitecture.swift",
        "EngineVersion.swift",
        "Error.swift",
        "EvmEnums.swift",
        "HppaEnums.swift",
        "InstructionView.swift",
        "LoongArchEnums.swift",
        "M680xEnums.swift",
        "M68kEnums.swift",
        "MipsEnums.swift",
        "Mos65xxEnums.swift",
        "PpcEnums.swift",
        "RiscvEnums.swift",
        "ShEnums.swift",
        "SparcEnums.swift",
        "SystemZEnums.swift",
        "TMS320C64xEnums.swift",
        "TricoreEnums.swift",
        "Utils.swift",
        "WasmEnums.swift",
        "X86Enums.swift",
        "XcoreEnums.swift",
        "XtensaEnums.swift"
      ],
      "type" : "library"
    }
  ],
  "tools_version" : "6.2"
}
{
  "workspace" : {
    "name" : "swift-capstone",
    "schemes" : [
      "Capstone",
      "capstone-enums-generator",
      "swift-capstone-Package"
    ]
  }
}
2026-10-24 05:53:03.878 xcodebuild[1153:6024] [MT] IDERunDestination: Supported platforms for the buildables in the current scheme is empty.
Running build ...
env DEVELOPER_DIR=/Applications/Xcode-27.0.0.app xcrun xcodebuild -IDEClonedSourcePackagesDirPathOverride=$PWD/.dependencies -skipMacroValidation -skipPackagePluginValidation -derivedDataPath $PWD/.derivedData build -scheme swift-capstone-Package -destination generic/platform=watchOS
Command line invocation:
    /Applications/Xcode-27.0.0.app/Contents/Developer/usr/bin/xcodebuild -IDEClonedSourcePackagesDirPathOverride=/Users/admin/builder/spi-builder-workspace/.dependencies -skipMacroValidation -skipPackagePluginValidation -derivedDataPath /Users/admin/builder/spi-builder-workspace/.derivedData build -scheme swift-capstone-Package -destination generic/platform=watchOS
Resolve Package Graph
Resolved source packages:
  swift-clang: https://github.com/MxIris-DeveloperTool/swift-clang @ 0.3.0
  swift-capstone: /Users/admin/builder/spi-builder-workspace
  capstone: https://github.com/MxIris-Reverse-Engineering/capstone @ 6.0.101
ComputePackagePrebuildTargetDependencyGraph
Prepare packages
Compile plug-in “CapstoneEnumsGeneratePlugin” in package “spi-builder-workspace”
[debug]: Compiling plugin to executable at /Users/admin/builder/spi-builder-workspace/.derivedData/Build/Products/PluginExecutables/CapstoneEnumsGeneratePlugin
[debug]: Using compiler /Applications/Xcode-27.0.0.app/Contents/Developer/Toolchains/XcodeDefault.xctoolchain/usr/bin/swiftc
[debug]: Plugin compilation output directory '/Users/admin/builder/spi-builder-workspace/.derivedData/Build/Products/PluginExecutables'
[debug]: Computed hash of plugin compilation inputs: dafc5d037f1c3e759074f33fedf4ae4bdcbcb090343dd79cd2ed421ee23ad2f9
Process build tool plug-in results
CreateBuildRequest
SendProjectDescription
CreateBuildOperation
ComputeTargetDependencyGraph
note: Building targets in dependency order
note: Target dependency graph (10 targets)
    Target 'capstone-enums-generator-product' in project 'swift-capstone'
        ➜ Explicit dependency on target 'CapstoneEnumsGenerator' in project 'swift-capstone'
        ➜ Explicit dependency on target 'Clang-product' in project 'swift-clang'
    Target 'CapstoneEnumsGenerator' in project 'swift-capstone'
        ➜ Explicit dependency on target 'Clang-product' in project 'swift-clang'
    Target 'Clang-product' in project 'swift-clang'
        ➜ Explicit dependency on target 'Clang' in project 'swift-clang'
        ➜ Explicit dependency on target 'Cclang' in project 'swift-clang'
        ➜ Explicit dependency on target 'CclangWrapper' in project 'swift-clang'
    Target 'Clang' in project 'swift-clang'
        ➜ Explicit dependency on target 'Cclang' in project 'swift-clang'
        ➜ Explicit dependency on target 'CclangWrapper' in project 'swift-clang'
    Target 'CclangWrapper' in project 'swift-clang'
        ➜ Explicit dependency on target 'Cclang' in project 'swift-clang'
    Target 'Cclang' in project 'swift-clang' (no dependencies)
    Target 'Capstone-product' in project 'swift-capstone'
        ➜ Explicit dependency on target 'Capstone' in project 'swift-capstone'
        ➜ Explicit dependency on target 'Ccapstone-product' in project 'capstone'
    Target 'Capstone' in project 'swift-capstone'
        ➜ Explicit dependency on target 'Ccapstone-product' in project 'capstone'
    Target 'Ccapstone-product' in project 'capstone'
        ➜ Explicit dependency on target 'Ccapstone' in project 'capstone'
    Target 'Ccapstone' in project 'capstone' (no dependencies)
GatherProvisioningInputs
CreateBuildDescription
ClangStatCache /Applications/Xcode-27.0.0.app/Contents/Developer/Toolchains/XcodeDefault.xctoolchain/usr/bin/clang-stat-cache /Applications/Xcode-27.0.0.app/Contents/Developer/Platforms/WatchOS.platform/Developer/SDKs/WatchOS27.0.sdk /Users/admin/builder/spi-builder-workspace/.derivedData/SDKStatCaches.noindex/watchos27.0-24R360-e829b21a6f8c9b70876ba0858053c044b9db9bc9c079ee3c7b5f3373b13d10bc.sdkstatcache
    cd /Users/admin/builder/spi-builder-workspace/.swiftpm/xcode
    /Applications/Xcode-27.0.0.app/Contents/Developer/Toolchains/XcodeDefault.xctoolchain/usr/bin/clang-stat-cache /Applications/Xcode-27.0.0.app/Contents/Developer/Platforms/WatchOS.platform/Developer/SDKs/WatchOS27.0.sdk -o /Users/admin/builder/spi-builder-workspace/.derivedData/SDKStatCaches.noindex/watchos27.0-24R360-e829b21a6f8c9b70876ba0858053c044b9db9bc9c079ee3c7b5f3373b13d10bc.sdkstatcache
SwiftDriver CclangWrapper normal arm64_32 com.apple.xcode.tools.swift.compiler (in target 'CclangWrapper' from project 'swift-clang')
    cd /Users/admin/builder/spi-builder-workspace/.swiftpm/xcode
    builtin-SwiftDriver -- /Applications/Xcode-27.0.0.app/Contents/Developer/Toolchains/XcodeDefault.xctoolchain/usr/bin/swiftc -parse-as-library -module-name CclangWrapper -Onone @/Users/admin/builder/spi-builder-workspace/.derivedData/Build/Intermediates.noindex/swift-clang.build/Debug-watchos/CclangWrapper-t.build/Objects-normal/arm64_32/CclangWrapper.SwiftFileList -DSWIFT_PACKAGE -DDEBUG -DSWIFT_MODULE_RESOURCE_BUNDLE_UNAVAILABLE -Xcc -fmodule-map-file\=/Users/admin/builder/spi-builder-workspace/.derivedData/Build/Intermediates.noindex/GeneratedModuleMaps-watchos/Cclang.modulemap -DXcode -plugin-path /Applications/Xcode-27.0.0.app/Contents/Developer/Toolchains/XcodeDefault.xctoolchain/usr/lib/swift/host/plugins/testing -enable-experimental-feature DebugDescriptionMacro -sdk /Applications/Xcode-27.0.0.app/Contents/Developer/Platforms/WatchOS.platform/Developer/SDKs/WatchOS27.0.sdk -target arm64_32-apple-watchos9.0 -g -module-cache-path /Users/admin/builder/spi-builder-workspace/.derivedData/ModuleCache.noindex -Xfrontend -serialize-debugging-options -profile-coverage-mapping -profile-generate -enable-testing -suppress-warnings -index-store-path /Users/admin/builder/spi-builder-workspace/.derivedData/Index.noindex/DataStore -Xcc -D_LIBCPP_HARDENING_MODE\=_LIBCPP_HARDENING_MODE_DEBUG -swift-version 5 -I /Users/admin/builder/spi-builder-workspace/.derivedData/Build/Products/Debug-watchos -Isystem /Applications/Xcode-27.0.0.app/Contents/Developer/Platforms/WatchOS.platform/Developer/usr/lib -F /Users/admin/builder/spi-builder-workspace/.derivedData/Build/Products/Debug-watchos/PackageFrameworks -F /Users/admin/builder/spi-builder-workspace/.derivedData/Build/Products/Debug-watchos -F /Applications/Xcode-27.0.0.app/Contents/Developer/Platforms/WatchOS.platform/Developer/Library/Frameworks -F /Applications/Xcode-27.0.0.app/Contents/Developer/Platforms/WatchOS.platform/Developer/SDKs/WatchOS27.0.sdk/Developer/Library/Frameworks -c -j10 -enable-batch-mode -incremental -Xcc -ivfsstatcache -Xcc /Users/admin/builder/spi-builder-workspace/.derivedData/SDKStatCaches.noindex/watchos27.0-24R360-e829b21a6f8c9b70876ba0858053c044b9db9bc9c079ee3c7b5f3373b13d10bc.sdkstatcache -output-file-map /Users/admin/builder/spi-builder-workspace/.derivedData/Build/Intermediates.noindex/swift-clang.build/Debug-watchos/CclangWrapper-t.build/Objects-normal/arm64_32/CclangWrapper-OutputFileMap.json -save-temps -no-color-diagnostics -explicit-module-build -module-cache-path /Users/admin/builder/spi-builder-workspace/.derivedData/Build/Intermediates.noindex/SwiftExplicitPrecompiledModules -clang-scanner-module-cache-path /Users/admin/builder/spi-builder-workspace/.derivedData/ModuleCache.noindex -sdk-module-cache-path /Users/admin/builder/spi-builder-workspace/.derivedData/SDKExplicitPrecompiledModules -emit-dependencies -emit-module -emit-module-path /Users/admin/builder/spi-builder-workspace/.derivedData/Build/Intermediates.noindex/swift-clang.build/Debug-watchos/CclangWrapper-t.build/Objects-normal/arm64_32/CclangWrapper.swiftmodule -serialize-diagnostics -dependency-scan-serialize-diagnostics-path /Users/admin/builder/spi-builder-workspace/.derivedData/Build/Intermediates.noindex/swift-clang.build/Debug-watchos/CclangWrapper-t.build/Objects-normal/arm64_32/CclangWrapper-dependency-scan.dia -user-module-version 0.3.0 -validate-clang-modules-once -clang-build-session-file /Users/admin/builder/spi-builder-workspace/.derivedData/ModuleCache.noindex/Session.modulevalidation -Xcc -fmodules-prune-interval\=86400 -Xcc -fmodules-prune-after\=345600 -package-name swift_clang -emit-const-values -const-gather-protocols-list /Users/admin/builder/spi-builder-workspace/.derivedData/Build/Intermediates.noindex/swift-clang.build/Debug-watchos/CclangWrapper-t.build/Objects-normal/arm64_32/CclangWrapper_const_extract_protocols.json -Xcc -I/Users/admin/builder/spi-builder-workspace/.dependencies/checkouts/swift-clang/Sources/Cclang/include -Xcc -I/Users/admin/builder/spi-builder-workspace/.derivedData/Build/Products/Debug-watchos/include -Xcc -I/Users/admin/builder/spi-builder-workspace/.derivedData/Build/Intermediates.noindex/swift-clang.build/Debug-watchos/CclangWrapper-t.build/DerivedSources-normal/arm64_32 -Xcc -I/Users/admin/builder/spi-builder-workspace/.derivedData/Build/Intermediates.noindex/swift-clang.build/Debug-watchos/CclangWrapper-t.build/DerivedSources/arm64_32 -Xcc -I/Users/admin/builder/spi-builder-workspace/.derivedData/Build/Intermediates.noindex/swift-clang.build/Debug-watchos/CclangWrapper-t.build/DerivedSources -Xcc -DSWIFT_PACKAGE -Xcc -DDEBUG\=1 -emit-objc-header -emit-objc-header-path /Users/admin/builder/spi-builder-workspace/.derivedData/Build/Intermediates.noindex/swift-clang.build/Debug-watchos/CclangWrapper-t.build/Objects-normal/arm64_32/CclangWrapper-Swift.h -working-directory /Users/admin/builder/spi-builder-workspace/.swiftpm/xcode -experimental-emit-module-separately -disable-cmo
SwiftDriver Capstone normal arm64_32 com.apple.xcode.tools.swift.compiler (in target 'Capstone' from project 'swift-capstone')
    cd /Users/admin/builder/spi-builder-workspace/.swiftpm/xcode
    builtin-SwiftDriver -- /Applications/Xcode-27.0.0.app/Contents/Developer/Toolchains/XcodeDefault.xctoolchain/usr/bin/swiftc -parse-as-library -module-name Capstone -Onone @/Users/admin/builder/spi-builder-workspace/.derivedData/Build/Intermediates.noindex/swift-capstone.build/Debug-watchos/Capstone-t.build/Objects-normal/arm64_32/Capstone.SwiftFileList -DSWIFT_PACKAGE -DDEBUG -DSWIFT_MODULE_RESOURCE_BUNDLE_UNAVAILABLE -DCAPSTONE_HAS_AARCH64 -DAARCH64 -Xcc -fmodule-map-file\=/Users/admin/builder/spi-builder-workspace/.derivedData/Build/Intermediates.noindex/GeneratedModuleMaps-watchos/Ccapstone.modulemap -DXcode -strict-memory-safety -plugin-path /Applications/Xcode-27.0.0.app/Contents/Developer/Toolchains/XcodeDefault.xctoolchain/usr/lib/swift/host/plugins/testing -enable-experimental-feature DebugDescriptionMacro -sdk /Applications/Xcode-27.0.0.app/Contents/Developer/Platforms/WatchOS.platform/Developer/SDKs/WatchOS27.0.sdk -target arm64_32-apple-watchos9.0 -g -module-cache-path /Users/admin/builder/spi-builder-workspace/.derivedData/ModuleCache.noindex -Xfrontend -serialize-debugging-options -profile-coverage-mapping -profile-generate -enable-testing -index-store-path /Users/admin/builder/spi-builder-workspace/.derivedData/Index.noindex/DataStore -Xcc -D_LIBCPP_HARDENING_MODE\=_LIBCPP_HARDENING_MODE_DEBUG -swift-version 6 -I /Users/admin/builder/spi-builder-workspace/.derivedData/Build/Products/Debug-watchos -Isystem /Applications/Xcode-27.0.0.app/Contents/Developer/Platforms/WatchOS.platform/Developer/usr/lib -F /Users/admin/builder/spi-builder-workspace/.derivedData/Build/Products/Debug-watchos/PackageFrameworks -F /Users/admin/builder/spi-builder-workspace/.derivedData/Build/Products/Debug-watchos -F /Applications/Xcode-27.0.0.app/Contents/Developer/Platforms/WatchOS.platform/Developer/Library/Frameworks -F /Applications/Xcode-27.0.0.app/Contents/Developer/Platforms/WatchOS.platform/Developer/SDKs/WatchOS27.0.sdk/Developer/Library/Frameworks -c -j10 -enable-batch-mode -incremental -Xcc -ivfsstatcache -Xcc /Users/admin/builder/spi-builder-workspace/.derivedData/SDKStatCaches.noindex/watchos27.0-24R360-e829b21a6f8c9b70876ba0858053c044b9db9bc9c079ee3c7b5f3373b13d10bc.sdkstatcache -output-file-map /Users/admin/builder/spi-builder-workspace/.derivedData/Build/Intermediates.noindex/swift-capstone.build/Debug-watchos/Capstone-t.build/Objects-normal/arm64_32/Capstone-OutputFileMap.json -save-temps -no-color-diagnostics -explicit-module-build -module-cache-path /Users/admin/builder/spi-builder-workspace/.derivedData/Build/Intermediates.noindex/SwiftExplicitPrecompiledModules -clang-scanner-module-cache-path /Users/admin/builder/spi-builder-workspace/.derivedData/ModuleCache.noindex -sdk-module-cache-path /Users/admin/builder/spi-builder-workspace/.derivedData/SDKExplicitPrecompiledModules -emit-dependencies -emit-module -emit-module-path /Users/admin/builder/spi-builder-workspace/.derivedData/Build/Intermediates.noindex/swift-capstone.build/Debug-watchos/Capstone-t.build/Objects-normal/arm64_32/Capstone.swiftmodule -serialize-diagnostics -dependency-scan-serialize-diagnostics-path /Users/admin/builder/spi-builder-workspace/.derivedData/Build/Intermediates.noindex/swift-capstone.build/Debug-watchos/Capstone-t.build/Objects-normal/arm64_32/Capstone-dependency-scan.dia -validate-clang-modules-once -clang-build-session-file /Users/admin/builder/spi-builder-workspace/.derivedData/ModuleCache.noindex/Session.modulevalidation -Xcc -fmodules-prune-interval\=86400 -Xcc -fmodules-prune-after\=345600 -package-name spi_builder_workspace -emit-const-values -const-gather-protocols-list /Users/admin/builder/spi-builder-workspace/.derivedData/Build/Intermediates.noindex/swift-capstone.build/Debug-watchos/Capstone-t.build/Objects-normal/arm64_32/Capstone_const_extract_protocols.json -Xcc -I/Users/admin/builder/spi-builder-workspace/.dependencies/checkouts/capstone/bindings/swift/Ccapstone/include -Xcc -I/Users/admin/builder/spi-builder-workspace/.derivedData/Build/Products/Debug-watchos/include -Xcc -I/Users/admin/builder/spi-builder-workspace/.derivedData/Build/Intermediates.noindex/swift-capstone.build/Debug-watchos/Capstone-t.build/DerivedSources-normal/arm64_32 -Xcc -I/Users/admin/builder/spi-builder-workspace/.derivedData/Build/Intermediates.noindex/swift-capstone.build/Debug-watchos/Capstone-t.build/DerivedSources/arm64_32 -Xcc -I/Users/admin/builder/spi-builder-workspace/.derivedData/Build/Intermediates.noindex/swift-capstone.build/Debug-watchos/Capstone-t.build/DerivedSources -Xcc -DSWIFT_PACKAGE -Xcc -DDEBUG\=1 -Xcc -DCAPSTONE_HAS_AARCH64 -emit-objc-header -emit-objc-header-path /Users/admin/builder/spi-builder-workspace/.derivedData/Build/Intermediates.noindex/swift-capstone.build/Debug-watchos/Capstone-t.build/Objects-normal/arm64_32/Capstone-Swift.h -working-directory /Users/admin/builder/spi-builder-workspace/.swiftpm/xcode -experimental-emit-module-separately -disable-cmo
SwiftDriver Capstone normal arm64 com.apple.xcode.tools.swift.compiler (in target 'Capstone' from project 'swift-capstone')
    cd /Users/admin/builder/spi-builder-workspace/.swiftpm/xcode
    builtin-SwiftDriver -- /Applications/Xcode-27.0.0.app/Contents/Developer/Toolchains/XcodeDefault.xctoolchain/usr/bin/swiftc -parse-as-library -module-name Capstone -Onone @/Users/admin/builder/spi-builder-workspace/.derivedData/Build/Intermediates.noindex/swift-capstone.build/Debug-watchos/Capstone-t.build/Objects-normal/arm64/Capstone.SwiftFileList -DSWIFT_PACKAGE -DDEBUG -DSWIFT_MODULE_RESOURCE_BUNDLE_UNAVAILABLE -DCAPSTONE_HAS_AARCH64 -DAARCH64 -Xcc -fmodule-map-file\=/Users/admin/builder/spi-builder-workspace/.derivedData/Build/Intermediates.noindex/GeneratedModuleMaps-watchos/Ccapstone.modulemap -DXcode -strict-memory-safety -plugin-path /Applications/Xcode-27.0.0.app/Contents/Developer/Toolchains/XcodeDefault.xctoolchain/usr/lib/swift/host/plugins/testing -enable-experimental-feature DebugDescriptionMacro -sdk /Applications/Xcode-27.0.0.app/Contents/Developer/Platforms/WatchOS.platform/Developer/SDKs/WatchOS27.0.sdk -target arm64-apple-watchos9.0 -g -module-cache-path /Users/admin/builder/spi-builder-workspace/.derivedData/ModuleCache.noindex -Xfrontend -serialize-debugging-options -profile-coverage-mapping -profile-generate -enable-testing -index-store-path /Users/admin/builder/spi-builder-workspace/.derivedData/Index.noindex/DataStore -Xcc -D_LIBCPP_HARDENING_MODE\=_LIBCPP_HARDENING_MODE_DEBUG -swift-version 6 -I /Users/admin/builder/spi-builder-workspace/.derivedData/Build/Products/Debug-watchos -Isystem /Applications/Xcode-27.0.0.app/Contents/Developer/Platforms/WatchOS.platform/Developer/usr/lib -F /Users/admin/builder/spi-builder-workspace/.derivedData/Build/Products/Debug-watchos/PackageFrameworks -F /Users/admin/builder/spi-builder-workspace/.derivedData/Build/Products/Debug-watchos -F /Applications/Xcode-27.0.0.app/Contents/Developer/Platforms/WatchOS.platform/Developer/Library/Frameworks -F /Applications/Xcode-27.0.0.app/Contents/Developer/Platforms/WatchOS.platform/Developer/SDKs/WatchOS27.0.sdk/Developer/Library/Frameworks -c -j10 -enable-batch-mode -incremental -Xcc -ivfsstatcache -Xcc /Users/admin/builder/spi-builder-workspace/.derivedData/SDKStatCaches.noindex/watchos27.0-24R360-e829b21a6f8c9b70876ba0858053c044b9db9bc9c079ee3c7b5f3373b13d10bc.sdkstatcache -output-file-map /Users/admin/builder/spi-builder-workspace/.derivedData/Build/Intermediates.noindex/swift-capstone.build/Debug-watchos/Capstone-t.build/Objects-normal/arm64/Capstone-OutputFileMap.json -save-temps -no-color-diagnostics -explicit-module-build -module-cache-path /Users/admin/builder/spi-builder-workspace/.derivedData/Build/Intermediates.noindex/SwiftExplicitPrecompiledModules -clang-scanner-module-cache-path /Users/admin/builder/spi-builder-workspace/.derivedData/ModuleCache.noindex -sdk-module-cache-path /Users/admin/builder/spi-builder-workspace/.derivedData/SDKExplicitPrecompiledModules -emit-dependencies -emit-module -emit-module-path /Users/admin/builder/spi-builder-workspace/.derivedData/Build/Intermediates.noindex/swift-capstone.build/Debug-watchos/Capstone-t.build/Objects-normal/arm64/Capstone.swiftmodule -serialize-diagnostics -dependency-scan-serialize-diagnostics-path /Users/admin/builder/spi-builder-workspace/.derivedData/Build/Intermediates.noindex/swift-capstone.build/Debug-watchos/Capstone-t.build/Objects-normal/arm64/Capstone-dependency-scan.dia -validate-clang-modules-once -clang-build-session-file /Users/admin/builder/spi-builder-workspace/.derivedData/ModuleCache.noindex/Session.modulevalidation -Xcc -fmodules-prune-interval\=86400 -Xcc -fmodules-prune-after\=345600 -package-name spi_builder_workspace -emit-const-values -const-gather-protocols-list /Users/admin/builder/spi-builder-workspace/.derivedData/Build/Intermediates.noindex/swift-capstone.build/Debug-watchos/Capstone-t.build/Objects-normal/arm64/Capstone_const_extract_protocols.json -Xcc -I/Users/admin/builder/spi-builder-workspace/.dependencies/checkouts/capstone/bindings/swift/Ccapstone/include -Xcc -I/Users/admin/builder/spi-builder-workspace/.derivedData/Build/Products/Debug-watchos/include -Xcc -I/Users/admin/builder/spi-builder-workspace/.derivedData/Build/Intermediates.noindex/swift-capstone.build/Debug-watchos/Capstone-t.build/DerivedSources-normal/arm64 -Xcc -I/Users/admin/builder/spi-builder-workspace/.derivedData/Build/Intermediates.noindex/swift-capstone.build/Debug-watchos/Capstone-t.build/DerivedSources/arm64 -Xcc -I/Users/admin/builder/spi-builder-workspace/.derivedData/Build/Intermediates.noindex/swift-capstone.build/Debug-watchos/Capstone-t.build/DerivedSources -Xcc -DSWIFT_PACKAGE -Xcc -DDEBUG\=1 -Xcc -DCAPSTONE_HAS_AARCH64 -emit-objc-header -emit-objc-header-path /Users/admin/builder/spi-builder-workspace/.derivedData/Build/Intermediates.noindex/swift-capstone.build/Debug-watchos/Capstone-t.build/Objects-normal/arm64/Capstone-Swift.h -working-directory /Users/admin/builder/spi-builder-workspace/.swiftpm/xcode -experimental-emit-module-separately -disable-cmo
SwiftDriver CclangWrapper normal arm64 com.apple.xcode.tools.swift.compiler (in target 'CclangWrapper' from project 'swift-clang')
    cd /Users/admin/builder/spi-builder-workspace/.swiftpm/xcode
    builtin-SwiftDriver -- /Applications/Xcode-27.0.0.app/Contents/Developer/Toolchains/XcodeDefault.xctoolchain/usr/bin/swiftc -parse-as-library -module-name CclangWrapper -Onone @/Users/admin/builder/spi-builder-workspace/.derivedData/Build/Intermediates.noindex/swift-clang.build/Debug-watchos/CclangWrapper-t.build/Objects-normal/arm64/CclangWrapper.SwiftFileList -DSWIFT_PACKAGE -DDEBUG -DSWIFT_MODULE_RESOURCE_BUNDLE_UNAVAILABLE -Xcc -fmodule-map-file\=/Users/admin/builder/spi-builder-workspace/.derivedData/Build/Intermediates.noindex/GeneratedModuleMaps-watchos/Cclang.modulemap -DXcode -plugin-path /Applications/Xcode-27.0.0.app/Contents/Developer/Toolchains/XcodeDefault.xctoolchain/usr/lib/swift/host/plugins/testing -enable-experimental-feature DebugDescriptionMacro -sdk /Applications/Xcode-27.0.0.app/Contents/Developer/Platforms/WatchOS.platform/Developer/SDKs/WatchOS27.0.sdk -target arm64-apple-watchos9.0 -g -module-cache-path /Users/admin/builder/spi-builder-workspace/.derivedData/ModuleCache.noindex -Xfrontend -serialize-debugging-options -profile-coverage-mapping -profile-generate -enable-testing -suppress-warnings -index-store-path /Users/admin/builder/spi-builder-workspace/.derivedData/Index.noindex/DataStore -Xcc -D_LIBCPP_HARDENING_MODE\=_LIBCPP_HARDENING_MODE_DEBUG -swift-version 5 -I /Users/admin/builder/spi-builder-workspace/.derivedData/Build/Products/Debug-watchos -Isystem /Applications/Xcode-27.0.0.app/Contents/Developer/Platforms/WatchOS.platform/Developer/usr/lib -F /Users/admin/builder/spi-builder-workspace/.derivedData/Build/Products/Debug-watchos/PackageFrameworks -F /Users/admin/builder/spi-builder-workspace/.derivedData/Build/Products/Debug-watchos -F /Applications/Xcode-27.0.0.app/Contents/Developer/Platforms/WatchOS.platform/Developer/Library/Frameworks -F /Applications/Xcode-27.0.0.app/Contents/Developer/Platforms/WatchOS.platform/Developer/SDKs/WatchOS27.0.sdk/Developer/Library/Frameworks -c -j10 -enable-batch-mode -incremental -Xcc -ivfsstatcache -Xcc /Users/admin/builder/spi-builder-workspace/.derivedData/SDKStatCaches.noindex/watchos27.0-24R360-e829b21a6f8c9b70876ba0858053c044b9db9bc9c079ee3c7b5f3373b13d10bc.sdkstatcache -output-file-map /Users/admin/builder/spi-builder-workspace/.derivedData/Build/Intermediates.noindex/swift-clang.build/Debug-watchos/CclangWrapper-t.build/Objects-normal/arm64/CclangWrapper-OutputFileMap.json -save-temps -no-color-diagnostics -explicit-module-build -module-cache-path /Users/admin/builder/spi-builder-workspace/.derivedData/Build/Intermediates.noindex/SwiftExplicitPrecompiledModules -clang-scanner-module-cache-path /Users/admin/builder/spi-builder-workspace/.derivedData/ModuleCache.noindex -sdk-module-cache-path /Users/admin/builder/spi-builder-workspace/.derivedData/SDKExplicitPrecompiledModules -emit-dependencies -emit-module -emit-module-path /Users/admin/builder/spi-builder-workspace/.derivedData/Build/Intermediates.noindex/swift-clang.build/Debug-watchos/CclangWrapper-t.build/Objects-normal/arm64/CclangWrapper.swiftmodule -serialize-diagnostics -dependency-scan-serialize-diagnostics-path /Users/admin/builder/spi-builder-workspace/.derivedData/Build/Intermediates.noindex/swift-clang.build/Debug-watchos/CclangWrapper-t.build/Objects-normal/arm64/CclangWrapper-dependency-scan.dia -user-module-version 0.3.0 -validate-clang-modules-once -clang-build-session-file /Users/admin/builder/spi-builder-workspace/.derivedData/ModuleCache.noindex/Session.modulevalidation -Xcc -fmodules-prune-interval\=86400 -Xcc -fmodules-prune-after\=345600 -package-name swift_clang -emit-const-values -const-gather-protocols-list /Users/admin/builder/spi-builder-workspace/.derivedData/Build/Intermediates.noindex/swift-clang.build/Debug-watchos/CclangWrapper-t.build/Objects-normal/arm64/CclangWrapper_const_extract_protocols.json -Xcc -I/Users/admin/builder/spi-builder-workspace/.dependencies/checkouts/swift-clang/Sources/Cclang/include -Xcc -I/Users/admin/builder/spi-builder-workspace/.derivedData/Build/Products/Debug-watchos/include -Xcc -I/Users/admin/builder/spi-builder-workspace/.derivedData/Build/Intermediates.noindex/swift-clang.build/Debug-watchos/CclangWrapper-t.build/DerivedSources-normal/arm64 -Xcc -I/Users/admin/builder/spi-builder-workspace/.derivedData/Build/Intermediates.noindex/swift-clang.build/Debug-watchos/CclangWrapper-t.build/DerivedSources/arm64 -Xcc -I/Users/admin/builder/spi-builder-workspace/.derivedData/Build/Intermediates.noindex/swift-clang.build/Debug-watchos/CclangWrapper-t.build/DerivedSources -Xcc -DSWIFT_PACKAGE -Xcc -DDEBUG\=1 -emit-objc-header -emit-objc-header-path /Users/admin/builder/spi-builder-workspace/.derivedData/Build/Intermediates.noindex/swift-clang.build/Debug-watchos/CclangWrapper-t.build/Objects-normal/arm64/CclangWrapper-Swift.h -working-directory /Users/admin/builder/spi-builder-workspace/.swiftpm/xcode -experimental-emit-module-separately -disable-cmo
SwiftDriver Clang normal arm64_32 com.apple.xcode.tools.swift.compiler (in target 'Clang' from project 'swift-clang')
    cd /Users/admin/builder/spi-builder-workspace/.swiftpm/xcode
    builtin-SwiftDriver -- /Applications/Xcode-27.0.0.app/Contents/Developer/Toolchains/XcodeDefault.xctoolchain/usr/bin/swiftc -parse-as-library -module-name Clang -Onone @/Users/admin/builder/spi-builder-workspace/.derivedData/Build/Intermediates.noindex/swift-clang.build/Debug-watchos/Clang-t.build/Objects-normal/arm64_32/Clang.SwiftFileList -DSWIFT_PACKAGE -DDEBUG -DSWIFT_MODULE_RESOURCE_BUNDLE_UNAVAILABLE -Xcc -fmodule-map-file\=/Users/admin/builder/spi-builder-workspace/.derivedData/Build/Intermediates.noindex/GeneratedModuleMaps-watchos/Cclang.modulemap -DXcode -plugin-path /Applications/Xcode-27.0.0.app/Contents/Developer/Toolchains/XcodeDefault.xctoolchain/usr/lib/swift/host/plugins/testing -enable-experimental-feature DebugDescriptionMacro -sdk /Applications/Xcode-27.0.0.app/Contents/Developer/Platforms/WatchOS.platform/Developer/SDKs/WatchOS27.0.sdk -target arm64_32-apple-watchos9.0 -g -module-cache-path /Users/admin/builder/spi-builder-workspace/.derivedData/ModuleCache.noindex -Xfrontend -serialize-debugging-options -profile-coverage-mapping -profile-generate -enable-testing -suppress-warnings -index-store-path /Users/admin/builder/spi-builder-workspace/.derivedData/Index.noindex/DataStore -Xcc -D_LIBCPP_HARDENING_MODE\=_LIBCPP_HARDENING_MODE_DEBUG -swift-version 5 -I /Users/admin/builder/spi-builder-workspace/.derivedData/Build/Products/Debug-watchos -Isystem /Applications/Xcode-27.0.0.app/Contents/Developer/Platforms/WatchOS.platform/Developer/usr/lib -F /Users/admin/builder/spi-builder-workspace/.derivedData/Build/Products/Debug-watchos/PackageFrameworks -F /Users/admin/builder/spi-builder-workspace/.derivedData/Build/Products/Debug-watchos -F /Applications/Xcode-27.0.0.app/Contents/Developer/Platforms/WatchOS.platform/Developer/Library/Frameworks -F /Applications/Xcode-27.0.0.app/Contents/Developer/Platforms/WatchOS.platform/Developer/SDKs/WatchOS27.0.sdk/Developer/Library/Frameworks -c -j10 -enable-batch-mode -incremental -Xcc -ivfsstatcache -Xcc /Users/admin/builder/spi-builder-workspace/.derivedData/SDKStatCaches.noindex/watchos27.0-24R360-e829b21a6f8c9b70876ba0858053c044b9db9bc9c079ee3c7b5f3373b13d10bc.sdkstatcache -output-file-map /Users/admin/builder/spi-builder-workspace/.derivedData/Build/Intermediates.noindex/swift-clang.build/Debug-watchos/Clang-t.build/Objects-normal/arm64_32/Clang-OutputFileMap.json -save-temps -no-color-diagnostics -explicit-module-build -module-cache-path /Users/admin/builder/spi-builder-workspace/.derivedData/Build/Intermediates.noindex/SwiftExplicitPrecompiledModules -clang-scanner-module-cache-path /Users/admin/builder/spi-builder-workspace/.derivedData/ModuleCache.noindex -sdk-module-cache-path /Users/admin/builder/spi-builder-workspace/.derivedData/SDKExplicitPrecompiledModules -emit-dependencies -emit-module -emit-module-path /Users/admin/builder/spi-builder-workspace/.derivedData/Build/Intermediates.noindex/swift-clang.build/Debug-watchos/Clang-t.build/Objects-normal/arm64_32/Clang.swiftmodule -serialize-diagnostics -dependency-scan-serialize-diagnostics-path /Users/admin/builder/spi-builder-workspace/.derivedData/Build/Intermediates.noindex/swift-clang.build/Debug-watchos/Clang-t.build/Objects-normal/arm64_32/Clang-dependency-scan.dia -user-module-version 0.3.0 -validate-clang-modules-once -clang-build-session-file /Users/admin/builder/spi-builder-workspace/.derivedData/ModuleCache.noindex/Session.modulevalidation -Xcc -fmodules-prune-interval\=86400 -Xcc -fmodules-prune-after\=345600 -package-name swift_clang -emit-const-values -const-gather-protocols-list /Users/admin/builder/spi-builder-workspace/.derivedData/Build/Intermediates.noindex/swift-clang.build/Debug-watchos/Clang-t.build/Objects-normal/arm64_32/Clang_const_extract_protocols.json -Xcc -I/Users/admin/builder/spi-builder-workspace/.dependencies/checkouts/swift-clang/Sources/Cclang/include -Xcc -I/Users/admin/builder/spi-builder-workspace/.derivedData/Build/Products/Debug-watchos/include -Xcc -I/Users/admin/builder/spi-builder-workspace/.derivedData/Build/Intermediates.noindex/swift-clang.build/Debug-watchos/Clang-t.build/DerivedSources-normal/arm64_32 -Xcc -I/Users/admin/builder/spi-builder-workspace/.derivedData/Build/Intermediates.noindex/swift-clang.build/Debug-watchos/Clang-t.build/DerivedSources/arm64_32 -Xcc -I/Users/admin/builder/spi-builder-workspace/.derivedData/Build/Intermediates.noindex/swift-clang.build/Debug-watchos/Clang-t.build/DerivedSources -Xcc -DSWIFT_PACKAGE -Xcc -DDEBUG\=1 -emit-objc-header -emit-objc-header-path /Users/admin/builder/spi-builder-workspace/.derivedData/Build/Intermediates.noindex/swift-clang.build/Debug-watchos/Clang-t.build/Objects-normal/arm64_32/Clang-Swift.h -working-directory /Users/admin/builder/spi-builder-workspace/.swiftpm/xcode -experimental-emit-module-separately -disable-cmo
SwiftDriver Clang normal arm64 com.apple.xcode.tools.swift.compiler (in target 'Clang' from project 'swift-clang')
    cd /Users/admin/builder/spi-builder-workspace/.swiftpm/xcode
    builtin-SwiftDriver -- /Applications/Xcode-27.0.0.app/Contents/Developer/Toolchains/XcodeDefault.xctoolchain/usr/bin/swiftc -parse-as-library -module-name Clang -Onone @/Users/admin/builder/spi-builder-workspace/.derivedData/Build/Intermediates.noindex/swift-clang.build/Debug-watchos/Clang-t.build/Objects-normal/arm64/Clang.SwiftFileList -DSWIFT_PACKAGE -DDEBUG -DSWIFT_MODULE_RESOURCE_BUNDLE_UNAVAILABLE -Xcc -fmodule-map-file\=/Users/admin/builder/spi-builder-workspace/.derivedData/Build/Intermediates.noindex/GeneratedModuleMaps-watchos/Cclang.modulemap -DXcode -plugin-path /Applications/Xcode-27.0.0.app/Contents/Developer/Toolchains/XcodeDefault.xctoolchain/usr/lib/swift/host/plugins/testing -enable-experimental-feature DebugDescriptionMacro -sdk /Applications/Xcode-27.0.0.app/Contents/Developer/Platforms/WatchOS.platform/Developer/SDKs/WatchOS27.0.sdk -target arm64-apple-watchos9.0 -g -module-cache-path /Users/admin/builder/spi-builder-workspace/.derivedData/ModuleCache.noindex -Xfrontend -serialize-debugging-options -profile-coverage-mapping -profile-generate -enable-testing -suppress-warnings -index-store-path /Users/admin/builder/spi-builder-workspace/.derivedData/Index.noindex/DataStore -Xcc -D_LIBCPP_HARDENING_MODE\=_LIBCPP_HARDENING_MODE_DEBUG -swift-version 5 -I /Users/admin/builder/spi-builder-workspace/.derivedData/Build/Products/Debug-watchos -Isystem /Applications/Xcode-27.0.0.app/Contents/Developer/Platforms/WatchOS.platform/Developer/usr/lib -F /Users/admin/builder/spi-builder-workspace/.derivedData/Build/Products/Debug-watchos/PackageFrameworks -F /Users/admin/builder/spi-builder-workspace/.derivedData/Build/Products/Debug-watchos -F /Applications/Xcode-27.0.0.app/Contents/Developer/Platforms/WatchOS.platform/Developer/Library/Frameworks -F /Applications/Xcode-27.0.0.app/Contents/Developer/Platforms/WatchOS.platform/Developer/SDKs/WatchOS27.0.sdk/Developer/Library/Frameworks -c -j10 -enable-batch-mode -incremental -Xcc -ivfsstatcache -Xcc /Users/admin/builder/spi-builder-workspace/.derivedData/SDKStatCaches.noindex/watchos27.0-24R360-e829b21a6f8c9b70876ba0858053c044b9db9bc9c079ee3c7b5f3373b13d10bc.sdkstatcache -output-file-map /Users/admin/builder/spi-builder-workspace/.derivedData/Build/Intermediates.noindex/swift-clang.build/Debug-watchos/Clang-t.build/Objects-normal/arm64/Clang-OutputFileMap.json -save-temps -no-color-diagnostics -explicit-module-build -module-cache-path /Users/admin/builder/spi-builder-workspace/.derivedData/Build/Intermediates.noindex/SwiftExplicitPrecompiledModules -clang-scanner-module-cache-path /Users/admin/builder/spi-builder-workspace/.derivedData/ModuleCache.noindex -sdk-module-cache-path /Users/admin/builder/spi-builder-workspace/.derivedData/SDKExplicitPrecompiledModules -emit-dependencies -emit-module -emit-module-path /Users/admin/builder/spi-builder-workspace/.derivedData/Build/Intermediates.noindex/swift-clang.build/Debug-watchos/Clang-t.build/Objects-normal/arm64/Clang.swiftmodule -serialize-diagnostics -dependency-scan-serialize-diagnostics-path /Users/admin/builder/spi-builder-workspace/.derivedData/Build/Intermediates.noindex/swift-clang.build/Debug-watchos/Clang-t.build/Objects-normal/arm64/Clang-dependency-scan.dia -user-module-version 0.3.0 -validate-clang-modules-once -clang-build-session-file /Users/admin/builder/spi-builder-workspace/.derivedData/ModuleCache.noindex/Session.modulevalidation -Xcc -fmodules-prune-interval\=86400 -Xcc -fmodules-prune-after\=345600 -package-name swift_clang -emit-const-values -const-gather-protocols-list /Users/admin/builder/spi-builder-workspace/.derivedData/Build/Intermediates.noindex/swift-clang.build/Debug-watchos/Clang-t.build/Objects-normal/arm64/Clang_const_extract_protocols.json -Xcc -I/Users/admin/builder/spi-builder-workspace/.dependencies/checkouts/swift-clang/Sources/Cclang/include -Xcc -I/Users/admin/builder/spi-builder-workspace/.derivedData/Build/Products/Debug-watchos/include -Xcc -I/Users/admin/builder/spi-builder-workspace/.derivedData/Build/Intermediates.noindex/swift-clang.build/Debug-watchos/Clang-t.build/DerivedSources-normal/arm64 -Xcc -I/Users/admin/builder/spi-builder-workspace/.derivedData/Build/Intermediates.noindex/swift-clang.build/Debug-watchos/Clang-t.build/DerivedSources/arm64 -Xcc -I/Users/admin/builder/spi-builder-workspace/.derivedData/Build/Intermediates.noindex/swift-clang.build/Debug-watchos/Clang-t.build/DerivedSources -Xcc -DSWIFT_PACKAGE -Xcc -DDEBUG\=1 -emit-objc-header -emit-objc-header-path /Users/admin/builder/spi-builder-workspace/.derivedData/Build/Intermediates.noindex/swift-clang.build/Debug-watchos/Clang-t.build/Objects-normal/arm64/Clang-Swift.h -working-directory /Users/admin/builder/spi-builder-workspace/.swiftpm/xcode -experimental-emit-module-separately -disable-cmo
SwiftEmitModule normal arm64_32 Emitting\ module\ for\ CclangWrapper (in target 'CclangWrapper' from project 'swift-clang')
SwiftCompile normal arm64_32 (in target 'CclangWrapper' from project 'swift-clang')
    cd /Users/admin/builder/spi-builder-workspace/.swiftpm/xcode

SwiftCompile normal arm64 Compiling\ library_wrapper.swift /Users/admin/builder/spi-builder-workspace/.dependencies/checkouts/swift-clang/Sources/CclangWrapper/library_wrapper.swift (in target 'CclangWrapper' from project 'swift-clang')
SwiftCompile normal arm64 /Users/admin/builder/spi-builder-workspace/.dependencies/checkouts/swift-clang/Sources/CclangWrapper/library_wrapper.swift (in target 'CclangWrapper' from project 'swift-clang')
    cd /Users/admin/builder/spi-builder-workspace/.swiftpm/xcode
    builtin-SwiftPerFileCompile library_wrapper.swift
SwiftCompile normal arm64_32 Compiling\ library_wrapper.swift /Users/admin/builder/spi-builder-workspace/.dependencies/checkouts/swift-clang/Sources/CclangWrapper/library_wrapper.swift (in target 'CclangWrapper' from project 'swift-clang')
/Users/admin/builder/spi-builder-workspace/.dependencies/checkouts/swift-clang/Sources/CclangWrapper/library_wrapper.swift:301:23: error: cannot find 'Process' in scope
299 |                      currentDirectory: String = FileManager.default.currentDirectoryPath,
300 |                      stderr: Stderr = .inherit) -> Results {
301 |         let process = Process()
    |                       `- error: cannot find 'Process' in scope
302 |         process.arguments = arguments
303 |
Failed frontend command:
/Applications/Xcode-27.0.0.app/Contents/Developer/Toolchains/XcodeDefault.xctoolchain/usr/bin/swift-frontend -frontend -c -primary-file /Users/admin/builder/spi-builder-workspace/.dependencies/checkouts/swift-clang/Sources/CclangWrapper/library_wrapper.swift /Users/admin/builder/spi-builder-workspace/.dependencies/checkouts/swift-clang/Sources/CclangWrapper/library_wrapper_Clang_C.swift -emit-dependencies-path /Users/admin/builder/spi-builder-workspace/.derivedData/Build/Intermediates.noindex/swift-clang.build/Debug-watchos/CclangWrapper-t.build/Objects-normal/arm64_32/library_wrapper.d -emit-const-values-path /Users/admin/builder/spi-builder-workspace/.derivedData/Build/Intermediates.noindex/swift-clang.build/Debug-watchos/CclangWrapper-t.build/Objects-normal/arm64_32/library_wrapper.swiftconstvalues -emit-reference-dependencies-path /Users/admin/builder/spi-builder-workspace/.derivedData/Build/Intermediates.noindex/swift-clang.build/Debug-watchos/CclangWrapper-t.build/Objects-normal/arm64_32/library_wrapper.swiftdeps -serialize-diagnostics-path /Users/admin/builder/spi-builder-workspace/.derivedData/Build/Intermediates.noindex/swift-clang.build/Debug-watchos/CclangWrapper-t.build/Objects-normal/arm64_32/library_wrapper.dia -target arm64_32-apple-watchos9.0 -module-can-import-version Darwin 428.0.10 0 -disable-cross-import-overlay-search -swift-module-cross-import Darwin /Applications/Xcode-27.0.0.app/Contents/Developer/Platforms/WatchOS.platform/Developer/SDKs/WatchOS.sdk/usr/include/Darwin.swiftcrossimport/xlocale.swiftoverlay -load-resolved-plugin /Applications/Xcode-27.0.0.app/Contents/Developer/Platforms/WatchOS.platform/Developer/usr/lib/swift/host/plugins/libFoundationMacros.dylib\#/Applications/Xcode-27.0.0.app/Contents/Developer/Platforms/WatchOS.platform/Developer/usr/bin/swift-plugin-server\#FoundationMacros -load-resolved-plugin /Applications/Xcode-27.0.0.app/Contents/Developer/Platforms/WatchOS.platform/Developer/usr/lib/swift/host/plugins/libObservationMacros.dylib\#/Applications/Xcode-27.0.0.app/Contents/Developer/Platforms/WatchOS.platform/Developer/usr/bin/swift-plugin-server\#ObservationMacros -load-resolved-plugin /Applications/Xcode-27.0.0.app/Contents/Developer/Platforms/WatchOS.platform/Developer/usr/lib/swift/host/plugins/libSwiftMacros.dylib\#/Applications/Xcode-27.0.0.app/Contents/Developer/Platforms/WatchOS.platform/Developer/usr/bin/swift-plugin-server\#SwiftMacros -disable-implicit-swift-modules -Xcc -fno-implicit-modules -Xcc -fno-implicit-module-maps -explicit-swift-module-map-file /Users/admin/builder/spi-builder-workspace/.derivedData/Build/Intermediates.noindex/swift-clang.build/Debug-watchos/CclangWrapper-t.build/Objects-normal/arm64_32/CclangWrapper-dependencies-2.json -enable-objc-interop -sdk /Applications/Xcode-27.0.0.app/Contents/Developer/Platforms/WatchOS.platform/Developer/SDKs/WatchOS27.0.sdk -I /Users/admin/builder/spi-builder-workspace/.derivedData/Build/Products/Debug-watchos -Isystem /Applications/Xcode-27.0.0.app/Contents/Developer/Platforms/WatchOS.platform/Developer/usr/lib -F /Users/admin/builder/spi-builder-workspace/.derivedData/Build/Products/Debug-watchos/PackageFrameworks -F /Users/admin/builder/spi-builder-workspace/.derivedData/Build/Products/Debug-watchos -F /Applications/Xcode-27.0.0.app/Contents/Developer/Platforms/WatchOS.platform/Developer/Library/Frameworks -F /Applications/Xcode-27.0.0.app/Contents/Developer/Platforms/WatchOS.platform/Developer/SDKs/WatchOS27.0.sdk/Developer/Library/Frameworks -module-cache-path /Users/admin/builder/spi-builder-workspace/.derivedData/Build/Intermediates.noindex/SwiftExplicitPrecompiledModules -no-color-diagnostics -Xcc -fno-color-diagnostics -enable-testing -g -debug-info-format\=dwarf -dwarf-version\=4 -suppress-warnings -profile-generate -profile-coverage-mapping -swift-version 5 -Onone -D SWIFT_PACKAGE -D DEBUG -D SWIFT_MODULE_RESOURCE_BUNDLE_UNAVAILABLE -D Xcode -serialize-debugging-options -enable-experimental-feature DebugDescriptionMacro -empty-abi-descriptor -user-module-version 0.3.0 -validate-clang-modules-once -clang-build-session-file /Users/admin/builder/spi-builder-workspace/.derivedData/ModuleCache.noindex/Session.modulevalidation -Xcc -working-directory -Xcc /Users/admin/builder/spi-builder-workspace/.swiftpm/xcode -enable-anonymous-context-mangled-names -file-compilation-dir /Users/admin/builder/spi-builder-workspace/.swiftpm/xcode -Xcc -fmodule-map-file\=/Users/admin/builder/spi-builder-workspace/.derivedData/Build/Intermediates.noindex/GeneratedModuleMaps-watchos/Cclang.modulemap -Xcc -D_LIBCPP_HARDENING_MODE\=_LIBCPP_HARDENING_MODE_DEBUG -Xcc -ivfsstatcache -Xcc /Users/admin/builder/spi-builder-workspace/.derivedData/SDKStatCaches.noindex/watchos27.0-24R360-e829b21a6f8c9b70876ba0858053c044b9db9bc9c079ee3c7b5f3373b13d10bc.sdkstatcache -Xcc -fmodules-prune-interval\=86400 -Xcc -fmodules-prune-after\=345600 -Xcc -I/Users/admin/builder/spi-builder-workspace/.dependencies/checkouts/swift-clang/Sources/Cclang/include -Xcc -I/Users/admin/builder/spi-builder-workspace/.derivedData/Build/Products/Debug-watchos/include -Xcc -I/Users/admin/builder/spi-builder-workspace/.derivedData/Build/Intermediates.noindex/swift-clang.build/Debug-watchos/CclangWrapper-t.build/DerivedSources-normal/arm64_32 -Xcc -I/Users/admin/builder/spi-builder-workspace/.derivedData/Build/Intermediates.noindex/swift-clang.build/Debug-watchos/CclangWrapper-t.build/DerivedSources/arm64_32 -Xcc -I/Users/admin/builder/spi-builder-workspace/.derivedData/Build/Intermediates.noindex/swift-clang.build/Debug-watchos/CclangWrapper-t.build/DerivedSources -Xcc -DSWIFT_PACKAGE -Xcc -DDEBUG\=1 -no-auto-bridging-header-chaining -module-name CclangWrapper -package-name swift_clang -const-gather-protocols-file /Users/admin/builder/spi-builder-workspace/.derivedData/Build/Intermediates.noindex/swift-clang.build/Debug-watchos/CclangWrapper-t.build/Objects-normal/arm64_32/CclangWrapper_const_extract_protocols.json -disable-clang-spi -clang-target arm64_32-apple-watchos27.0 -target-sdk-version 27.0 -target-sdk-name watchos27.0 -in-process-plugin-server-path /Applications/Xcode-27.0.0.app/Contents/Developer/Toolchains/XcodeDefault.xctoolchain/usr/lib/swift/host/libSwiftInProcPluginServer.dylib -parse-as-library -o /Users/admin/builder/spi-builder-workspace/.derivedData/Build/Intermediates.noindex/swift-clang.build/Debug-watchos/CclangWrapper-t.build/Objects-normal/arm64_32/library_wrapper.o -debug-module-path /Users/admin/builder/spi-builder-workspace/.derivedData/Build/Intermediates.noindex/swift-clang.build/Debug-watchos/CclangWrapper-t.build/Objects-normal/arm64_32/CclangWrapper.swiftmodule -index-unit-output-path /swift-clang.build/Debug-watchos/CclangWrapper-t.build/Objects-normal/arm64_32/library_wrapper.o -index-store-path /Users/admin/builder/spi-builder-workspace/.derivedData/Index.noindex/DataStore -index-system-modules
SwiftCompile normal arm64_32 /Users/admin/builder/spi-builder-workspace/.dependencies/checkouts/swift-clang/Sources/CclangWrapper/library_wrapper.swift (in target 'CclangWrapper' from project 'swift-clang')
    cd /Users/admin/builder/spi-builder-workspace/.swiftpm/xcode
    builtin-SwiftPerFileCompile library_wrapper.swift
SwiftEmitModule normal arm64 Emitting\ module\ for\ CclangWrapper (in target 'CclangWrapper' from project 'swift-clang')
SwiftCompile normal arm64 (in target 'CclangWrapper' from project 'swift-clang')
    cd /Users/admin/builder/spi-builder-workspace/.swiftpm/xcode

SwiftCompile normal arm64 Compiling\ library_wrapper_Clang_C.swift /Users/admin/builder/spi-builder-workspace/.dependencies/checkouts/swift-clang/Sources/CclangWrapper/library_wrapper_Clang_C.swift (in target 'CclangWrapper' from project 'swift-clang')
SwiftCompile normal arm64 /Users/admin/builder/spi-builder-workspace/.dependencies/checkouts/swift-clang/Sources/CclangWrapper/library_wrapper_Clang_C.swift (in target 'CclangWrapper' from project 'swift-clang')
    cd /Users/admin/builder/spi-builder-workspace/.swiftpm/xcode
    builtin-SwiftPerFileCompile library_wrapper_Clang_C.swift
SwiftCompile normal arm64_32 Compiling\ AlphaEnums.swift,\ ArcEnums.swift,\ Architecture+Generated.swift /Users/admin/builder/spi-builder-workspace/Sources/Capstone/AlphaEnums.swift /Users/admin/builder/spi-builder-workspace/Sources/Capstone/ArcEnums.swift /Users/admin/builder/spi-builder-workspace/Sources/Capstone/Architecture+Generated.swift (in target 'Capstone' from project 'swift-capstone')
SwiftCompile normal arm64_32 /Users/admin/builder/spi-builder-workspace/Sources/Capstone/AlphaEnums.swift (in target 'Capstone' from project 'swift-capstone')
    cd /Users/admin/builder/spi-builder-workspace/.swiftpm/xcode
    builtin-SwiftPerFileCompile AlphaEnums.swift
SwiftCompile normal arm64_32 /Users/admin/builder/spi-builder-workspace/Sources/Capstone/ArcEnums.swift (in target 'Capstone' from project 'swift-capstone')
    cd /Users/admin/builder/spi-builder-workspace/.swiftpm/xcode
    builtin-SwiftPerFileCompile ArcEnums.swift
SwiftCompile normal arm64_32 /Users/admin/builder/spi-builder-workspace/Sources/Capstone/Architecture+Generated.swift (in target 'Capstone' from project 'swift-capstone')
    cd /Users/admin/builder/spi-builder-workspace/.swiftpm/xcode
    builtin-SwiftPerFileCompile Architecture+Generated.swift
SwiftEmitModule normal arm64_32 Emitting\ module\ for\ Capstone (in target 'Capstone' from project 'swift-capstone')
SwiftCompile normal arm64_32 (in target 'Capstone' from project 'swift-capstone')
    cd /Users/admin/builder/spi-builder-workspace/.swiftpm/xcode

SwiftCompile normal arm64_32 Compiling\ Utils.swift,\ WasmEnums.swift,\ X86Enums.swift /Users/admin/builder/spi-builder-workspace/Sources/Capstone/Utils.swift /Users/admin/builder/spi-builder-workspace/Sources/Capstone/WasmEnums.swift /Users/admin/builder/spi-builder-workspace/Sources/Capstone/X86Enums.swift (in target 'Capstone' from project 'swift-capstone')
SwiftCompile normal arm64_32 /Users/admin/builder/spi-builder-workspace/Sources/Capstone/Utils.swift (in target 'Capstone' from project 'swift-capstone')
    cd /Users/admin/builder/spi-builder-workspace/.swiftpm/xcode
    builtin-SwiftPerFileCompile Utils.swift
SwiftCompile normal arm64_32 /Users/admin/builder/spi-builder-workspace/Sources/Capstone/WasmEnums.swift (in target 'Capstone' from project 'swift-capstone')
    cd /Users/admin/builder/spi-builder-workspace/.swiftpm/xcode
    builtin-SwiftPerFileCompile WasmEnums.swift
SwiftCompile normal arm64_32 /Users/admin/builder/spi-builder-workspace/Sources/Capstone/X86Enums.swift (in target 'Capstone' from project 'swift-capstone')
    cd /Users/admin/builder/spi-builder-workspace/.swiftpm/xcode
    builtin-SwiftPerFileCompile X86Enums.swift
SwiftEmitModule normal arm64 Emitting\ module\ for\ Capstone (in target 'Capstone' from project 'swift-capstone')
SwiftCompile normal arm64 (in target 'Capstone' from project 'swift-capstone')
    cd /Users/admin/builder/spi-builder-workspace/.swiftpm/xcode

SwiftDriverJobDiscovery normal arm64_32 Compiling AlphaEnums.swift, ArcEnums.swift, Architecture+Generated.swift (in target 'Capstone' from project 'swift-capstone')
SwiftCompile normal arm64 Compiling\ Architecture+Generated.swift,\ Architecture.swift,\ ArmEnums.swift,\ BpfEnums.swift /Users/admin/builder/spi-builder-workspace/Sources/Capstone/Architecture+Generated.swift /Users/admin/builder/spi-builder-workspace/Sources/Capstone/Architecture.swift /Users/admin/builder/spi-builder-workspace/Sources/Capstone/ArmEnums.swift /Users/admin/builder/spi-builder-workspace/Sources/Capstone/BpfEnums.swift (in target 'Capstone' from project 'swift-capstone')
SwiftCompile normal arm64 /Users/admin/builder/spi-builder-workspace/Sources/Capstone/Architecture+Generated.swift (in target 'Capstone' from project 'swift-capstone')
    cd /Users/admin/builder/spi-builder-workspace/.swiftpm/xcode
    builtin-SwiftPerFileCompile Architecture+Generated.swift
SwiftCompile normal arm64 /Users/admin/builder/spi-builder-workspace/Sources/Capstone/Architecture.swift (in target 'Capstone' from project 'swift-capstone')
    cd /Users/admin/builder/spi-builder-workspace/.swiftpm/xcode
    builtin-SwiftPerFileCompile Architecture.swift
SwiftCompile normal arm64 /Users/admin/builder/spi-builder-workspace/Sources/Capstone/ArmEnums.swift (in target 'Capstone' from project 'swift-capstone')
    cd /Users/admin/builder/spi-builder-workspace/.swiftpm/xcode
    builtin-SwiftPerFileCompile ArmEnums.swift
SwiftCompile normal arm64 /Users/admin/builder/spi-builder-workspace/Sources/Capstone/BpfEnums.swift (in target 'Capstone' from project 'swift-capstone')
    cd /Users/admin/builder/spi-builder-workspace/.swiftpm/xcode
    builtin-SwiftPerFileCompile BpfEnums.swift
SwiftCompile normal arm64 Compiling\ SparcEnums.swift,\ SystemZEnums.swift,\ TMS320C64xEnums.swift /Users/admin/builder/spi-builder-workspace/Sources/Capstone/SparcEnums.swift /Users/admin/builder/spi-builder-workspace/Sources/Capstone/SystemZEnums.swift /Users/admin/builder/spi-builder-workspace/Sources/Capstone/TMS320C64xEnums.swift (in target 'Capstone' from project 'swift-capstone')
SwiftCompile normal arm64 /Users/admin/builder/spi-builder-workspace/Sources/Capstone/SparcEnums.swift (in target 'Capstone' from project 'swift-capstone')
    cd /Users/admin/builder/spi-builder-workspace/.swiftpm/xcode
    builtin-SwiftPerFileCompile SparcEnums.swift
SwiftCompile normal arm64 /Users/admin/builder/spi-builder-workspace/Sources/Capstone/SystemZEnums.swift (in target 'Capstone' from project 'swift-capstone')
    cd /Users/admin/builder/spi-builder-workspace/.swiftpm/xcode
    builtin-SwiftPerFileCompile SystemZEnums.swift
SwiftCompile normal arm64 /Users/admin/builder/spi-builder-workspace/Sources/Capstone/TMS320C64xEnums.swift (in target 'Capstone' from project 'swift-capstone')
    cd /Users/admin/builder/spi-builder-workspace/.swiftpm/xcode
    builtin-SwiftPerFileCompile TMS320C64xEnums.swift
SwiftEmitModule normal arm64_32 Emitting\ module\ for\ Clang (in target 'Clang' from project 'swift-clang')
SwiftCompile normal arm64_32 (in target 'Clang' from project 'swift-clang')
    cd /Users/admin/builder/spi-builder-workspace/.swiftpm/xcode

PruneExplicitPrecompiledModules /Users/admin/builder/spi-builder-workspace/.derivedData/SDKExplicitPrecompiledModules
PruneExplicitPrecompiledModules /Users/admin/builder/spi-builder-workspace/.derivedData/Build/Intermediates.noindex/SwiftExplicitPrecompiledModules
PruneExplicitPrecompiledModules /Users/admin/builder/spi-builder-workspace/.derivedData/Build/Intermediates.noindex/ExplicitPrecompiledModules
2026-10-24 05:53:05.433 xcodebuild[1155:6055] [MT] IDERunDestination: Supported platforms for the buildables in the current scheme is empty.
** BUILD FAILED **
The following build commands failed:
	SwiftCompile normal arm64_32 Compiling\ library_wrapper.swift /Users/admin/builder/spi-builder-workspace/.dependencies/checkouts/swift-clang/Sources/CclangWrapper/library_wrapper.swift (in target 'CclangWrapper' from project 'swift-clang')
	SwiftCompile normal arm64_32 /Users/admin/builder/spi-builder-workspace/.dependencies/checkouts/swift-clang/Sources/CclangWrapper/library_wrapper.swift (in target 'CclangWrapper' from project 'swift-clang')
	Building workspace swift-capstone with scheme swift-capstone-Package
(3 failures)
BUILD FAILURE 6.4 watchOS