Build Information
Failed to build swift-graphics, reference main (d761f1), with Swift 6.4 for watchOS using Xcode 27.0 on 21 Sep 2026 06:54:44 UTC.
Build Command
env DEVELOPER_DIR=/Applications/Xcode-27.0.0-Release.Candidate.app xcrun xcodebuild -IDEClonedSourcePackagesDirPathOverride=$PWD/.dependencies -skipMacroValidation -skipPackagePluginValidation -derivedDataPath $PWD/.derivedData build -scheme swift-graphics-Package -destination generic/platform=watchOSBuild Log
cd /Users/admin/builder/spi-builder-workspace/.dependencies/checkouts/XMLCoder
write-file /Users/admin/builder/spi-builder-workspace/.derivedData/Build/Intermediates.noindex/XMLCoder.build/Debug-watchos/XMLCoder-t.build/Objects-normal/arm64_32/XMLCoder-OutputFileMap.json
WriteAuxiliaryFile /Users/admin/builder/spi-builder-workspace/.derivedData/Build/Intermediates.noindex/XMLCoder.build/Debug-watchos/XMLCoder-t.build/Objects-normal/arm64/XMLCoder.SwiftFileList (in target 'XMLCoder' from project 'XMLCoder')
cd /Users/admin/builder/spi-builder-workspace/.dependencies/checkouts/XMLCoder
write-file /Users/admin/builder/spi-builder-workspace/.derivedData/Build/Intermediates.noindex/XMLCoder.build/Debug-watchos/XMLCoder-t.build/Objects-normal/arm64/XMLCoder.SwiftFileList
WriteAuxiliaryFile /Users/admin/builder/spi-builder-workspace/.derivedData/Build/Intermediates.noindex/XMLCoder.build/Debug-watchos/XMLCoder-t.build/Objects-normal/arm64/XMLCoder.SwiftConstValuesFileList (in target 'XMLCoder' from project 'XMLCoder')
cd /Users/admin/builder/spi-builder-workspace/.dependencies/checkouts/XMLCoder
write-file /Users/admin/builder/spi-builder-workspace/.derivedData/Build/Intermediates.noindex/XMLCoder.build/Debug-watchos/XMLCoder-t.build/Objects-normal/arm64/XMLCoder.SwiftConstValuesFileList
WriteAuxiliaryFile /Users/admin/builder/spi-builder-workspace/.derivedData/Build/Intermediates.noindex/XMLCoder.build/Debug-watchos/XMLCoder-t.build/Objects-normal/arm64/XMLCoder.LinkFileList (in target 'XMLCoder' from project 'XMLCoder')
cd /Users/admin/builder/spi-builder-workspace/.dependencies/checkouts/XMLCoder
write-file /Users/admin/builder/spi-builder-workspace/.derivedData/Build/Intermediates.noindex/XMLCoder.build/Debug-watchos/XMLCoder-t.build/Objects-normal/arm64/XMLCoder.LinkFileList
WriteAuxiliaryFile /Users/admin/builder/spi-builder-workspace/.derivedData/Build/Intermediates.noindex/XMLCoder.build/Debug-watchos/XMLCoder-t.build/Objects-normal/arm64/XMLCoder-OutputFileMap.json (in target 'XMLCoder' from project 'XMLCoder')
cd /Users/admin/builder/spi-builder-workspace/.dependencies/checkouts/XMLCoder
write-file /Users/admin/builder/spi-builder-workspace/.derivedData/Build/Intermediates.noindex/XMLCoder.build/Debug-watchos/XMLCoder-t.build/Objects-normal/arm64/XMLCoder-OutputFileMap.json
Copy /Users/admin/builder/spi-builder-workspace/.derivedData/Build/Intermediates.noindex/GeneratedModuleMaps-watchos/XMLCoder.modulemap /Users/admin/builder/spi-builder-workspace/.derivedData/Build/Intermediates.noindex/XMLCoder.build/Debug-watchos/XMLCoder-t.build/XMLCoder.modulemap (in target 'XMLCoder' from project 'XMLCoder')
cd /Users/admin/builder/spi-builder-workspace/.dependencies/checkouts/XMLCoder
builtin-copy -exclude .DS_Store -exclude CVS -exclude .svn -exclude .git -exclude .hg -resolve-src-symlinks /Users/admin/builder/spi-builder-workspace/.derivedData/Build/Intermediates.noindex/XMLCoder.build/Debug-watchos/XMLCoder-t.build/XMLCoder.modulemap /Users/admin/builder/spi-builder-workspace/.derivedData/Build/Intermediates.noindex/GeneratedModuleMaps-watchos
WriteAuxiliaryFile /Users/admin/builder/spi-builder-workspace/.derivedData/Build/Intermediates.noindex/swift-utils.build/Debug-watchos/Utils-t.build/Utils.DependencyStaticMetadataFileList (in target 'Utils' from project 'swift-utils')
cd /Users/admin/builder/spi-builder-workspace/.dependencies/checkouts/swift-utils
write-file /Users/admin/builder/spi-builder-workspace/.derivedData/Build/Intermediates.noindex/swift-utils.build/Debug-watchos/Utils-t.build/Utils.DependencyStaticMetadataFileList
WriteAuxiliaryFile /Users/admin/builder/spi-builder-workspace/.derivedData/Build/Intermediates.noindex/swift-utils.build/Debug-watchos/Utils-t.build/Utils.DependencyMetadataFileList (in target 'Utils' from project 'swift-utils')
cd /Users/admin/builder/spi-builder-workspace/.dependencies/checkouts/swift-utils
write-file /Users/admin/builder/spi-builder-workspace/.derivedData/Build/Intermediates.noindex/swift-utils.build/Debug-watchos/Utils-t.build/Utils.DependencyMetadataFileList
WriteAuxiliaryFile /Users/admin/builder/spi-builder-workspace/.derivedData/Build/Intermediates.noindex/swift-utils.build/Debug-watchos/Utils-t.build/Utils.modulemap (in target 'Utils' from project 'swift-utils')
cd /Users/admin/builder/spi-builder-workspace/.dependencies/checkouts/swift-utils
write-file /Users/admin/builder/spi-builder-workspace/.derivedData/Build/Intermediates.noindex/swift-utils.build/Debug-watchos/Utils-t.build/Utils.modulemap
WriteAuxiliaryFile /Users/admin/builder/spi-builder-workspace/.derivedData/Build/Intermediates.noindex/swift-utils.build/Debug-watchos/Utils-t.build/Objects-normal/arm64_32/Utils_const_extract_protocols.json (in target 'Utils' from project 'swift-utils')
cd /Users/admin/builder/spi-builder-workspace/.dependencies/checkouts/swift-utils
write-file /Users/admin/builder/spi-builder-workspace/.derivedData/Build/Intermediates.noindex/swift-utils.build/Debug-watchos/Utils-t.build/Objects-normal/arm64_32/Utils_const_extract_protocols.json
WriteAuxiliaryFile /Users/admin/builder/spi-builder-workspace/.derivedData/Build/Intermediates.noindex/swift-utils.build/Debug-watchos/Utils-t.build/Objects-normal/arm64_32/Utils.SwiftFileList (in target 'Utils' from project 'swift-utils')
cd /Users/admin/builder/spi-builder-workspace/.dependencies/checkouts/swift-utils
write-file /Users/admin/builder/spi-builder-workspace/.derivedData/Build/Intermediates.noindex/swift-utils.build/Debug-watchos/Utils-t.build/Objects-normal/arm64_32/Utils.SwiftFileList
WriteAuxiliaryFile /Users/admin/builder/spi-builder-workspace/.derivedData/Build/Intermediates.noindex/swift-utils.build/Debug-watchos/Utils-t.build/Objects-normal/arm64_32/Utils.SwiftConstValuesFileList (in target 'Utils' from project 'swift-utils')
cd /Users/admin/builder/spi-builder-workspace/.dependencies/checkouts/swift-utils
write-file /Users/admin/builder/spi-builder-workspace/.derivedData/Build/Intermediates.noindex/swift-utils.build/Debug-watchos/Utils-t.build/Objects-normal/arm64_32/Utils.SwiftConstValuesFileList
WriteAuxiliaryFile /Users/admin/builder/spi-builder-workspace/.derivedData/Build/Intermediates.noindex/swift-utils.build/Debug-watchos/Utils-t.build/Objects-normal/arm64_32/Utils.LinkFileList (in target 'Utils' from project 'swift-utils')
cd /Users/admin/builder/spi-builder-workspace/.dependencies/checkouts/swift-utils
write-file /Users/admin/builder/spi-builder-workspace/.derivedData/Build/Intermediates.noindex/swift-utils.build/Debug-watchos/Utils-t.build/Objects-normal/arm64_32/Utils.LinkFileList
WriteAuxiliaryFile /Users/admin/builder/spi-builder-workspace/.derivedData/Build/Intermediates.noindex/swift-utils.build/Debug-watchos/Utils-t.build/Objects-normal/arm64_32/Utils-OutputFileMap.json (in target 'Utils' from project 'swift-utils')
cd /Users/admin/builder/spi-builder-workspace/.dependencies/checkouts/swift-utils
write-file /Users/admin/builder/spi-builder-workspace/.derivedData/Build/Intermediates.noindex/swift-utils.build/Debug-watchos/Utils-t.build/Objects-normal/arm64_32/Utils-OutputFileMap.json
WriteAuxiliaryFile /Users/admin/builder/spi-builder-workspace/.derivedData/Build/Intermediates.noindex/swift-utils.build/Debug-watchos/Utils-t.build/Objects-normal/arm64/Utils_const_extract_protocols.json (in target 'Utils' from project 'swift-utils')
cd /Users/admin/builder/spi-builder-workspace/.dependencies/checkouts/swift-utils
write-file /Users/admin/builder/spi-builder-workspace/.derivedData/Build/Intermediates.noindex/swift-utils.build/Debug-watchos/Utils-t.build/Objects-normal/arm64/Utils_const_extract_protocols.json
WriteAuxiliaryFile /Users/admin/builder/spi-builder-workspace/.derivedData/Build/Intermediates.noindex/swift-utils.build/Debug-watchos/Utils-t.build/Objects-normal/arm64/Utils.LinkFileList (in target 'Utils' from project 'swift-utils')
cd /Users/admin/builder/spi-builder-workspace/.dependencies/checkouts/swift-utils
write-file /Users/admin/builder/spi-builder-workspace/.derivedData/Build/Intermediates.noindex/swift-utils.build/Debug-watchos/Utils-t.build/Objects-normal/arm64/Utils.LinkFileList
WriteAuxiliaryFile /Users/admin/builder/spi-builder-workspace/.derivedData/Build/Intermediates.noindex/swift-utils.build/Debug-watchos/Utils-t.build/Objects-normal/arm64/Utils-OutputFileMap.json (in target 'Utils' from project 'swift-utils')
cd /Users/admin/builder/spi-builder-workspace/.dependencies/checkouts/swift-utils
write-file /Users/admin/builder/spi-builder-workspace/.derivedData/Build/Intermediates.noindex/swift-utils.build/Debug-watchos/Utils-t.build/Objects-normal/arm64/Utils-OutputFileMap.json
WriteAuxiliaryFile /Users/admin/builder/spi-builder-workspace/.derivedData/Build/Intermediates.noindex/swift-utils.build/Debug-watchos/Utils-t.build/Objects-normal/arm64/Utils.SwiftFileList (in target 'Utils' from project 'swift-utils')
cd /Users/admin/builder/spi-builder-workspace/.dependencies/checkouts/swift-utils
write-file /Users/admin/builder/spi-builder-workspace/.derivedData/Build/Intermediates.noindex/swift-utils.build/Debug-watchos/Utils-t.build/Objects-normal/arm64/Utils.SwiftFileList
WriteAuxiliaryFile /Users/admin/builder/spi-builder-workspace/.derivedData/Build/Intermediates.noindex/swift-utils.build/Debug-watchos/Utils-t.build/Objects-normal/arm64/Utils.SwiftConstValuesFileList (in target 'Utils' from project 'swift-utils')
cd /Users/admin/builder/spi-builder-workspace/.dependencies/checkouts/swift-utils
write-file /Users/admin/builder/spi-builder-workspace/.derivedData/Build/Intermediates.noindex/swift-utils.build/Debug-watchos/Utils-t.build/Objects-normal/arm64/Utils.SwiftConstValuesFileList
WriteAuxiliaryFile /Users/admin/builder/spi-builder-workspace/.derivedData/Build/Intermediates.noindex/SwiftSoup.build/Debug-watchos/SwiftSoup-t.build/SwiftSoup.modulemap (in target 'SwiftSoup' from project 'SwiftSoup')
cd /Users/admin/builder/spi-builder-workspace/.dependencies/checkouts/SwiftSoup
write-file /Users/admin/builder/spi-builder-workspace/.derivedData/Build/Intermediates.noindex/SwiftSoup.build/Debug-watchos/SwiftSoup-t.build/SwiftSoup.modulemap
Copy /Users/admin/builder/spi-builder-workspace/.derivedData/Build/Intermediates.noindex/GeneratedModuleMaps-watchos/Utils.modulemap /Users/admin/builder/spi-builder-workspace/.derivedData/Build/Intermediates.noindex/swift-utils.build/Debug-watchos/Utils-t.build/Utils.modulemap (in target 'Utils' from project 'swift-utils')
cd /Users/admin/builder/spi-builder-workspace/.dependencies/checkouts/swift-utils
builtin-copy -exclude .DS_Store -exclude CVS -exclude .svn -exclude .git -exclude .hg -resolve-src-symlinks /Users/admin/builder/spi-builder-workspace/.derivedData/Build/Intermediates.noindex/swift-utils.build/Debug-watchos/Utils-t.build/Utils.modulemap /Users/admin/builder/spi-builder-workspace/.derivedData/Build/Intermediates.noindex/GeneratedModuleMaps-watchos
WriteAuxiliaryFile /Users/admin/builder/spi-builder-workspace/.derivedData/Build/Intermediates.noindex/SwiftSoup.build/Debug-watchos/SwiftSoup-t.build/SwiftSoup.DependencyStaticMetadataFileList (in target 'SwiftSoup' from project 'SwiftSoup')
cd /Users/admin/builder/spi-builder-workspace/.dependencies/checkouts/SwiftSoup
write-file /Users/admin/builder/spi-builder-workspace/.derivedData/Build/Intermediates.noindex/SwiftSoup.build/Debug-watchos/SwiftSoup-t.build/SwiftSoup.DependencyStaticMetadataFileList
WriteAuxiliaryFile /Users/admin/builder/spi-builder-workspace/.derivedData/Build/Intermediates.noindex/SwiftSoup.build/Debug-watchos/SwiftSoup-t.build/SwiftSoup.DependencyMetadataFileList (in target 'SwiftSoup' from project 'SwiftSoup')
cd /Users/admin/builder/spi-builder-workspace/.dependencies/checkouts/SwiftSoup
write-file /Users/admin/builder/spi-builder-workspace/.derivedData/Build/Intermediates.noindex/SwiftSoup.build/Debug-watchos/SwiftSoup-t.build/SwiftSoup.DependencyMetadataFileList
WriteAuxiliaryFile /Users/admin/builder/spi-builder-workspace/.derivedData/Build/Intermediates.noindex/SwiftSoup.build/Debug-watchos/SwiftSoup-t.build/Objects-normal/arm64_32/SwiftSoup.LinkFileList (in target 'SwiftSoup' from project 'SwiftSoup')
cd /Users/admin/builder/spi-builder-workspace/.dependencies/checkouts/SwiftSoup
write-file /Users/admin/builder/spi-builder-workspace/.derivedData/Build/Intermediates.noindex/SwiftSoup.build/Debug-watchos/SwiftSoup-t.build/Objects-normal/arm64_32/SwiftSoup.LinkFileList
WriteAuxiliaryFile /Users/admin/builder/spi-builder-workspace/.derivedData/Build/Intermediates.noindex/SwiftSoup.build/Debug-watchos/SwiftSoup-t.build/Objects-normal/arm64_32/SwiftSoup.SwiftConstValuesFileList (in target 'SwiftSoup' from project 'SwiftSoup')
cd /Users/admin/builder/spi-builder-workspace/.dependencies/checkouts/SwiftSoup
write-file /Users/admin/builder/spi-builder-workspace/.derivedData/Build/Intermediates.noindex/SwiftSoup.build/Debug-watchos/SwiftSoup-t.build/Objects-normal/arm64_32/SwiftSoup.SwiftConstValuesFileList
WriteAuxiliaryFile /Users/admin/builder/spi-builder-workspace/.derivedData/Build/Intermediates.noindex/SwiftSoup.build/Debug-watchos/SwiftSoup-t.build/Objects-normal/arm64_32/SwiftSoup_const_extract_protocols.json (in target 'SwiftSoup' from project 'SwiftSoup')
cd /Users/admin/builder/spi-builder-workspace/.dependencies/checkouts/SwiftSoup
write-file /Users/admin/builder/spi-builder-workspace/.derivedData/Build/Intermediates.noindex/SwiftSoup.build/Debug-watchos/SwiftSoup-t.build/Objects-normal/arm64_32/SwiftSoup_const_extract_protocols.json
WriteAuxiliaryFile /Users/admin/builder/spi-builder-workspace/.derivedData/Build/Intermediates.noindex/SwiftSoup.build/Debug-watchos/SwiftSoup-t.build/Objects-normal/arm64_32/SwiftSoup.SwiftFileList (in target 'SwiftSoup' from project 'SwiftSoup')
cd /Users/admin/builder/spi-builder-workspace/.dependencies/checkouts/SwiftSoup
write-file /Users/admin/builder/spi-builder-workspace/.derivedData/Build/Intermediates.noindex/SwiftSoup.build/Debug-watchos/SwiftSoup-t.build/Objects-normal/arm64_32/SwiftSoup.SwiftFileList
WriteAuxiliaryFile /Users/admin/builder/spi-builder-workspace/.derivedData/Build/Intermediates.noindex/SwiftSoup.build/Debug-watchos/SwiftSoup-t.build/Objects-normal/arm64_32/SwiftSoup-OutputFileMap.json (in target 'SwiftSoup' from project 'SwiftSoup')
cd /Users/admin/builder/spi-builder-workspace/.dependencies/checkouts/SwiftSoup
write-file /Users/admin/builder/spi-builder-workspace/.derivedData/Build/Intermediates.noindex/SwiftSoup.build/Debug-watchos/SwiftSoup-t.build/Objects-normal/arm64_32/SwiftSoup-OutputFileMap.json
WriteAuxiliaryFile /Users/admin/builder/spi-builder-workspace/.derivedData/Build/Intermediates.noindex/SwiftSoup.build/Debug-watchos/SwiftSoup-t.build/Objects-normal/arm64/SwiftSoup_const_extract_protocols.json (in target 'SwiftSoup' from project 'SwiftSoup')
cd /Users/admin/builder/spi-builder-workspace/.dependencies/checkouts/SwiftSoup
write-file /Users/admin/builder/spi-builder-workspace/.derivedData/Build/Intermediates.noindex/SwiftSoup.build/Debug-watchos/SwiftSoup-t.build/Objects-normal/arm64/SwiftSoup_const_extract_protocols.json
WriteAuxiliaryFile /Users/admin/builder/spi-builder-workspace/.derivedData/Build/Intermediates.noindex/SwiftSoup.build/Debug-watchos/SwiftSoup-t.build/Objects-normal/arm64/SwiftSoup.SwiftFileList (in target 'SwiftSoup' from project 'SwiftSoup')
cd /Users/admin/builder/spi-builder-workspace/.dependencies/checkouts/SwiftSoup
write-file /Users/admin/builder/spi-builder-workspace/.derivedData/Build/Intermediates.noindex/SwiftSoup.build/Debug-watchos/SwiftSoup-t.build/Objects-normal/arm64/SwiftSoup.SwiftFileList
WriteAuxiliaryFile /Users/admin/builder/spi-builder-workspace/.derivedData/Build/Intermediates.noindex/SwiftSoup.build/Debug-watchos/SwiftSoup-t.build/Objects-normal/arm64/SwiftSoup.SwiftConstValuesFileList (in target 'SwiftSoup' from project 'SwiftSoup')
cd /Users/admin/builder/spi-builder-workspace/.dependencies/checkouts/SwiftSoup
write-file /Users/admin/builder/spi-builder-workspace/.derivedData/Build/Intermediates.noindex/SwiftSoup.build/Debug-watchos/SwiftSoup-t.build/Objects-normal/arm64/SwiftSoup.SwiftConstValuesFileList
WriteAuxiliaryFile /Users/admin/builder/spi-builder-workspace/.derivedData/Build/Intermediates.noindex/SwiftSoup.build/Debug-watchos/SwiftSoup-t.build/Objects-normal/arm64/SwiftSoup.LinkFileList (in target 'SwiftSoup' from project 'SwiftSoup')
cd /Users/admin/builder/spi-builder-workspace/.dependencies/checkouts/SwiftSoup
write-file /Users/admin/builder/spi-builder-workspace/.derivedData/Build/Intermediates.noindex/SwiftSoup.build/Debug-watchos/SwiftSoup-t.build/Objects-normal/arm64/SwiftSoup.LinkFileList
WriteAuxiliaryFile /Users/admin/builder/spi-builder-workspace/.derivedData/Build/Intermediates.noindex/SwiftSoup.build/Debug-watchos/SwiftSoup-t.build/Objects-normal/arm64/SwiftSoup-OutputFileMap.json (in target 'SwiftSoup' from project 'SwiftSoup')
cd /Users/admin/builder/spi-builder-workspace/.dependencies/checkouts/SwiftSoup
write-file /Users/admin/builder/spi-builder-workspace/.derivedData/Build/Intermediates.noindex/SwiftSoup.build/Debug-watchos/SwiftSoup-t.build/Objects-normal/arm64/SwiftSoup-OutputFileMap.json
Copy /Users/admin/builder/spi-builder-workspace/.derivedData/Build/Intermediates.noindex/GeneratedModuleMaps-watchos/SwiftSoup.modulemap /Users/admin/builder/spi-builder-workspace/.derivedData/Build/Intermediates.noindex/SwiftSoup.build/Debug-watchos/SwiftSoup-t.build/SwiftSoup.modulemap (in target 'SwiftSoup' from project 'SwiftSoup')
cd /Users/admin/builder/spi-builder-workspace/.dependencies/checkouts/SwiftSoup
builtin-copy -exclude .DS_Store -exclude CVS -exclude .svn -exclude .git -exclude .hg -resolve-src-symlinks /Users/admin/builder/spi-builder-workspace/.derivedData/Build/Intermediates.noindex/SwiftSoup.build/Debug-watchos/SwiftSoup-t.build/SwiftSoup.modulemap /Users/admin/builder/spi-builder-workspace/.derivedData/Build/Intermediates.noindex/GeneratedModuleMaps-watchos
WriteAuxiliaryFile /Users/admin/builder/spi-builder-workspace/.derivedData/Build/Intermediates.noindex/swift-graphics.build/Debug-watchos/PlatformGraphics-t.build/PlatformGraphics.DependencyStaticMetadataFileList (in target 'PlatformGraphics' from project 'swift-graphics')
cd /Users/admin/builder/spi-builder-workspace
write-file /Users/admin/builder/spi-builder-workspace/.derivedData/Build/Intermediates.noindex/swift-graphics.build/Debug-watchos/PlatformGraphics-t.build/PlatformGraphics.DependencyStaticMetadataFileList
WriteAuxiliaryFile /Users/admin/builder/spi-builder-workspace/.derivedData/Build/Intermediates.noindex/swift-graphics.build/Debug-watchos/PlatformGraphics-t.build/PlatformGraphics.modulemap (in target 'PlatformGraphics' from project 'swift-graphics')
cd /Users/admin/builder/spi-builder-workspace
write-file /Users/admin/builder/spi-builder-workspace/.derivedData/Build/Intermediates.noindex/swift-graphics.build/Debug-watchos/PlatformGraphics-t.build/PlatformGraphics.modulemap
WriteAuxiliaryFile /Users/admin/builder/spi-builder-workspace/.derivedData/Build/Intermediates.noindex/swift-graphics.build/Debug-watchos/PlatformGraphics-t.build/PlatformGraphics.DependencyMetadataFileList (in target 'PlatformGraphics' from project 'swift-graphics')
cd /Users/admin/builder/spi-builder-workspace
write-file /Users/admin/builder/spi-builder-workspace/.derivedData/Build/Intermediates.noindex/swift-graphics.build/Debug-watchos/PlatformGraphics-t.build/PlatformGraphics.DependencyMetadataFileList
WriteAuxiliaryFile /Users/admin/builder/spi-builder-workspace/.derivedData/Build/Intermediates.noindex/swift-graphics.build/Debug-watchos/PlatformGraphics-t.build/Objects-normal/arm64_32/PlatformGraphics_const_extract_protocols.json (in target 'PlatformGraphics' from project 'swift-graphics')
cd /Users/admin/builder/spi-builder-workspace
write-file /Users/admin/builder/spi-builder-workspace/.derivedData/Build/Intermediates.noindex/swift-graphics.build/Debug-watchos/PlatformGraphics-t.build/Objects-normal/arm64_32/PlatformGraphics_const_extract_protocols.json
WriteAuxiliaryFile /Users/admin/builder/spi-builder-workspace/.derivedData/Build/Intermediates.noindex/swift-graphics.build/Debug-watchos/PlatformGraphics-t.build/Objects-normal/arm64_32/PlatformGraphics.SwiftFileList (in target 'PlatformGraphics' from project 'swift-graphics')
cd /Users/admin/builder/spi-builder-workspace
write-file /Users/admin/builder/spi-builder-workspace/.derivedData/Build/Intermediates.noindex/swift-graphics.build/Debug-watchos/PlatformGraphics-t.build/Objects-normal/arm64_32/PlatformGraphics.SwiftFileList
WriteAuxiliaryFile /Users/admin/builder/spi-builder-workspace/.derivedData/Build/Intermediates.noindex/swift-graphics.build/Debug-watchos/PlatformGraphics-t.build/Objects-normal/arm64_32/PlatformGraphics.SwiftConstValuesFileList (in target 'PlatformGraphics' from project 'swift-graphics')
cd /Users/admin/builder/spi-builder-workspace
write-file /Users/admin/builder/spi-builder-workspace/.derivedData/Build/Intermediates.noindex/swift-graphics.build/Debug-watchos/PlatformGraphics-t.build/Objects-normal/arm64_32/PlatformGraphics.SwiftConstValuesFileList
WriteAuxiliaryFile /Users/admin/builder/spi-builder-workspace/.derivedData/Build/Intermediates.noindex/swift-graphics.build/Debug-watchos/PlatformGraphics-t.build/Objects-normal/arm64_32/PlatformGraphics.LinkFileList (in target 'PlatformGraphics' from project 'swift-graphics')
cd /Users/admin/builder/spi-builder-workspace
write-file /Users/admin/builder/spi-builder-workspace/.derivedData/Build/Intermediates.noindex/swift-graphics.build/Debug-watchos/PlatformGraphics-t.build/Objects-normal/arm64_32/PlatformGraphics.LinkFileList
WriteAuxiliaryFile /Users/admin/builder/spi-builder-workspace/.derivedData/Build/Intermediates.noindex/swift-graphics.build/Debug-watchos/PlatformGraphics-t.build/Objects-normal/arm64_32/PlatformGraphics-OutputFileMap.json (in target 'PlatformGraphics' from project 'swift-graphics')
cd /Users/admin/builder/spi-builder-workspace
write-file /Users/admin/builder/spi-builder-workspace/.derivedData/Build/Intermediates.noindex/swift-graphics.build/Debug-watchos/PlatformGraphics-t.build/Objects-normal/arm64_32/PlatformGraphics-OutputFileMap.json
WriteAuxiliaryFile /Users/admin/builder/spi-builder-workspace/.derivedData/Build/Intermediates.noindex/swift-graphics.build/Debug-watchos/PlatformGraphics-t.build/Objects-normal/arm64/PlatformGraphics.SwiftFileList (in target 'PlatformGraphics' from project 'swift-graphics')
cd /Users/admin/builder/spi-builder-workspace
write-file /Users/admin/builder/spi-builder-workspace/.derivedData/Build/Intermediates.noindex/swift-graphics.build/Debug-watchos/PlatformGraphics-t.build/Objects-normal/arm64/PlatformGraphics.SwiftFileList
WriteAuxiliaryFile /Users/admin/builder/spi-builder-workspace/.derivedData/Build/Intermediates.noindex/swift-graphics.build/Debug-watchos/PlatformGraphics-t.build/Objects-normal/arm64/PlatformGraphics.SwiftConstValuesFileList (in target 'PlatformGraphics' from project 'swift-graphics')
cd /Users/admin/builder/spi-builder-workspace
write-file /Users/admin/builder/spi-builder-workspace/.derivedData/Build/Intermediates.noindex/swift-graphics.build/Debug-watchos/PlatformGraphics-t.build/Objects-normal/arm64/PlatformGraphics.SwiftConstValuesFileList
WriteAuxiliaryFile /Users/admin/builder/spi-builder-workspace/.derivedData/Build/Intermediates.noindex/swift-graphics.build/Debug-watchos/PlatformGraphics-t.build/Objects-normal/arm64/PlatformGraphics_const_extract_protocols.json (in target 'PlatformGraphics' from project 'swift-graphics')
cd /Users/admin/builder/spi-builder-workspace
write-file /Users/admin/builder/spi-builder-workspace/.derivedData/Build/Intermediates.noindex/swift-graphics.build/Debug-watchos/PlatformGraphics-t.build/Objects-normal/arm64/PlatformGraphics_const_extract_protocols.json
WriteAuxiliaryFile /Users/admin/builder/spi-builder-workspace/.derivedData/Build/Intermediates.noindex/swift-graphics.build/Debug-watchos/PlatformGraphics-t.build/Objects-normal/arm64/PlatformGraphics.LinkFileList (in target 'PlatformGraphics' from project 'swift-graphics')
cd /Users/admin/builder/spi-builder-workspace
write-file /Users/admin/builder/spi-builder-workspace/.derivedData/Build/Intermediates.noindex/swift-graphics.build/Debug-watchos/PlatformGraphics-t.build/Objects-normal/arm64/PlatformGraphics.LinkFileList
WriteAuxiliaryFile /Users/admin/builder/spi-builder-workspace/.derivedData/Build/Intermediates.noindex/swift-graphics.build/Debug-watchos/PlatformGraphics-t.build/Objects-normal/arm64/PlatformGraphics-OutputFileMap.json (in target 'PlatformGraphics' from project 'swift-graphics')
cd /Users/admin/builder/spi-builder-workspace
write-file /Users/admin/builder/spi-builder-workspace/.derivedData/Build/Intermediates.noindex/swift-graphics.build/Debug-watchos/PlatformGraphics-t.build/Objects-normal/arm64/PlatformGraphics-OutputFileMap.json
Copy /Users/admin/builder/spi-builder-workspace/.derivedData/Build/Intermediates.noindex/GeneratedModuleMaps-watchos/PlatformGraphics.modulemap /Users/admin/builder/spi-builder-workspace/.derivedData/Build/Intermediates.noindex/swift-graphics.build/Debug-watchos/PlatformGraphics-t.build/PlatformGraphics.modulemap (in target 'PlatformGraphics' from project 'swift-graphics')
cd /Users/admin/builder/spi-builder-workspace
builtin-copy -exclude .DS_Store -exclude CVS -exclude .svn -exclude .git -exclude .hg -resolve-src-symlinks /Users/admin/builder/spi-builder-workspace/.derivedData/Build/Intermediates.noindex/swift-graphics.build/Debug-watchos/PlatformGraphics-t.build/PlatformGraphics.modulemap /Users/admin/builder/spi-builder-workspace/.derivedData/Build/Intermediates.noindex/GeneratedModuleMaps-watchos
WriteAuxiliaryFile /Users/admin/builder/spi-builder-workspace/.derivedData/Build/Intermediates.noindex/swift-log.build/Debug-watchos/Logging-t.build/Objects-normal/arm64_32/Logging_const_extract_protocols.json (in target 'Logging' from project 'swift-log')
cd /Users/admin/builder/spi-builder-workspace/.dependencies/checkouts/swift-log
write-file /Users/admin/builder/spi-builder-workspace/.derivedData/Build/Intermediates.noindex/swift-log.build/Debug-watchos/Logging-t.build/Objects-normal/arm64_32/Logging_const_extract_protocols.json
WriteAuxiliaryFile /Users/admin/builder/spi-builder-workspace/.derivedData/Build/Intermediates.noindex/swift-log.build/Debug-watchos/Logging-t.build/Objects-normal/arm64_32/Logging.SwiftFileList (in target 'Logging' from project 'swift-log')
cd /Users/admin/builder/spi-builder-workspace/.dependencies/checkouts/swift-log
write-file /Users/admin/builder/spi-builder-workspace/.derivedData/Build/Intermediates.noindex/swift-log.build/Debug-watchos/Logging-t.build/Objects-normal/arm64_32/Logging.SwiftFileList
WriteAuxiliaryFile /Users/admin/builder/spi-builder-workspace/.derivedData/Build/Intermediates.noindex/swift-log.build/Debug-watchos/Logging-t.build/Objects-normal/arm64_32/Logging.SwiftConstValuesFileList (in target 'Logging' from project 'swift-log')
cd /Users/admin/builder/spi-builder-workspace/.dependencies/checkouts/swift-log
write-file /Users/admin/builder/spi-builder-workspace/.derivedData/Build/Intermediates.noindex/swift-log.build/Debug-watchos/Logging-t.build/Objects-normal/arm64_32/Logging.SwiftConstValuesFileList
WriteAuxiliaryFile /Users/admin/builder/spi-builder-workspace/.derivedData/Build/Intermediates.noindex/swift-log.build/Debug-watchos/Logging-t.build/Objects-normal/arm64_32/Logging-OutputFileMap.json (in target 'Logging' from project 'swift-log')
cd /Users/admin/builder/spi-builder-workspace/.dependencies/checkouts/swift-log
write-file /Users/admin/builder/spi-builder-workspace/.derivedData/Build/Intermediates.noindex/swift-log.build/Debug-watchos/Logging-t.build/Objects-normal/arm64_32/Logging-OutputFileMap.json
WriteAuxiliaryFile /Users/admin/builder/spi-builder-workspace/.derivedData/Build/Intermediates.noindex/swift-log.build/Debug-watchos/Logging-t.build/Objects-normal/arm64_32/Logging.LinkFileList (in target 'Logging' from project 'swift-log')
cd /Users/admin/builder/spi-builder-workspace/.dependencies/checkouts/swift-log
write-file /Users/admin/builder/spi-builder-workspace/.derivedData/Build/Intermediates.noindex/swift-log.build/Debug-watchos/Logging-t.build/Objects-normal/arm64_32/Logging.LinkFileList
WriteAuxiliaryFile /Users/admin/builder/spi-builder-workspace/.derivedData/Build/Intermediates.noindex/swift-log.build/Debug-watchos/Logging-t.build/Objects-normal/arm64/Logging_const_extract_protocols.json (in target 'Logging' from project 'swift-log')
cd /Users/admin/builder/spi-builder-workspace/.dependencies/checkouts/swift-log
write-file /Users/admin/builder/spi-builder-workspace/.derivedData/Build/Intermediates.noindex/swift-log.build/Debug-watchos/Logging-t.build/Objects-normal/arm64/Logging_const_extract_protocols.json
WriteAuxiliaryFile /Users/admin/builder/spi-builder-workspace/.derivedData/Build/Intermediates.noindex/swift-log.build/Debug-watchos/Logging-t.build/Objects-normal/arm64/Logging.SwiftFileList (in target 'Logging' from project 'swift-log')
cd /Users/admin/builder/spi-builder-workspace/.dependencies/checkouts/swift-log
write-file /Users/admin/builder/spi-builder-workspace/.derivedData/Build/Intermediates.noindex/swift-log.build/Debug-watchos/Logging-t.build/Objects-normal/arm64/Logging.SwiftFileList
WriteAuxiliaryFile /Users/admin/builder/spi-builder-workspace/.derivedData/Build/Intermediates.noindex/swift-log.build/Debug-watchos/Logging-t.build/Objects-normal/arm64/Logging.SwiftConstValuesFileList (in target 'Logging' from project 'swift-log')
cd /Users/admin/builder/spi-builder-workspace/.dependencies/checkouts/swift-log
write-file /Users/admin/builder/spi-builder-workspace/.derivedData/Build/Intermediates.noindex/swift-log.build/Debug-watchos/Logging-t.build/Objects-normal/arm64/Logging.SwiftConstValuesFileList
WriteAuxiliaryFile /Users/admin/builder/spi-builder-workspace/.derivedData/Build/Intermediates.noindex/swift-log.build/Debug-watchos/Logging-t.build/Objects-normal/arm64/Logging.LinkFileList (in target 'Logging' from project 'swift-log')
cd /Users/admin/builder/spi-builder-workspace/.dependencies/checkouts/swift-log
write-file /Users/admin/builder/spi-builder-workspace/.derivedData/Build/Intermediates.noindex/swift-log.build/Debug-watchos/Logging-t.build/Objects-normal/arm64/Logging.LinkFileList
WriteAuxiliaryFile /Users/admin/builder/spi-builder-workspace/.derivedData/Build/Intermediates.noindex/swift-log.build/Debug-watchos/Logging-t.build/Objects-normal/arm64/Logging-OutputFileMap.json (in target 'Logging' from project 'swift-log')
cd /Users/admin/builder/spi-builder-workspace/.dependencies/checkouts/swift-log
write-file /Users/admin/builder/spi-builder-workspace/.derivedData/Build/Intermediates.noindex/swift-log.build/Debug-watchos/Logging-t.build/Objects-normal/arm64/Logging-OutputFileMap.json
WriteAuxiliaryFile /Users/admin/builder/spi-builder-workspace/.derivedData/Build/Intermediates.noindex/swift-log.build/Debug-watchos/Logging-t.build/Logging.modulemap (in target 'Logging' from project 'swift-log')
cd /Users/admin/builder/spi-builder-workspace/.dependencies/checkouts/swift-log
write-file /Users/admin/builder/spi-builder-workspace/.derivedData/Build/Intermediates.noindex/swift-log.build/Debug-watchos/Logging-t.build/Logging.modulemap
WriteAuxiliaryFile /Users/admin/builder/spi-builder-workspace/.derivedData/Build/Intermediates.noindex/swift-log.build/Debug-watchos/Logging-t.build/Logging.DependencyStaticMetadataFileList (in target 'Logging' from project 'swift-log')
cd /Users/admin/builder/spi-builder-workspace/.dependencies/checkouts/swift-log
write-file /Users/admin/builder/spi-builder-workspace/.derivedData/Build/Intermediates.noindex/swift-log.build/Debug-watchos/Logging-t.build/Logging.DependencyStaticMetadataFileList
WriteAuxiliaryFile /Users/admin/builder/spi-builder-workspace/.derivedData/Build/Intermediates.noindex/swift-log.build/Debug-watchos/Logging-t.build/Logging.DependencyMetadataFileList (in target 'Logging' from project 'swift-log')
cd /Users/admin/builder/spi-builder-workspace/.dependencies/checkouts/swift-log
write-file /Users/admin/builder/spi-builder-workspace/.derivedData/Build/Intermediates.noindex/swift-log.build/Debug-watchos/Logging-t.build/Logging.DependencyMetadataFileList
Copy /Users/admin/builder/spi-builder-workspace/.derivedData/Build/Intermediates.noindex/GeneratedModuleMaps-watchos/Logging.modulemap /Users/admin/builder/spi-builder-workspace/.derivedData/Build/Intermediates.noindex/swift-log.build/Debug-watchos/Logging-t.build/Logging.modulemap (in target 'Logging' from project 'swift-log')
cd /Users/admin/builder/spi-builder-workspace/.dependencies/checkouts/swift-log
builtin-copy -exclude .DS_Store -exclude CVS -exclude .svn -exclude .git -exclude .hg -resolve-src-symlinks /Users/admin/builder/spi-builder-workspace/.derivedData/Build/Intermediates.noindex/swift-log.build/Debug-watchos/Logging-t.build/Logging.modulemap /Users/admin/builder/spi-builder-workspace/.derivedData/Build/Intermediates.noindex/GeneratedModuleMaps-watchos
WriteAuxiliaryFile /Users/admin/builder/spi-builder-workspace/.derivedData/Build/Intermediates.noindex/swift-graphics.build/Debug-watchos/Graphics-t.build/Objects-normal/arm64_32/Graphics.SwiftConstValuesFileList (in target 'Graphics' from project 'swift-graphics')
cd /Users/admin/builder/spi-builder-workspace
write-file /Users/admin/builder/spi-builder-workspace/.derivedData/Build/Intermediates.noindex/swift-graphics.build/Debug-watchos/Graphics-t.build/Objects-normal/arm64_32/Graphics.SwiftConstValuesFileList
WriteAuxiliaryFile /Users/admin/builder/spi-builder-workspace/.derivedData/Build/Intermediates.noindex/swift-graphics.build/Debug-watchos/Graphics-t.build/Objects-normal/arm64_32/Graphics_const_extract_protocols.json (in target 'Graphics' from project 'swift-graphics')
cd /Users/admin/builder/spi-builder-workspace
write-file /Users/admin/builder/spi-builder-workspace/.derivedData/Build/Intermediates.noindex/swift-graphics.build/Debug-watchos/Graphics-t.build/Objects-normal/arm64_32/Graphics_const_extract_protocols.json
WriteAuxiliaryFile /Users/admin/builder/spi-builder-workspace/.derivedData/Build/Intermediates.noindex/swift-graphics.build/Debug-watchos/Graphics-t.build/Objects-normal/arm64_32/Graphics.SwiftFileList (in target 'Graphics' from project 'swift-graphics')
cd /Users/admin/builder/spi-builder-workspace
write-file /Users/admin/builder/spi-builder-workspace/.derivedData/Build/Intermediates.noindex/swift-graphics.build/Debug-watchos/Graphics-t.build/Objects-normal/arm64_32/Graphics.SwiftFileList
WriteAuxiliaryFile /Users/admin/builder/spi-builder-workspace/.derivedData/Build/Intermediates.noindex/swift-graphics.build/Debug-watchos/Graphics-t.build/Objects-normal/arm64_32/Graphics.LinkFileList (in target 'Graphics' from project 'swift-graphics')
cd /Users/admin/builder/spi-builder-workspace
write-file /Users/admin/builder/spi-builder-workspace/.derivedData/Build/Intermediates.noindex/swift-graphics.build/Debug-watchos/Graphics-t.build/Objects-normal/arm64_32/Graphics.LinkFileList
WriteAuxiliaryFile /Users/admin/builder/spi-builder-workspace/.derivedData/Build/Intermediates.noindex/swift-graphics.build/Debug-watchos/Graphics-t.build/Objects-normal/arm64_32/Graphics-OutputFileMap.json (in target 'Graphics' from project 'swift-graphics')
cd /Users/admin/builder/spi-builder-workspace
write-file /Users/admin/builder/spi-builder-workspace/.derivedData/Build/Intermediates.noindex/swift-graphics.build/Debug-watchos/Graphics-t.build/Objects-normal/arm64_32/Graphics-OutputFileMap.json
WriteAuxiliaryFile /Users/admin/builder/spi-builder-workspace/.derivedData/Build/Intermediates.noindex/swift-graphics.build/Debug-watchos/Graphics-t.build/Objects-normal/arm64/Graphics.SwiftFileList (in target 'Graphics' from project 'swift-graphics')
cd /Users/admin/builder/spi-builder-workspace
write-file /Users/admin/builder/spi-builder-workspace/.derivedData/Build/Intermediates.noindex/swift-graphics.build/Debug-watchos/Graphics-t.build/Objects-normal/arm64/Graphics.SwiftFileList
WriteAuxiliaryFile /Users/admin/builder/spi-builder-workspace/.derivedData/Build/Intermediates.noindex/swift-graphics.build/Debug-watchos/Graphics-t.build/Objects-normal/arm64/Graphics_const_extract_protocols.json (in target 'Graphics' from project 'swift-graphics')
cd /Users/admin/builder/spi-builder-workspace
write-file /Users/admin/builder/spi-builder-workspace/.derivedData/Build/Intermediates.noindex/swift-graphics.build/Debug-watchos/Graphics-t.build/Objects-normal/arm64/Graphics_const_extract_protocols.json
WriteAuxiliaryFile /Users/admin/builder/spi-builder-workspace/.derivedData/Build/Intermediates.noindex/swift-graphics.build/Debug-watchos/Graphics-t.build/Objects-normal/arm64/Graphics.SwiftConstValuesFileList (in target 'Graphics' from project 'swift-graphics')
cd /Users/admin/builder/spi-builder-workspace
write-file /Users/admin/builder/spi-builder-workspace/.derivedData/Build/Intermediates.noindex/swift-graphics.build/Debug-watchos/Graphics-t.build/Objects-normal/arm64/Graphics.SwiftConstValuesFileList
WriteAuxiliaryFile /Users/admin/builder/spi-builder-workspace/.derivedData/Build/Intermediates.noindex/swift-graphics.build/Debug-watchos/Graphics-t.build/Objects-normal/arm64/Graphics.LinkFileList (in target 'Graphics' from project 'swift-graphics')
cd /Users/admin/builder/spi-builder-workspace
write-file /Users/admin/builder/spi-builder-workspace/.derivedData/Build/Intermediates.noindex/swift-graphics.build/Debug-watchos/Graphics-t.build/Objects-normal/arm64/Graphics.LinkFileList
WriteAuxiliaryFile /Users/admin/builder/spi-builder-workspace/.derivedData/Build/Intermediates.noindex/swift-graphics.build/Debug-watchos/Graphics-t.build/Objects-normal/arm64/Graphics-OutputFileMap.json (in target 'Graphics' from project 'swift-graphics')
cd /Users/admin/builder/spi-builder-workspace
write-file /Users/admin/builder/spi-builder-workspace/.derivedData/Build/Intermediates.noindex/swift-graphics.build/Debug-watchos/Graphics-t.build/Objects-normal/arm64/Graphics-OutputFileMap.json
WriteAuxiliaryFile /Users/admin/builder/spi-builder-workspace/.derivedData/Build/Intermediates.noindex/swift-graphics.build/Debug-watchos/Graphics-t.build/Graphics.modulemap (in target 'Graphics' from project 'swift-graphics')
cd /Users/admin/builder/spi-builder-workspace
write-file /Users/admin/builder/spi-builder-workspace/.derivedData/Build/Intermediates.noindex/swift-graphics.build/Debug-watchos/Graphics-t.build/Graphics.modulemap
WriteAuxiliaryFile /Users/admin/builder/spi-builder-workspace/.derivedData/Build/Intermediates.noindex/swift-graphics.build/Debug-watchos/Graphics-t.build/Graphics.DependencyStaticMetadataFileList (in target 'Graphics' from project 'swift-graphics')
cd /Users/admin/builder/spi-builder-workspace
write-file /Users/admin/builder/spi-builder-workspace/.derivedData/Build/Intermediates.noindex/swift-graphics.build/Debug-watchos/Graphics-t.build/Graphics.DependencyStaticMetadataFileList
WriteAuxiliaryFile /Users/admin/builder/spi-builder-workspace/.derivedData/Build/Intermediates.noindex/swift-graphics.build/Debug-watchos/Graphics-t.build/Graphics.DependencyMetadataFileList (in target 'Graphics' from project 'swift-graphics')
cd /Users/admin/builder/spi-builder-workspace
write-file /Users/admin/builder/spi-builder-workspace/.derivedData/Build/Intermediates.noindex/swift-graphics.build/Debug-watchos/Graphics-t.build/Graphics.DependencyMetadataFileList
WriteAuxiliaryFile /Users/admin/builder/spi-builder-workspace/.derivedData/Build/Intermediates.noindex/swift-graphics.build/Debug-watchos/CoreGraphicsGraphics-t.build/Objects-normal/arm64_32/CoreGraphicsGraphics.SwiftFileList (in target 'CoreGraphicsGraphics' from project 'swift-graphics')
cd /Users/admin/builder/spi-builder-workspace
write-file /Users/admin/builder/spi-builder-workspace/.derivedData/Build/Intermediates.noindex/swift-graphics.build/Debug-watchos/CoreGraphicsGraphics-t.build/Objects-normal/arm64_32/CoreGraphicsGraphics.SwiftFileList
WriteAuxiliaryFile /Users/admin/builder/spi-builder-workspace/.derivedData/Build/Intermediates.noindex/swift-graphics.build/Debug-watchos/CoreGraphicsGraphics-t.build/Objects-normal/arm64_32/CoreGraphicsGraphics_const_extract_protocols.json (in target 'CoreGraphicsGraphics' from project 'swift-graphics')
cd /Users/admin/builder/spi-builder-workspace
write-file /Users/admin/builder/spi-builder-workspace/.derivedData/Build/Intermediates.noindex/swift-graphics.build/Debug-watchos/CoreGraphicsGraphics-t.build/Objects-normal/arm64_32/CoreGraphicsGraphics_const_extract_protocols.json
WriteAuxiliaryFile /Users/admin/builder/spi-builder-workspace/.derivedData/Build/Intermediates.noindex/swift-graphics.build/Debug-watchos/CoreGraphicsGraphics-t.build/Objects-normal/arm64_32/CoreGraphicsGraphics.SwiftConstValuesFileList (in target 'CoreGraphicsGraphics' from project 'swift-graphics')
cd /Users/admin/builder/spi-builder-workspace
write-file /Users/admin/builder/spi-builder-workspace/.derivedData/Build/Intermediates.noindex/swift-graphics.build/Debug-watchos/CoreGraphicsGraphics-t.build/Objects-normal/arm64_32/CoreGraphicsGraphics.SwiftConstValuesFileList
WriteAuxiliaryFile /Users/admin/builder/spi-builder-workspace/.derivedData/Build/Intermediates.noindex/swift-graphics.build/Debug-watchos/CoreGraphicsGraphics-t.build/Objects-normal/arm64_32/CoreGraphicsGraphics.LinkFileList (in target 'CoreGraphicsGraphics' from project 'swift-graphics')
cd /Users/admin/builder/spi-builder-workspace
write-file /Users/admin/builder/spi-builder-workspace/.derivedData/Build/Intermediates.noindex/swift-graphics.build/Debug-watchos/CoreGraphicsGraphics-t.build/Objects-normal/arm64_32/CoreGraphicsGraphics.LinkFileList
WriteAuxiliaryFile /Users/admin/builder/spi-builder-workspace/.derivedData/Build/Intermediates.noindex/swift-graphics.build/Debug-watchos/CoreGraphicsGraphics-t.build/Objects-normal/arm64_32/CoreGraphicsGraphics-OutputFileMap.json (in target 'CoreGraphicsGraphics' from project 'swift-graphics')
cd /Users/admin/builder/spi-builder-workspace
write-file /Users/admin/builder/spi-builder-workspace/.derivedData/Build/Intermediates.noindex/swift-graphics.build/Debug-watchos/CoreGraphicsGraphics-t.build/Objects-normal/arm64_32/CoreGraphicsGraphics-OutputFileMap.json
WriteAuxiliaryFile /Users/admin/builder/spi-builder-workspace/.derivedData/Build/Intermediates.noindex/swift-graphics.build/Debug-watchos/CoreGraphicsGraphics-t.build/Objects-normal/arm64/CoreGraphicsGraphics_const_extract_protocols.json (in target 'CoreGraphicsGraphics' from project 'swift-graphics')
cd /Users/admin/builder/spi-builder-workspace
write-file /Users/admin/builder/spi-builder-workspace/.derivedData/Build/Intermediates.noindex/swift-graphics.build/Debug-watchos/CoreGraphicsGraphics-t.build/Objects-normal/arm64/CoreGraphicsGraphics_const_extract_protocols.json
WriteAuxiliaryFile /Users/admin/builder/spi-builder-workspace/.derivedData/Build/Intermediates.noindex/swift-graphics.build/Debug-watchos/CoreGraphicsGraphics-t.build/Objects-normal/arm64/CoreGraphicsGraphics.SwiftFileList (in target 'CoreGraphicsGraphics' from project 'swift-graphics')
cd /Users/admin/builder/spi-builder-workspace
write-file /Users/admin/builder/spi-builder-workspace/.derivedData/Build/Intermediates.noindex/swift-graphics.build/Debug-watchos/CoreGraphicsGraphics-t.build/Objects-normal/arm64/CoreGraphicsGraphics.SwiftFileList
WriteAuxiliaryFile /Users/admin/builder/spi-builder-workspace/.derivedData/Build/Intermediates.noindex/swift-graphics.build/Debug-watchos/CoreGraphicsGraphics-t.build/Objects-normal/arm64/CoreGraphicsGraphics.SwiftConstValuesFileList (in target 'CoreGraphicsGraphics' from project 'swift-graphics')
cd /Users/admin/builder/spi-builder-workspace
write-file /Users/admin/builder/spi-builder-workspace/.derivedData/Build/Intermediates.noindex/swift-graphics.build/Debug-watchos/CoreGraphicsGraphics-t.build/Objects-normal/arm64/CoreGraphicsGraphics.SwiftConstValuesFileList
Copy /Users/admin/builder/spi-builder-workspace/.derivedData/Build/Intermediates.noindex/GeneratedModuleMaps-watchos/Graphics.modulemap /Users/admin/builder/spi-builder-workspace/.derivedData/Build/Intermediates.noindex/swift-graphics.build/Debug-watchos/Graphics-t.build/Graphics.modulemap (in target 'Graphics' from project 'swift-graphics')
cd /Users/admin/builder/spi-builder-workspace
builtin-copy -exclude .DS_Store -exclude CVS -exclude .svn -exclude .git -exclude .hg -resolve-src-symlinks /Users/admin/builder/spi-builder-workspace/.derivedData/Build/Intermediates.noindex/swift-graphics.build/Debug-watchos/Graphics-t.build/Graphics.modulemap /Users/admin/builder/spi-builder-workspace/.derivedData/Build/Intermediates.noindex/GeneratedModuleMaps-watchos
WriteAuxiliaryFile /Users/admin/builder/spi-builder-workspace/.derivedData/Build/Intermediates.noindex/swift-graphics.build/Debug-watchos/CoreGraphicsGraphics-t.build/Objects-normal/arm64/CoreGraphicsGraphics.LinkFileList (in target 'CoreGraphicsGraphics' from project 'swift-graphics')
cd /Users/admin/builder/spi-builder-workspace
write-file /Users/admin/builder/spi-builder-workspace/.derivedData/Build/Intermediates.noindex/swift-graphics.build/Debug-watchos/CoreGraphicsGraphics-t.build/Objects-normal/arm64/CoreGraphicsGraphics.LinkFileList
WriteAuxiliaryFile /Users/admin/builder/spi-builder-workspace/.derivedData/Build/Intermediates.noindex/swift-graphics.build/Debug-watchos/CoreGraphicsGraphics-t.build/Objects-normal/arm64/CoreGraphicsGraphics-OutputFileMap.json (in target 'CoreGraphicsGraphics' from project 'swift-graphics')
cd /Users/admin/builder/spi-builder-workspace
write-file /Users/admin/builder/spi-builder-workspace/.derivedData/Build/Intermediates.noindex/swift-graphics.build/Debug-watchos/CoreGraphicsGraphics-t.build/Objects-normal/arm64/CoreGraphicsGraphics-OutputFileMap.json
WriteAuxiliaryFile /Users/admin/builder/spi-builder-workspace/.derivedData/Build/Intermediates.noindex/swift-graphics.build/Debug-watchos/CoreGraphicsGraphics-t.build/CoreGraphicsGraphics.modulemap (in target 'CoreGraphicsGraphics' from project 'swift-graphics')
cd /Users/admin/builder/spi-builder-workspace
write-file /Users/admin/builder/spi-builder-workspace/.derivedData/Build/Intermediates.noindex/swift-graphics.build/Debug-watchos/CoreGraphicsGraphics-t.build/CoreGraphicsGraphics.modulemap
WriteAuxiliaryFile /Users/admin/builder/spi-builder-workspace/.derivedData/Build/Intermediates.noindex/swift-graphics.build/Debug-watchos/CoreGraphicsGraphics-t.build/CoreGraphicsGraphics.DependencyStaticMetadataFileList (in target 'CoreGraphicsGraphics' from project 'swift-graphics')
cd /Users/admin/builder/spi-builder-workspace
write-file /Users/admin/builder/spi-builder-workspace/.derivedData/Build/Intermediates.noindex/swift-graphics.build/Debug-watchos/CoreGraphicsGraphics-t.build/CoreGraphicsGraphics.DependencyStaticMetadataFileList
WriteAuxiliaryFile /Users/admin/builder/spi-builder-workspace/.derivedData/Build/Intermediates.noindex/swift-graphics.build/Debug-watchos/CoreGraphicsGraphics-t.build/CoreGraphicsGraphics.DependencyMetadataFileList (in target 'CoreGraphicsGraphics' from project 'swift-graphics')
cd /Users/admin/builder/spi-builder-workspace
write-file /Users/admin/builder/spi-builder-workspace/.derivedData/Build/Intermediates.noindex/swift-graphics.build/Debug-watchos/CoreGraphicsGraphics-t.build/CoreGraphicsGraphics.DependencyMetadataFileList
WriteAuxiliaryFile /Users/admin/builder/spi-builder-workspace/.derivedData/Build/Intermediates.noindex/swift-graphics.build/Debug-watchos/CairoGraphics-t.build/Objects-normal/arm64_32/CairoGraphics.SwiftFileList (in target 'CairoGraphics' from project 'swift-graphics')
cd /Users/admin/builder/spi-builder-workspace
write-file /Users/admin/builder/spi-builder-workspace/.derivedData/Build/Intermediates.noindex/swift-graphics.build/Debug-watchos/CairoGraphics-t.build/Objects-normal/arm64_32/CairoGraphics.SwiftFileList
WriteAuxiliaryFile /Users/admin/builder/spi-builder-workspace/.derivedData/Build/Intermediates.noindex/swift-graphics.build/Debug-watchos/CairoGraphics-t.build/Objects-normal/arm64_32/CairoGraphics_const_extract_protocols.json (in target 'CairoGraphics' from project 'swift-graphics')
cd /Users/admin/builder/spi-builder-workspace
write-file /Users/admin/builder/spi-builder-workspace/.derivedData/Build/Intermediates.noindex/swift-graphics.build/Debug-watchos/CairoGraphics-t.build/Objects-normal/arm64_32/CairoGraphics_const_extract_protocols.json
WriteAuxiliaryFile /Users/admin/builder/spi-builder-workspace/.derivedData/Build/Intermediates.noindex/swift-graphics.build/Debug-watchos/CairoGraphics-t.build/Objects-normal/arm64_32/CairoGraphics.SwiftConstValuesFileList (in target 'CairoGraphics' from project 'swift-graphics')
cd /Users/admin/builder/spi-builder-workspace
write-file /Users/admin/builder/spi-builder-workspace/.derivedData/Build/Intermediates.noindex/swift-graphics.build/Debug-watchos/CairoGraphics-t.build/Objects-normal/arm64_32/CairoGraphics.SwiftConstValuesFileList
WriteAuxiliaryFile /Users/admin/builder/spi-builder-workspace/.derivedData/Build/Intermediates.noindex/swift-graphics.build/Debug-watchos/CairoGraphics-t.build/Objects-normal/arm64_32/CairoGraphics.LinkFileList (in target 'CairoGraphics' from project 'swift-graphics')
cd /Users/admin/builder/spi-builder-workspace
write-file /Users/admin/builder/spi-builder-workspace/.derivedData/Build/Intermediates.noindex/swift-graphics.build/Debug-watchos/CairoGraphics-t.build/Objects-normal/arm64_32/CairoGraphics.LinkFileList
WriteAuxiliaryFile /Users/admin/builder/spi-builder-workspace/.derivedData/Build/Intermediates.noindex/swift-graphics.build/Debug-watchos/CairoGraphics-t.build/Objects-normal/arm64_32/CairoGraphics-OutputFileMap.json (in target 'CairoGraphics' from project 'swift-graphics')
cd /Users/admin/builder/spi-builder-workspace
write-file /Users/admin/builder/spi-builder-workspace/.derivedData/Build/Intermediates.noindex/swift-graphics.build/Debug-watchos/CairoGraphics-t.build/Objects-normal/arm64_32/CairoGraphics-OutputFileMap.json
WriteAuxiliaryFile /Users/admin/builder/spi-builder-workspace/.derivedData/Build/Intermediates.noindex/swift-graphics.build/Debug-watchos/CairoGraphics-t.build/Objects-normal/arm64/CairoGraphics_const_extract_protocols.json (in target 'CairoGraphics' from project 'swift-graphics')
cd /Users/admin/builder/spi-builder-workspace
write-file /Users/admin/builder/spi-builder-workspace/.derivedData/Build/Intermediates.noindex/swift-graphics.build/Debug-watchos/CairoGraphics-t.build/Objects-normal/arm64/CairoGraphics_const_extract_protocols.json
WriteAuxiliaryFile /Users/admin/builder/spi-builder-workspace/.derivedData/Build/Intermediates.noindex/swift-graphics.build/Debug-watchos/CairoGraphics-t.build/Objects-normal/arm64/CairoGraphics.SwiftFileList (in target 'CairoGraphics' from project 'swift-graphics')
cd /Users/admin/builder/spi-builder-workspace
write-file /Users/admin/builder/spi-builder-workspace/.derivedData/Build/Intermediates.noindex/swift-graphics.build/Debug-watchos/CairoGraphics-t.build/Objects-normal/arm64/CairoGraphics.SwiftFileList
WriteAuxiliaryFile /Users/admin/builder/spi-builder-workspace/.derivedData/Build/Intermediates.noindex/swift-graphics.build/Debug-watchos/CairoGraphics-t.build/Objects-normal/arm64/CairoGraphics.SwiftConstValuesFileList (in target 'CairoGraphics' from project 'swift-graphics')
cd /Users/admin/builder/spi-builder-workspace
write-file /Users/admin/builder/spi-builder-workspace/.derivedData/Build/Intermediates.noindex/swift-graphics.build/Debug-watchos/CairoGraphics-t.build/Objects-normal/arm64/CairoGraphics.SwiftConstValuesFileList
WriteAuxiliaryFile /Users/admin/builder/spi-builder-workspace/.derivedData/Build/Intermediates.noindex/swift-graphics.build/Debug-watchos/CairoGraphics-t.build/Objects-normal/arm64/CairoGraphics.LinkFileList (in target 'CairoGraphics' from project 'swift-graphics')
cd /Users/admin/builder/spi-builder-workspace
write-file /Users/admin/builder/spi-builder-workspace/.derivedData/Build/Intermediates.noindex/swift-graphics.build/Debug-watchos/CairoGraphics-t.build/Objects-normal/arm64/CairoGraphics.LinkFileList
Copy /Users/admin/builder/spi-builder-workspace/.derivedData/Build/Intermediates.noindex/GeneratedModuleMaps-watchos/CoreGraphicsGraphics.modulemap /Users/admin/builder/spi-builder-workspace/.derivedData/Build/Intermediates.noindex/swift-graphics.build/Debug-watchos/CoreGraphicsGraphics-t.build/CoreGraphicsGraphics.modulemap (in target 'CoreGraphicsGraphics' from project 'swift-graphics')
cd /Users/admin/builder/spi-builder-workspace
builtin-copy -exclude .DS_Store -exclude CVS -exclude .svn -exclude .git -exclude .hg -resolve-src-symlinks /Users/admin/builder/spi-builder-workspace/.derivedData/Build/Intermediates.noindex/swift-graphics.build/Debug-watchos/CoreGraphicsGraphics-t.build/CoreGraphicsGraphics.modulemap /Users/admin/builder/spi-builder-workspace/.derivedData/Build/Intermediates.noindex/GeneratedModuleMaps-watchos
WriteAuxiliaryFile /Users/admin/builder/spi-builder-workspace/.derivedData/Build/Intermediates.noindex/swift-graphics.build/Debug-watchos/CairoGraphics-t.build/Objects-normal/arm64/CairoGraphics-OutputFileMap.json (in target 'CairoGraphics' from project 'swift-graphics')
cd /Users/admin/builder/spi-builder-workspace
write-file /Users/admin/builder/spi-builder-workspace/.derivedData/Build/Intermediates.noindex/swift-graphics.build/Debug-watchos/CairoGraphics-t.build/Objects-normal/arm64/CairoGraphics-OutputFileMap.json
WriteAuxiliaryFile /Users/admin/builder/spi-builder-workspace/.derivedData/Build/Intermediates.noindex/swift-graphics.build/Debug-watchos/CairoGraphics-t.build/CairoGraphics.modulemap (in target 'CairoGraphics' from project 'swift-graphics')
cd /Users/admin/builder/spi-builder-workspace
write-file /Users/admin/builder/spi-builder-workspace/.derivedData/Build/Intermediates.noindex/swift-graphics.build/Debug-watchos/CairoGraphics-t.build/CairoGraphics.modulemap
WriteAuxiliaryFile /Users/admin/builder/spi-builder-workspace/.derivedData/Build/Intermediates.noindex/swift-graphics.build/Debug-watchos/CairoGraphics-t.build/CairoGraphics.DependencyStaticMetadataFileList (in target 'CairoGraphics' from project 'swift-graphics')
cd /Users/admin/builder/spi-builder-workspace
write-file /Users/admin/builder/spi-builder-workspace/.derivedData/Build/Intermediates.noindex/swift-graphics.build/Debug-watchos/CairoGraphics-t.build/CairoGraphics.DependencyStaticMetadataFileList
WriteAuxiliaryFile /Users/admin/builder/spi-builder-workspace/.derivedData/Build/Intermediates.noindex/swift-graphics.build/Debug-watchos/CairoGraphics-t.build/CairoGraphics.DependencyMetadataFileList (in target 'CairoGraphics' from project 'swift-graphics')
cd /Users/admin/builder/spi-builder-workspace
write-file /Users/admin/builder/spi-builder-workspace/.derivedData/Build/Intermediates.noindex/swift-graphics.build/Debug-watchos/CairoGraphics-t.build/CairoGraphics.DependencyMetadataFileList
WriteAuxiliaryFile /Users/admin/builder/spi-builder-workspace/.derivedData/Build/Intermediates.noindex/swift-cairo.build/Debug-watchos/Cairo-t.build/Objects-normal/arm64_32/Cairo.SwiftFileList (in target 'Cairo' from project 'swift-cairo')
cd /Users/admin/builder/spi-builder-workspace/.dependencies/checkouts/swift-cairo
write-file /Users/admin/builder/spi-builder-workspace/.derivedData/Build/Intermediates.noindex/swift-cairo.build/Debug-watchos/Cairo-t.build/Objects-normal/arm64_32/Cairo.SwiftFileList
WriteAuxiliaryFile /Users/admin/builder/spi-builder-workspace/.derivedData/Build/Intermediates.noindex/swift-cairo.build/Debug-watchos/Cairo-t.build/Objects-normal/arm64_32/Cairo_const_extract_protocols.json (in target 'Cairo' from project 'swift-cairo')
cd /Users/admin/builder/spi-builder-workspace/.dependencies/checkouts/swift-cairo
write-file /Users/admin/builder/spi-builder-workspace/.derivedData/Build/Intermediates.noindex/swift-cairo.build/Debug-watchos/Cairo-t.build/Objects-normal/arm64_32/Cairo_const_extract_protocols.json
WriteAuxiliaryFile /Users/admin/builder/spi-builder-workspace/.derivedData/Build/Intermediates.noindex/swift-cairo.build/Debug-watchos/Cairo-t.build/Objects-normal/arm64_32/Cairo.SwiftConstValuesFileList (in target 'Cairo' from project 'swift-cairo')
cd /Users/admin/builder/spi-builder-workspace/.dependencies/checkouts/swift-cairo
write-file /Users/admin/builder/spi-builder-workspace/.derivedData/Build/Intermediates.noindex/swift-cairo.build/Debug-watchos/Cairo-t.build/Objects-normal/arm64_32/Cairo.SwiftConstValuesFileList
WriteAuxiliaryFile /Users/admin/builder/spi-builder-workspace/.derivedData/Build/Intermediates.noindex/swift-cairo.build/Debug-watchos/Cairo-t.build/Objects-normal/arm64_32/Cairo.LinkFileList (in target 'Cairo' from project 'swift-cairo')
cd /Users/admin/builder/spi-builder-workspace/.dependencies/checkouts/swift-cairo
write-file /Users/admin/builder/spi-builder-workspace/.derivedData/Build/Intermediates.noindex/swift-cairo.build/Debug-watchos/Cairo-t.build/Objects-normal/arm64_32/Cairo.LinkFileList
WriteAuxiliaryFile /Users/admin/builder/spi-builder-workspace/.derivedData/Build/Intermediates.noindex/swift-cairo.build/Debug-watchos/Cairo-t.build/Objects-normal/arm64_32/Cairo-OutputFileMap.json (in target 'Cairo' from project 'swift-cairo')
cd /Users/admin/builder/spi-builder-workspace/.dependencies/checkouts/swift-cairo
write-file /Users/admin/builder/spi-builder-workspace/.derivedData/Build/Intermediates.noindex/swift-cairo.build/Debug-watchos/Cairo-t.build/Objects-normal/arm64_32/Cairo-OutputFileMap.json
WriteAuxiliaryFile /Users/admin/builder/spi-builder-workspace/.derivedData/Build/Intermediates.noindex/swift-cairo.build/Debug-watchos/Cairo-t.build/Objects-normal/arm64/Cairo_const_extract_protocols.json (in target 'Cairo' from project 'swift-cairo')
cd /Users/admin/builder/spi-builder-workspace/.dependencies/checkouts/swift-cairo
write-file /Users/admin/builder/spi-builder-workspace/.derivedData/Build/Intermediates.noindex/swift-cairo.build/Debug-watchos/Cairo-t.build/Objects-normal/arm64/Cairo_const_extract_protocols.json
WriteAuxiliaryFile /Users/admin/builder/spi-builder-workspace/.derivedData/Build/Intermediates.noindex/swift-cairo.build/Debug-watchos/Cairo-t.build/Objects-normal/arm64/Cairo.SwiftConstValuesFileList (in target 'Cairo' from project 'swift-cairo')
cd /Users/admin/builder/spi-builder-workspace/.dependencies/checkouts/swift-cairo
write-file /Users/admin/builder/spi-builder-workspace/.derivedData/Build/Intermediates.noindex/swift-cairo.build/Debug-watchos/Cairo-t.build/Objects-normal/arm64/Cairo.SwiftConstValuesFileList
WriteAuxiliaryFile /Users/admin/builder/spi-builder-workspace/.derivedData/Build/Intermediates.noindex/swift-cairo.build/Debug-watchos/Cairo-t.build/Objects-normal/arm64/Cairo.SwiftFileList (in target 'Cairo' from project 'swift-cairo')
cd /Users/admin/builder/spi-builder-workspace/.dependencies/checkouts/swift-cairo
write-file /Users/admin/builder/spi-builder-workspace/.derivedData/Build/Intermediates.noindex/swift-cairo.build/Debug-watchos/Cairo-t.build/Objects-normal/arm64/Cairo.SwiftFileList
Copy /Users/admin/builder/spi-builder-workspace/.derivedData/Build/Intermediates.noindex/GeneratedModuleMaps-watchos/CairoGraphics.modulemap /Users/admin/builder/spi-builder-workspace/.derivedData/Build/Intermediates.noindex/swift-graphics.build/Debug-watchos/CairoGraphics-t.build/CairoGraphics.modulemap (in target 'CairoGraphics' from project 'swift-graphics')
cd /Users/admin/builder/spi-builder-workspace
builtin-copy -exclude .DS_Store -exclude CVS -exclude .svn -exclude .git -exclude .hg -resolve-src-symlinks /Users/admin/builder/spi-builder-workspace/.derivedData/Build/Intermediates.noindex/swift-graphics.build/Debug-watchos/CairoGraphics-t.build/CairoGraphics.modulemap /Users/admin/builder/spi-builder-workspace/.derivedData/Build/Intermediates.noindex/GeneratedModuleMaps-watchos
WriteAuxiliaryFile /Users/admin/builder/spi-builder-workspace/.derivedData/Build/Intermediates.noindex/swift-cairo.build/Debug-watchos/Cairo-t.build/Objects-normal/arm64/Cairo.LinkFileList (in target 'Cairo' from project 'swift-cairo')
cd /Users/admin/builder/spi-builder-workspace/.dependencies/checkouts/swift-cairo
write-file /Users/admin/builder/spi-builder-workspace/.derivedData/Build/Intermediates.noindex/swift-cairo.build/Debug-watchos/Cairo-t.build/Objects-normal/arm64/Cairo.LinkFileList
WriteAuxiliaryFile /Users/admin/builder/spi-builder-workspace/.derivedData/Build/Intermediates.noindex/swift-cairo.build/Debug-watchos/Cairo-t.build/Objects-normal/arm64/Cairo-OutputFileMap.json (in target 'Cairo' from project 'swift-cairo')
cd /Users/admin/builder/spi-builder-workspace/.dependencies/checkouts/swift-cairo
write-file /Users/admin/builder/spi-builder-workspace/.derivedData/Build/Intermediates.noindex/swift-cairo.build/Debug-watchos/Cairo-t.build/Objects-normal/arm64/Cairo-OutputFileMap.json
WriteAuxiliaryFile /Users/admin/builder/spi-builder-workspace/.derivedData/Build/Intermediates.noindex/swift-cairo.build/Debug-watchos/Cairo-t.build/Cairo.modulemap (in target 'Cairo' from project 'swift-cairo')
cd /Users/admin/builder/spi-builder-workspace/.dependencies/checkouts/swift-cairo
write-file /Users/admin/builder/spi-builder-workspace/.derivedData/Build/Intermediates.noindex/swift-cairo.build/Debug-watchos/Cairo-t.build/Cairo.modulemap
WriteAuxiliaryFile /Users/admin/builder/spi-builder-workspace/.derivedData/Build/Intermediates.noindex/swift-cairo.build/Debug-watchos/Cairo-t.build/Cairo.DependencyStaticMetadataFileList (in target 'Cairo' from project 'swift-cairo')
cd /Users/admin/builder/spi-builder-workspace/.dependencies/checkouts/swift-cairo
write-file /Users/admin/builder/spi-builder-workspace/.derivedData/Build/Intermediates.noindex/swift-cairo.build/Debug-watchos/Cairo-t.build/Cairo.DependencyStaticMetadataFileList
WriteAuxiliaryFile /Users/admin/builder/spi-builder-workspace/.derivedData/Build/Intermediates.noindex/swift-cairo.build/Debug-watchos/Cairo-t.build/Cairo.DependencyMetadataFileList (in target 'Cairo' from project 'swift-cairo')
cd /Users/admin/builder/spi-builder-workspace/.dependencies/checkouts/swift-cairo
write-file /Users/admin/builder/spi-builder-workspace/.derivedData/Build/Intermediates.noindex/swift-cairo.build/Debug-watchos/Cairo-t.build/Cairo.DependencyMetadataFileList
Copy /Users/admin/builder/spi-builder-workspace/.derivedData/Build/Intermediates.noindex/GeneratedModuleMaps-watchos/Cairo.modulemap /Users/admin/builder/spi-builder-workspace/.derivedData/Build/Intermediates.noindex/swift-cairo.build/Debug-watchos/Cairo-t.build/Cairo.modulemap (in target 'Cairo' from project 'swift-cairo')
cd /Users/admin/builder/spi-builder-workspace/.dependencies/checkouts/swift-cairo
builtin-copy -exclude .DS_Store -exclude CVS -exclude .svn -exclude .git -exclude .hg -resolve-src-symlinks /Users/admin/builder/spi-builder-workspace/.derivedData/Build/Intermediates.noindex/swift-cairo.build/Debug-watchos/Cairo-t.build/Cairo.modulemap /Users/admin/builder/spi-builder-workspace/.derivedData/Build/Intermediates.noindex/GeneratedModuleMaps-watchos
SwiftDriver XMLCoder normal arm64 com.apple.xcode.tools.swift.compiler (in target 'XMLCoder' from project 'XMLCoder')
cd /Users/admin/builder/spi-builder-workspace/.swiftpm/xcode
builtin-SwiftDriver -- /Applications/Xcode-27.0.0-Release.Candidate.app/Contents/Developer/Toolchains/XcodeDefault.xctoolchain/usr/bin/swiftc -parse-as-library -module-name XMLCoder -Onone @/Users/admin/builder/spi-builder-workspace/.derivedData/Build/Intermediates.noindex/XMLCoder.build/Debug-watchos/XMLCoder-t.build/Objects-normal/arm64/XMLCoder.SwiftFileList -DSWIFT_PACKAGE -DDEBUG -DSWIFT_MODULE_RESOURCE_BUNDLE_UNAVAILABLE -DXcode -plugin-path /Applications/Xcode-27.0.0-Release.Candidate.app/Contents/Developer/Toolchains/XcodeDefault.xctoolchain/usr/lib/swift/host/plugins/testing -enable-experimental-feature DebugDescriptionMacro -sdk /Applications/Xcode-27.0.0-Release.Candidate.app/Contents/Developer/Platforms/WatchOS.platform/Developer/SDKs/WatchOS27.0.sdk -target arm64-apple-watchos9.0 -g -module-cache-path /Users/admin/builder/spi-builder-workspace/.derivedData/ModuleCache.noindex -Xfrontend -serialize-debugging-options -profile-coverage-mapping -profile-generate -enable-testing -suppress-warnings -index-store-path /Users/admin/builder/spi-builder-workspace/.derivedData/Index.noindex/DataStore -Xcc -D_LIBCPP_HARDENING_MODE\=_LIBCPP_HARDENING_MODE_DEBUG -swift-version 5 -I /Users/admin/builder/spi-builder-workspace/.derivedData/Build/Products/Debug-watchos -Isystem /Applications/Xcode-27.0.0-Release.Candidate.app/Contents/Developer/Platforms/WatchOS.platform/Developer/usr/lib -F /Users/admin/builder/spi-builder-workspace/.derivedData/Build/Products/Debug-watchos -F /Applications/Xcode-27.0.0-Release.Candidate.app/Contents/Developer/Platforms/WatchOS.platform/Developer/Library/Frameworks -F /Applications/Xcode-27.0.0-Release.Candidate.app/Contents/Developer/Platforms/WatchOS.platform/Developer/SDKs/WatchOS27.0.sdk/Developer/Library/Frameworks -c -j10 -enable-batch-mode -incremental -Xcc -ivfsstatcache -Xcc /Users/admin/builder/spi-builder-workspace/.derivedData/SDKStatCaches.noindex/watchos27.0-24R360-e829b21a6f8c9b70876ba0858053c04477534ef55a1706bf4c1112bbb242f0a2.sdkstatcache -output-file-map /Users/admin/builder/spi-builder-workspace/.derivedData/Build/Intermediates.noindex/XMLCoder.build/Debug-watchos/XMLCoder-t.build/Objects-normal/arm64/XMLCoder-OutputFileMap.json -save-temps -no-color-diagnostics -explicit-module-build -module-cache-path /Users/admin/builder/spi-builder-workspace/.derivedData/Build/Intermediates.noindex/SwiftExplicitPrecompiledModules -clang-scanner-module-cache-path /Users/admin/builder/spi-builder-workspace/.derivedData/ModuleCache.noindex -sdk-module-cache-path /Users/admin/builder/spi-builder-workspace/.derivedData/SDKExplicitPrecompiledModules -emit-dependencies -emit-module -emit-module-path /Users/admin/builder/spi-builder-workspace/.derivedData/Build/Intermediates.noindex/XMLCoder.build/Debug-watchos/XMLCoder-t.build/Objects-normal/arm64/XMLCoder.swiftmodule -serialize-diagnostics -dependency-scan-serialize-diagnostics-path /Users/admin/builder/spi-builder-workspace/.derivedData/Build/Intermediates.noindex/XMLCoder.build/Debug-watchos/XMLCoder-t.build/Objects-normal/arm64/XMLCoder-dependency-scan.dia -validate-clang-modules-once -clang-build-session-file /Users/admin/builder/spi-builder-workspace/.derivedData/ModuleCache.noindex/Session.modulevalidation -Xcc -fmodules-prune-interval\=86400 -Xcc -fmodules-prune-after\=345600 -emit-const-values -const-gather-protocols-list /Users/admin/builder/spi-builder-workspace/.derivedData/Build/Intermediates.noindex/XMLCoder.build/Debug-watchos/XMLCoder-t.build/Objects-normal/arm64/XMLCoder_const_extract_protocols.json -Xcc -I/Users/admin/builder/spi-builder-workspace/.derivedData/Build/Products/Debug-watchos/include -Xcc -I/Users/admin/builder/spi-builder-workspace/.derivedData/Build/Intermediates.noindex/XMLCoder.build/Debug-watchos/XMLCoder-t.build/DerivedSources-normal/arm64 -Xcc -I/Users/admin/builder/spi-builder-workspace/.derivedData/Build/Intermediates.noindex/XMLCoder.build/Debug-watchos/XMLCoder-t.build/DerivedSources/arm64 -Xcc -I/Users/admin/builder/spi-builder-workspace/.derivedData/Build/Intermediates.noindex/XMLCoder.build/Debug-watchos/XMLCoder-t.build/DerivedSources -Xcc -DSWIFT_PACKAGE -Xcc -DDEBUG\=1 -emit-objc-header -emit-objc-header-path /Users/admin/builder/spi-builder-workspace/.derivedData/Build/Intermediates.noindex/XMLCoder.build/Debug-watchos/XMLCoder-t.build/Objects-normal/arm64/XMLCoder-Swift.h -working-directory /Users/admin/builder/spi-builder-workspace/.swiftpm/xcode -experimental-emit-module-separately -disable-cmo
SwiftDriver Cairo normal arm64_32 com.apple.xcode.tools.swift.compiler (in target 'Cairo' from project 'swift-cairo')
cd /Users/admin/builder/spi-builder-workspace/.swiftpm/xcode
builtin-SwiftDriver -- /Applications/Xcode-27.0.0-Release.Candidate.app/Contents/Developer/Toolchains/XcodeDefault.xctoolchain/usr/bin/swiftc -parse-as-library -module-name Cairo -Onone @/Users/admin/builder/spi-builder-workspace/.derivedData/Build/Intermediates.noindex/swift-cairo.build/Debug-watchos/Cairo-t.build/Objects-normal/arm64_32/Cairo.SwiftFileList -DSWIFT_PACKAGE -DDEBUG -DSWIFT_MODULE_RESOURCE_BUNDLE_UNAVAILABLE -Xcc -fmodule-map-file\=/Users/admin/builder/spi-builder-workspace/.dependencies/checkouts/swift-cairo/Sources/SCCFreeType/module.modulemap -Xcc -fmodule-map-file\=/Users/admin/builder/spi-builder-workspace/.dependencies/checkouts/swift-cairo/Sources/SCCFontConfig/module.modulemap -Xcc -fmodule-map-file\=/Users/admin/builder/spi-builder-workspace/.dependencies/checkouts/swift-cairo/Sources/SCCCairo/module.modulemap -DXcode -plugin-path /Applications/Xcode-27.0.0-Release.Candidate.app/Contents/Developer/Toolchains/XcodeDefault.xctoolchain/usr/lib/swift/host/plugins/testing -enable-experimental-feature DebugDescriptionMacro -sdk /Applications/Xcode-27.0.0-Release.Candidate.app/Contents/Developer/Platforms/WatchOS.platform/Developer/SDKs/WatchOS27.0.sdk -target arm64_32-apple-watchos9.0 -g -module-cache-path /Users/admin/builder/spi-builder-workspace/.derivedData/ModuleCache.noindex -Xfrontend -serialize-debugging-options -profile-coverage-mapping -profile-generate -enable-testing -suppress-warnings -index-store-path /Users/admin/builder/spi-builder-workspace/.derivedData/Index.noindex/DataStore -Xcc -D_LIBCPP_HARDENING_MODE\=_LIBCPP_HARDENING_MODE_DEBUG -swift-version 5 -I /Users/admin/builder/spi-builder-workspace/.derivedData/Build/Products/Debug-watchos -Isystem /Applications/Xcode-27.0.0-Release.Candidate.app/Contents/Developer/Platforms/WatchOS.platform/Developer/usr/lib -F /Users/admin/builder/spi-builder-workspace/.derivedData/Build/Products/Debug-watchos -F /Applications/Xcode-27.0.0-Release.Candidate.app/Contents/Developer/Platforms/WatchOS.platform/Developer/Library/Frameworks -F /Applications/Xcode-27.0.0-Release.Candidate.app/Contents/Developer/Platforms/WatchOS.platform/Developer/SDKs/WatchOS27.0.sdk/Developer/Library/Frameworks -c -j10 -enable-batch-mode -incremental -Xcc -ivfsstatcache -Xcc /Users/admin/builder/spi-builder-workspace/.derivedData/SDKStatCaches.noindex/watchos27.0-24R360-e829b21a6f8c9b70876ba0858053c04477534ef55a1706bf4c1112bbb242f0a2.sdkstatcache -output-file-map /Users/admin/builder/spi-builder-workspace/.derivedData/Build/Intermediates.noindex/swift-cairo.build/Debug-watchos/Cairo-t.build/Objects-normal/arm64_32/Cairo-OutputFileMap.json -save-temps -no-color-diagnostics -explicit-module-build -module-cache-path /Users/admin/builder/spi-builder-workspace/.derivedData/Build/Intermediates.noindex/SwiftExplicitPrecompiledModules -clang-scanner-module-cache-path /Users/admin/builder/spi-builder-workspace/.derivedData/ModuleCache.noindex -sdk-module-cache-path /Users/admin/builder/spi-builder-workspace/.derivedData/SDKExplicitPrecompiledModules -emit-dependencies -emit-module -emit-module-path /Users/admin/builder/spi-builder-workspace/.derivedData/Build/Intermediates.noindex/swift-cairo.build/Debug-watchos/Cairo-t.build/Objects-normal/arm64_32/Cairo.swiftmodule -serialize-diagnostics -dependency-scan-serialize-diagnostics-path /Users/admin/builder/spi-builder-workspace/.derivedData/Build/Intermediates.noindex/swift-cairo.build/Debug-watchos/Cairo-t.build/Objects-normal/arm64_32/Cairo-dependency-scan.dia -validate-clang-modules-once -clang-build-session-file /Users/admin/builder/spi-builder-workspace/.derivedData/ModuleCache.noindex/Session.modulevalidation -Xcc -fmodules-prune-interval\=86400 -Xcc -fmodules-prune-after\=345600 -emit-const-values -const-gather-protocols-list /Users/admin/builder/spi-builder-workspace/.derivedData/Build/Intermediates.noindex/swift-cairo.build/Debug-watchos/Cairo-t.build/Objects-normal/arm64_32/Cairo_const_extract_protocols.json -Xcc -I/Users/admin/builder/spi-builder-workspace/.derivedData/Build/Products/Debug-watchos/include -Xcc -I/Users/admin/builder/spi-builder-workspace/.derivedData/Build/Intermediates.noindex/swift-cairo.build/Debug-watchos/Cairo-t.build/DerivedSources-normal/arm64_32 -Xcc -I/Users/admin/builder/spi-builder-workspace/.derivedData/Build/Intermediates.noindex/swift-cairo.build/Debug-watchos/Cairo-t.build/DerivedSources/arm64_32 -Xcc -I/Users/admin/builder/spi-builder-workspace/.derivedData/Build/Intermediates.noindex/swift-cairo.build/Debug-watchos/Cairo-t.build/DerivedSources -Xcc -DSWIFT_PACKAGE -Xcc -DDEBUG\=1 -emit-objc-header -emit-objc-header-path /Users/admin/builder/spi-builder-workspace/.derivedData/Build/Intermediates.noindex/swift-cairo.build/Debug-watchos/Cairo-t.build/Objects-normal/arm64_32/Cairo-Swift.h -working-directory /Users/admin/builder/spi-builder-workspace/.swiftpm/xcode -experimental-emit-module-separately -disable-cmo
error: Clang dependency scanning failure: While building module 'SCCCairo' imported from module-include.input:1:
In file included from <module-includes>:1:
/Users/admin/builder/spi-builder-workspace/.dependencies/checkouts/swift-cairo/Sources/SCCCairo/shim.h:1:10: fatal error: 'cairo.h' file not found
module-include.input:1:2: fatal error: could not build module 'SCCCairo'
(in target 'Cairo' from project 'swift-cairo')
error: Clang dependency scanning failure: While building module 'SCCFontConfig' imported from module-include.input:1:
In file included from <module-includes>:1:
/Users/admin/builder/spi-builder-workspace/.dependencies/checkouts/swift-cairo/Sources/SCCFontConfig/shim.h:1:10: fatal error: 'fontconfig/fontconfig.h' file not found
module-include.input:1:3: fatal error: could not build module 'SCCFontConfig'
(in target 'Cairo' from project 'swift-cairo')
error: Clang dependency scanning failure: While building module 'SCCFreeType' imported from module-include.input:1:
In file included from <module-includes>:1:
/Users/admin/builder/spi-builder-workspace/.dependencies/checkouts/swift-cairo/Sources/SCCFreeType/shim.h:1:10: fatal error: 'ft2build.h' file not found
module-include.input:1:4: fatal error: could not build module 'SCCFreeType'
(in target 'Cairo' from project 'swift-cairo')
/Users/admin/builder/spi-builder-workspace/.dependencies/checkouts/swift-cairo/Sources/Cairo/Content.swift:9:15: error: Unable to resolve module dependency: 'SCCCairo' (in target 'Cairo' from project 'swift-cairo')
note: A dependency of main module 'Cairo'
/Users/admin/builder/spi-builder-workspace/.dependencies/checkouts/swift-cairo/Sources/Cairo/Context.swift:9:8: note: Also imported here
/Users/admin/builder/spi-builder-workspace/.dependencies/checkouts/swift-cairo/Sources/Cairo/Font.swift:9:8: note: Also imported here
/Users/admin/builder/spi-builder-workspace/.dependencies/checkouts/swift-cairo/Sources/Cairo/ImageFormat.swift:9:15: note: Also imported here
/Users/admin/builder/spi-builder-workspace/.dependencies/checkouts/swift-cairo/Sources/Cairo/ImageFormat.swift:10:13: note: Also imported here
/Users/admin/builder/spi-builder-workspace/.dependencies/checkouts/swift-cairo/Sources/Cairo/Matrix.swift:9:8: note: Also imported here
/Users/admin/builder/spi-builder-workspace/.dependencies/checkouts/swift-cairo/Sources/Cairo/Path.swift:9:8: note: Also imported here
/Users/admin/builder/spi-builder-workspace/.dependencies/checkouts/swift-cairo/Sources/Cairo/Pattern.swift:9:8: note: Also imported here
/Users/admin/builder/spi-builder-workspace/.dependencies/checkouts/swift-cairo/Sources/Cairo/Status.swift:9:8: note: Also imported here
/Users/admin/builder/spi-builder-workspace/.dependencies/checkouts/swift-cairo/Sources/Cairo/Surface.swift:9:8: note: Also imported here
/Users/admin/builder/spi-builder-workspace/.dependencies/checkouts/swift-cairo/Sources/Cairo/SurfaceImage.swift:10:8: note: Also imported here
/Users/admin/builder/spi-builder-workspace/.dependencies/checkouts/swift-cairo/Sources/Cairo/SurfacePDF.swift:9:8: note: Also imported here
/Users/admin/builder/spi-builder-workspace/.dependencies/checkouts/swift-cairo/Sources/Cairo/SurfacePNG.swift:10:8: note: Also imported here
/Users/admin/builder/spi-builder-workspace/.dependencies/checkouts/swift-cairo/Sources/Cairo/SurfaceSVG.swift:9:8: note: Also imported here
/Users/admin/builder/spi-builder-workspace/.dependencies/checkouts/swift-cairo/Sources/Cairo/SurfaceType.swift:9:8: note: Also imported here
/Users/admin/builder/spi-builder-workspace/.dependencies/checkouts/swift-cairo/Sources/Cairo/Font.swift:10:8: error: Unable to resolve module dependency: 'SCCFontConfig' (in target 'Cairo' from project 'swift-cairo')
note: A dependency of main module 'Cairo'
/Users/admin/builder/spi-builder-workspace/.dependencies/checkouts/swift-cairo/Sources/Cairo/Font.swift:11:8: error: Unable to resolve module dependency: 'SCCFreeType' (in target 'Cairo' from project 'swift-cairo')
note: A dependency of main module 'Cairo'
error: Clang dependency scanning failure: While building module 'SCCCairo' imported from module-include.input:1:
In file included from <module-includes>:1:
/Users/admin/builder/spi-builder-workspace/.dependencies/checkouts/swift-cairo/Sources/SCCCairo/shim.h:1:10: fatal error: 'cairo.h' file not found
module-include.input:1:2: fatal error: could not build module 'SCCCairo'
(in target 'Cairo' from project 'swift-cairo')
error: Clang dependency scanning failure: While building module 'SCCFontConfig' imported from module-include.input:1:
In file included from <module-includes>:1:
/Users/admin/builder/spi-builder-workspace/.dependencies/checkouts/swift-cairo/Sources/SCCFontConfig/shim.h:1:10: fatal error: 'fontconfig/fontconfig.h' file not found
module-include.input:1:3: fatal error: could not build module 'SCCFontConfig'
(in target 'Cairo' from project 'swift-cairo')
error: Clang dependency scanning failure: While building module 'SCCFreeType' imported from module-include.input:1:
In file included from <module-includes>:1:
/Users/admin/builder/spi-builder-workspace/.dependencies/checkouts/swift-cairo/Sources/SCCFreeType/shim.h:1:10: fatal error: 'ft2build.h' file not found
module-include.input:1:4: fatal error: could not build module 'SCCFreeType'
(in target 'Cairo' from project 'swift-cairo')
/Users/admin/builder/spi-builder-workspace/.dependencies/checkouts/swift-cairo/Sources/Cairo/Content.swift:9:15: note: A dependency of main module 'Cairo'
import struct SCCCairo.cairo_content_t
^ (in target 'Cairo' from project 'swift-cairo')
/Users/admin/builder/spi-builder-workspace/.dependencies/checkouts/swift-cairo/Sources/Cairo/Context.swift:9:8: note: Also imported here
import SCCCairo
^ (in target 'Cairo' from project 'swift-cairo')
/Users/admin/builder/spi-builder-workspace/.dependencies/checkouts/swift-cairo/Sources/Cairo/Font.swift:9:8: note: Also imported here
import SCCCairo
^ (in target 'Cairo' from project 'swift-cairo')
/Users/admin/builder/spi-builder-workspace/.dependencies/checkouts/swift-cairo/Sources/Cairo/ImageFormat.swift:9:15: note: Also imported here
import struct SCCCairo.cairo_format_t
^ (in target 'Cairo' from project 'swift-cairo')
/Users/admin/builder/spi-builder-workspace/.dependencies/checkouts/swift-cairo/Sources/Cairo/ImageFormat.swift:10:13: note: Also imported here
import func SCCCairo.cairo_format_stride_for_width
^ (in target 'Cairo' from project 'swift-cairo')
/Users/admin/builder/spi-builder-workspace/.dependencies/checkouts/swift-cairo/Sources/Cairo/Matrix.swift:9:8: note: Also imported here
import SCCCairo
^ (in target 'Cairo' from project 'swift-cairo')
/Users/admin/builder/spi-builder-workspace/.dependencies/checkouts/swift-cairo/Sources/Cairo/Path.swift:9:8: note: Also imported here
import SCCCairo
^ (in target 'Cairo' from project 'swift-cairo')
/Users/admin/builder/spi-builder-workspace/.dependencies/checkouts/swift-cairo/Sources/Cairo/Pattern.swift:9:8: note: Also imported here
import SCCCairo
^ (in target 'Cairo' from project 'swift-cairo')
/Users/admin/builder/spi-builder-workspace/.dependencies/checkouts/swift-cairo/Sources/Cairo/Status.swift:9:8: note: Also imported here
import SCCCairo
^ (in target 'Cairo' from project 'swift-cairo')
/Users/admin/builder/spi-builder-workspace/.dependencies/checkouts/swift-cairo/Sources/Cairo/Surface.swift:9:8: note: Also imported here
import SCCCairo
^ (in target 'Cairo' from project 'swift-cairo')
/Users/admin/builder/spi-builder-workspace/.dependencies/checkouts/swift-cairo/Sources/Cairo/SurfaceImage.swift:10:8: note: Also imported here
import SCCCairo
^ (in target 'Cairo' from project 'swift-cairo')
/Users/admin/builder/spi-builder-workspace/.dependencies/checkouts/swift-cairo/Sources/Cairo/SurfacePDF.swift:9:8: note: Also imported here
import SCCCairo
^ (in target 'Cairo' from project 'swift-cairo')
/Users/admin/builder/spi-builder-workspace/.dependencies/checkouts/swift-cairo/Sources/Cairo/SurfacePNG.swift:10:8: note: Also imported here
import SCCCairo
^ (in target 'Cairo' from project 'swift-cairo')
/Users/admin/builder/spi-builder-workspace/.dependencies/checkouts/swift-cairo/Sources/Cairo/SurfaceSVG.swift:9:8: note: Also imported here
import SCCCairo
^ (in target 'Cairo' from project 'swift-cairo')
/Users/admin/builder/spi-builder-workspace/.dependencies/checkouts/swift-cairo/Sources/Cairo/SurfaceType.swift:9:8: note: Also imported here
import SCCCairo
^ (in target 'Cairo' from project 'swift-cairo')
/Users/admin/builder/spi-builder-workspace/.dependencies/checkouts/swift-cairo/Sources/Cairo/Font.swift:10:8: note: A dependency of main module 'Cairo'
import SCCFontConfig
^ (in target 'Cairo' from project 'swift-cairo')
/Users/admin/builder/spi-builder-workspace/.dependencies/checkouts/swift-cairo/Sources/Cairo/Font.swift:11:8: note: A dependency of main module 'Cairo'
import SCCFreeType
^ (in target 'Cairo' from project 'swift-cairo')
SwiftDriver Logging normal arm64_32 com.apple.xcode.tools.swift.compiler (in target 'Logging' from project 'swift-log')
cd /Users/admin/builder/spi-builder-workspace/.swiftpm/xcode
builtin-SwiftDriver -- /Applications/Xcode-27.0.0-Release.Candidate.app/Contents/Developer/Toolchains/XcodeDefault.xctoolchain/usr/bin/swiftc -parse-as-library -module-name Logging -Onone @/Users/admin/builder/spi-builder-workspace/.derivedData/Build/Intermediates.noindex/swift-log.build/Debug-watchos/Logging-t.build/Objects-normal/arm64_32/Logging.SwiftFileList -DSWIFT_PACKAGE -DDEBUG -DSWIFT_MODULE_RESOURCE_BUNDLE_UNAVAILABLE -DXcode -enable-upcoming-feature ExistentialAny -enable-upcoming-feature MemberImportVisibility -enable-upcoming-feature InternalImportsByDefault -enable-upcoming-feature NonisolatedNonsendingByDefault -Xfrontend -require-explicit-sendable -plugin-path /Applications/Xcode-27.0.0-Release.Candidate.app/Contents/Developer/Toolchains/XcodeDefault.xctoolchain/usr/lib/swift/host/plugins/testing -enable-experimental-feature DebugDescriptionMacro -sdk /Applications/Xcode-27.0.0-Release.Candidate.app/Contents/Developer/Platforms/WatchOS.platform/Developer/SDKs/WatchOS27.0.sdk -target arm64_32-apple-watchos9.0 -g -module-cache-path /Users/admin/builder/spi-builder-workspace/.derivedData/ModuleCache.noindex -Xfrontend -serialize-debugging-options -profile-coverage-mapping -profile-generate -enable-testing -suppress-warnings -index-store-path /Users/admin/builder/spi-builder-workspace/.derivedData/Index.noindex/DataStore -Xcc -D_LIBCPP_HARDENING_MODE\=_LIBCPP_HARDENING_MODE_DEBUG -swift-version 6 -I /Users/admin/builder/spi-builder-workspace/.derivedData/Build/Products/Debug-watchos -Isystem /Applications/Xcode-27.0.0-Release.Candidate.app/Contents/Developer/Platforms/WatchOS.platform/Developer/usr/lib -F /Users/admin/builder/spi-builder-workspace/.derivedData/Build/Products/Debug-watchos -F /Applications/Xcode-27.0.0-Release.Candidate.app/Contents/Developer/Platforms/WatchOS.platform/Developer/Library/Frameworks -F /Applications/Xcode-27.0.0-Release.Candidate.app/Contents/Developer/Platforms/WatchOS.platform/Developer/SDKs/WatchOS27.0.sdk/Developer/Library/Frameworks -c -j10 -enable-batch-mode -incremental -Xcc -ivfsstatcache -Xcc /Users/admin/builder/spi-builder-workspace/.derivedData/SDKStatCaches.noindex/watchos27.0-24R360-e829b21a6f8c9b70876ba0858053c04477534ef55a1706bf4c1112bbb242f0a2.sdkstatcache -output-file-map /Users/admin/builder/spi-builder-workspace/.derivedData/Build/Intermediates.noindex/swift-log.build/Debug-watchos/Logging-t.build/Objects-normal/arm64_32/Logging-OutputFileMap.json -save-temps -no-color-diagnostics -explicit-module-build -module-cache-path /Users/admin/builder/spi-builder-workspace/.derivedData/Build/Intermediates.noindex/SwiftExplicitPrecompiledModules -clang-scanner-module-cache-path /Users/admin/builder/spi-builder-workspace/.derivedData/ModuleCache.noindex -sdk-module-cache-path /Users/admin/builder/spi-builder-workspace/.derivedData/SDKExplicitPrecompiledModules -emit-dependencies -emit-module -emit-module-path /Users/admin/builder/spi-builder-workspace/.derivedData/Build/Intermediates.noindex/swift-log.build/Debug-watchos/Logging-t.build/Objects-normal/arm64_32/Logging.swiftmodule -serialize-diagnostics -dependency-scan-serialize-diagnostics-path /Users/admin/builder/spi-builder-workspace/.derivedData/Build/Intermediates.noindex/swift-log.build/Debug-watchos/Logging-t.build/Objects-normal/arm64_32/Logging-dependency-scan.dia -user-module-version 1.15.1 -validate-clang-modules-once -clang-build-session-file /Users/admin/builder/spi-builder-workspace/.derivedData/ModuleCache.noindex/Session.modulevalidation -Xcc -fmodules-prune-interval\=86400 -Xcc -fmodules-prune-after\=345600 -package-name swift_log -emit-const-values -const-gather-protocols-list /Users/admin/builder/spi-builder-workspace/.derivedData/Build/Intermediates.noindex/swift-log.build/Debug-watchos/Logging-t.build/Objects-normal/arm64_32/Logging_const_extract_protocols.json -Xcc -I/Users/admin/builder/spi-builder-workspace/.derivedData/Build/Products/Debug-watchos/include -Xcc -I/Users/admin/builder/spi-builder-workspace/.derivedData/Build/Intermediates.noindex/swift-log.build/Debug-watchos/Logging-t.build/DerivedSources-normal/arm64_32 -Xcc -I/Users/admin/builder/spi-builder-workspace/.derivedData/Build/Intermediates.noindex/swift-log.build/Debug-watchos/Logging-t.build/DerivedSources/arm64_32 -Xcc -I/Users/admin/builder/spi-builder-workspace/.derivedData/Build/Intermediates.noindex/swift-log.build/Debug-watchos/Logging-t.build/DerivedSources -Xcc -DSWIFT_PACKAGE -Xcc -DDEBUG\=1 -emit-objc-header -emit-objc-header-path /Users/admin/builder/spi-builder-workspace/.derivedData/Build/Intermediates.noindex/swift-log.build/Debug-watchos/Logging-t.build/Objects-normal/arm64_32/Logging-Swift.h -working-directory /Users/admin/builder/spi-builder-workspace/.swiftpm/xcode -experimental-emit-module-separately -disable-cmo
SwiftDriver SwiftSoup normal arm64 com.apple.xcode.tools.swift.compiler (in target 'SwiftSoup' from project 'SwiftSoup')
cd /Users/admin/builder/spi-builder-workspace/.swiftpm/xcode
builtin-SwiftDriver -- /Applications/Xcode-27.0.0-Release.Candidate.app/Contents/Developer/Toolchains/XcodeDefault.xctoolchain/usr/bin/swiftc -parse-as-library -module-name SwiftSoup -Onone @/Users/admin/builder/spi-builder-workspace/.derivedData/Build/Intermediates.noindex/SwiftSoup.build/Debug-watchos/SwiftSoup-t.build/Objects-normal/arm64/SwiftSoup.SwiftFileList -DSWIFT_PACKAGE -DDEBUG -DSWIFT_MODULE_RESOURCE_BUNDLE_UNAVAILABLE -DXcode -plugin-path /Applications/Xcode-27.0.0-Release.Candidate.app/Contents/Developer/Toolchains/XcodeDefault.xctoolchain/usr/lib/swift/host/plugins/testing -enable-experimental-feature DebugDescriptionMacro -sdk /Applications/Xcode-27.0.0-Release.Candidate.app/Contents/Developer/Platforms/WatchOS.platform/Developer/SDKs/WatchOS27.0.sdk -target arm64-apple-watchos9.0 -g -module-cache-path /Users/admin/builder/spi-builder-workspace/.derivedData/ModuleCache.noindex -Xfrontend -serialize-debugging-options -profile-coverage-mapping -profile-generate -enable-testing -suppress-warnings -index-store-path /Users/admin/builder/spi-builder-workspace/.derivedData/Index.noindex/DataStore -Xcc -D_LIBCPP_HARDENING_MODE\=_LIBCPP_HARDENING_MODE_DEBUG -swift-version 6 -I /Users/admin/builder/spi-builder-workspace/.derivedData/Build/Products/Debug-watchos -Isystem /Applications/Xcode-27.0.0-Release.Candidate.app/Contents/Developer/Platforms/WatchOS.platform/Developer/usr/lib -F /Users/admin/builder/spi-builder-workspace/.derivedData/Build/Products/Debug-watchos -F /Applications/Xcode-27.0.0-Release.Candidate.app/Contents/Developer/Platforms/WatchOS.platform/Developer/Library/Frameworks -F /Applications/Xcode-27.0.0-Release.Candidate.app/Contents/Developer/Platforms/WatchOS.platform/Developer/SDKs/WatchOS27.0.sdk/Developer/Library/Frameworks -c -j10 -enable-batch-mode -incremental -Xcc -ivfsstatcache -Xcc /Users/admin/builder/spi-builder-workspace/.derivedData/SDKStatCaches.noindex/watchos27.0-24R360-e829b21a6f8c9b70876ba0858053c04477534ef55a1706bf4c1112bbb242f0a2.sdkstatcache -output-file-map /Users/admin/builder/spi-builder-workspace/.derivedData/Build/Intermediates.noindex/SwiftSoup.build/Debug-watchos/SwiftSoup-t.build/Objects-normal/arm64/SwiftSoup-OutputFileMap.json -save-temps -no-color-diagnostics -explicit-module-build -module-cache-path /Users/admin/builder/spi-builder-workspace/.derivedData/Build/Intermediates.noindex/SwiftExplicitPrecompiledModules -clang-scanner-module-cache-path /Users/admin/builder/spi-builder-workspace/.derivedData/ModuleCache.noindex -sdk-module-cache-path /Users/admin/builder/spi-builder-workspace/.derivedData/SDKExplicitPrecompiledModules -emit-dependencies -emit-module -emit-module-path /Users/admin/builder/spi-builder-workspace/.derivedData/Build/Intermediates.noindex/SwiftSoup.build/Debug-watchos/SwiftSoup-t.build/Objects-normal/arm64/SwiftSoup.swiftmodule -serialize-diagnostics -dependency-scan-serialize-diagnostics-path /Users/admin/builder/spi-builder-workspace/.derivedData/Build/Intermediates.noindex/SwiftSoup.build/Debug-watchos/SwiftSoup-t.build/Objects-normal/arm64/SwiftSoup-dependency-scan.dia -user-module-version 2.13.9 -validate-clang-modules-once -clang-build-session-file /Users/admin/builder/spi-builder-workspace/.derivedData/ModuleCache.noindex/Session.modulevalidation -Xcc -fmodules-prune-interval\=86400 -Xcc -fmodules-prune-after\=345600 -package-name swiftsoup -emit-const-values -const-gather-protocols-list /Users/admin/builder/spi-builder-workspace/.derivedData/Build/Intermediates.noindex/SwiftSoup.build/Debug-watchos/SwiftSoup-t.build/Objects-normal/arm64/SwiftSoup_const_extract_protocols.json -Xcc -I/Users/admin/builder/spi-builder-workspace/.derivedData/Build/Products/Debug-watchos/include -Xcc -I/Users/admin/builder/spi-builder-workspace/.derivedData/Build/Intermediates.noindex/SwiftSoup.build/Debug-watchos/SwiftSoup-t.build/DerivedSources-normal/arm64 -Xcc -I/Users/admin/builder/spi-builder-workspace/.derivedData/Build/Intermediates.noindex/SwiftSoup.build/Debug-watchos/SwiftSoup-t.build/DerivedSources/arm64 -Xcc -I/Users/admin/builder/spi-builder-workspace/.derivedData/Build/Intermediates.noindex/SwiftSoup.build/Debug-watchos/SwiftSoup-t.build/DerivedSources -Xcc -DSWIFT_PACKAGE -Xcc -DDEBUG\=1 -emit-objc-header -emit-objc-header-path /Users/admin/builder/spi-builder-workspace/.derivedData/Build/Intermediates.noindex/SwiftSoup.build/Debug-watchos/SwiftSoup-t.build/Objects-normal/arm64/SwiftSoup-Swift.h -working-directory /Users/admin/builder/spi-builder-workspace/.swiftpm/xcode -experimental-emit-module-separately -disable-cmo
SwiftDriver SwiftSoup normal arm64_32 com.apple.xcode.tools.swift.compiler (in target 'SwiftSoup' from project 'SwiftSoup')
cd /Users/admin/builder/spi-builder-workspace/.swiftpm/xcode
builtin-SwiftDriver -- /Applications/Xcode-27.0.0-Release.Candidate.app/Contents/Developer/Toolchains/XcodeDefault.xctoolchain/usr/bin/swiftc -parse-as-library -module-name SwiftSoup -Onone @/Users/admin/builder/spi-builder-workspace/.derivedData/Build/Intermediates.noindex/SwiftSoup.build/Debug-watchos/SwiftSoup-t.build/Objects-normal/arm64_32/SwiftSoup.SwiftFileList -DSWIFT_PACKAGE -DDEBUG -DSWIFT_MODULE_RESOURCE_BUNDLE_UNAVAILABLE -DXcode -plugin-path /Applications/Xcode-27.0.0-Release.Candidate.app/Contents/Developer/Toolchains/XcodeDefault.xctoolchain/usr/lib/swift/host/plugins/testing -enable-experimental-feature DebugDescriptionMacro -sdk /Applications/Xcode-27.0.0-Release.Candidate.app/Contents/Developer/Platforms/WatchOS.platform/Developer/SDKs/WatchOS27.0.sdk -target arm64_32-apple-watchos9.0 -g -module-cache-path /Users/admin/builder/spi-builder-workspace/.derivedData/ModuleCache.noindex -Xfrontend -serialize-debugging-options -profile-coverage-mapping -profile-generate -enable-testing -suppress-warnings -index-store-path /Users/admin/builder/spi-builder-workspace/.derivedData/Index.noindex/DataStore -Xcc -D_LIBCPP_HARDENING_MODE\=_LIBCPP_HARDENING_MODE_DEBUG -swift-version 6 -I /Users/admin/builder/spi-builder-workspace/.derivedData/Build/Products/Debug-watchos -Isystem /Applications/Xcode-27.0.0-Release.Candidate.app/Contents/Developer/Platforms/WatchOS.platform/Developer/usr/lib -F /Users/admin/builder/spi-builder-workspace/.derivedData/Build/Products/Debug-watchos -F /Applications/Xcode-27.0.0-Release.Candidate.app/Contents/Developer/Platforms/WatchOS.platform/Developer/Library/Frameworks -F /Applications/Xcode-27.0.0-Release.Candidate.app/Contents/Developer/Platforms/WatchOS.platform/Developer/SDKs/WatchOS27.0.sdk/Developer/Library/Frameworks -c -j10 -enable-batch-mode -incremental -Xcc -ivfsstatcache -Xcc /Users/admin/builder/spi-builder-workspace/.derivedData/SDKStatCaches.noindex/watchos27.0-24R360-e829b21a6f8c9b70876ba0858053c04477534ef55a1706bf4c1112bbb242f0a2.sdkstatcache -output-file-map /Users/admin/builder/spi-builder-workspace/.derivedData/Build/Intermediates.noindex/SwiftSoup.build/Debug-watchos/SwiftSoup-t.build/Objects-normal/arm64_32/SwiftSoup-OutputFileMap.json -save-temps -no-color-diagnostics -explicit-module-build -module-cache-path /Users/admin/builder/spi-builder-workspace/.derivedData/Build/Intermediates.noindex/SwiftExplicitPrecompiledModules -clang-scanner-module-cache-path /Users/admin/builder/spi-builder-workspace/.derivedData/ModuleCache.noindex -sdk-module-cache-path /Users/admin/builder/spi-builder-workspace/.derivedData/SDKExplicitPrecompiledModules -emit-dependencies -emit-module -emit-module-path /Users/admin/builder/spi-builder-workspace/.derivedData/Build/Intermediates.noindex/SwiftSoup.build/Debug-watchos/SwiftSoup-t.build/Objects-normal/arm64_32/SwiftSoup.swiftmodule -serialize-diagnostics -dependency-scan-serialize-diagnostics-path /Users/admin/builder/spi-builder-workspace/.derivedData/Build/Intermediates.noindex/SwiftSoup.build/Debug-watchos/SwiftSoup-t.build/Objects-normal/arm64_32/SwiftSoup-dependency-scan.dia -user-module-version 2.13.9 -validate-clang-modules-once -clang-build-session-file /Users/admin/builder/spi-builder-workspace/.derivedData/ModuleCache.noindex/Session.modulevalidation -Xcc -fmodules-prune-interval\=86400 -Xcc -fmodules-prune-after\=345600 -package-name swiftsoup -emit-const-values -const-gather-protocols-list /Users/admin/builder/spi-builder-workspace/.derivedData/Build/Intermediates.noindex/SwiftSoup.build/Debug-watchos/SwiftSoup-t.build/Objects-normal/arm64_32/SwiftSoup_const_extract_protocols.json -Xcc -I/Users/admin/builder/spi-builder-workspace/.derivedData/Build/Products/Debug-watchos/include -Xcc -I/Users/admin/builder/spi-builder-workspace/.derivedData/Build/Intermediates.noindex/SwiftSoup.build/Debug-watchos/SwiftSoup-t.build/DerivedSources-normal/arm64_32 -Xcc -I/Users/admin/builder/spi-builder-workspace/.derivedData/Build/Intermediates.noindex/SwiftSoup.build/Debug-watchos/SwiftSoup-t.build/DerivedSources/arm64_32 -Xcc -I/Users/admin/builder/spi-builder-workspace/.derivedData/Build/Intermediates.noindex/SwiftSoup.build/Debug-watchos/SwiftSoup-t.build/DerivedSources -Xcc -DSWIFT_PACKAGE -Xcc -DDEBUG\=1 -emit-objc-header -emit-objc-header-path /Users/admin/builder/spi-builder-workspace/.derivedData/Build/Intermediates.noindex/SwiftSoup.build/Debug-watchos/SwiftSoup-t.build/Objects-normal/arm64_32/SwiftSoup-Swift.h -working-directory /Users/admin/builder/spi-builder-workspace/.swiftpm/xcode -experimental-emit-module-separately -disable-cmo
SwiftDriver Logging normal arm64 com.apple.xcode.tools.swift.compiler (in target 'Logging' from project 'swift-log')
cd /Users/admin/builder/spi-builder-workspace/.swiftpm/xcode
builtin-SwiftDriver -- /Applications/Xcode-27.0.0-Release.Candidate.app/Contents/Developer/Toolchains/XcodeDefault.xctoolchain/usr/bin/swiftc -parse-as-library -module-name Logging -Onone @/Users/admin/builder/spi-builder-workspace/.derivedData/Build/Intermediates.noindex/swift-log.build/Debug-watchos/Logging-t.build/Objects-normal/arm64/Logging.SwiftFileList -DSWIFT_PACKAGE -DDEBUG -DSWIFT_MODULE_RESOURCE_BUNDLE_UNAVAILABLE -DXcode -enable-upcoming-feature ExistentialAny -enable-upcoming-feature MemberImportVisibility -enable-upcoming-feature InternalImportsByDefault -enable-upcoming-feature NonisolatedNonsendingByDefault -Xfrontend -require-explicit-sendable -plugin-path /Applications/Xcode-27.0.0-Release.Candidate.app/Contents/Developer/Toolchains/XcodeDefault.xctoolchain/usr/lib/swift/host/plugins/testing -enable-experimental-feature DebugDescriptionMacro -sdk /Applications/Xcode-27.0.0-Release.Candidate.app/Contents/Developer/Platforms/WatchOS.platform/Developer/SDKs/WatchOS27.0.sdk -target arm64-apple-watchos9.0 -g -module-cache-path /Users/admin/builder/spi-builder-workspace/.derivedData/ModuleCache.noindex -Xfrontend -serialize-debugging-options -profile-coverage-mapping -profile-generate -enable-testing -suppress-warnings -index-store-path /Users/admin/builder/spi-builder-workspace/.derivedData/Index.noindex/DataStore -Xcc -D_LIBCPP_HARDENING_MODE\=_LIBCPP_HARDENING_MODE_DEBUG -swift-version 6 -I /Users/admin/builder/spi-builder-workspace/.derivedData/Build/Products/Debug-watchos -Isystem /Applications/Xcode-27.0.0-Release.Candidate.app/Contents/Developer/Platforms/WatchOS.platform/Developer/usr/lib -F /Users/admin/builder/spi-builder-workspace/.derivedData/Build/Products/Debug-watchos -F /Applications/Xcode-27.0.0-Release.Candidate.app/Contents/Developer/Platforms/WatchOS.platform/Developer/Library/Frameworks -F /Applications/Xcode-27.0.0-Release.Candidate.app/Contents/Developer/Platforms/WatchOS.platform/Developer/SDKs/WatchOS27.0.sdk/Developer/Library/Frameworks -c -j10 -enable-batch-mode -incremental -Xcc -ivfsstatcache -Xcc /Users/admin/builder/spi-builder-workspace/.derivedData/SDKStatCaches.noindex/watchos27.0-24R360-e829b21a6f8c9b70876ba0858053c04477534ef55a1706bf4c1112bbb242f0a2.sdkstatcache -output-file-map /Users/admin/builder/spi-builder-workspace/.derivedData/Build/Intermediates.noindex/swift-log.build/Debug-watchos/Logging-t.build/Objects-normal/arm64/Logging-OutputFileMap.json -save-temps -no-color-diagnostics -explicit-module-build -module-cache-path /Users/admin/builder/spi-builder-workspace/.derivedData/Build/Intermediates.noindex/SwiftExplicitPrecompiledModules -clang-scanner-module-cache-path /Users/admin/builder/spi-builder-workspace/.derivedData/ModuleCache.noindex -sdk-module-cache-path /Users/admin/builder/spi-builder-workspace/.derivedData/SDKExplicitPrecompiledModules -emit-dependencies -emit-module -emit-module-path /Users/admin/builder/spi-builder-workspace/.derivedData/Build/Intermediates.noindex/swift-log.build/Debug-watchos/Logging-t.build/Objects-normal/arm64/Logging.swiftmodule -serialize-diagnostics -dependency-scan-serialize-diagnostics-path /Users/admin/builder/spi-builder-workspace/.derivedData/Build/Intermediates.noindex/swift-log.build/Debug-watchos/Logging-t.build/Objects-normal/arm64/Logging-dependency-scan.dia -user-module-version 1.15.1 -validate-clang-modules-once -clang-build-session-file /Users/admin/builder/spi-builder-workspace/.derivedData/ModuleCache.noindex/Session.modulevalidation -Xcc -fmodules-prune-interval\=86400 -Xcc -fmodules-prune-after\=345600 -package-name swift_log -emit-const-values -const-gather-protocols-list /Users/admin/builder/spi-builder-workspace/.derivedData/Build/Intermediates.noindex/swift-log.build/Debug-watchos/Logging-t.build/Objects-normal/arm64/Logging_const_extract_protocols.json -Xcc -I/Users/admin/builder/spi-builder-workspace/.derivedData/Build/Products/Debug-watchos/include -Xcc -I/Users/admin/builder/spi-builder-workspace/.derivedData/Build/Intermediates.noindex/swift-log.build/Debug-watchos/Logging-t.build/DerivedSources-normal/arm64 -Xcc -I/Users/admin/builder/spi-builder-workspace/.derivedData/Build/Intermediates.noindex/swift-log.build/Debug-watchos/Logging-t.build/DerivedSources/arm64 -Xcc -I/Users/admin/builder/spi-builder-workspace/.derivedData/Build/Intermediates.noindex/swift-log.build/Debug-watchos/Logging-t.build/DerivedSources -Xcc -DSWIFT_PACKAGE -Xcc -DDEBUG\=1 -emit-objc-header -emit-objc-header-path /Users/admin/builder/spi-builder-workspace/.derivedData/Build/Intermediates.noindex/swift-log.build/Debug-watchos/Logging-t.build/Objects-normal/arm64/Logging-Swift.h -working-directory /Users/admin/builder/spi-builder-workspace/.swiftpm/xcode -experimental-emit-module-separately -disable-cmo
SwiftDriver XMLCoder normal arm64_32 com.apple.xcode.tools.swift.compiler (in target 'XMLCoder' from project 'XMLCoder')
cd /Users/admin/builder/spi-builder-workspace/.swiftpm/xcode
builtin-SwiftDriver -- /Applications/Xcode-27.0.0-Release.Candidate.app/Contents/Developer/Toolchains/XcodeDefault.xctoolchain/usr/bin/swiftc -parse-as-library -module-name XMLCoder -Onone @/Users/admin/builder/spi-builder-workspace/.derivedData/Build/Intermediates.noindex/XMLCoder.build/Debug-watchos/XMLCoder-t.build/Objects-normal/arm64_32/XMLCoder.SwiftFileList -DSWIFT_PACKAGE -DDEBUG -DSWIFT_MODULE_RESOURCE_BUNDLE_UNAVAILABLE -DXcode -plugin-path /Applications/Xcode-27.0.0-Release.Candidate.app/Contents/Developer/Toolchains/XcodeDefault.xctoolchain/usr/lib/swift/host/plugins/testing -enable-experimental-feature DebugDescriptionMacro -sdk /Applications/Xcode-27.0.0-Release.Candidate.app/Contents/Developer/Platforms/WatchOS.platform/Developer/SDKs/WatchOS27.0.sdk -target arm64_32-apple-watchos9.0 -g -module-cache-path /Users/admin/builder/spi-builder-workspace/.derivedData/ModuleCache.noindex -Xfrontend -serialize-debugging-options -profile-coverage-mapping -profile-generate -enable-testing -suppress-warnings -index-store-path /Users/admin/builder/spi-builder-workspace/.derivedData/Index.noindex/DataStore -Xcc -D_LIBCPP_HARDENING_MODE\=_LIBCPP_HARDENING_MODE_DEBUG -swift-version 5 -I /Users/admin/builder/spi-builder-workspace/.derivedData/Build/Products/Debug-watchos -Isystem /Applications/Xcode-27.0.0-Release.Candidate.app/Contents/Developer/Platforms/WatchOS.platform/Developer/usr/lib -F /Users/admin/builder/spi-builder-workspace/.derivedData/Build/Products/Debug-watchos -F /Applications/Xcode-27.0.0-Release.Candidate.app/Contents/Developer/Platforms/WatchOS.platform/Developer/Library/Frameworks -F /Applications/Xcode-27.0.0-Release.Candidate.app/Contents/Developer/Platforms/WatchOS.platform/Developer/SDKs/WatchOS27.0.sdk/Developer/Library/Frameworks -c -j10 -enable-batch-mode -incremental -Xcc -ivfsstatcache -Xcc /Users/admin/builder/spi-builder-workspace/.derivedData/SDKStatCaches.noindex/watchos27.0-24R360-e829b21a6f8c9b70876ba0858053c04477534ef55a1706bf4c1112bbb242f0a2.sdkstatcache -output-file-map /Users/admin/builder/spi-builder-workspace/.derivedData/Build/Intermediates.noindex/XMLCoder.build/Debug-watchos/XMLCoder-t.build/Objects-normal/arm64_32/XMLCoder-OutputFileMap.json -save-temps -no-color-diagnostics -explicit-module-build -module-cache-path /Users/admin/builder/spi-builder-workspace/.derivedData/Build/Intermediates.noindex/SwiftExplicitPrecompiledModules -clang-scanner-module-cache-path /Users/admin/builder/spi-builder-workspace/.derivedData/ModuleCache.noindex -sdk-module-cache-path /Users/admin/builder/spi-builder-workspace/.derivedData/SDKExplicitPrecompiledModules -emit-dependencies -emit-module -emit-module-path /Users/admin/builder/spi-builder-workspace/.derivedData/Build/Intermediates.noindex/XMLCoder.build/Debug-watchos/XMLCoder-t.build/Objects-normal/arm64_32/XMLCoder.swiftmodule -serialize-diagnostics -dependency-scan-serialize-diagnostics-path /Users/admin/builder/spi-builder-workspace/.derivedData/Build/Intermediates.noindex/XMLCoder.build/Debug-watchos/XMLCoder-t.build/Objects-normal/arm64_32/XMLCoder-dependency-scan.dia -validate-clang-modules-once -clang-build-session-file /Users/admin/builder/spi-builder-workspace/.derivedData/ModuleCache.noindex/Session.modulevalidation -Xcc -fmodules-prune-interval\=86400 -Xcc -fmodules-prune-after\=345600 -emit-const-values -const-gather-protocols-list /Users/admin/builder/spi-builder-workspace/.derivedData/Build/Intermediates.noindex/XMLCoder.build/Debug-watchos/XMLCoder-t.build/Objects-normal/arm64_32/XMLCoder_const_extract_protocols.json -Xcc -I/Users/admin/builder/spi-builder-workspace/.derivedData/Build/Products/Debug-watchos/include -Xcc -I/Users/admin/builder/spi-builder-workspace/.derivedData/Build/Intermediates.noindex/XMLCoder.build/Debug-watchos/XMLCoder-t.build/DerivedSources-normal/arm64_32 -Xcc -I/Users/admin/builder/spi-builder-workspace/.derivedData/Build/Intermediates.noindex/XMLCoder.build/Debug-watchos/XMLCoder-t.build/DerivedSources/arm64_32 -Xcc -I/Users/admin/builder/spi-builder-workspace/.derivedData/Build/Intermediates.noindex/XMLCoder.build/Debug-watchos/XMLCoder-t.build/DerivedSources -Xcc -DSWIFT_PACKAGE -Xcc -DDEBUG\=1 -emit-objc-header -emit-objc-header-path /Users/admin/builder/spi-builder-workspace/.derivedData/Build/Intermediates.noindex/XMLCoder.build/Debug-watchos/XMLCoder-t.build/Objects-normal/arm64_32/XMLCoder-Swift.h -working-directory /Users/admin/builder/spi-builder-workspace/.swiftpm/xcode -experimental-emit-module-separately -disable-cmo
SwiftDriver Cairo normal arm64 com.apple.xcode.tools.swift.compiler (in target 'Cairo' from project 'swift-cairo')
cd /Users/admin/builder/spi-builder-workspace/.swiftpm/xcode
builtin-SwiftDriver -- /Applications/Xcode-27.0.0-Release.Candidate.app/Contents/Developer/Toolchains/XcodeDefault.xctoolchain/usr/bin/swiftc -parse-as-library -module-name Cairo -Onone @/Users/admin/builder/spi-builder-workspace/.derivedData/Build/Intermediates.noindex/swift-cairo.build/Debug-watchos/Cairo-t.build/Objects-normal/arm64/Cairo.SwiftFileList -DSWIFT_PACKAGE -DDEBUG -DSWIFT_MODULE_RESOURCE_BUNDLE_UNAVAILABLE -Xcc -fmodule-map-file\=/Users/admin/builder/spi-builder-workspace/.dependencies/checkouts/swift-cairo/Sources/SCCFreeType/module.modulemap -Xcc -fmodule-map-file\=/Users/admin/builder/spi-builder-workspace/.dependencies/checkouts/swift-cairo/Sources/SCCFontConfig/module.modulemap -Xcc -fmodule-map-file\=/Users/admin/builder/spi-builder-workspace/.dependencies/checkouts/swift-cairo/Sources/SCCCairo/module.modulemap -DXcode -plugin-path /Applications/Xcode-27.0.0-Release.Candidate.app/Contents/Developer/Toolchains/XcodeDefault.xctoolchain/usr/lib/swift/host/plugins/testing -enable-experimental-feature DebugDescriptionMacro -sdk /Applications/Xcode-27.0.0-Release.Candidate.app/Contents/Developer/Platforms/WatchOS.platform/Developer/SDKs/WatchOS27.0.sdk -target arm64-apple-watchos9.0 -g -module-cache-path /Users/admin/builder/spi-builder-workspace/.derivedData/ModuleCache.noindex -Xfrontend -serialize-debugging-options -profile-coverage-mapping -profile-generate -enable-testing -suppress-warnings -index-store-path /Users/admin/builder/spi-builder-workspace/.derivedData/Index.noindex/DataStore -Xcc -D_LIBCPP_HARDENING_MODE\=_LIBCPP_HARDENING_MODE_DEBUG -swift-version 5 -I /Users/admin/builder/spi-builder-workspace/.derivedData/Build/Products/Debug-watchos -Isystem /Applications/Xcode-27.0.0-Release.Candidate.app/Contents/Developer/Platforms/WatchOS.platform/Developer/usr/lib -F /Users/admin/builder/spi-builder-workspace/.derivedData/Build/Products/Debug-watchos -F /Applications/Xcode-27.0.0-Release.Candidate.app/Contents/Developer/Platforms/WatchOS.platform/Developer/Library/Frameworks -F /Applications/Xcode-27.0.0-Release.Candidate.app/Contents/Developer/Platforms/WatchOS.platform/Developer/SDKs/WatchOS27.0.sdk/Developer/Library/Frameworks -c -j10 -enable-batch-mode -incremental -Xcc -ivfsstatcache -Xcc /Users/admin/builder/spi-builder-workspace/.derivedData/SDKStatCaches.noindex/watchos27.0-24R360-e829b21a6f8c9b70876ba0858053c04477534ef55a1706bf4c1112bbb242f0a2.sdkstatcache -output-file-map /Users/admin/builder/spi-builder-workspace/.derivedData/Build/Intermediates.noindex/swift-cairo.build/Debug-watchos/Cairo-t.build/Objects-normal/arm64/Cairo-OutputFileMap.json -save-temps -no-color-diagnostics -explicit-module-build -module-cache-path /Users/admin/builder/spi-builder-workspace/.derivedData/Build/Intermediates.noindex/SwiftExplicitPrecompiledModules -clang-scanner-module-cache-path /Users/admin/builder/spi-builder-workspace/.derivedData/ModuleCache.noindex -sdk-module-cache-path /Users/admin/builder/spi-builder-workspace/.derivedData/SDKExplicitPrecompiledModules -emit-dependencies -emit-module -emit-module-path /Users/admin/builder/spi-builder-workspace/.derivedData/Build/Intermediates.noindex/swift-cairo.build/Debug-watchos/Cairo-t.build/Objects-normal/arm64/Cairo.swiftmodule -serialize-diagnostics -dependency-scan-serialize-diagnostics-path /Users/admin/builder/spi-builder-workspace/.derivedData/Build/Intermediates.noindex/swift-cairo.build/Debug-watchos/Cairo-t.build/Objects-normal/arm64/Cairo-dependency-scan.dia -validate-clang-modules-once -clang-build-session-file /Users/admin/builder/spi-builder-workspace/.derivedData/ModuleCache.noindex/Session.modulevalidation -Xcc -fmodules-prune-interval\=86400 -Xcc -fmodules-prune-after\=345600 -emit-const-values -const-gather-protocols-list /Users/admin/builder/spi-builder-workspace/.derivedData/Build/Intermediates.noindex/swift-cairo.build/Debug-watchos/Cairo-t.build/Objects-normal/arm64/Cairo_const_extract_protocols.json -Xcc -I/Users/admin/builder/spi-builder-workspace/.derivedData/Build/Products/Debug-watchos/include -Xcc -I/Users/admin/builder/spi-builder-workspace/.derivedData/Build/Intermediates.noindex/swift-cairo.build/Debug-watchos/Cairo-t.build/DerivedSources-normal/arm64 -Xcc -I/Users/admin/builder/spi-builder-workspace/.derivedData/Build/Intermediates.noindex/swift-cairo.build/Debug-watchos/Cairo-t.build/DerivedSources/arm64 -Xcc -I/Users/admin/builder/spi-builder-workspace/.derivedData/Build/Intermediates.noindex/swift-cairo.build/Debug-watchos/Cairo-t.build/DerivedSources -Xcc -DSWIFT_PACKAGE -Xcc -DDEBUG\=1 -emit-objc-header -emit-objc-header-path /Users/admin/builder/spi-builder-workspace/.derivedData/Build/Intermediates.noindex/swift-cairo.build/Debug-watchos/Cairo-t.build/Objects-normal/arm64/Cairo-Swift.h -working-directory /Users/admin/builder/spi-builder-workspace/.swiftpm/xcode -experimental-emit-module-separately -disable-cmo
error: Clang dependency scanning failure: While building module 'SCCCairo' imported from module-include.input:1:
In file included from <module-includes>:1:
/Users/admin/builder/spi-builder-workspace/.dependencies/checkouts/swift-cairo/Sources/SCCCairo/shim.h:1:10: fatal error: 'cairo.h' file not found
module-include.input:1:2: fatal error: could not build module 'SCCCairo'
(in target 'Cairo' from project 'swift-cairo')
error: Clang dependency scanning failure: While building module 'SCCFontConfig' imported from module-include.input:1:
In file included from <module-includes>:1:
/Users/admin/builder/spi-builder-workspace/.dependencies/checkouts/swift-cairo/Sources/SCCFontConfig/shim.h:1:10: fatal error: 'fontconfig/fontconfig.h' file not found
module-include.input:1:3: fatal error: could not build module 'SCCFontConfig'
(in target 'Cairo' from project 'swift-cairo')
error: Clang dependency scanning failure: While building module 'SCCFreeType' imported from module-include.input:1:
In file included from <module-includes>:1:
/Users/admin/builder/spi-builder-workspace/.dependencies/checkouts/swift-cairo/Sources/SCCFreeType/shim.h:1:10: fatal error: 'ft2build.h' file not found
module-include.input:1:4: fatal error: could not build module 'SCCFreeType'
(in target 'Cairo' from project 'swift-cairo')
/Users/admin/builder/spi-builder-workspace/.dependencies/checkouts/swift-cairo/Sources/Cairo/Content.swift:9:15: error: Unable to resolve module dependency: 'SCCCairo' (in target 'Cairo' from project 'swift-cairo')
note: A dependency of main module 'Cairo'
/Users/admin/builder/spi-builder-workspace/.dependencies/checkouts/swift-cairo/Sources/Cairo/Context.swift:9:8: note: Also imported here
/Users/admin/builder/spi-builder-workspace/.dependencies/checkouts/swift-cairo/Sources/Cairo/Font.swift:9:8: note: Also imported here
/Users/admin/builder/spi-builder-workspace/.dependencies/checkouts/swift-cairo/Sources/Cairo/ImageFormat.swift:9:15: note: Also imported here
/Users/admin/builder/spi-builder-workspace/.dependencies/checkouts/swift-cairo/Sources/Cairo/ImageFormat.swift:10:13: note: Also imported here
/Users/admin/builder/spi-builder-workspace/.dependencies/checkouts/swift-cairo/Sources/Cairo/Matrix.swift:9:8: note: Also imported here
/Users/admin/builder/spi-builder-workspace/.dependencies/checkouts/swift-cairo/Sources/Cairo/Path.swift:9:8: note: Also imported here
/Users/admin/builder/spi-builder-workspace/.dependencies/checkouts/swift-cairo/Sources/Cairo/Pattern.swift:9:8: note: Also imported here
/Users/admin/builder/spi-builder-workspace/.dependencies/checkouts/swift-cairo/Sources/Cairo/Status.swift:9:8: note: Also imported here
/Users/admin/builder/spi-builder-workspace/.dependencies/checkouts/swift-cairo/Sources/Cairo/Surface.swift:9:8: note: Also imported here
/Users/admin/builder/spi-builder-workspace/.dependencies/checkouts/swift-cairo/Sources/Cairo/SurfaceImage.swift:10:8: note: Also imported here
/Users/admin/builder/spi-builder-workspace/.dependencies/checkouts/swift-cairo/Sources/Cairo/SurfacePDF.swift:9:8: note: Also imported here
/Users/admin/builder/spi-builder-workspace/.dependencies/checkouts/swift-cairo/Sources/Cairo/SurfacePNG.swift:10:8: note: Also imported here
/Users/admin/builder/spi-builder-workspace/.dependencies/checkouts/swift-cairo/Sources/Cairo/SurfaceSVG.swift:9:8: note: Also imported here
/Users/admin/builder/spi-builder-workspace/.dependencies/checkouts/swift-cairo/Sources/Cairo/SurfaceType.swift:9:8: note: Also imported here
/Users/admin/builder/spi-builder-workspace/.dependencies/checkouts/swift-cairo/Sources/Cairo/Font.swift:10:8: error: Unable to resolve module dependency: 'SCCFontConfig' (in target 'Cairo' from project 'swift-cairo')
note: A dependency of main module 'Cairo'
/Users/admin/builder/spi-builder-workspace/.dependencies/checkouts/swift-cairo/Sources/Cairo/Font.swift:11:8: error: Unable to resolve module dependency: 'SCCFreeType' (in target 'Cairo' from project 'swift-cairo')
note: A dependency of main module 'Cairo'
error: Clang dependency scanning failure: While building module 'SCCCairo' imported from module-include.input:1:
In file included from <module-includes>:1:
/Users/admin/builder/spi-builder-workspace/.dependencies/checkouts/swift-cairo/Sources/SCCCairo/shim.h:1:10: fatal error: 'cairo.h' file not found
module-include.input:1:2: fatal error: could not build module 'SCCCairo'
(in target 'Cairo' from project 'swift-cairo')
error: Clang dependency scanning failure: While building module 'SCCFontConfig' imported from module-include.input:1:
In file included from <module-includes>:1:
/Users/admin/builder/spi-builder-workspace/.dependencies/checkouts/swift-cairo/Sources/SCCFontConfig/shim.h:1:10: fatal error: 'fontconfig/fontconfig.h' file not found
module-include.input:1:3: fatal error: could not build module 'SCCFontConfig'
(in target 'Cairo' from project 'swift-cairo')
error: Clang dependency scanning failure: While building module 'SCCFreeType' imported from module-include.input:1:
In file included from <module-includes>:1:
/Users/admin/builder/spi-builder-workspace/.dependencies/checkouts/swift-cairo/Sources/SCCFreeType/shim.h:1:10: fatal error: 'ft2build.h' file not found
module-include.input:1:4: fatal error: could not build module 'SCCFreeType'
(in target 'Cairo' from project 'swift-cairo')
/Users/admin/builder/spi-builder-workspace/.dependencies/checkouts/swift-cairo/Sources/Cairo/Content.swift:9:15: note: A dependency of main module 'Cairo'
import struct SCCCairo.cairo_content_t
^ (in target 'Cairo' from project 'swift-cairo')
/Users/admin/builder/spi-builder-workspace/.dependencies/checkouts/swift-cairo/Sources/Cairo/Context.swift:9:8: note: Also imported here
import SCCCairo
^ (in target 'Cairo' from project 'swift-cairo')
/Users/admin/builder/spi-builder-workspace/.dependencies/checkouts/swift-cairo/Sources/Cairo/Font.swift:9:8: note: Also imported here
import SCCCairo
^ (in target 'Cairo' from project 'swift-cairo')
/Users/admin/builder/spi-builder-workspace/.dependencies/checkouts/swift-cairo/Sources/Cairo/ImageFormat.swift:9:15: note: Also imported here
import struct SCCCairo.cairo_format_t
^ (in target 'Cairo' from project 'swift-cairo')
/Users/admin/builder/spi-builder-workspace/.dependencies/checkouts/swift-cairo/Sources/Cairo/ImageFormat.swift:10:13: note: Also imported here
import func SCCCairo.cairo_format_stride_for_width
^ (in target 'Cairo' from project 'swift-cairo')
/Users/admin/builder/spi-builder-workspace/.dependencies/checkouts/swift-cairo/Sources/Cairo/Matrix.swift:9:8: note: Also imported here
import SCCCairo
^ (in target 'Cairo' from project 'swift-cairo')
/Users/admin/builder/spi-builder-workspace/.dependencies/checkouts/swift-cairo/Sources/Cairo/Path.swift:9:8: note: Also imported here
import SCCCairo
^ (in target 'Cairo' from project 'swift-cairo')
/Users/admin/builder/spi-builder-workspace/.dependencies/checkouts/swift-cairo/Sources/Cairo/Pattern.swift:9:8: note: Also imported here
import SCCCairo
^ (in target 'Cairo' from project 'swift-cairo')
/Users/admin/builder/spi-builder-workspace/.dependencies/checkouts/swift-cairo/Sources/Cairo/Status.swift:9:8: note: Also imported here
import SCCCairo
^ (in target 'Cairo' from project 'swift-cairo')
/Users/admin/builder/spi-builder-workspace/.dependencies/checkouts/swift-cairo/Sources/Cairo/Surface.swift:9:8: note: Also imported here
import SCCCairo
^ (in target 'Cairo' from project 'swift-cairo')
/Users/admin/builder/spi-builder-workspace/.dependencies/checkouts/swift-cairo/Sources/Cairo/SurfaceImage.swift:10:8: note: Also imported here
import SCCCairo
^ (in target 'Cairo' from project 'swift-cairo')
/Users/admin/builder/spi-builder-workspace/.dependencies/checkouts/swift-cairo/Sources/Cairo/SurfacePDF.swift:9:8: note: Also imported here
import SCCCairo
^ (in target 'Cairo' from project 'swift-cairo')
/Users/admin/builder/spi-builder-workspace/.dependencies/checkouts/swift-cairo/Sources/Cairo/SurfacePNG.swift:10:8: note: Also imported here
import SCCCairo
^ (in target 'Cairo' from project 'swift-cairo')
/Users/admin/builder/spi-builder-workspace/.dependencies/checkouts/swift-cairo/Sources/Cairo/SurfaceSVG.swift:9:8: note: Also imported here
import SCCCairo
^ (in target 'Cairo' from project 'swift-cairo')
/Users/admin/builder/spi-builder-workspace/.dependencies/checkouts/swift-cairo/Sources/Cairo/SurfaceType.swift:9:8: note: Also imported here
import SCCCairo
^ (in target 'Cairo' from project 'swift-cairo')
/Users/admin/builder/spi-builder-workspace/.dependencies/checkouts/swift-cairo/Sources/Cairo/Font.swift:10:8: note: A dependency of main module 'Cairo'
import SCCFontConfig
^ (in target 'Cairo' from project 'swift-cairo')
/Users/admin/builder/spi-builder-workspace/.dependencies/checkouts/swift-cairo/Sources/Cairo/Font.swift:11:8: note: A dependency of main module 'Cairo'
import SCCFreeType
^ (in target 'Cairo' from project 'swift-cairo')
SwiftExplicitDependencyGeneratePcm arm64_32 /Users/admin/builder/spi-builder-workspace/.derivedData/SDKExplicitPrecompiledModules/ptrcheck-EAZ3I917ZFA9H6ZCL6PGLG4TR.pcm
SwiftExplicitDependencyGeneratePcm arm64_32 /Users/admin/builder/spi-builder-workspace/.derivedData/SDKExplicitPrecompiledModules/_AvailabilityInternal-22ZP1ILSQW16KHXZS5GBZHOCS.pcm
SwiftExplicitDependencyGeneratePcm arm64_32 /Users/admin/builder/spi-builder-workspace/.derivedData/SDKExplicitPrecompiledModules/_SwiftConcurrencyShims-58G4ISYSYDV3AT1DDGEE0QCUF.pcm
SwiftExplicitDependencyGeneratePcm arm64_32 /Users/admin/builder/spi-builder-workspace/.derivedData/SDKExplicitPrecompiledModules/_Builtin_stdbool-84ZA1VDW90AGWZ2LF5KOCM8DZ.pcm
SwiftExplicitDependencyGeneratePcm arm64_32 /Users/admin/builder/spi-builder-workspace/.derivedData/SDKExplicitPrecompiledModules/_Builtin_stdarg-EYJP6DFYQL9GJLH1TJ84A8MHV.pcm
SwiftExplicitDependencyGeneratePcm arm64_32 /Users/admin/builder/spi-builder-workspace/.derivedData/SDKExplicitPrecompiledModules/_Builtin_float-372PLGDQ1U3B6Z5EA5DJMDORJ.pcm
SwiftExplicitDependencyGeneratePcm arm64 /Users/admin/builder/spi-builder-workspace/.derivedData/SDKExplicitPrecompiledModules/_Builtin_stdbool-B692L2PMR118794VVYBG37897.pcm
SwiftExplicitDependencyGeneratePcm arm64_32 /Users/admin/builder/spi-builder-workspace/.derivedData/SDKExplicitPrecompiledModules/SwiftShims-D9VBB138U50XYYGW2C2V21N3L.pcm
SwiftExplicitDependencyGeneratePcm arm64 /Users/admin/builder/spi-builder-workspace/.derivedData/SDKExplicitPrecompiledModules/SwiftShims-AJ4AZYHQNC33R5RLN7AGEIOMP.pcm
SwiftExplicitDependencyGeneratePcm arm64 /Users/admin/builder/spi-builder-workspace/.derivedData/SDKExplicitPrecompiledModules/_Builtin_stddef-5OH846KKUPSJJT7GCX9XU1TKG.pcm
SwiftExplicitDependencyGeneratePcm arm64 /Users/admin/builder/spi-builder-workspace/.derivedData/SDKExplicitPrecompiledModules/_AvailabilityInternal-42EVAC8Q6P1ZT6G3A168N97G4.pcm
SwiftExplicitDependencyGeneratePcm arm64 /Users/admin/builder/spi-builder-workspace/.derivedData/SDKExplicitPrecompiledModules/_Builtin_float-E4M4A8689VXF1T7P7BV56IKBT.pcm
SwiftExplicitDependencyGeneratePcm arm64 /Users/admin/builder/spi-builder-workspace/.derivedData/SDKExplicitPrecompiledModules/_SwiftConcurrencyShims-CTPSFSTDCBVSSQFHL6I305U72.pcm
SwiftExplicitDependencyGeneratePcm arm64_32 /Users/admin/builder/spi-builder-workspace/.derivedData/SDKExplicitPrecompiledModules/_DarwinFoundation1-5SNIO0SFHX9KJZTLQGIPAPXUZ.pcm
SwiftExplicitDependencyGeneratePcm arm64 /Users/admin/builder/spi-builder-workspace/.derivedData/SDKExplicitPrecompiledModules/ptrcheck-8K07997SIHO7YGY7UQ3LOQ3TJ.pcm
SwiftExplicitDependencyGeneratePcm arm64_32 /Users/admin/builder/spi-builder-workspace/.derivedData/SDKExplicitPrecompiledModules/_Builtin_stddef-2F9BFIPBQ5EWNSK5G7G7V4EKL.pcm
SwiftExplicitDependencyGeneratePcm arm64 /Users/admin/builder/spi-builder-workspace/.derivedData/SDKExplicitPrecompiledModules/_Builtin_stdarg-3X4KLXUYEI0UGBILP4X7D0CYW.pcm
PruneExplicitPrecompiledModules /Users/admin/builder/spi-builder-workspace/.derivedData/Build/Intermediates.noindex/SwiftExplicitPrecompiledModules
PruneExplicitPrecompiledModules /Users/admin/builder/spi-builder-workspace/.derivedData/SDKExplicitPrecompiledModules
PruneExplicitPrecompiledModules /Users/admin/builder/spi-builder-workspace/.derivedData/Build/Intermediates.noindex/ExplicitPrecompiledModules
2026-09-21 02:54:35.586 xcodebuild[848:5047] [MT] IDERunDestination: Supported platforms for the buildables in the current scheme is empty.
** BUILD FAILED **
The following build commands failed:
SwiftDriver Cairo normal arm64_32 com.apple.xcode.tools.swift.compiler (in target 'Cairo' from project 'swift-cairo')
SwiftDriver Cairo normal arm64 com.apple.xcode.tools.swift.compiler (in target 'Cairo' from project 'swift-cairo')
Building workspace swift-graphics with scheme swift-graphics-Package
(3 failures)
Command line invocation:
/Applications/Xcode-27.0.0-Release.Candidate.app/Contents/Developer/usr/bin/xcodebuild -IDEClonedSourcePackagesDirPathOverride=/Users/admin/builder/spi-builder-workspace/.dependencies -resolvePackageDependencies
Resolve Package Graph
failed to retrieve search paths with pkg-config; maybe pkg-config is not installedyou may be able to install cairo using your system-packager:
brew install cairo
you may be able to install fontconfig using your system-packager:
brew install fontconfig
you may be able to install freetype2 using your system-packager:
brew install freetype2
Resolved source packages:
swift-log: https://github.com/apple/swift-log.git @ 1.15.1
swift-utils: https://github.com/fwcd/swift-utils.git @ 4.6.2
swift-graphics: /Users/admin/builder/spi-builder-workspace
swift-cairo: https://github.com/fwcd/swift-cairo.git @ 1.3.4
SwiftSoup: https://github.com/scinfu/SwiftSoup.git @ 2.13.9
XMLCoder: https://github.com/MaxDesiatov/XMLCoder.git @ 0.18.2
resolved source packages: swift-log, swift-utils, swift-graphics, swift-cairo, SwiftSoup, XMLCoder
2026-09-21 02:54:39.950 xcodebuild[926:5696] [MT] IDERunDestination: Supported platforms for the buildables in the current scheme is empty.
{
"dependencies" : [
{
"identity" : "swift-log",
"requirement" : {
"range" : [
{
"lower_bound" : "1.4.0",
"upper_bound" : "2.0.0"
}
]
},
"type" : "sourceControl",
"url" : "https://github.com/apple/swift-log.git"
},
{
"identity" : "swift-utils",
"requirement" : {
"range" : [
{
"lower_bound" : "4.0.0",
"upper_bound" : "5.0.0"
}
]
},
"type" : "sourceControl",
"url" : "https://github.com/fwcd/swift-utils.git"
},
{
"identity" : "swift-cairo",
"requirement" : {
"range" : [
{
"lower_bound" : "1.3.4",
"upper_bound" : "2.0.0"
}
]
},
"type" : "sourceControl",
"url" : "https://github.com/fwcd/swift-cairo.git"
}
],
"manifest_display_name" : "swift-graphics",
"name" : "swift-graphics",
"path" : "/Users/admin/builder/spi-builder-workspace",
"platforms" : [
{
"name" : "macos",
"version" : "13.0"
}
],
"products" : [
{
"name" : "Graphics",
"targets" : [
"Graphics"
],
"type" : {
"library" : [
"automatic"
]
}
},
{
"name" : "PlatformGraphics",
"targets" : [
"PlatformGraphics"
],
"type" : {
"library" : [
"automatic"
]
}
},
{
"name" : "CairoGraphics",
"targets" : [
"CairoGraphics"
],
"type" : {
"library" : [
"automatic"
]
}
},
{
"name" : "CoreGraphicsGraphics",
"targets" : [
"CoreGraphicsGraphics"
],
"type" : {
"library" : [
"automatic"
]
}
},
{
"name" : "DrawShapes",
"targets" : [
"DrawShapes"
],
"type" : {
"snippet" : null
}
}
],
"targets" : [
{
"c99name" : "PlatformGraphics",
"module_type" : "SwiftTarget",
"name" : "PlatformGraphics",
"path" : "Sources/PlatformGraphics",
"product_dependencies" : [
"Logging",
"Utils"
],
"product_memberships" : [
"PlatformGraphics",
"DrawShapes"
],
"sources" : [
"PlatformGraphics.swift"
],
"target_dependencies" : [
"CairoGraphics",
"CoreGraphicsGraphics"
],
"type" : "library"
},
{
"c99name" : "GraphicsTests",
"module_type" : "SwiftTarget",
"name" : "GraphicsTests",
"path" : "Tests/GraphicsTests",
"sources" : [
"ColorTests.swift",
"ShapeTests.swift"
],
"target_dependencies" : [
"Graphics"
],
"type" : "test"
},
{
"c99name" : "Graphics",
"module_type" : "SwiftTarget",
"name" : "Graphics",
"path" : "Sources/Graphics",
"product_dependencies" : [
"Logging",
"Utils",
"Cairo"
],
"product_memberships" : [
"Graphics",
"PlatformGraphics",
"CairoGraphics",
"CoreGraphicsGraphics",
"DrawShapes"
],
"sources" : [
"Color/Color.swift",
"Color/Colors.swift",
"Context/GraphicsContext.swift",
"Context/GraphicsContextError.swift",
"Context/PixelFormat.swift",
"Image/BufferedImage.swift",
"Image/CollectionImageUtils.swift",
"Image/Image.swift",
"Image/ImageError.swift",
"Image/NoImage.swift",
"Image/Sized.swift",
"Shape/Ellipse.swift",
"Shape/LineSegment.swift",
"Shape/Polygon.swift",
"Shape/Rectangle.swift",
"Shape/ShapeDefaults.swift",
"Shape/Text.swift"
],
"type" : "library"
},
{
"c99name" : "CoreGraphicsGraphics",
"module_type" : "SwiftTarget",
"name" : "CoreGraphicsGraphics",
"path" : "Sources/CoreGraphicsGraphics",
"product_dependencies" : [
"Logging",
"Utils"
],
"product_memberships" : [
"PlatformGraphics",
"CoreGraphicsGraphics",
"DrawShapes"
],
"sources" : [
"Context/CoreGraphicsContext.swift",
"Context/DefaultGraphicsContext.swift",
"Exports.swift",
"Image/CoreGraphicsImage.swift"
],
"target_dependencies" : [
"Graphics"
],
"type" : "library"
},
{
"c99name" : "CairoGraphics",
"module_type" : "SwiftTarget",
"name" : "CairoGraphics",
"path" : "Sources/CairoGraphics",
"product_dependencies" : [
"Logging",
"Utils",
"Cairo"
],
"product_memberships" : [
"PlatformGraphics",
"CairoGraphics",
"DrawShapes"
],
"sources" : [
"Context/CairoContext.swift",
"Context/DefaultGraphicsContext.swift",
"Exports.swift",
"Image/CairoImage.swift",
"Image/CairoSVG.swift",
"Image/HTTPImageUtils.swift"
],
"target_dependencies" : [
"Graphics"
],
"type" : "library"
},
{
"c99name" : "DrawShapes",
"module_type" : "SwiftTarget",
"name" : "DrawShapes",
"path" : "Snippets",
"product_memberships" : [
"DrawShapes"
],
"sources" : [
"DrawShapes.swift"
],
"target_dependencies" : [
"PlatformGraphics",
"Graphics",
"CoreGraphicsGraphics",
"CairoGraphics"
],
"type" : "snippet"
}
],
"tools_version" : "5.7"
}
{
"workspace" : {
"name" : "swift-graphics",
"schemes" : [
"CairoGraphics",
"CoreGraphicsGraphics",
"Graphics",
"PlatformGraphics",
"swift-graphics-Package"
]
}
}
2026-09-21 02:54:41.289 xcodebuild[941:5773] [MT] IDERunDestination: Supported platforms for the buildables in the current scheme is empty.
Running build ...
env DEVELOPER_DIR=/Applications/Xcode-27.0.0-Release.Candidate.app xcrun xcodebuild -IDEClonedSourcePackagesDirPathOverride=$PWD/.dependencies -skipMacroValidation -skipPackagePluginValidation -derivedDataPath $PWD/.derivedData build -scheme swift-graphics-Package -destination generic/platform=watchOS
Command line invocation:
/Applications/Xcode-27.0.0-Release.Candidate.app/Contents/Developer/usr/bin/xcodebuild -IDEClonedSourcePackagesDirPathOverride=/Users/admin/builder/spi-builder-workspace/.dependencies -skipMacroValidation -skipPackagePluginValidation -derivedDataPath /Users/admin/builder/spi-builder-workspace/.derivedData build -scheme swift-graphics-Package -destination generic/platform=watchOS
Resolve Package Graph
failed to retrieve search paths with pkg-config; maybe pkg-config is not installedyou may be able to install cairo using your system-packager:
brew install cairo
you may be able to install fontconfig using your system-packager:
brew install fontconfig
you may be able to install freetype2 using your system-packager:
brew install freetype2
Resolved source packages:
swift-cairo: https://github.com/fwcd/swift-cairo.git @ 1.3.4
SwiftSoup: https://github.com/scinfu/SwiftSoup.git @ 2.13.9
swift-graphics: /Users/admin/builder/spi-builder-workspace
swift-log: https://github.com/apple/swift-log.git @ 1.15.1
XMLCoder: https://github.com/MaxDesiatov/XMLCoder.git @ 0.18.2
swift-utils: https://github.com/fwcd/swift-utils.git @ 4.6.2
ComputePackagePrebuildTargetDependencyGraph
Prepare packages
CreateBuildRequest
SendProjectDescription
CreateBuildOperation
ComputeTargetDependencyGraph
note: Building targets in dependency order
note: Target dependency graph (21 targets)
Target 'CoreGraphicsGraphics-product' in project 'swift-graphics'
➜ Explicit dependency on target 'CoreGraphicsGraphics' in project 'swift-graphics'
➜ Explicit dependency on target 'Graphics' in project 'swift-graphics'
➜ Explicit dependency on target 'Logging-product' in project 'swift-log'
➜ Explicit dependency on target 'Utils-product' in project 'swift-utils'
➜ Explicit dependency on target 'Cairo-product' in project 'swift-cairo'
Target 'CairoGraphics-product' in project 'swift-graphics'
➜ Explicit dependency on target 'CairoGraphics' in project 'swift-graphics'
➜ Explicit dependency on target 'Graphics' in project 'swift-graphics'
➜ Explicit dependency on target 'Logging-product' in project 'swift-log'
➜ Explicit dependency on target 'Utils-product' in project 'swift-utils'
➜ Explicit dependency on target 'Cairo-product' in project 'swift-cairo'
Target 'CairoGraphics' in project 'swift-graphics'
➜ Explicit dependency on target 'Graphics' in project 'swift-graphics'
➜ Explicit dependency on target 'Logging-product' in project 'swift-log'
➜ Explicit dependency on target 'Utils-product' in project 'swift-utils'
➜ Explicit dependency on target 'Cairo-product' in project 'swift-cairo'
Target 'PlatformGraphics-product' in project 'swift-graphics'
➜ Explicit dependency on target 'PlatformGraphics' in project 'swift-graphics'
➜ Explicit dependency on target 'Graphics' in project 'swift-graphics'
➜ Explicit dependency on target 'CoreGraphicsGraphics' in project 'swift-graphics'
➜ Explicit dependency on target 'Logging-product' in project 'swift-log'
➜ Explicit dependency on target 'Utils-product' in project 'swift-utils'
➜ Explicit dependency on target 'Cairo-product' in project 'swift-cairo'
Target 'PlatformGraphics' in project 'swift-graphics'
➜ Explicit dependency on target 'Graphics' in project 'swift-graphics'
➜ Explicit dependency on target 'CoreGraphicsGraphics' in project 'swift-graphics'
➜ Explicit dependency on target 'Logging-product' in project 'swift-log'
➜ Explicit dependency on target 'Utils-product' in project 'swift-utils'
➜ Explicit dependency on target 'Cairo-product' in project 'swift-cairo'
Target 'CoreGraphicsGraphics' in project 'swift-graphics'
➜ Explicit dependency on target 'Graphics' in project 'swift-graphics'
➜ Explicit dependency on target 'Logging-product' in project 'swift-log'
➜ Explicit dependency on target 'Utils-product' in project 'swift-utils'
➜ Explicit dependency on target 'Cairo-product' in project 'swift-cairo'
Target 'Graphics-product' in project 'swift-graphics'
➜ Explicit dependency on target 'Graphics' in project 'swift-graphics'
➜ Explicit dependency on target 'Logging-product' in project 'swift-log'
➜ Explicit dependency on target 'Utils-product' in project 'swift-utils'
➜ Explicit dependency on target 'Cairo-product' in project 'swift-cairo'
Target 'Graphics' in project 'swift-graphics'
➜ Explicit dependency on target 'Logging-product' in project 'swift-log'
➜ Explicit dependency on target 'Utils-product' in project 'swift-utils'
➜ Explicit dependency on target 'Cairo-product' in project 'swift-cairo'
Target 'Cairo-product' in project 'swift-cairo'
➜ Explicit dependency on target 'Cairo' in project 'swift-cairo'
Target 'Cairo' in project 'swift-cairo'
➜ Explicit dependency on target 'SCCCairo' in project 'swift-cairo'
➜ Explicit dependency on target 'SCCFontConfig' in project 'swift-cairo'
➜ Explicit dependency on target 'SCCFreeType' in project 'swift-cairo'
Target 'SCCFreeType' in project 'swift-cairo' (no dependencies)
Target 'SCCFontConfig' in project 'swift-cairo' (no dependencies)
Target 'SCCCairo' in project 'swift-cairo' (no dependencies)
Target 'Utils-product' in project 'swift-utils'
➜ Explicit dependency on target 'Utils' in project 'swift-utils'
➜ Explicit dependency on target 'Logging-product' in project 'swift-log'
➜ Explicit dependency on target 'SwiftSoup-product' in project 'SwiftSoup'
➜ Explicit dependency on target 'XMLCoder-product' in project 'XMLCoder'
Target 'Utils' in project 'swift-utils'
➜ Explicit dependency on target 'Logging-product' in project 'swift-log'
➜ Explicit dependency on target 'SwiftSoup-product' in project 'SwiftSoup'
➜ Explicit dependency on target 'XMLCoder-product' in project 'XMLCoder'
Target 'XMLCoder-product' in project 'XMLCoder'
➜ Explicit dependency on target 'XMLCoder' in project 'XMLCoder'
Target 'XMLCoder' in project 'XMLCoder' (no dependencies)
Target 'SwiftSoup-product' in project 'SwiftSoup'
➜ Explicit dependency on target 'SwiftSoup' in project 'SwiftSoup'
Target 'SwiftSoup' in project 'SwiftSoup' (no dependencies)
Target 'Logging-product' in project 'swift-log'
➜ Explicit dependency on target 'Logging' in project 'swift-log'
Target 'Logging' in project 'swift-log' (no dependencies)
GatherProvisioningInputs
CreateBuildDescription
ClangStatCache /Applications/Xcode-27.0.0-Release.Candidate.app/Contents/Developer/Toolchains/XcodeDefault.xctoolchain/usr/bin/clang-stat-cache /Applications/Xcode-27.0.0-Release.Candidate.app/Contents/Developer/Platforms/WatchOS.platform/Developer/SDKs/WatchOS27.0.sdk /Users/admin/builder/spi-builder-workspace/.derivedData/SDKStatCaches.noindex/watchos27.0-24R360-e829b21a6f8c9b70876ba0858053c04477534ef55a1706bf4c1112bbb242f0a2.sdkstatcache
cd /Users/admin/builder/spi-builder-workspace/.swiftpm/xcode
/Applications/Xcode-27.0.0-Release.Candidate.app/Contents/Developer/Toolchains/XcodeDefault.xctoolchain/usr/bin/clang-stat-cache /Applications/Xcode-27.0.0-Release.Candidate.app/Contents/Developer/Platforms/WatchOS.platform/Developer/SDKs/WatchOS27.0.sdk -o /Users/admin/builder/spi-builder-workspace/.derivedData/SDKStatCaches.noindex/watchos27.0-24R360-e829b21a6f8c9b70876ba0858053c04477534ef55a1706bf4c1112bbb242f0a2.sdkstatcache
SwiftDriver XMLCoder normal arm64 com.apple.xcode.tools.swift.compiler (in target 'XMLCoder' from project 'XMLCoder')
cd /Users/admin/builder/spi-builder-workspace/.swiftpm/xcode
builtin-SwiftDriver -- /Applications/Xcode-27.0.0-Release.Candidate.app/Contents/Developer/Toolchains/XcodeDefault.xctoolchain/usr/bin/swiftc -parse-as-library -module-name XMLCoder -Onone @/Users/admin/builder/spi-builder-workspace/.derivedData/Build/Intermediates.noindex/XMLCoder.build/Debug-watchos/XMLCoder-t.build/Objects-normal/arm64/XMLCoder.SwiftFileList -DSWIFT_PACKAGE -DDEBUG -DSWIFT_MODULE_RESOURCE_BUNDLE_UNAVAILABLE -DXcode -plugin-path /Applications/Xcode-27.0.0-Release.Candidate.app/Contents/Developer/Toolchains/XcodeDefault.xctoolchain/usr/lib/swift/host/plugins/testing -enable-experimental-feature DebugDescriptionMacro -sdk /Applications/Xcode-27.0.0-Release.Candidate.app/Contents/Developer/Platforms/WatchOS.platform/Developer/SDKs/WatchOS27.0.sdk -target arm64-apple-watchos9.0 -g -module-cache-path /Users/admin/builder/spi-builder-workspace/.derivedData/ModuleCache.noindex -Xfrontend -serialize-debugging-options -profile-coverage-mapping -profile-generate -enable-testing -suppress-warnings -index-store-path /Users/admin/builder/spi-builder-workspace/.derivedData/Index.noindex/DataStore -Xcc -D_LIBCPP_HARDENING_MODE\=_LIBCPP_HARDENING_MODE_DEBUG -swift-version 5 -I /Users/admin/builder/spi-builder-workspace/.derivedData/Build/Products/Debug-watchos -Isystem /Applications/Xcode-27.0.0-Release.Candidate.app/Contents/Developer/Platforms/WatchOS.platform/Developer/usr/lib -F /Users/admin/builder/spi-builder-workspace/.derivedData/Build/Products/Debug-watchos -F /Applications/Xcode-27.0.0-Release.Candidate.app/Contents/Developer/Platforms/WatchOS.platform/Developer/Library/Frameworks -F /Applications/Xcode-27.0.0-Release.Candidate.app/Contents/Developer/Platforms/WatchOS.platform/Developer/SDKs/WatchOS27.0.sdk/Developer/Library/Frameworks -c -j10 -enable-batch-mode -incremental -Xcc -ivfsstatcache -Xcc /Users/admin/builder/spi-builder-workspace/.derivedData/SDKStatCaches.noindex/watchos27.0-24R360-e829b21a6f8c9b70876ba0858053c04477534ef55a1706bf4c1112bbb242f0a2.sdkstatcache -output-file-map /Users/admin/builder/spi-builder-workspace/.derivedData/Build/Intermediates.noindex/XMLCoder.build/Debug-watchos/XMLCoder-t.build/Objects-normal/arm64/XMLCoder-OutputFileMap.json -save-temps -no-color-diagnostics -explicit-module-build -module-cache-path /Users/admin/builder/spi-builder-workspace/.derivedData/Build/Intermediates.noindex/SwiftExplicitPrecompiledModules -clang-scanner-module-cache-path /Users/admin/builder/spi-builder-workspace/.derivedData/ModuleCache.noindex -sdk-module-cache-path /Users/admin/builder/spi-builder-workspace/.derivedData/SDKExplicitPrecompiledModules -emit-dependencies -emit-module -emit-module-path /Users/admin/builder/spi-builder-workspace/.derivedData/Build/Intermediates.noindex/XMLCoder.build/Debug-watchos/XMLCoder-t.build/Objects-normal/arm64/XMLCoder.swiftmodule -serialize-diagnostics -dependency-scan-serialize-diagnostics-path /Users/admin/builder/spi-builder-workspace/.derivedData/Build/Intermediates.noindex/XMLCoder.build/Debug-watchos/XMLCoder-t.build/Objects-normal/arm64/XMLCoder-dependency-scan.dia -validate-clang-modules-once -clang-build-session-file /Users/admin/builder/spi-builder-workspace/.derivedData/ModuleCache.noindex/Session.modulevalidation -Xcc -fmodules-prune-interval\=86400 -Xcc -fmodules-prune-after\=345600 -emit-const-values -const-gather-protocols-list /Users/admin/builder/spi-builder-workspace/.derivedData/Build/Intermediates.noindex/XMLCoder.build/Debug-watchos/XMLCoder-t.build/Objects-normal/arm64/XMLCoder_const_extract_protocols.json -Xcc -I/Users/admin/builder/spi-builder-workspace/.derivedData/Build/Products/Debug-watchos/include -Xcc -I/Users/admin/builder/spi-builder-workspace/.derivedData/Build/Intermediates.noindex/XMLCoder.build/Debug-watchos/XMLCoder-t.build/DerivedSources-normal/arm64 -Xcc -I/Users/admin/builder/spi-builder-workspace/.derivedData/Build/Intermediates.noindex/XMLCoder.build/Debug-watchos/XMLCoder-t.build/DerivedSources/arm64 -Xcc -I/Users/admin/builder/spi-builder-workspace/.derivedData/Build/Intermediates.noindex/XMLCoder.build/Debug-watchos/XMLCoder-t.build/DerivedSources -Xcc -DSWIFT_PACKAGE -Xcc -DDEBUG\=1 -emit-objc-header -emit-objc-header-path /Users/admin/builder/spi-builder-workspace/.derivedData/Build/Intermediates.noindex/XMLCoder.build/Debug-watchos/XMLCoder-t.build/Objects-normal/arm64/XMLCoder-Swift.h -working-directory /Users/admin/builder/spi-builder-workspace/.swiftpm/xcode -experimental-emit-module-separately -disable-cmo
SwiftDriver SwiftSoup normal arm64_32 com.apple.xcode.tools.swift.compiler (in target 'SwiftSoup' from project 'SwiftSoup')
cd /Users/admin/builder/spi-builder-workspace/.swiftpm/xcode
builtin-SwiftDriver -- /Applications/Xcode-27.0.0-Release.Candidate.app/Contents/Developer/Toolchains/XcodeDefault.xctoolchain/usr/bin/swiftc -parse-as-library -module-name SwiftSoup -Onone @/Users/admin/builder/spi-builder-workspace/.derivedData/Build/Intermediates.noindex/SwiftSoup.build/Debug-watchos/SwiftSoup-t.build/Objects-normal/arm64_32/SwiftSoup.SwiftFileList -DSWIFT_PACKAGE -DDEBUG -DSWIFT_MODULE_RESOURCE_BUNDLE_UNAVAILABLE -DXcode -plugin-path /Applications/Xcode-27.0.0-Release.Candidate.app/Contents/Developer/Toolchains/XcodeDefault.xctoolchain/usr/lib/swift/host/plugins/testing -enable-experimental-feature DebugDescriptionMacro -sdk /Applications/Xcode-27.0.0-Release.Candidate.app/Contents/Developer/Platforms/WatchOS.platform/Developer/SDKs/WatchOS27.0.sdk -target arm64_32-apple-watchos9.0 -g -module-cache-path /Users/admin/builder/spi-builder-workspace/.derivedData/ModuleCache.noindex -Xfrontend -serialize-debugging-options -profile-coverage-mapping -profile-generate -enable-testing -suppress-warnings -index-store-path /Users/admin/builder/spi-builder-workspace/.derivedData/Index.noindex/DataStore -Xcc -D_LIBCPP_HARDENING_MODE\=_LIBCPP_HARDENING_MODE_DEBUG -swift-version 6 -I /Users/admin/builder/spi-builder-workspace/.derivedData/Build/Products/Debug-watchos -Isystem /Applications/Xcode-27.0.0-Release.Candidate.app/Contents/Developer/Platforms/WatchOS.platform/Developer/usr/lib -F /Users/admin/builder/spi-builder-workspace/.derivedData/Build/Products/Debug-watchos -F /Applications/Xcode-27.0.0-Release.Candidate.app/Contents/Developer/Platforms/WatchOS.platform/Developer/Library/Frameworks -F /Applications/Xcode-27.0.0-Release.Candidate.app/Contents/Developer/Platforms/WatchOS.platform/Developer/SDKs/WatchOS27.0.sdk/Developer/Library/Frameworks -c -j10 -enable-batch-mode -incremental -Xcc -ivfsstatcache -Xcc /Users/admin/builder/spi-builder-workspace/.derivedData/SDKStatCaches.noindex/watchos27.0-24R360-e829b21a6f8c9b70876ba0858053c04477534ef55a1706bf4c1112bbb242f0a2.sdkstatcache -output-file-map /Users/admin/builder/spi-builder-workspace/.derivedData/Build/Intermediates.noindex/SwiftSoup.build/Debug-watchos/SwiftSoup-t.build/Objects-normal/arm64_32/SwiftSoup-OutputFileMap.json -save-temps -no-color-diagnostics -explicit-module-build -module-cache-path /Users/admin/builder/spi-builder-workspace/.derivedData/Build/Intermediates.noindex/SwiftExplicitPrecompiledModules -clang-scanner-module-cache-path /Users/admin/builder/spi-builder-workspace/.derivedData/ModuleCache.noindex -sdk-module-cache-path /Users/admin/builder/spi-builder-workspace/.derivedData/SDKExplicitPrecompiledModules -emit-dependencies -emit-module -emit-module-path /Users/admin/builder/spi-builder-workspace/.derivedData/Build/Intermediates.noindex/SwiftSoup.build/Debug-watchos/SwiftSoup-t.build/Objects-normal/arm64_32/SwiftSoup.swiftmodule -serialize-diagnostics -dependency-scan-serialize-diagnostics-path /Users/admin/builder/spi-builder-workspace/.derivedData/Build/Intermediates.noindex/SwiftSoup.build/Debug-watchos/SwiftSoup-t.build/Objects-normal/arm64_32/SwiftSoup-dependency-scan.dia -user-module-version 2.13.9 -validate-clang-modules-once -clang-build-session-file /Users/admin/builder/spi-builder-workspace/.derivedData/ModuleCache.noindex/Session.modulevalidation -Xcc -fmodules-prune-interval\=86400 -Xcc -fmodules-prune-after\=345600 -package-name swiftsoup -emit-const-values -const-gather-protocols-list /Users/admin/builder/spi-builder-workspace/.derivedData/Build/Intermediates.noindex/SwiftSoup.build/Debug-watchos/SwiftSoup-t.build/Objects-normal/arm64_32/SwiftSoup_const_extract_protocols.json -Xcc -I/Users/admin/builder/spi-builder-workspace/.derivedData/Build/Products/Debug-watchos/include -Xcc -I/Users/admin/builder/spi-builder-workspace/.derivedData/Build/Intermediates.noindex/SwiftSoup.build/Debug-watchos/SwiftSoup-t.build/DerivedSources-normal/arm64_32 -Xcc -I/Users/admin/builder/spi-builder-workspace/.derivedData/Build/Intermediates.noindex/SwiftSoup.build/Debug-watchos/SwiftSoup-t.build/DerivedSources/arm64_32 -Xcc -I/Users/admin/builder/spi-builder-workspace/.derivedData/Build/Intermediates.noindex/SwiftSoup.build/Debug-watchos/SwiftSoup-t.build/DerivedSources -Xcc -DSWIFT_PACKAGE -Xcc -DDEBUG\=1 -emit-objc-header -emit-objc-header-path /Users/admin/builder/spi-builder-workspace/.derivedData/Build/Intermediates.noindex/SwiftSoup.build/Debug-watchos/SwiftSoup-t.build/Objects-normal/arm64_32/SwiftSoup-Swift.h -working-directory /Users/admin/builder/spi-builder-workspace/.swiftpm/xcode -experimental-emit-module-separately -disable-cmo
SwiftDriver Logging normal arm64_32 com.apple.xcode.tools.swift.compiler (in target 'Logging' from project 'swift-log')
cd /Users/admin/builder/spi-builder-workspace/.swiftpm/xcode
builtin-SwiftDriver -- /Applications/Xcode-27.0.0-Release.Candidate.app/Contents/Developer/Toolchains/XcodeDefault.xctoolchain/usr/bin/swiftc -parse-as-library -module-name Logging -Onone @/Users/admin/builder/spi-builder-workspace/.derivedData/Build/Intermediates.noindex/swift-log.build/Debug-watchos/Logging-t.build/Objects-normal/arm64_32/Logging.SwiftFileList -DSWIFT_PACKAGE -DDEBUG -DSWIFT_MODULE_RESOURCE_BUNDLE_UNAVAILABLE -DXcode -enable-upcoming-feature ExistentialAny -enable-upcoming-feature MemberImportVisibility -enable-upcoming-feature InternalImportsByDefault -enable-upcoming-feature NonisolatedNonsendingByDefault -Xfrontend -require-explicit-sendable -plugin-path /Applications/Xcode-27.0.0-Release.Candidate.app/Contents/Developer/Toolchains/XcodeDefault.xctoolchain/usr/lib/swift/host/plugins/testing -enable-experimental-feature DebugDescriptionMacro -sdk /Applications/Xcode-27.0.0-Release.Candidate.app/Contents/Developer/Platforms/WatchOS.platform/Developer/SDKs/WatchOS27.0.sdk -target arm64_32-apple-watchos9.0 -g -module-cache-path /Users/admin/builder/spi-builder-workspace/.derivedData/ModuleCache.noindex -Xfrontend -serialize-debugging-options -profile-coverage-mapping -profile-generate -enable-testing -suppress-warnings -index-store-path /Users/admin/builder/spi-builder-workspace/.derivedData/Index.noindex/DataStore -Xcc -D_LIBCPP_HARDENING_MODE\=_LIBCPP_HARDENING_MODE_DEBUG -swift-version 6 -I /Users/admin/builder/spi-builder-workspace/.derivedData/Build/Products/Debug-watchos -Isystem /Applications/Xcode-27.0.0-Release.Candidate.app/Contents/Developer/Platforms/WatchOS.platform/Developer/usr/lib -F /Users/admin/builder/spi-builder-workspace/.derivedData/Build/Products/Debug-watchos -F /Applications/Xcode-27.0.0-Release.Candidate.app/Contents/Developer/Platforms/WatchOS.platform/Developer/Library/Frameworks -F /Applications/Xcode-27.0.0-Release.Candidate.app/Contents/Developer/Platforms/WatchOS.platform/Developer/SDKs/WatchOS27.0.sdk/Developer/Library/Frameworks -c -j10 -enable-batch-mode -incremental -Xcc -ivfsstatcache -Xcc /Users/admin/builder/spi-builder-workspace/.derivedData/SDKStatCaches.noindex/watchos27.0-24R360-e829b21a6f8c9b70876ba0858053c04477534ef55a1706bf4c1112bbb242f0a2.sdkstatcache -output-file-map /Users/admin/builder/spi-builder-workspace/.derivedData/Build/Intermediates.noindex/swift-log.build/Debug-watchos/Logging-t.build/Objects-normal/arm64_32/Logging-OutputFileMap.json -save-temps -no-color-diagnostics -explicit-module-build -module-cache-path /Users/admin/builder/spi-builder-workspace/.derivedData/Build/Intermediates.noindex/SwiftExplicitPrecompiledModules -clang-scanner-module-cache-path /Users/admin/builder/spi-builder-workspace/.derivedData/ModuleCache.noindex -sdk-module-cache-path /Users/admin/builder/spi-builder-workspace/.derivedData/SDKExplicitPrecompiledModules -emit-dependencies -emit-module -emit-module-path /Users/admin/builder/spi-builder-workspace/.derivedData/Build/Intermediates.noindex/swift-log.build/Debug-watchos/Logging-t.build/Objects-normal/arm64_32/Logging.swiftmodule -serialize-diagnostics -dependency-scan-serialize-diagnostics-path /Users/admin/builder/spi-builder-workspace/.derivedData/Build/Intermediates.noindex/swift-log.build/Debug-watchos/Logging-t.build/Objects-normal/arm64_32/Logging-dependency-scan.dia -user-module-version 1.15.1 -validate-clang-modules-once -clang-build-session-file /Users/admin/builder/spi-builder-workspace/.derivedData/ModuleCache.noindex/Session.modulevalidation -Xcc -fmodules-prune-interval\=86400 -Xcc -fmodules-prune-after\=345600 -package-name swift_log -emit-const-values -const-gather-protocols-list /Users/admin/builder/spi-builder-workspace/.derivedData/Build/Intermediates.noindex/swift-log.build/Debug-watchos/Logging-t.build/Objects-normal/arm64_32/Logging_const_extract_protocols.json -Xcc -I/Users/admin/builder/spi-builder-workspace/.derivedData/Build/Products/Debug-watchos/include -Xcc -I/Users/admin/builder/spi-builder-workspace/.derivedData/Build/Intermediates.noindex/swift-log.build/Debug-watchos/Logging-t.build/DerivedSources-normal/arm64_32 -Xcc -I/Users/admin/builder/spi-builder-workspace/.derivedData/Build/Intermediates.noindex/swift-log.build/Debug-watchos/Logging-t.build/DerivedSources/arm64_32 -Xcc -I/Users/admin/builder/spi-builder-workspace/.derivedData/Build/Intermediates.noindex/swift-log.build/Debug-watchos/Logging-t.build/DerivedSources -Xcc -DSWIFT_PACKAGE -Xcc -DDEBUG\=1 -emit-objc-header -emit-objc-header-path /Users/admin/builder/spi-builder-workspace/.derivedData/Build/Intermediates.noindex/swift-log.build/Debug-watchos/Logging-t.build/Objects-normal/arm64_32/Logging-Swift.h -working-directory /Users/admin/builder/spi-builder-workspace/.swiftpm/xcode -experimental-emit-module-separately -disable-cmo
SwiftDriver XMLCoder normal arm64_32 com.apple.xcode.tools.swift.compiler (in target 'XMLCoder' from project 'XMLCoder')
cd /Users/admin/builder/spi-builder-workspace/.swiftpm/xcode
builtin-SwiftDriver -- /Applications/Xcode-27.0.0-Release.Candidate.app/Contents/Developer/Toolchains/XcodeDefault.xctoolchain/usr/bin/swiftc -parse-as-library -module-name XMLCoder -Onone @/Users/admin/builder/spi-builder-workspace/.derivedData/Build/Intermediates.noindex/XMLCoder.build/Debug-watchos/XMLCoder-t.build/Objects-normal/arm64_32/XMLCoder.SwiftFileList -DSWIFT_PACKAGE -DDEBUG -DSWIFT_MODULE_RESOURCE_BUNDLE_UNAVAILABLE -DXcode -plugin-path /Applications/Xcode-27.0.0-Release.Candidate.app/Contents/Developer/Toolchains/XcodeDefault.xctoolchain/usr/lib/swift/host/plugins/testing -enable-experimental-feature DebugDescriptionMacro -sdk /Applications/Xcode-27.0.0-Release.Candidate.app/Contents/Developer/Platforms/WatchOS.platform/Developer/SDKs/WatchOS27.0.sdk -target arm64_32-apple-watchos9.0 -g -module-cache-path /Users/admin/builder/spi-builder-workspace/.derivedData/ModuleCache.noindex -Xfrontend -serialize-debugging-options -profile-coverage-mapping -profile-generate -enable-testing -suppress-warnings -index-store-path /Users/admin/builder/spi-builder-workspace/.derivedData/Index.noindex/DataStore -Xcc -D_LIBCPP_HARDENING_MODE\=_LIBCPP_HARDENING_MODE_DEBUG -swift-version 5 -I /Users/admin/builder/spi-builder-workspace/.derivedData/Build/Products/Debug-watchos -Isystem /Applications/Xcode-27.0.0-Release.Candidate.app/Contents/Developer/Platforms/WatchOS.platform/Developer/usr/lib -F /Users/admin/builder/spi-builder-workspace/.derivedData/Build/Products/Debug-watchos -F /Applications/Xcode-27.0.0-Release.Candidate.app/Contents/Developer/Platforms/WatchOS.platform/Developer/Library/Frameworks -F /Applications/Xcode-27.0.0-Release.Candidate.app/Contents/Developer/Platforms/WatchOS.platform/Developer/SDKs/WatchOS27.0.sdk/Developer/Library/Frameworks -c -j10 -enable-batch-mode -incremental -Xcc -ivfsstatcache -Xcc /Users/admin/builder/spi-builder-workspace/.derivedData/SDKStatCaches.noindex/watchos27.0-24R360-e829b21a6f8c9b70876ba0858053c04477534ef55a1706bf4c1112bbb242f0a2.sdkstatcache -output-file-map /Users/admin/builder/spi-builder-workspace/.derivedData/Build/Intermediates.noindex/XMLCoder.build/Debug-watchos/XMLCoder-t.build/Objects-normal/arm64_32/XMLCoder-OutputFileMap.json -save-temps -no-color-diagnostics -explicit-module-build -module-cache-path /Users/admin/builder/spi-builder-workspace/.derivedData/Build/Intermediates.noindex/SwiftExplicitPrecompiledModules -clang-scanner-module-cache-path /Users/admin/builder/spi-builder-workspace/.derivedData/ModuleCache.noindex -sdk-module-cache-path /Users/admin/builder/spi-builder-workspace/.derivedData/SDKExplicitPrecompiledModules -emit-dependencies -emit-module -emit-module-path /Users/admin/builder/spi-builder-workspace/.derivedData/Build/Intermediates.noindex/XMLCoder.build/Debug-watchos/XMLCoder-t.build/Objects-normal/arm64_32/XMLCoder.swiftmodule -serialize-diagnostics -dependency-scan-serialize-diagnostics-path /Users/admin/builder/spi-builder-workspace/.derivedData/Build/Intermediates.noindex/XMLCoder.build/Debug-watchos/XMLCoder-t.build/Objects-normal/arm64_32/XMLCoder-dependency-scan.dia -validate-clang-modules-once -clang-build-session-file /Users/admin/builder/spi-builder-workspace/.derivedData/ModuleCache.noindex/Session.modulevalidation -Xcc -fmodules-prune-interval\=86400 -Xcc -fmodules-prune-after\=345600 -emit-const-values -const-gather-protocols-list /Users/admin/builder/spi-builder-workspace/.derivedData/Build/Intermediates.noindex/XMLCoder.build/Debug-watchos/XMLCoder-t.build/Objects-normal/arm64_32/XMLCoder_const_extract_protocols.json -Xcc -I/Users/admin/builder/spi-builder-workspace/.derivedData/Build/Products/Debug-watchos/include -Xcc -I/Users/admin/builder/spi-builder-workspace/.derivedData/Build/Intermediates.noindex/XMLCoder.build/Debug-watchos/XMLCoder-t.build/DerivedSources-normal/arm64_32 -Xcc -I/Users/admin/builder/spi-builder-workspace/.derivedData/Build/Intermediates.noindex/XMLCoder.build/Debug-watchos/XMLCoder-t.build/DerivedSources/arm64_32 -Xcc -I/Users/admin/builder/spi-builder-workspace/.derivedData/Build/Intermediates.noindex/XMLCoder.build/Debug-watchos/XMLCoder-t.build/DerivedSources -Xcc -DSWIFT_PACKAGE -Xcc -DDEBUG\=1 -emit-objc-header -emit-objc-header-path /Users/admin/builder/spi-builder-workspace/.derivedData/Build/Intermediates.noindex/XMLCoder.build/Debug-watchos/XMLCoder-t.build/Objects-normal/arm64_32/XMLCoder-Swift.h -working-directory /Users/admin/builder/spi-builder-workspace/.swiftpm/xcode -experimental-emit-module-separately -disable-cmo
SwiftDriver SwiftSoup normal arm64 com.apple.xcode.tools.swift.compiler (in target 'SwiftSoup' from project 'SwiftSoup')
cd /Users/admin/builder/spi-builder-workspace/.swiftpm/xcode
builtin-SwiftDriver -- /Applications/Xcode-27.0.0-Release.Candidate.app/Contents/Developer/Toolchains/XcodeDefault.xctoolchain/usr/bin/swiftc -parse-as-library -module-name SwiftSoup -Onone @/Users/admin/builder/spi-builder-workspace/.derivedData/Build/Intermediates.noindex/SwiftSoup.build/Debug-watchos/SwiftSoup-t.build/Objects-normal/arm64/SwiftSoup.SwiftFileList -DSWIFT_PACKAGE -DDEBUG -DSWIFT_MODULE_RESOURCE_BUNDLE_UNAVAILABLE -DXcode -plugin-path /Applications/Xcode-27.0.0-Release.Candidate.app/Contents/Developer/Toolchains/XcodeDefault.xctoolchain/usr/lib/swift/host/plugins/testing -enable-experimental-feature DebugDescriptionMacro -sdk /Applications/Xcode-27.0.0-Release.Candidate.app/Contents/Developer/Platforms/WatchOS.platform/Developer/SDKs/WatchOS27.0.sdk -target arm64-apple-watchos9.0 -g -module-cache-path /Users/admin/builder/spi-builder-workspace/.derivedData/ModuleCache.noindex -Xfrontend -serialize-debugging-options -profile-coverage-mapping -profile-generate -enable-testing -suppress-warnings -index-store-path /Users/admin/builder/spi-builder-workspace/.derivedData/Index.noindex/DataStore -Xcc -D_LIBCPP_HARDENING_MODE\=_LIBCPP_HARDENING_MODE_DEBUG -swift-version 6 -I /Users/admin/builder/spi-builder-workspace/.derivedData/Build/Products/Debug-watchos -Isystem /Applications/Xcode-27.0.0-Release.Candidate.app/Contents/Developer/Platforms/WatchOS.platform/Developer/usr/lib -F /Users/admin/builder/spi-builder-workspace/.derivedData/Build/Products/Debug-watchos -F /Applications/Xcode-27.0.0-Release.Candidate.app/Contents/Developer/Platforms/WatchOS.platform/Developer/Library/Frameworks -F /Applications/Xcode-27.0.0-Release.Candidate.app/Contents/Developer/Platforms/WatchOS.platform/Developer/SDKs/WatchOS27.0.sdk/Developer/Library/Frameworks -c -j10 -enable-batch-mode -incremental -Xcc -ivfsstatcache -Xcc /Users/admin/builder/spi-builder-workspace/.derivedData/SDKStatCaches.noindex/watchos27.0-24R360-e829b21a6f8c9b70876ba0858053c04477534ef55a1706bf4c1112bbb242f0a2.sdkstatcache -output-file-map /Users/admin/builder/spi-builder-workspace/.derivedData/Build/Intermediates.noindex/SwiftSoup.build/Debug-watchos/SwiftSoup-t.build/Objects-normal/arm64/SwiftSoup-OutputFileMap.json -save-temps -no-color-diagnostics -explicit-module-build -module-cache-path /Users/admin/builder/spi-builder-workspace/.derivedData/Build/Intermediates.noindex/SwiftExplicitPrecompiledModules -clang-scanner-module-cache-path /Users/admin/builder/spi-builder-workspace/.derivedData/ModuleCache.noindex -sdk-module-cache-path /Users/admin/builder/spi-builder-workspace/.derivedData/SDKExplicitPrecompiledModules -emit-dependencies -emit-module -emit-module-path /Users/admin/builder/spi-builder-workspace/.derivedData/Build/Intermediates.noindex/SwiftSoup.build/Debug-watchos/SwiftSoup-t.build/Objects-normal/arm64/SwiftSoup.swiftmodule -serialize-diagnostics -dependency-scan-serialize-diagnostics-path /Users/admin/builder/spi-builder-workspace/.derivedData/Build/Intermediates.noindex/SwiftSoup.build/Debug-watchos/SwiftSoup-t.build/Objects-normal/arm64/SwiftSoup-dependency-scan.dia -user-module-version 2.13.9 -validate-clang-modules-once -clang-build-session-file /Users/admin/builder/spi-builder-workspace/.derivedData/ModuleCache.noindex/Session.modulevalidation -Xcc -fmodules-prune-interval\=86400 -Xcc -fmodules-prune-after\=345600 -package-name swiftsoup -emit-const-values -const-gather-protocols-list /Users/admin/builder/spi-builder-workspace/.derivedData/Build/Intermediates.noindex/SwiftSoup.build/Debug-watchos/SwiftSoup-t.build/Objects-normal/arm64/SwiftSoup_const_extract_protocols.json -Xcc -I/Users/admin/builder/spi-builder-workspace/.derivedData/Build/Products/Debug-watchos/include -Xcc -I/Users/admin/builder/spi-builder-workspace/.derivedData/Build/Intermediates.noindex/SwiftSoup.build/Debug-watchos/SwiftSoup-t.build/DerivedSources-normal/arm64 -Xcc -I/Users/admin/builder/spi-builder-workspace/.derivedData/Build/Intermediates.noindex/SwiftSoup.build/Debug-watchos/SwiftSoup-t.build/DerivedSources/arm64 -Xcc -I/Users/admin/builder/spi-builder-workspace/.derivedData/Build/Intermediates.noindex/SwiftSoup.build/Debug-watchos/SwiftSoup-t.build/DerivedSources -Xcc -DSWIFT_PACKAGE -Xcc -DDEBUG\=1 -emit-objc-header -emit-objc-header-path /Users/admin/builder/spi-builder-workspace/.derivedData/Build/Intermediates.noindex/SwiftSoup.build/Debug-watchos/SwiftSoup-t.build/Objects-normal/arm64/SwiftSoup-Swift.h -working-directory /Users/admin/builder/spi-builder-workspace/.swiftpm/xcode -experimental-emit-module-separately -disable-cmo
SwiftDriver Cairo normal arm64_32 com.apple.xcode.tools.swift.compiler (in target 'Cairo' from project 'swift-cairo')
cd /Users/admin/builder/spi-builder-workspace/.swiftpm/xcode
builtin-SwiftDriver -- /Applications/Xcode-27.0.0-Release.Candidate.app/Contents/Developer/Toolchains/XcodeDefault.xctoolchain/usr/bin/swiftc -parse-as-library -module-name Cairo -Onone @/Users/admin/builder/spi-builder-workspace/.derivedData/Build/Intermediates.noindex/swift-cairo.build/Debug-watchos/Cairo-t.build/Objects-normal/arm64_32/Cairo.SwiftFileList -DSWIFT_PACKAGE -DDEBUG -DSWIFT_MODULE_RESOURCE_BUNDLE_UNAVAILABLE -Xcc -fmodule-map-file\=/Users/admin/builder/spi-builder-workspace/.dependencies/checkouts/swift-cairo/Sources/SCCFreeType/module.modulemap -Xcc -fmodule-map-file\=/Users/admin/builder/spi-builder-workspace/.dependencies/checkouts/swift-cairo/Sources/SCCFontConfig/module.modulemap -Xcc -fmodule-map-file\=/Users/admin/builder/spi-builder-workspace/.dependencies/checkouts/swift-cairo/Sources/SCCCairo/module.modulemap -DXcode -plugin-path /Applications/Xcode-27.0.0-Release.Candidate.app/Contents/Developer/Toolchains/XcodeDefault.xctoolchain/usr/lib/swift/host/plugins/testing -enable-experimental-feature DebugDescriptionMacro -sdk /Applications/Xcode-27.0.0-Release.Candidate.app/Contents/Developer/Platforms/WatchOS.platform/Developer/SDKs/WatchOS27.0.sdk -target arm64_32-apple-watchos9.0 -g -module-cache-path /Users/admin/builder/spi-builder-workspace/.derivedData/ModuleCache.noindex -Xfrontend -serialize-debugging-options -profile-coverage-mapping -profile-generate -enable-testing -suppress-warnings -index-store-path /Users/admin/builder/spi-builder-workspace/.derivedData/Index.noindex/DataStore -Xcc -D_LIBCPP_HARDENING_MODE\=_LIBCPP_HARDENING_MODE_DEBUG -swift-version 5 -I /Users/admin/builder/spi-builder-workspace/.derivedData/Build/Products/Debug-watchos -Isystem /Applications/Xcode-27.0.0-Release.Candidate.app/Contents/Developer/Platforms/WatchOS.platform/Developer/usr/lib -F /Users/admin/builder/spi-builder-workspace/.derivedData/Build/Products/Debug-watchos -F /Applications/Xcode-27.0.0-Release.Candidate.app/Contents/Developer/Platforms/WatchOS.platform/Developer/Library/Frameworks -F /Applications/Xcode-27.0.0-Release.Candidate.app/Contents/Developer/Platforms/WatchOS.platform/Developer/SDKs/WatchOS27.0.sdk/Developer/Library/Frameworks -c -j10 -enable-batch-mode -incremental -Xcc -ivfsstatcache -Xcc /Users/admin/builder/spi-builder-workspace/.derivedData/SDKStatCaches.noindex/watchos27.0-24R360-e829b21a6f8c9b70876ba0858053c04477534ef55a1706bf4c1112bbb242f0a2.sdkstatcache -output-file-map /Users/admin/builder/spi-builder-workspace/.derivedData/Build/Intermediates.noindex/swift-cairo.build/Debug-watchos/Cairo-t.build/Objects-normal/arm64_32/Cairo-OutputFileMap.json -save-temps -no-color-diagnostics -explicit-module-build -module-cache-path /Users/admin/builder/spi-builder-workspace/.derivedData/Build/Intermediates.noindex/SwiftExplicitPrecompiledModules -clang-scanner-module-cache-path /Users/admin/builder/spi-builder-workspace/.derivedData/ModuleCache.noindex -sdk-module-cache-path /Users/admin/builder/spi-builder-workspace/.derivedData/SDKExplicitPrecompiledModules -emit-dependencies -emit-module -emit-module-path /Users/admin/builder/spi-builder-workspace/.derivedData/Build/Intermediates.noindex/swift-cairo.build/Debug-watchos/Cairo-t.build/Objects-normal/arm64_32/Cairo.swiftmodule -serialize-diagnostics -dependency-scan-serialize-diagnostics-path /Users/admin/builder/spi-builder-workspace/.derivedData/Build/Intermediates.noindex/swift-cairo.build/Debug-watchos/Cairo-t.build/Objects-normal/arm64_32/Cairo-dependency-scan.dia -validate-clang-modules-once -clang-build-session-file /Users/admin/builder/spi-builder-workspace/.derivedData/ModuleCache.noindex/Session.modulevalidation -Xcc -fmodules-prune-interval\=86400 -Xcc -fmodules-prune-after\=345600 -emit-const-values -const-gather-protocols-list /Users/admin/builder/spi-builder-workspace/.derivedData/Build/Intermediates.noindex/swift-cairo.build/Debug-watchos/Cairo-t.build/Objects-normal/arm64_32/Cairo_const_extract_protocols.json -Xcc -I/Users/admin/builder/spi-builder-workspace/.derivedData/Build/Products/Debug-watchos/include -Xcc -I/Users/admin/builder/spi-builder-workspace/.derivedData/Build/Intermediates.noindex/swift-cairo.build/Debug-watchos/Cairo-t.build/DerivedSources-normal/arm64_32 -Xcc -I/Users/admin/builder/spi-builder-workspace/.derivedData/Build/Intermediates.noindex/swift-cairo.build/Debug-watchos/Cairo-t.build/DerivedSources/arm64_32 -Xcc -I/Users/admin/builder/spi-builder-workspace/.derivedData/Build/Intermediates.noindex/swift-cairo.build/Debug-watchos/Cairo-t.build/DerivedSources -Xcc -DSWIFT_PACKAGE -Xcc -DDEBUG\=1 -emit-objc-header -emit-objc-header-path /Users/admin/builder/spi-builder-workspace/.derivedData/Build/Intermediates.noindex/swift-cairo.build/Debug-watchos/Cairo-t.build/Objects-normal/arm64_32/Cairo-Swift.h -working-directory /Users/admin/builder/spi-builder-workspace/.swiftpm/xcode -experimental-emit-module-separately -disable-cmo
error: Clang dependency scanning failure: While building module 'SCCCairo' imported from module-include.input:1:
In file included from <module-includes>:1:
/Users/admin/builder/spi-builder-workspace/.dependencies/checkouts/swift-cairo/Sources/SCCCairo/shim.h:1:10: fatal error: 'cairo.h' file not found
module-include.input:1:2: fatal error: could not build module 'SCCCairo'
(in target 'Cairo' from project 'swift-cairo')
error: Clang dependency scanning failure: While building module 'SCCFontConfig' imported from module-include.input:1:
In file included from <module-includes>:1:
/Users/admin/builder/spi-builder-workspace/.dependencies/checkouts/swift-cairo/Sources/SCCFontConfig/shim.h:1:10: fatal error: 'fontconfig/fontconfig.h' file not found
module-include.input:1:4: fatal error: could not build module 'SCCFontConfig'
(in target 'Cairo' from project 'swift-cairo')
error: Clang dependency scanning failure: While building module 'SCCFreeType' imported from module-include.input:1:
In file included from <module-includes>:1:
/Users/admin/builder/spi-builder-workspace/.dependencies/checkouts/swift-cairo/Sources/SCCFreeType/shim.h:1:10: fatal error: 'ft2build.h' file not found
module-include.input:1:2: fatal error: could not build module 'SCCFreeType'
(in target 'Cairo' from project 'swift-cairo')
/Users/admin/builder/spi-builder-workspace/.dependencies/checkouts/swift-cairo/Sources/Cairo/Content.swift:9:15: error: Unable to resolve module dependency: 'SCCCairo' (in target 'Cairo' from project 'swift-cairo')
note: A dependency of main module 'Cairo'
/Users/admin/builder/spi-builder-workspace/.dependencies/checkouts/swift-cairo/Sources/Cairo/Context.swift:9:8: note: Also imported here
/Users/admin/builder/spi-builder-workspace/.dependencies/checkouts/swift-cairo/Sources/Cairo/Font.swift:9:8: note: Also imported here
/Users/admin/builder/spi-builder-workspace/.dependencies/checkouts/swift-cairo/Sources/Cairo/ImageFormat.swift:9:15: note: Also imported here
/Users/admin/builder/spi-builder-workspace/.dependencies/checkouts/swift-cairo/Sources/Cairo/ImageFormat.swift:10:13: note: Also imported here
/Users/admin/builder/spi-builder-workspace/.dependencies/checkouts/swift-cairo/Sources/Cairo/Matrix.swift:9:8: note: Also imported here
/Users/admin/builder/spi-builder-workspace/.dependencies/checkouts/swift-cairo/Sources/Cairo/Path.swift:9:8: note: Also imported here
/Users/admin/builder/spi-builder-workspace/.dependencies/checkouts/swift-cairo/Sources/Cairo/Pattern.swift:9:8: note: Also imported here
/Users/admin/builder/spi-builder-workspace/.dependencies/checkouts/swift-cairo/Sources/Cairo/Status.swift:9:8: note: Also imported here
/Users/admin/builder/spi-builder-workspace/.dependencies/checkouts/swift-cairo/Sources/Cairo/Surface.swift:9:8: note: Also imported here
/Users/admin/builder/spi-builder-workspace/.dependencies/checkouts/swift-cairo/Sources/Cairo/SurfaceImage.swift:10:8: note: Also imported here
/Users/admin/builder/spi-builder-workspace/.dependencies/checkouts/swift-cairo/Sources/Cairo/SurfacePDF.swift:9:8: note: Also imported here
/Users/admin/builder/spi-builder-workspace/.dependencies/checkouts/swift-cairo/Sources/Cairo/SurfacePNG.swift:10:8: note: Also imported here
/Users/admin/builder/spi-builder-workspace/.dependencies/checkouts/swift-cairo/Sources/Cairo/SurfaceSVG.swift:9:8: note: Also imported here
/Users/admin/builder/spi-builder-workspace/.dependencies/checkouts/swift-cairo/Sources/Cairo/SurfaceType.swift:9:8: note: Also imported here
/Users/admin/builder/spi-builder-workspace/.dependencies/checkouts/swift-cairo/Sources/Cairo/Font.swift:10:8: error: Unable to resolve module dependency: 'SCCFontConfig' (in target 'Cairo' from project 'swift-cairo')
note: A dependency of main module 'Cairo'
/Users/admin/builder/spi-builder-workspace/.dependencies/checkouts/swift-cairo/Sources/Cairo/Font.swift:11:8: error: Unable to resolve module dependency: 'SCCFreeType' (in target 'Cairo' from project 'swift-cairo')
note: A dependency of main module 'Cairo'
error: Clang dependency scanning failure: While building module 'SCCCairo' imported from module-include.input:1:
In file included from <module-includes>:1:
/Users/admin/builder/spi-builder-workspace/.dependencies/checkouts/swift-cairo/Sources/SCCCairo/shim.h:1:10: fatal error: 'cairo.h' file not found
module-include.input:1:2: fatal error: could not build module 'SCCCairo'
(in target 'Cairo' from project 'swift-cairo')
error: Clang dependency scanning failure: While building module 'SCCFontConfig' imported from module-include.input:1:
In file included from <module-includes>:1:
/Users/admin/builder/spi-builder-workspace/.dependencies/checkouts/swift-cairo/Sources/SCCFontConfig/shim.h:1:10: fatal error: 'fontconfig/fontconfig.h' file not found
module-include.input:1:4: fatal error: could not build module 'SCCFontConfig'
(in target 'Cairo' from project 'swift-cairo')
error: Clang dependency scanning failure: While building module 'SCCFreeType' imported from module-include.input:1:
In file included from <module-includes>:1:
/Users/admin/builder/spi-builder-workspace/.dependencies/checkouts/swift-cairo/Sources/SCCFreeType/shim.h:1:10: fatal error: 'ft2build.h' file not found
module-include.input:1:2: fatal error: could not build module 'SCCFreeType'
(in target 'Cairo' from project 'swift-cairo')
/Users/admin/builder/spi-builder-workspace/.dependencies/checkouts/swift-cairo/Sources/Cairo/Content.swift:9:15: note: A dependency of main module 'Cairo'
import struct SCCCairo.cairo_content_t
^ (in target 'Cairo' from project 'swift-cairo')
/Users/admin/builder/spi-builder-workspace/.dependencies/checkouts/swift-cairo/Sources/Cairo/Context.swift:9:8: note: Also imported here
import SCCCairo
^ (in target 'Cairo' from project 'swift-cairo')
/Users/admin/builder/spi-builder-workspace/.dependencies/checkouts/swift-cairo/Sources/Cairo/Font.swift:9:8: note: Also imported here
import SCCCairo
^ (in target 'Cairo' from project 'swift-cairo')
/Users/admin/builder/spi-builder-workspace/.dependencies/checkouts/swift-cairo/Sources/Cairo/ImageFormat.swift:9:15: note: Also imported here
import struct SCCCairo.cairo_format_t
^ (in target 'Cairo' from project 'swift-cairo')
/Users/admin/builder/spi-builder-workspace/.dependencies/checkouts/swift-cairo/Sources/Cairo/ImageFormat.swift:10:13: note: Also imported here
import func SCCCairo.cairo_format_stride_for_width
^ (in target 'Cairo' from project 'swift-cairo')
/Users/admin/builder/spi-builder-workspace/.dependencies/checkouts/swift-cairo/Sources/Cairo/Matrix.swift:9:8: note: Also imported here
import SCCCairo
^ (in target 'Cairo' from project 'swift-cairo')
/Users/admin/builder/spi-builder-workspace/.dependencies/checkouts/swift-cairo/Sources/Cairo/Path.swift:9:8: note: Also imported here
import SCCCairo
^ (in target 'Cairo' from project 'swift-cairo')
/Users/admin/builder/spi-builder-workspace/.dependencies/checkouts/swift-cairo/Sources/Cairo/Pattern.swift:9:8: note: Also imported here
import SCCCairo
^ (in target 'Cairo' from project 'swift-cairo')
/Users/admin/builder/spi-builder-workspace/.dependencies/checkouts/swift-cairo/Sources/Cairo/Status.swift:9:8: note: Also imported here
import SCCCairo
^ (in target 'Cairo' from project 'swift-cairo')
/Users/admin/builder/spi-builder-workspace/.dependencies/checkouts/swift-cairo/Sources/Cairo/Surface.swift:9:8: note: Also imported here
import SCCCairo
^ (in target 'Cairo' from project 'swift-cairo')
/Users/admin/builder/spi-builder-workspace/.dependencies/checkouts/swift-cairo/Sources/Cairo/SurfaceImage.swift:10:8: note: Also imported here
import SCCCairo
^ (in target 'Cairo' from project 'swift-cairo')
/Users/admin/builder/spi-builder-workspace/.dependencies/checkouts/swift-cairo/Sources/Cairo/SurfacePDF.swift:9:8: note: Also imported here
import SCCCairo
^ (in target 'Cairo' from project 'swift-cairo')
/Users/admin/builder/spi-builder-workspace/.dependencies/checkouts/swift-cairo/Sources/Cairo/SurfacePNG.swift:10:8: note: Also imported here
import SCCCairo
^ (in target 'Cairo' from project 'swift-cairo')
/Users/admin/builder/spi-builder-workspace/.dependencies/checkouts/swift-cairo/Sources/Cairo/SurfaceSVG.swift:9:8: note: Also imported here
import SCCCairo
^ (in target 'Cairo' from project 'swift-cairo')
/Users/admin/builder/spi-builder-workspace/.dependencies/checkouts/swift-cairo/Sources/Cairo/SurfaceType.swift:9:8: note: Also imported here
import SCCCairo
^ (in target 'Cairo' from project 'swift-cairo')
/Users/admin/builder/spi-builder-workspace/.dependencies/checkouts/swift-cairo/Sources/Cairo/Font.swift:10:8: note: A dependency of main module 'Cairo'
import SCCFontConfig
^ (in target 'Cairo' from project 'swift-cairo')
/Users/admin/builder/spi-builder-workspace/.dependencies/checkouts/swift-cairo/Sources/Cairo/Font.swift:11:8: note: A dependency of main module 'Cairo'
import SCCFreeType
^ (in target 'Cairo' from project 'swift-cairo')
SwiftDriver Logging normal arm64 com.apple.xcode.tools.swift.compiler (in target 'Logging' from project 'swift-log')
cd /Users/admin/builder/spi-builder-workspace/.swiftpm/xcode
builtin-SwiftDriver -- /Applications/Xcode-27.0.0-Release.Candidate.app/Contents/Developer/Toolchains/XcodeDefault.xctoolchain/usr/bin/swiftc -parse-as-library -module-name Logging -Onone @/Users/admin/builder/spi-builder-workspace/.derivedData/Build/Intermediates.noindex/swift-log.build/Debug-watchos/Logging-t.build/Objects-normal/arm64/Logging.SwiftFileList -DSWIFT_PACKAGE -DDEBUG -DSWIFT_MODULE_RESOURCE_BUNDLE_UNAVAILABLE -DXcode -enable-upcoming-feature ExistentialAny -enable-upcoming-feature MemberImportVisibility -enable-upcoming-feature InternalImportsByDefault -enable-upcoming-feature NonisolatedNonsendingByDefault -Xfrontend -require-explicit-sendable -plugin-path /Applications/Xcode-27.0.0-Release.Candidate.app/Contents/Developer/Toolchains/XcodeDefault.xctoolchain/usr/lib/swift/host/plugins/testing -enable-experimental-feature DebugDescriptionMacro -sdk /Applications/Xcode-27.0.0-Release.Candidate.app/Contents/Developer/Platforms/WatchOS.platform/Developer/SDKs/WatchOS27.0.sdk -target arm64-apple-watchos9.0 -g -module-cache-path /Users/admin/builder/spi-builder-workspace/.derivedData/ModuleCache.noindex -Xfrontend -serialize-debugging-options -profile-coverage-mapping -profile-generate -enable-testing -suppress-warnings -index-store-path /Users/admin/builder/spi-builder-workspace/.derivedData/Index.noindex/DataStore -Xcc -D_LIBCPP_HARDENING_MODE\=_LIBCPP_HARDENING_MODE_DEBUG -swift-version 6 -I /Users/admin/builder/spi-builder-workspace/.derivedData/Build/Products/Debug-watchos -Isystem /Applications/Xcode-27.0.0-Release.Candidate.app/Contents/Developer/Platforms/WatchOS.platform/Developer/usr/lib -F /Users/admin/builder/spi-builder-workspace/.derivedData/Build/Products/Debug-watchos -F /Applications/Xcode-27.0.0-Release.Candidate.app/Contents/Developer/Platforms/WatchOS.platform/Developer/Library/Frameworks -F /Applications/Xcode-27.0.0-Release.Candidate.app/Contents/Developer/Platforms/WatchOS.platform/Developer/SDKs/WatchOS27.0.sdk/Developer/Library/Frameworks -c -j10 -enable-batch-mode -incremental -Xcc -ivfsstatcache -Xcc /Users/admin/builder/spi-builder-workspace/.derivedData/SDKStatCaches.noindex/watchos27.0-24R360-e829b21a6f8c9b70876ba0858053c04477534ef55a1706bf4c1112bbb242f0a2.sdkstatcache -output-file-map /Users/admin/builder/spi-builder-workspace/.derivedData/Build/Intermediates.noindex/swift-log.build/Debug-watchos/Logging-t.build/Objects-normal/arm64/Logging-OutputFileMap.json -save-temps -no-color-diagnostics -explicit-module-build -module-cache-path /Users/admin/builder/spi-builder-workspace/.derivedData/Build/Intermediates.noindex/SwiftExplicitPrecompiledModules -clang-scanner-module-cache-path /Users/admin/builder/spi-builder-workspace/.derivedData/ModuleCache.noindex -sdk-module-cache-path /Users/admin/builder/spi-builder-workspace/.derivedData/SDKExplicitPrecompiledModules -emit-dependencies -emit-module -emit-module-path /Users/admin/builder/spi-builder-workspace/.derivedData/Build/Intermediates.noindex/swift-log.build/Debug-watchos/Logging-t.build/Objects-normal/arm64/Logging.swiftmodule -serialize-diagnostics -dependency-scan-serialize-diagnostics-path /Users/admin/builder/spi-builder-workspace/.derivedData/Build/Intermediates.noindex/swift-log.build/Debug-watchos/Logging-t.build/Objects-normal/arm64/Logging-dependency-scan.dia -user-module-version 1.15.1 -validate-clang-modules-once -clang-build-session-file /Users/admin/builder/spi-builder-workspace/.derivedData/ModuleCache.noindex/Session.modulevalidation -Xcc -fmodules-prune-interval\=86400 -Xcc -fmodules-prune-after\=345600 -package-name swift_log -emit-const-values -const-gather-protocols-list /Users/admin/builder/spi-builder-workspace/.derivedData/Build/Intermediates.noindex/swift-log.build/Debug-watchos/Logging-t.build/Objects-normal/arm64/Logging_const_extract_protocols.json -Xcc -I/Users/admin/builder/spi-builder-workspace/.derivedData/Build/Products/Debug-watchos/include -Xcc -I/Users/admin/builder/spi-builder-workspace/.derivedData/Build/Intermediates.noindex/swift-log.build/Debug-watchos/Logging-t.build/DerivedSources-normal/arm64 -Xcc -I/Users/admin/builder/spi-builder-workspace/.derivedData/Build/Intermediates.noindex/swift-log.build/Debug-watchos/Logging-t.build/DerivedSources/arm64 -Xcc -I/Users/admin/builder/spi-builder-workspace/.derivedData/Build/Intermediates.noindex/swift-log.build/Debug-watchos/Logging-t.build/DerivedSources -Xcc -DSWIFT_PACKAGE -Xcc -DDEBUG\=1 -emit-objc-header -emit-objc-header-path /Users/admin/builder/spi-builder-workspace/.derivedData/Build/Intermediates.noindex/swift-log.build/Debug-watchos/Logging-t.build/Objects-normal/arm64/Logging-Swift.h -working-directory /Users/admin/builder/spi-builder-workspace/.swiftpm/xcode -experimental-emit-module-separately -disable-cmo
SwiftDriver Cairo normal arm64 com.apple.xcode.tools.swift.compiler (in target 'Cairo' from project 'swift-cairo')
cd /Users/admin/builder/spi-builder-workspace/.swiftpm/xcode
builtin-SwiftDriver -- /Applications/Xcode-27.0.0-Release.Candidate.app/Contents/Developer/Toolchains/XcodeDefault.xctoolchain/usr/bin/swiftc -parse-as-library -module-name Cairo -Onone @/Users/admin/builder/spi-builder-workspace/.derivedData/Build/Intermediates.noindex/swift-cairo.build/Debug-watchos/Cairo-t.build/Objects-normal/arm64/Cairo.SwiftFileList -DSWIFT_PACKAGE -DDEBUG -DSWIFT_MODULE_RESOURCE_BUNDLE_UNAVAILABLE -Xcc -fmodule-map-file\=/Users/admin/builder/spi-builder-workspace/.dependencies/checkouts/swift-cairo/Sources/SCCFreeType/module.modulemap -Xcc -fmodule-map-file\=/Users/admin/builder/spi-builder-workspace/.dependencies/checkouts/swift-cairo/Sources/SCCFontConfig/module.modulemap -Xcc -fmodule-map-file\=/Users/admin/builder/spi-builder-workspace/.dependencies/checkouts/swift-cairo/Sources/SCCCairo/module.modulemap -DXcode -plugin-path /Applications/Xcode-27.0.0-Release.Candidate.app/Contents/Developer/Toolchains/XcodeDefault.xctoolchain/usr/lib/swift/host/plugins/testing -enable-experimental-feature DebugDescriptionMacro -sdk /Applications/Xcode-27.0.0-Release.Candidate.app/Contents/Developer/Platforms/WatchOS.platform/Developer/SDKs/WatchOS27.0.sdk -target arm64-apple-watchos9.0 -g -module-cache-path /Users/admin/builder/spi-builder-workspace/.derivedData/ModuleCache.noindex -Xfrontend -serialize-debugging-options -profile-coverage-mapping -profile-generate -enable-testing -suppress-warnings -index-store-path /Users/admin/builder/spi-builder-workspace/.derivedData/Index.noindex/DataStore -Xcc -D_LIBCPP_HARDENING_MODE\=_LIBCPP_HARDENING_MODE_DEBUG -swift-version 5 -I /Users/admin/builder/spi-builder-workspace/.derivedData/Build/Products/Debug-watchos -Isystem /Applications/Xcode-27.0.0-Release.Candidate.app/Contents/Developer/Platforms/WatchOS.platform/Developer/usr/lib -F /Users/admin/builder/spi-builder-workspace/.derivedData/Build/Products/Debug-watchos -F /Applications/Xcode-27.0.0-Release.Candidate.app/Contents/Developer/Platforms/WatchOS.platform/Developer/Library/Frameworks -F /Applications/Xcode-27.0.0-Release.Candidate.app/Contents/Developer/Platforms/WatchOS.platform/Developer/SDKs/WatchOS27.0.sdk/Developer/Library/Frameworks -c -j10 -enable-batch-mode -incremental -Xcc -ivfsstatcache -Xcc /Users/admin/builder/spi-builder-workspace/.derivedData/SDKStatCaches.noindex/watchos27.0-24R360-e829b21a6f8c9b70876ba0858053c04477534ef55a1706bf4c1112bbb242f0a2.sdkstatcache -output-file-map /Users/admin/builder/spi-builder-workspace/.derivedData/Build/Intermediates.noindex/swift-cairo.build/Debug-watchos/Cairo-t.build/Objects-normal/arm64/Cairo-OutputFileMap.json -save-temps -no-color-diagnostics -explicit-module-build -module-cache-path /Users/admin/builder/spi-builder-workspace/.derivedData/Build/Intermediates.noindex/SwiftExplicitPrecompiledModules -clang-scanner-module-cache-path /Users/admin/builder/spi-builder-workspace/.derivedData/ModuleCache.noindex -sdk-module-cache-path /Users/admin/builder/spi-builder-workspace/.derivedData/SDKExplicitPrecompiledModules -emit-dependencies -emit-module -emit-module-path /Users/admin/builder/spi-builder-workspace/.derivedData/Build/Intermediates.noindex/swift-cairo.build/Debug-watchos/Cairo-t.build/Objects-normal/arm64/Cairo.swiftmodule -serialize-diagnostics -dependency-scan-serialize-diagnostics-path /Users/admin/builder/spi-builder-workspace/.derivedData/Build/Intermediates.noindex/swift-cairo.build/Debug-watchos/Cairo-t.build/Objects-normal/arm64/Cairo-dependency-scan.dia -validate-clang-modules-once -clang-build-session-file /Users/admin/builder/spi-builder-workspace/.derivedData/ModuleCache.noindex/Session.modulevalidation -Xcc -fmodules-prune-interval\=86400 -Xcc -fmodules-prune-after\=345600 -emit-const-values -const-gather-protocols-list /Users/admin/builder/spi-builder-workspace/.derivedData/Build/Intermediates.noindex/swift-cairo.build/Debug-watchos/Cairo-t.build/Objects-normal/arm64/Cairo_const_extract_protocols.json -Xcc -I/Users/admin/builder/spi-builder-workspace/.derivedData/Build/Products/Debug-watchos/include -Xcc -I/Users/admin/builder/spi-builder-workspace/.derivedData/Build/Intermediates.noindex/swift-cairo.build/Debug-watchos/Cairo-t.build/DerivedSources-normal/arm64 -Xcc -I/Users/admin/builder/spi-builder-workspace/.derivedData/Build/Intermediates.noindex/swift-cairo.build/Debug-watchos/Cairo-t.build/DerivedSources/arm64 -Xcc -I/Users/admin/builder/spi-builder-workspace/.derivedData/Build/Intermediates.noindex/swift-cairo.build/Debug-watchos/Cairo-t.build/DerivedSources -Xcc -DSWIFT_PACKAGE -Xcc -DDEBUG\=1 -emit-objc-header -emit-objc-header-path /Users/admin/builder/spi-builder-workspace/.derivedData/Build/Intermediates.noindex/swift-cairo.build/Debug-watchos/Cairo-t.build/Objects-normal/arm64/Cairo-Swift.h -working-directory /Users/admin/builder/spi-builder-workspace/.swiftpm/xcode -experimental-emit-module-separately -disable-cmo
error: Clang dependency scanning failure: While building module 'SCCFontConfig' imported from module-include.input:1:
In file included from <module-includes>:1:
/Users/admin/builder/spi-builder-workspace/.dependencies/checkouts/swift-cairo/Sources/SCCFontConfig/shim.h:1:10: fatal error: 'fontconfig/fontconfig.h' file not found
module-include.input:1:2: fatal error: could not build module 'SCCFontConfig'
(in target 'Cairo' from project 'swift-cairo')
error: Clang dependency scanning failure: While building module 'SCCCairo' imported from module-include.input:1:
In file included from <module-includes>:1:
/Users/admin/builder/spi-builder-workspace/.dependencies/checkouts/swift-cairo/Sources/SCCCairo/shim.h:1:10: fatal error: 'cairo.h' file not found
module-include.input:1:2: fatal error: could not build module 'SCCCairo'
(in target 'Cairo' from project 'swift-cairo')
error: Clang dependency scanning failure: While building module 'SCCFreeType' imported from module-include.input:1:
In file included from <module-includes>:1:
/Users/admin/builder/spi-builder-workspace/.dependencies/checkouts/swift-cairo/Sources/SCCFreeType/shim.h:1:10: fatal error: 'ft2build.h' file not found
module-include.input:1:3: fatal error: could not build module 'SCCFreeType'
(in target 'Cairo' from project 'swift-cairo')
/Users/admin/builder/spi-builder-workspace/.dependencies/checkouts/swift-cairo/Sources/Cairo/Content.swift:9:15: error: Unable to resolve module dependency: 'SCCCairo' (in target 'Cairo' from project 'swift-cairo')
note: A dependency of main module 'Cairo'
/Users/admin/builder/spi-builder-workspace/.dependencies/checkouts/swift-cairo/Sources/Cairo/Context.swift:9:8: note: Also imported here
/Users/admin/builder/spi-builder-workspace/.dependencies/checkouts/swift-cairo/Sources/Cairo/Font.swift:9:8: note: Also imported here
/Users/admin/builder/spi-builder-workspace/.dependencies/checkouts/swift-cairo/Sources/Cairo/ImageFormat.swift:9:15: note: Also imported here
/Users/admin/builder/spi-builder-workspace/.dependencies/checkouts/swift-cairo/Sources/Cairo/ImageFormat.swift:10:13: note: Also imported here
/Users/admin/builder/spi-builder-workspace/.dependencies/checkouts/swift-cairo/Sources/Cairo/Matrix.swift:9:8: note: Also imported here
/Users/admin/builder/spi-builder-workspace/.dependencies/checkouts/swift-cairo/Sources/Cairo/Path.swift:9:8: note: Also imported here
/Users/admin/builder/spi-builder-workspace/.dependencies/checkouts/swift-cairo/Sources/Cairo/Pattern.swift:9:8: note: Also imported here
/Users/admin/builder/spi-builder-workspace/.dependencies/checkouts/swift-cairo/Sources/Cairo/Status.swift:9:8: note: Also imported here
/Users/admin/builder/spi-builder-workspace/.dependencies/checkouts/swift-cairo/Sources/Cairo/Surface.swift:9:8: note: Also imported here
/Users/admin/builder/spi-builder-workspace/.dependencies/checkouts/swift-cairo/Sources/Cairo/SurfaceImage.swift:10:8: note: Also imported here
/Users/admin/builder/spi-builder-workspace/.dependencies/checkouts/swift-cairo/Sources/Cairo/SurfacePDF.swift:9:8: note: Also imported here
/Users/admin/builder/spi-builder-workspace/.dependencies/checkouts/swift-cairo/Sources/Cairo/SurfacePNG.swift:10:8: note: Also imported here
/Users/admin/builder/spi-builder-workspace/.dependencies/checkouts/swift-cairo/Sources/Cairo/SurfaceSVG.swift:9:8: note: Also imported here
/Users/admin/builder/spi-builder-workspace/.dependencies/checkouts/swift-cairo/Sources/Cairo/SurfaceType.swift:9:8: note: Also imported here
/Users/admin/builder/spi-builder-workspace/.dependencies/checkouts/swift-cairo/Sources/Cairo/Font.swift:10:8: error: Unable to resolve module dependency: 'SCCFontConfig' (in target 'Cairo' from project 'swift-cairo')
note: A dependency of main module 'Cairo'
/Users/admin/builder/spi-builder-workspace/.dependencies/checkouts/swift-cairo/Sources/Cairo/Font.swift:11:8: error: Unable to resolve module dependency: 'SCCFreeType' (in target 'Cairo' from project 'swift-cairo')
note: A dependency of main module 'Cairo'
error: Clang dependency scanning failure: While building module 'SCCFontConfig' imported from module-include.input:1:
In file included from <module-includes>:1:
/Users/admin/builder/spi-builder-workspace/.dependencies/checkouts/swift-cairo/Sources/SCCFontConfig/shim.h:1:10: fatal error: 'fontconfig/fontconfig.h' file not found
module-include.input:1:2: fatal error: could not build module 'SCCFontConfig'
(in target 'Cairo' from project 'swift-cairo')
error: Clang dependency scanning failure: While building module 'SCCCairo' imported from module-include.input:1:
In file included from <module-includes>:1:
/Users/admin/builder/spi-builder-workspace/.dependencies/checkouts/swift-cairo/Sources/SCCCairo/shim.h:1:10: fatal error: 'cairo.h' file not found
module-include.input:1:2: fatal error: could not build module 'SCCCairo'
(in target 'Cairo' from project 'swift-cairo')
error: Clang dependency scanning failure: While building module 'SCCFreeType' imported from module-include.input:1:
In file included from <module-includes>:1:
/Users/admin/builder/spi-builder-workspace/.dependencies/checkouts/swift-cairo/Sources/SCCFreeType/shim.h:1:10: fatal error: 'ft2build.h' file not found
module-include.input:1:3: fatal error: could not build module 'SCCFreeType'
(in target 'Cairo' from project 'swift-cairo')
/Users/admin/builder/spi-builder-workspace/.dependencies/checkouts/swift-cairo/Sources/Cairo/Content.swift:9:15: note: A dependency of main module 'Cairo'
import struct SCCCairo.cairo_content_t
^ (in target 'Cairo' from project 'swift-cairo')
/Users/admin/builder/spi-builder-workspace/.dependencies/checkouts/swift-cairo/Sources/Cairo/Context.swift:9:8: note: Also imported here
import SCCCairo
^ (in target 'Cairo' from project 'swift-cairo')
/Users/admin/builder/spi-builder-workspace/.dependencies/checkouts/swift-cairo/Sources/Cairo/Font.swift:9:8: note: Also imported here
import SCCCairo
^ (in target 'Cairo' from project 'swift-cairo')
/Users/admin/builder/spi-builder-workspace/.dependencies/checkouts/swift-cairo/Sources/Cairo/ImageFormat.swift:9:15: note: Also imported here
import struct SCCCairo.cairo_format_t
^ (in target 'Cairo' from project 'swift-cairo')
/Users/admin/builder/spi-builder-workspace/.dependencies/checkouts/swift-cairo/Sources/Cairo/ImageFormat.swift:10:13: note: Also imported here
import func SCCCairo.cairo_format_stride_for_width
^ (in target 'Cairo' from project 'swift-cairo')
/Users/admin/builder/spi-builder-workspace/.dependencies/checkouts/swift-cairo/Sources/Cairo/Matrix.swift:9:8: note: Also imported here
import SCCCairo
^ (in target 'Cairo' from project 'swift-cairo')
/Users/admin/builder/spi-builder-workspace/.dependencies/checkouts/swift-cairo/Sources/Cairo/Path.swift:9:8: note: Also imported here
import SCCCairo
^ (in target 'Cairo' from project 'swift-cairo')
/Users/admin/builder/spi-builder-workspace/.dependencies/checkouts/swift-cairo/Sources/Cairo/Pattern.swift:9:8: note: Also imported here
import SCCCairo
^ (in target 'Cairo' from project 'swift-cairo')
/Users/admin/builder/spi-builder-workspace/.dependencies/checkouts/swift-cairo/Sources/Cairo/Status.swift:9:8: note: Also imported here
import SCCCairo
^ (in target 'Cairo' from project 'swift-cairo')
/Users/admin/builder/spi-builder-workspace/.dependencies/checkouts/swift-cairo/Sources/Cairo/Surface.swift:9:8: note: Also imported here
import SCCCairo
^ (in target 'Cairo' from project 'swift-cairo')
/Users/admin/builder/spi-builder-workspace/.dependencies/checkouts/swift-cairo/Sources/Cairo/SurfaceImage.swift:10:8: note: Also imported here
import SCCCairo
^ (in target 'Cairo' from project 'swift-cairo')
/Users/admin/builder/spi-builder-workspace/.dependencies/checkouts/swift-cairo/Sources/Cairo/SurfacePDF.swift:9:8: note: Also imported here
import SCCCairo
^ (in target 'Cairo' from project 'swift-cairo')
/Users/admin/builder/spi-builder-workspace/.dependencies/checkouts/swift-cairo/Sources/Cairo/SurfacePNG.swift:10:8: note: Also imported here
import SCCCairo
^ (in target 'Cairo' from project 'swift-cairo')
/Users/admin/builder/spi-builder-workspace/.dependencies/checkouts/swift-cairo/Sources/Cairo/SurfaceSVG.swift:9:8: note: Also imported here
import SCCCairo
^ (in target 'Cairo' from project 'swift-cairo')
/Users/admin/builder/spi-builder-workspace/.dependencies/checkouts/swift-cairo/Sources/Cairo/SurfaceType.swift:9:8: note: Also imported here
import SCCCairo
^ (in target 'Cairo' from project 'swift-cairo')
/Users/admin/builder/spi-builder-workspace/.dependencies/checkouts/swift-cairo/Sources/Cairo/Font.swift:10:8: note: A dependency of main module 'Cairo'
import SCCFontConfig
^ (in target 'Cairo' from project 'swift-cairo')
/Users/admin/builder/spi-builder-workspace/.dependencies/checkouts/swift-cairo/Sources/Cairo/Font.swift:11:8: note: A dependency of main module 'Cairo'
import SCCFreeType
^ (in target 'Cairo' from project 'swift-cairo')
SwiftExplicitDependencyGeneratePcm arm64 /Users/admin/builder/spi-builder-workspace/.derivedData/SDKExplicitPrecompiledModules/_SwiftConcurrencyShims-CTPSFSTDCBVSSQFHL6I305U72.pcm
SwiftExplicitDependencyGeneratePcm arm64 /Users/admin/builder/spi-builder-workspace/.derivedData/SDKExplicitPrecompiledModules/ptrcheck-8K07997SIHO7YGY7UQ3LOQ3TJ.pcm
SwiftExplicitDependencyGeneratePcm arm64 /Users/admin/builder/spi-builder-workspace/.derivedData/SDKExplicitPrecompiledModules/_Builtin_stdarg-3X4KLXUYEI0UGBILP4X7D0CYW.pcm
PruneExplicitPrecompiledModules /Users/admin/builder/spi-builder-workspace/.derivedData/SDKExplicitPrecompiledModules
PruneExplicitPrecompiledModules /Users/admin/builder/spi-builder-workspace/.derivedData/Build/Intermediates.noindex/ExplicitPrecompiledModules
PruneExplicitPrecompiledModules /Users/admin/builder/spi-builder-workspace/.derivedData/Build/Intermediates.noindex/SwiftExplicitPrecompiledModules
2026-09-21 02:54:42.344 xcodebuild[949:5805] [MT] IDERunDestination: Supported platforms for the buildables in the current scheme is empty.
** BUILD FAILED **
The following build commands failed:
SwiftDriver Cairo normal arm64_32 com.apple.xcode.tools.swift.compiler (in target 'Cairo' from project 'swift-cairo')
SwiftDriver Cairo normal arm64 com.apple.xcode.tools.swift.compiler (in target 'Cairo' from project 'swift-cairo')
Building workspace swift-graphics with scheme swift-graphics-Package
(3 failures)
BUILD FAILURE 6.4 watchOS