The Swift Package Index logo.Swift Package Index

Build Information

Failed to build SwiftTokenizer, reference v1.1.0 (0763d9), with Swift 6.4 for Linux on 21 Sep 2026 15:36:10 UTC.

Build Command

bash -c docker run --pull=always --rm -v "checkouts-54344844-0":/host -w "$PWD" -e JAVA_HOME="/root/.sdkman/candidates/java/current" -e SPI_BUILD="1" -e SPI_PROCESSING="1" registry.gitlab.com/saguaro1/spi-images:basic-6.4-latest swift build --triple x86_64-unknown-linux-gnu 2>&1

Build Log

========================================
RunAll
========================================
Builder version: 5.1.0
Interrupt handler set up.
========================================
Checkout
========================================
Clone URL: https://github.com/RayKitajima/SwiftTokenizer.git
Reference: v1.1.0
Initialized empty Git repository in /host/spi-builder-workspace/.git/
hint: Using 'master' as the name for the initial branch. This default branch name
hint: is subject to change. To configure the initial branch name to use in all
hint: of your new repositories, which will suppress this warning, call:
hint:
hint: 	git config --global init.defaultBranch <name>
hint:
hint: Names commonly chosen instead of 'master' are 'main', 'trunk' and
hint: 'development'. The just-created branch can be renamed via this command:
hint:
hint: 	git branch -m <name>
From https://github.com/RayKitajima/SwiftTokenizer
 * tag               v1.1.0     -> FETCH_HEAD
HEAD is now at 0763d96 Merge pull request #1 from carlo-/main
Cloned https://github.com/RayKitajima/SwiftTokenizer.git
Revision (git rev-parse @):
0763d962b4dc95d349b822b34254976d4fff8065
SUCCESS checkout https://github.com/RayKitajima/SwiftTokenizer.git at v1.1.0
========================================
Build
========================================
Selected platform:         linux
Swift version:             6.4
Building package at path:  $PWD
https://github.com/RayKitajima/SwiftTokenizer.git
Running build ...
bash -c docker run --pull=always --rm -v "checkouts-54344844-0":/host -w "$PWD" -e JAVA_HOME="/root/.sdkman/candidates/java/current" -e SPI_BUILD="1" -e SPI_PROCESSING="1" registry.gitlab.com/saguaro1/spi-images:basic-6.4-latest swift build --triple x86_64-unknown-linux-gnu 2>&1
basic-6.4-latest: Pulling from saguaro1/spi-images
Digest: sha256:c77fcce225e223ac0fafed844619173fc6de8d62dd560eeb28db3182af6a282b
Status: Image is up to date for registry.gitlab.com/saguaro1/spi-images:basic-6.4-latest
Building for debugging...
[Planning deferred tasks]
[30 / 38] SwiftTokenizer
[35 / 38] SwiftTokenizer
error: SwiftCompile normal x86_64 /host/spi-builder-workspace/Sources/SwiftTokenizer/Utils.swift failed with a nonzero exit code. Command line:     cd /host
    builtin-SwiftPerFileCompile Utils.swift
/host/spi-builder-workspace/Sources/SwiftTokenizer/Utils.swift:11:25: error: cannot find 'CFAbsoluteTimeGetCurrent' in scope
 9 |     /// Time a block in ms
10 |     static func time<T>(label: String, _ block: () -> T) -> T {
11 |         let startTime = CFAbsoluteTimeGetCurrent()
   |                         `- error: cannot find 'CFAbsoluteTimeGetCurrent' in scope
12 |         let result = block()
13 |         let diff = (CFAbsoluteTimeGetCurrent() - startTime) * 1000
/host/spi-builder-workspace/Sources/SwiftTokenizer/Utils.swift:13:21: error: cannot find 'CFAbsoluteTimeGetCurrent' in scope
11 |         let startTime = CFAbsoluteTimeGetCurrent()
12 |         let result = block()
13 |         let diff = (CFAbsoluteTimeGetCurrent() - startTime) * 1000
   |                     `- error: cannot find 'CFAbsoluteTimeGetCurrent' in scope
14 |         print("[\(label)] \(diff)ms")
15 |         return result
/host/spi-builder-workspace/Sources/SwiftTokenizer/Utils.swift:20:25: error: cannot find 'CFAbsoluteTimeGetCurrent' in scope
18 |     /// Time a block in seconds and return (output, time)
19 |     static func time<T>(_ block: () -> T) -> (T, Double) {
20 |         let startTime = CFAbsoluteTimeGetCurrent()
   |                         `- error: cannot find 'CFAbsoluteTimeGetCurrent' in scope
21 |         let result = block()
22 |         let diff = CFAbsoluteTimeGetCurrent() - startTime
/host/spi-builder-workspace/Sources/SwiftTokenizer/Utils.swift:22:20: error: cannot find 'CFAbsoluteTimeGetCurrent' in scope
20 |         let startTime = CFAbsoluteTimeGetCurrent()
21 |         let result = block()
22 |         let diff = CFAbsoluteTimeGetCurrent() - startTime
   |                    `- error: cannot find 'CFAbsoluteTimeGetCurrent' in scope
23 |         return (result, diff)
24 |     }
Failed frontend command:
/usr/bin/swift-frontend -frontend -c /host/spi-builder-workspace/Sources/SwiftTokenizer/ByteEncoder.swift /host/spi-builder-workspace/Sources/SwiftTokenizer/Tokenizer.swift /host/spi-builder-workspace/Sources/SwiftTokenizer/TokenizerConfig.swift -primary-file /host/spi-builder-workspace/Sources/SwiftTokenizer/Utils.swift -emit-dependencies-path /host/spi-builder-workspace/.build/out/Intermediates.noindex/SwiftTokenizer.build/Debug-linux-x86_64/SwiftTokenizer-t.build/Objects-normal/x86_64/Utils.d -emit-const-values-path /host/spi-builder-workspace/.build/out/Intermediates.noindex/SwiftTokenizer.build/Debug-linux-x86_64/SwiftTokenizer-t.build/Objects-normal/x86_64/Utils.swiftconstvalues -emit-reference-dependencies-path /host/spi-builder-workspace/.build/out/Intermediates.noindex/SwiftTokenizer.build/Debug-linux-x86_64/SwiftTokenizer-t.build/Objects-normal/x86_64/Utils.swiftdeps -serialize-diagnostics-path /host/spi-builder-workspace/.build/out/Intermediates.noindex/SwiftTokenizer.build/Debug-linux-x86_64/SwiftTokenizer-t.build/Objects-normal/x86_64/Utils.dia -target x86_64-unknown-linux-gnu -disable-objc-interop -I /host/spi-builder-workspace/.build/out/Products/Debug-linux-x86_64 -module-cache-path /host/spi-builder-workspace/.build/out/ModuleCache.noindex -color-diagnostics -Xcc -fcolor-diagnostics -enable-testing -g -debug-info-format\=dwarf -dwarf-version\=4 -swift-version 5 -Onone -D SWIFT_PACKAGE -D DEBUG -D SWIFT_MODULE_RESOURCE_BUNDLE_UNAVAILABLE -D Xcode -serialize-debugging-options -enable-experimental-feature DebugDescriptionMacro -empty-abi-descriptor -external-plugin-path /usr/lib/swift/host/plugins/testing\#/usr/bin/swift-plugin-server -validate-clang-modules-once -clang-build-session-file /host/spi-builder-workspace/.build/out/ModuleCache.noindex/Session.modulevalidation -Xcc -working-directory -Xcc /host -enable-anonymous-context-mangled-names -file-compilation-dir /host -Xcc -fno-omit-frame-pointer -Xcc -D_LIBCPP_HARDENING_MODE\=_LIBCPP_HARDENING_MODE_DEBUG -Xcc -fmodules-prune-interval\=86400 -Xcc -fmodules-prune-after\=345600 -Xcc -I/host/spi-builder-workspace/.build/out/Products/Debug-linux-x86_64/include -Xcc -I/host/spi-builder-workspace/.build/out/Intermediates.noindex/SwiftTokenizer.build/Debug-linux-x86_64/SwiftTokenizer-t.build/DerivedSources-normal/x86_64 -Xcc -I/host/spi-builder-workspace/.build/out/Intermediates.noindex/SwiftTokenizer.build/Debug-linux-x86_64/SwiftTokenizer-t.build/DerivedSources/x86_64 -Xcc -I/host/spi-builder-workspace/.build/out/Intermediates.noindex/SwiftTokenizer.build/Debug-linux-x86_64/SwiftTokenizer-t.build/DerivedSources -Xcc -DSWIFT_PACKAGE -Xcc -DDEBUG\=1 -no-auto-bridging-header-chaining -module-name SwiftTokenizer -const-gather-protocols-file /host/spi-builder-workspace/.build/out/Intermediates.noindex/SwiftTokenizer.build/Debug-linux-x86_64/SwiftTokenizer-t.build/Objects-normal/x86_64/SwiftTokenizer_const_extract_protocols.json -in-process-plugin-server-path /usr/lib/swift/host/libSwiftInProcPluginServer.so -plugin-path /usr/lib/swift/host/plugins -plugin-path /usr/local/lib/swift/host/plugins -parse-as-library -o /host/spi-builder-workspace/.build/out/Intermediates.noindex/SwiftTokenizer.build/Debug-linux-x86_64/SwiftTokenizer-t.build/Objects-normal/x86_64/Utils.o -index-unit-output-path /SwiftTokenizer.build/Debug-linux-x86_64/SwiftTokenizer-t.build/Objects-normal/x86_64/Utils.o -index-store-path /host/spi-builder-workspace/.build/out -index-system-modules
error: Build failed
BUILD FAILURE 6.4 linux