The Swift Package Index logo.Swift Package Index

Build Information

Failed to build Genesis, reference main (cc0749), with Swift 6.4 for tvOS using Xcode 27.0 on 25 Sep 2026 02:52:58 UTC.

Build Command

env DEVELOPER_DIR=/Applications/Xcode-27.0.0-Release.Candidate.app xcrun xcodebuild -IDEClonedSourcePackagesDirPathOverride=$PWD/.dependencies -skipMacroValidation -skipPackagePluginValidation -derivedDataPath $PWD/.derivedData build -scheme Genesis-Package -destination generic/platform=tvOS

Build Log

CompileC /Users/admin/builder/spi-builder-workspace/.derivedData/Build/Intermediates.noindex/cmark-gfm.build/Debug-appletvos/cmark-gfm-t.build/Objects-normal/arm64/scanners.o /Users/admin/builder/spi-builder-workspace/.dependencies/checkouts/swift-cmark/src/scanners.c normal arm64 c com.apple.compilers.llvm.clang.1_0.compiler (in target 'cmark-gfm' from project 'cmark-gfm')
    cd /Users/admin/builder/spi-builder-workspace/.swiftpm/xcode

    Using response file: /Users/admin/builder/spi-builder-workspace/.derivedData/Build/Intermediates.noindex/cmark-gfm.build/Debug-appletvos/cmark-gfm-t.build/Objects-normal/arm64/7187679823f38a2a940e0043cdf9d637-common-args.resp

    /Applications/Xcode-27.0.0-Release.Candidate.app/Contents/Developer/Toolchains/XcodeDefault.xctoolchain/usr/bin/clang -x c -ivfsstatcache /Users/admin/builder/spi-builder-workspace/.derivedData/SDKStatCaches.noindex/appletvos27.0-24J360-e829b21a6f8c9b70876ba0858053c044b32bfd8d43560033f8d89884cdb90028.sdkstatcache -target arm64-apple-tvos15.0 -fmessage-length\=0 -fdiagnostics-show-note-include-stack -fmacro-backtrace-limit\=0 -fno-color-diagnostics -fmodules-prune-interval\=86400 -fmodules-prune-after\=345600 -fbuild-session-file\=/Users/admin/builder/spi-builder-workspace/.derivedData/ModuleCache.noindex/Session.modulevalidation -fmodules-validate-once-per-build-session -Wnon-modular-include-in-framework-module -Werror\=non-modular-include-in-framework-module -Wno-trigraphs -Wno-missing-field-initializers -Wno-missing-prototypes -Wno-return-type -Wno-missing-braces -Wparentheses -Wswitch -Wno-unused-function -Wno-unused-label -Wno-unused-parameter -Wno-unused-variable -Wunused-value -Wno-empty-body -Wno-uninitialized -Wno-unknown-pragmas -w -Wno-shadow -Wno-four-char-constants -Wno-conversion -Wno-constant-conversion -Wno-int-conversion -Wno-bool-conversion -Wno-enum-conversion -Wno-float-conversion -Wno-non-literal-null-conversion -Wno-objc-literal-conversion -Wshorten-64-to-32 -Wpointer-sign -Wno-newline-eof -Wno-implicit-fallthrough -isysroot /Applications/Xcode-27.0.0-Release.Candidate.app/Contents/Developer/Platforms/AppleTVOS.platform/Developer/SDKs/AppleTVOS27.0.sdk -fstrict-aliasing -Wdeprecated-declarations -Wno-sign-conversion -Wno-infinite-recursion -Wno-comma -Wno-block-capture-autoreleasing -Wno-strict-prototypes -Wno-semicolon-before-method-body -index-store-path /Users/admin/builder/spi-builder-workspace/.derivedData/Index.noindex/DataStore @/Users/admin/builder/spi-builder-workspace/.derivedData/Build/Intermediates.noindex/cmark-gfm.build/Debug-appletvos/cmark-gfm-t.build/Objects-normal/arm64/7187679823f38a2a940e0043cdf9d637-common-args.resp -MMD -MT dependencies -MF /Users/admin/builder/spi-builder-workspace/.derivedData/Build/Intermediates.noindex/cmark-gfm.build/Debug-appletvos/cmark-gfm-t.build/Objects-normal/arm64/scanners.d --serialize-diagnostics /Users/admin/builder/spi-builder-workspace/.derivedData/Build/Intermediates.noindex/cmark-gfm.build/Debug-appletvos/cmark-gfm-t.build/Objects-normal/arm64/scanners.dia -c /Users/admin/builder/spi-builder-workspace/.dependencies/checkouts/swift-cmark/src/scanners.c -o /Users/admin/builder/spi-builder-workspace/.derivedData/Build/Intermediates.noindex/cmark-gfm.build/Debug-appletvos/cmark-gfm-t.build/Objects-normal/arm64/scanners.o -index-unit-output-path /cmark-gfm.build/Debug-appletvos/cmark-gfm-t.build/Objects-normal/arm64/scanners.o
CompileC /Users/admin/builder/spi-builder-workspace/.derivedData/Build/Intermediates.noindex/cmark-gfm.build/Debug-appletvos/cmark-gfm-t.build/Objects-normal/arm64/render.o /Users/admin/builder/spi-builder-workspace/.dependencies/checkouts/swift-cmark/src/render.c normal arm64 c com.apple.compilers.llvm.clang.1_0.compiler (in target 'cmark-gfm' from project 'cmark-gfm')
    cd /Users/admin/builder/spi-builder-workspace/.swiftpm/xcode

    Using response file: /Users/admin/builder/spi-builder-workspace/.derivedData/Build/Intermediates.noindex/cmark-gfm.build/Debug-appletvos/cmark-gfm-t.build/Objects-normal/arm64/7187679823f38a2a940e0043cdf9d637-common-args.resp

    /Applications/Xcode-27.0.0-Release.Candidate.app/Contents/Developer/Toolchains/XcodeDefault.xctoolchain/usr/bin/clang -x c -ivfsstatcache /Users/admin/builder/spi-builder-workspace/.derivedData/SDKStatCaches.noindex/appletvos27.0-24J360-e829b21a6f8c9b70876ba0858053c044b32bfd8d43560033f8d89884cdb90028.sdkstatcache -target arm64-apple-tvos15.0 -fmessage-length\=0 -fdiagnostics-show-note-include-stack -fmacro-backtrace-limit\=0 -fno-color-diagnostics -fmodules-prune-interval\=86400 -fmodules-prune-after\=345600 -fbuild-session-file\=/Users/admin/builder/spi-builder-workspace/.derivedData/ModuleCache.noindex/Session.modulevalidation -fmodules-validate-once-per-build-session -Wnon-modular-include-in-framework-module -Werror\=non-modular-include-in-framework-module -Wno-trigraphs -Wno-missing-field-initializers -Wno-missing-prototypes -Wno-return-type -Wno-missing-braces -Wparentheses -Wswitch -Wno-unused-function -Wno-unused-label -Wno-unused-parameter -Wno-unused-variable -Wunused-value -Wno-empty-body -Wno-uninitialized -Wno-unknown-pragmas -w -Wno-shadow -Wno-four-char-constants -Wno-conversion -Wno-constant-conversion -Wno-int-conversion -Wno-bool-conversion -Wno-enum-conversion -Wno-float-conversion -Wno-non-literal-null-conversion -Wno-objc-literal-conversion -Wshorten-64-to-32 -Wpointer-sign -Wno-newline-eof -Wno-implicit-fallthrough -isysroot /Applications/Xcode-27.0.0-Release.Candidate.app/Contents/Developer/Platforms/AppleTVOS.platform/Developer/SDKs/AppleTVOS27.0.sdk -fstrict-aliasing -Wdeprecated-declarations -Wno-sign-conversion -Wno-infinite-recursion -Wno-comma -Wno-block-capture-autoreleasing -Wno-strict-prototypes -Wno-semicolon-before-method-body -index-store-path /Users/admin/builder/spi-builder-workspace/.derivedData/Index.noindex/DataStore @/Users/admin/builder/spi-builder-workspace/.derivedData/Build/Intermediates.noindex/cmark-gfm.build/Debug-appletvos/cmark-gfm-t.build/Objects-normal/arm64/7187679823f38a2a940e0043cdf9d637-common-args.resp -MMD -MT dependencies -MF /Users/admin/builder/spi-builder-workspace/.derivedData/Build/Intermediates.noindex/cmark-gfm.build/Debug-appletvos/cmark-gfm-t.build/Objects-normal/arm64/render.d --serialize-diagnostics /Users/admin/builder/spi-builder-workspace/.derivedData/Build/Intermediates.noindex/cmark-gfm.build/Debug-appletvos/cmark-gfm-t.build/Objects-normal/arm64/render.dia -c /Users/admin/builder/spi-builder-workspace/.dependencies/checkouts/swift-cmark/src/render.c -o /Users/admin/builder/spi-builder-workspace/.derivedData/Build/Intermediates.noindex/cmark-gfm.build/Debug-appletvos/cmark-gfm-t.build/Objects-normal/arm64/render.o -index-unit-output-path /cmark-gfm.build/Debug-appletvos/cmark-gfm-t.build/Objects-normal/arm64/render.o
CompileC /Users/admin/builder/spi-builder-workspace/.derivedData/Build/Intermediates.noindex/cmark-gfm.build/Debug-appletvos/cmark-gfm-t.build/Objects-normal/arm64/registry.o /Users/admin/builder/spi-builder-workspace/.dependencies/checkouts/swift-cmark/src/registry.c normal arm64 c com.apple.compilers.llvm.clang.1_0.compiler (in target 'cmark-gfm' from project 'cmark-gfm')
    cd /Users/admin/builder/spi-builder-workspace/.swiftpm/xcode

    Using response file: /Users/admin/builder/spi-builder-workspace/.derivedData/Build/Intermediates.noindex/cmark-gfm.build/Debug-appletvos/cmark-gfm-t.build/Objects-normal/arm64/7187679823f38a2a940e0043cdf9d637-common-args.resp

    /Applications/Xcode-27.0.0-Release.Candidate.app/Contents/Developer/Toolchains/XcodeDefault.xctoolchain/usr/bin/clang -x c -ivfsstatcache /Users/admin/builder/spi-builder-workspace/.derivedData/SDKStatCaches.noindex/appletvos27.0-24J360-e829b21a6f8c9b70876ba0858053c044b32bfd8d43560033f8d89884cdb90028.sdkstatcache -target arm64-apple-tvos15.0 -fmessage-length\=0 -fdiagnostics-show-note-include-stack -fmacro-backtrace-limit\=0 -fno-color-diagnostics -fmodules-prune-interval\=86400 -fmodules-prune-after\=345600 -fbuild-session-file\=/Users/admin/builder/spi-builder-workspace/.derivedData/ModuleCache.noindex/Session.modulevalidation -fmodules-validate-once-per-build-session -Wnon-modular-include-in-framework-module -Werror\=non-modular-include-in-framework-module -Wno-trigraphs -Wno-missing-field-initializers -Wno-missing-prototypes -Wno-return-type -Wno-missing-braces -Wparentheses -Wswitch -Wno-unused-function -Wno-unused-label -Wno-unused-parameter -Wno-unused-variable -Wunused-value -Wno-empty-body -Wno-uninitialized -Wno-unknown-pragmas -w -Wno-shadow -Wno-four-char-constants -Wno-conversion -Wno-constant-conversion -Wno-int-conversion -Wno-bool-conversion -Wno-enum-conversion -Wno-float-conversion -Wno-non-literal-null-conversion -Wno-objc-literal-conversion -Wshorten-64-to-32 -Wpointer-sign -Wno-newline-eof -Wno-implicit-fallthrough -isysroot /Applications/Xcode-27.0.0-Release.Candidate.app/Contents/Developer/Platforms/AppleTVOS.platform/Developer/SDKs/AppleTVOS27.0.sdk -fstrict-aliasing -Wdeprecated-declarations -Wno-sign-conversion -Wno-infinite-recursion -Wno-comma -Wno-block-capture-autoreleasing -Wno-strict-prototypes -Wno-semicolon-before-method-body -index-store-path /Users/admin/builder/spi-builder-workspace/.derivedData/Index.noindex/DataStore @/Users/admin/builder/spi-builder-workspace/.derivedData/Build/Intermediates.noindex/cmark-gfm.build/Debug-appletvos/cmark-gfm-t.build/Objects-normal/arm64/7187679823f38a2a940e0043cdf9d637-common-args.resp -MMD -MT dependencies -MF /Users/admin/builder/spi-builder-workspace/.derivedData/Build/Intermediates.noindex/cmark-gfm.build/Debug-appletvos/cmark-gfm-t.build/Objects-normal/arm64/registry.d --serialize-diagnostics /Users/admin/builder/spi-builder-workspace/.derivedData/Build/Intermediates.noindex/cmark-gfm.build/Debug-appletvos/cmark-gfm-t.build/Objects-normal/arm64/registry.dia -c /Users/admin/builder/spi-builder-workspace/.dependencies/checkouts/swift-cmark/src/registry.c -o /Users/admin/builder/spi-builder-workspace/.derivedData/Build/Intermediates.noindex/cmark-gfm.build/Debug-appletvos/cmark-gfm-t.build/Objects-normal/arm64/registry.o -index-unit-output-path /cmark-gfm.build/Debug-appletvos/cmark-gfm-t.build/Objects-normal/arm64/registry.o
CompileC /Users/admin/builder/spi-builder-workspace/.derivedData/Build/Intermediates.noindex/cmark-gfm.build/Debug-appletvos/cmark-gfm-t.build/Objects-normal/arm64/references.o /Users/admin/builder/spi-builder-workspace/.dependencies/checkouts/swift-cmark/src/references.c normal arm64 c com.apple.compilers.llvm.clang.1_0.compiler (in target 'cmark-gfm' from project 'cmark-gfm')
    cd /Users/admin/builder/spi-builder-workspace/.swiftpm/xcode

    Using response file: /Users/admin/builder/spi-builder-workspace/.derivedData/Build/Intermediates.noindex/cmark-gfm.build/Debug-appletvos/cmark-gfm-t.build/Objects-normal/arm64/7187679823f38a2a940e0043cdf9d637-common-args.resp

    /Applications/Xcode-27.0.0-Release.Candidate.app/Contents/Developer/Toolchains/XcodeDefault.xctoolchain/usr/bin/clang -x c -ivfsstatcache /Users/admin/builder/spi-builder-workspace/.derivedData/SDKStatCaches.noindex/appletvos27.0-24J360-e829b21a6f8c9b70876ba0858053c044b32bfd8d43560033f8d89884cdb90028.sdkstatcache -target arm64-apple-tvos15.0 -fmessage-length\=0 -fdiagnostics-show-note-include-stack -fmacro-backtrace-limit\=0 -fno-color-diagnostics -fmodules-prune-interval\=86400 -fmodules-prune-after\=345600 -fbuild-session-file\=/Users/admin/builder/spi-builder-workspace/.derivedData/ModuleCache.noindex/Session.modulevalidation -fmodules-validate-once-per-build-session -Wnon-modular-include-in-framework-module -Werror\=non-modular-include-in-framework-module -Wno-trigraphs -Wno-missing-field-initializers -Wno-missing-prototypes -Wno-return-type -Wno-missing-braces -Wparentheses -Wswitch -Wno-unused-function -Wno-unused-label -Wno-unused-parameter -Wno-unused-variable -Wunused-value -Wno-empty-body -Wno-uninitialized -Wno-unknown-pragmas -w -Wno-shadow -Wno-four-char-constants -Wno-conversion -Wno-constant-conversion -Wno-int-conversion -Wno-bool-conversion -Wno-enum-conversion -Wno-float-conversion -Wno-non-literal-null-conversion -Wno-objc-literal-conversion -Wshorten-64-to-32 -Wpointer-sign -Wno-newline-eof -Wno-implicit-fallthrough -isysroot /Applications/Xcode-27.0.0-Release.Candidate.app/Contents/Developer/Platforms/AppleTVOS.platform/Developer/SDKs/AppleTVOS27.0.sdk -fstrict-aliasing -Wdeprecated-declarations -Wno-sign-conversion -Wno-infinite-recursion -Wno-comma -Wno-block-capture-autoreleasing -Wno-strict-prototypes -Wno-semicolon-before-method-body -index-store-path /Users/admin/builder/spi-builder-workspace/.derivedData/Index.noindex/DataStore @/Users/admin/builder/spi-builder-workspace/.derivedData/Build/Intermediates.noindex/cmark-gfm.build/Debug-appletvos/cmark-gfm-t.build/Objects-normal/arm64/7187679823f38a2a940e0043cdf9d637-common-args.resp -MMD -MT dependencies -MF /Users/admin/builder/spi-builder-workspace/.derivedData/Build/Intermediates.noindex/cmark-gfm.build/Debug-appletvos/cmark-gfm-t.build/Objects-normal/arm64/references.d --serialize-diagnostics /Users/admin/builder/spi-builder-workspace/.derivedData/Build/Intermediates.noindex/cmark-gfm.build/Debug-appletvos/cmark-gfm-t.build/Objects-normal/arm64/references.dia -c /Users/admin/builder/spi-builder-workspace/.dependencies/checkouts/swift-cmark/src/references.c -o /Users/admin/builder/spi-builder-workspace/.derivedData/Build/Intermediates.noindex/cmark-gfm.build/Debug-appletvos/cmark-gfm-t.build/Objects-normal/arm64/references.o -index-unit-output-path /cmark-gfm.build/Debug-appletvos/cmark-gfm-t.build/Objects-normal/arm64/references.o
CompileC /Users/admin/builder/spi-builder-workspace/.derivedData/Build/Intermediates.noindex/cmark-gfm.build/Debug-appletvos/cmark-gfm-t.build/Objects-normal/arm64/plugin.o /Users/admin/builder/spi-builder-workspace/.dependencies/checkouts/swift-cmark/src/plugin.c normal arm64 c com.apple.compilers.llvm.clang.1_0.compiler (in target 'cmark-gfm' from project 'cmark-gfm')
    cd /Users/admin/builder/spi-builder-workspace/.swiftpm/xcode

    Using response file: /Users/admin/builder/spi-builder-workspace/.derivedData/Build/Intermediates.noindex/cmark-gfm.build/Debug-appletvos/cmark-gfm-t.build/Objects-normal/arm64/7187679823f38a2a940e0043cdf9d637-common-args.resp

    /Applications/Xcode-27.0.0-Release.Candidate.app/Contents/Developer/Toolchains/XcodeDefault.xctoolchain/usr/bin/clang -x c -ivfsstatcache /Users/admin/builder/spi-builder-workspace/.derivedData/SDKStatCaches.noindex/appletvos27.0-24J360-e829b21a6f8c9b70876ba0858053c044b32bfd8d43560033f8d89884cdb90028.sdkstatcache -target arm64-apple-tvos15.0 -fmessage-length\=0 -fdiagnostics-show-note-include-stack -fmacro-backtrace-limit\=0 -fno-color-diagnostics -fmodules-prune-interval\=86400 -fmodules-prune-after\=345600 -fbuild-session-file\=/Users/admin/builder/spi-builder-workspace/.derivedData/ModuleCache.noindex/Session.modulevalidation -fmodules-validate-once-per-build-session -Wnon-modular-include-in-framework-module -Werror\=non-modular-include-in-framework-module -Wno-trigraphs -Wno-missing-field-initializers -Wno-missing-prototypes -Wno-return-type -Wno-missing-braces -Wparentheses -Wswitch -Wno-unused-function -Wno-unused-label -Wno-unused-parameter -Wno-unused-variable -Wunused-value -Wno-empty-body -Wno-uninitialized -Wno-unknown-pragmas -w -Wno-shadow -Wno-four-char-constants -Wno-conversion -Wno-constant-conversion -Wno-int-conversion -Wno-bool-conversion -Wno-enum-conversion -Wno-float-conversion -Wno-non-literal-null-conversion -Wno-objc-literal-conversion -Wshorten-64-to-32 -Wpointer-sign -Wno-newline-eof -Wno-implicit-fallthrough -isysroot /Applications/Xcode-27.0.0-Release.Candidate.app/Contents/Developer/Platforms/AppleTVOS.platform/Developer/SDKs/AppleTVOS27.0.sdk -fstrict-aliasing -Wdeprecated-declarations -Wno-sign-conversion -Wno-infinite-recursion -Wno-comma -Wno-block-capture-autoreleasing -Wno-strict-prototypes -Wno-semicolon-before-method-body -index-store-path /Users/admin/builder/spi-builder-workspace/.derivedData/Index.noindex/DataStore @/Users/admin/builder/spi-builder-workspace/.derivedData/Build/Intermediates.noindex/cmark-gfm.build/Debug-appletvos/cmark-gfm-t.build/Objects-normal/arm64/7187679823f38a2a940e0043cdf9d637-common-args.resp -MMD -MT dependencies -MF /Users/admin/builder/spi-builder-workspace/.derivedData/Build/Intermediates.noindex/cmark-gfm.build/Debug-appletvos/cmark-gfm-t.build/Objects-normal/arm64/plugin.d --serialize-diagnostics /Users/admin/builder/spi-builder-workspace/.derivedData/Build/Intermediates.noindex/cmark-gfm.build/Debug-appletvos/cmark-gfm-t.build/Objects-normal/arm64/plugin.dia -c /Users/admin/builder/spi-builder-workspace/.dependencies/checkouts/swift-cmark/src/plugin.c -o /Users/admin/builder/spi-builder-workspace/.derivedData/Build/Intermediates.noindex/cmark-gfm.build/Debug-appletvos/cmark-gfm-t.build/Objects-normal/arm64/plugin.o -index-unit-output-path /cmark-gfm.build/Debug-appletvos/cmark-gfm-t.build/Objects-normal/arm64/plugin.o
CompileC /Users/admin/builder/spi-builder-workspace/.derivedData/Build/Intermediates.noindex/cmark-gfm.build/Debug-appletvos/cmark-gfm-t.build/Objects-normal/arm64/plaintext.o /Users/admin/builder/spi-builder-workspace/.dependencies/checkouts/swift-cmark/src/plaintext.c normal arm64 c com.apple.compilers.llvm.clang.1_0.compiler (in target 'cmark-gfm' from project 'cmark-gfm')
    cd /Users/admin/builder/spi-builder-workspace/.swiftpm/xcode

    Using response file: /Users/admin/builder/spi-builder-workspace/.derivedData/Build/Intermediates.noindex/cmark-gfm.build/Debug-appletvos/cmark-gfm-t.build/Objects-normal/arm64/7187679823f38a2a940e0043cdf9d637-common-args.resp

    /Applications/Xcode-27.0.0-Release.Candidate.app/Contents/Developer/Toolchains/XcodeDefault.xctoolchain/usr/bin/clang -x c -ivfsstatcache /Users/admin/builder/spi-builder-workspace/.derivedData/SDKStatCaches.noindex/appletvos27.0-24J360-e829b21a6f8c9b70876ba0858053c044b32bfd8d43560033f8d89884cdb90028.sdkstatcache -target arm64-apple-tvos15.0 -fmessage-length\=0 -fdiagnostics-show-note-include-stack -fmacro-backtrace-limit\=0 -fno-color-diagnostics -fmodules-prune-interval\=86400 -fmodules-prune-after\=345600 -fbuild-session-file\=/Users/admin/builder/spi-builder-workspace/.derivedData/ModuleCache.noindex/Session.modulevalidation -fmodules-validate-once-per-build-session -Wnon-modular-include-in-framework-module -Werror\=non-modular-include-in-framework-module -Wno-trigraphs -Wno-missing-field-initializers -Wno-missing-prototypes -Wno-return-type -Wno-missing-braces -Wparentheses -Wswitch -Wno-unused-function -Wno-unused-label -Wno-unused-parameter -Wno-unused-variable -Wunused-value -Wno-empty-body -Wno-uninitialized -Wno-unknown-pragmas -w -Wno-shadow -Wno-four-char-constants -Wno-conversion -Wno-constant-conversion -Wno-int-conversion -Wno-bool-conversion -Wno-enum-conversion -Wno-float-conversion -Wno-non-literal-null-conversion -Wno-objc-literal-conversion -Wshorten-64-to-32 -Wpointer-sign -Wno-newline-eof -Wno-implicit-fallthrough -isysroot /Applications/Xcode-27.0.0-Release.Candidate.app/Contents/Developer/Platforms/AppleTVOS.platform/Developer/SDKs/AppleTVOS27.0.sdk -fstrict-aliasing -Wdeprecated-declarations -Wno-sign-conversion -Wno-infinite-recursion -Wno-comma -Wno-block-capture-autoreleasing -Wno-strict-prototypes -Wno-semicolon-before-method-body -index-store-path /Users/admin/builder/spi-builder-workspace/.derivedData/Index.noindex/DataStore @/Users/admin/builder/spi-builder-workspace/.derivedData/Build/Intermediates.noindex/cmark-gfm.build/Debug-appletvos/cmark-gfm-t.build/Objects-normal/arm64/7187679823f38a2a940e0043cdf9d637-common-args.resp -MMD -MT dependencies -MF /Users/admin/builder/spi-builder-workspace/.derivedData/Build/Intermediates.noindex/cmark-gfm.build/Debug-appletvos/cmark-gfm-t.build/Objects-normal/arm64/plaintext.d --serialize-diagnostics /Users/admin/builder/spi-builder-workspace/.derivedData/Build/Intermediates.noindex/cmark-gfm.build/Debug-appletvos/cmark-gfm-t.build/Objects-normal/arm64/plaintext.dia -c /Users/admin/builder/spi-builder-workspace/.dependencies/checkouts/swift-cmark/src/plaintext.c -o /Users/admin/builder/spi-builder-workspace/.derivedData/Build/Intermediates.noindex/cmark-gfm.build/Debug-appletvos/cmark-gfm-t.build/Objects-normal/arm64/plaintext.o -index-unit-output-path /cmark-gfm.build/Debug-appletvos/cmark-gfm-t.build/Objects-normal/arm64/plaintext.o
CompileC /Users/admin/builder/spi-builder-workspace/.derivedData/Build/Intermediates.noindex/cmark-gfm.build/Debug-appletvos/cmark-gfm-t.build/Objects-normal/arm64/node.o /Users/admin/builder/spi-builder-workspace/.dependencies/checkouts/swift-cmark/src/node.c normal arm64 c com.apple.compilers.llvm.clang.1_0.compiler (in target 'cmark-gfm' from project 'cmark-gfm')
    cd /Users/admin/builder/spi-builder-workspace/.swiftpm/xcode

    Using response file: /Users/admin/builder/spi-builder-workspace/.derivedData/Build/Intermediates.noindex/cmark-gfm.build/Debug-appletvos/cmark-gfm-t.build/Objects-normal/arm64/7187679823f38a2a940e0043cdf9d637-common-args.resp

    /Applications/Xcode-27.0.0-Release.Candidate.app/Contents/Developer/Toolchains/XcodeDefault.xctoolchain/usr/bin/clang -x c -ivfsstatcache /Users/admin/builder/spi-builder-workspace/.derivedData/SDKStatCaches.noindex/appletvos27.0-24J360-e829b21a6f8c9b70876ba0858053c044b32bfd8d43560033f8d89884cdb90028.sdkstatcache -target arm64-apple-tvos15.0 -fmessage-length\=0 -fdiagnostics-show-note-include-stack -fmacro-backtrace-limit\=0 -fno-color-diagnostics -fmodules-prune-interval\=86400 -fmodules-prune-after\=345600 -fbuild-session-file\=/Users/admin/builder/spi-builder-workspace/.derivedData/ModuleCache.noindex/Session.modulevalidation -fmodules-validate-once-per-build-session -Wnon-modular-include-in-framework-module -Werror\=non-modular-include-in-framework-module -Wno-trigraphs -Wno-missing-field-initializers -Wno-missing-prototypes -Wno-return-type -Wno-missing-braces -Wparentheses -Wswitch -Wno-unused-function -Wno-unused-label -Wno-unused-parameter -Wno-unused-variable -Wunused-value -Wno-empty-body -Wno-uninitialized -Wno-unknown-pragmas -w -Wno-shadow -Wno-four-char-constants -Wno-conversion -Wno-constant-conversion -Wno-int-conversion -Wno-bool-conversion -Wno-enum-conversion -Wno-float-conversion -Wno-non-literal-null-conversion -Wno-objc-literal-conversion -Wshorten-64-to-32 -Wpointer-sign -Wno-newline-eof -Wno-implicit-fallthrough -isysroot /Applications/Xcode-27.0.0-Release.Candidate.app/Contents/Developer/Platforms/AppleTVOS.platform/Developer/SDKs/AppleTVOS27.0.sdk -fstrict-aliasing -Wdeprecated-declarations -Wno-sign-conversion -Wno-infinite-recursion -Wno-comma -Wno-block-capture-autoreleasing -Wno-strict-prototypes -Wno-semicolon-before-method-body -index-store-path /Users/admin/builder/spi-builder-workspace/.derivedData/Index.noindex/DataStore @/Users/admin/builder/spi-builder-workspace/.derivedData/Build/Intermediates.noindex/cmark-gfm.build/Debug-appletvos/cmark-gfm-t.build/Objects-normal/arm64/7187679823f38a2a940e0043cdf9d637-common-args.resp -MMD -MT dependencies -MF /Users/admin/builder/spi-builder-workspace/.derivedData/Build/Intermediates.noindex/cmark-gfm.build/Debug-appletvos/cmark-gfm-t.build/Objects-normal/arm64/node.d --serialize-diagnostics /Users/admin/builder/spi-builder-workspace/.derivedData/Build/Intermediates.noindex/cmark-gfm.build/Debug-appletvos/cmark-gfm-t.build/Objects-normal/arm64/node.dia -c /Users/admin/builder/spi-builder-workspace/.dependencies/checkouts/swift-cmark/src/node.c -o /Users/admin/builder/spi-builder-workspace/.derivedData/Build/Intermediates.noindex/cmark-gfm.build/Debug-appletvos/cmark-gfm-t.build/Objects-normal/arm64/node.o -index-unit-output-path /cmark-gfm.build/Debug-appletvos/cmark-gfm-t.build/Objects-normal/arm64/node.o
CompileC /Users/admin/builder/spi-builder-workspace/.derivedData/Build/Intermediates.noindex/cmark-gfm.build/Debug-appletvos/cmark-gfm-t.build/Objects-normal/arm64/map.o /Users/admin/builder/spi-builder-workspace/.dependencies/checkouts/swift-cmark/src/map.c normal arm64 c com.apple.compilers.llvm.clang.1_0.compiler (in target 'cmark-gfm' from project 'cmark-gfm')
    cd /Users/admin/builder/spi-builder-workspace/.swiftpm/xcode

    Using response file: /Users/admin/builder/spi-builder-workspace/.derivedData/Build/Intermediates.noindex/cmark-gfm.build/Debug-appletvos/cmark-gfm-t.build/Objects-normal/arm64/7187679823f38a2a940e0043cdf9d637-common-args.resp

    /Applications/Xcode-27.0.0-Release.Candidate.app/Contents/Developer/Toolchains/XcodeDefault.xctoolchain/usr/bin/clang -x c -ivfsstatcache /Users/admin/builder/spi-builder-workspace/.derivedData/SDKStatCaches.noindex/appletvos27.0-24J360-e829b21a6f8c9b70876ba0858053c044b32bfd8d43560033f8d89884cdb90028.sdkstatcache -target arm64-apple-tvos15.0 -fmessage-length\=0 -fdiagnostics-show-note-include-stack -fmacro-backtrace-limit\=0 -fno-color-diagnostics -fmodules-prune-interval\=86400 -fmodules-prune-after\=345600 -fbuild-session-file\=/Users/admin/builder/spi-builder-workspace/.derivedData/ModuleCache.noindex/Session.modulevalidation -fmodules-validate-once-per-build-session -Wnon-modular-include-in-framework-module -Werror\=non-modular-include-in-framework-module -Wno-trigraphs -Wno-missing-field-initializers -Wno-missing-prototypes -Wno-return-type -Wno-missing-braces -Wparentheses -Wswitch -Wno-unused-function -Wno-unused-label -Wno-unused-parameter -Wno-unused-variable -Wunused-value -Wno-empty-body -Wno-uninitialized -Wno-unknown-pragmas -w -Wno-shadow -Wno-four-char-constants -Wno-conversion -Wno-constant-conversion -Wno-int-conversion -Wno-bool-conversion -Wno-enum-conversion -Wno-float-conversion -Wno-non-literal-null-conversion -Wno-objc-literal-conversion -Wshorten-64-to-32 -Wpointer-sign -Wno-newline-eof -Wno-implicit-fallthrough -isysroot /Applications/Xcode-27.0.0-Release.Candidate.app/Contents/Developer/Platforms/AppleTVOS.platform/Developer/SDKs/AppleTVOS27.0.sdk -fstrict-aliasing -Wdeprecated-declarations -Wno-sign-conversion -Wno-infinite-recursion -Wno-comma -Wno-block-capture-autoreleasing -Wno-strict-prototypes -Wno-semicolon-before-method-body -index-store-path /Users/admin/builder/spi-builder-workspace/.derivedData/Index.noindex/DataStore @/Users/admin/builder/spi-builder-workspace/.derivedData/Build/Intermediates.noindex/cmark-gfm.build/Debug-appletvos/cmark-gfm-t.build/Objects-normal/arm64/7187679823f38a2a940e0043cdf9d637-common-args.resp -MMD -MT dependencies -MF /Users/admin/builder/spi-builder-workspace/.derivedData/Build/Intermediates.noindex/cmark-gfm.build/Debug-appletvos/cmark-gfm-t.build/Objects-normal/arm64/map.d --serialize-diagnostics /Users/admin/builder/spi-builder-workspace/.derivedData/Build/Intermediates.noindex/cmark-gfm.build/Debug-appletvos/cmark-gfm-t.build/Objects-normal/arm64/map.dia -c /Users/admin/builder/spi-builder-workspace/.dependencies/checkouts/swift-cmark/src/map.c -o /Users/admin/builder/spi-builder-workspace/.derivedData/Build/Intermediates.noindex/cmark-gfm.build/Debug-appletvos/cmark-gfm-t.build/Objects-normal/arm64/map.o -index-unit-output-path /cmark-gfm.build/Debug-appletvos/cmark-gfm-t.build/Objects-normal/arm64/map.o
CompileC /Users/admin/builder/spi-builder-workspace/.derivedData/Build/Intermediates.noindex/cmark-gfm.build/Debug-appletvos/cmark-gfm-t.build/Objects-normal/arm64/man.o /Users/admin/builder/spi-builder-workspace/.dependencies/checkouts/swift-cmark/src/man.c normal arm64 c com.apple.compilers.llvm.clang.1_0.compiler (in target 'cmark-gfm' from project 'cmark-gfm')
    cd /Users/admin/builder/spi-builder-workspace/.swiftpm/xcode

    Using response file: /Users/admin/builder/spi-builder-workspace/.derivedData/Build/Intermediates.noindex/cmark-gfm.build/Debug-appletvos/cmark-gfm-t.build/Objects-normal/arm64/7187679823f38a2a940e0043cdf9d637-common-args.resp

    /Applications/Xcode-27.0.0-Release.Candidate.app/Contents/Developer/Toolchains/XcodeDefault.xctoolchain/usr/bin/clang -x c -ivfsstatcache /Users/admin/builder/spi-builder-workspace/.derivedData/SDKStatCaches.noindex/appletvos27.0-24J360-e829b21a6f8c9b70876ba0858053c044b32bfd8d43560033f8d89884cdb90028.sdkstatcache -target arm64-apple-tvos15.0 -fmessage-length\=0 -fdiagnostics-show-note-include-stack -fmacro-backtrace-limit\=0 -fno-color-diagnostics -fmodules-prune-interval\=86400 -fmodules-prune-after\=345600 -fbuild-session-file\=/Users/admin/builder/spi-builder-workspace/.derivedData/ModuleCache.noindex/Session.modulevalidation -fmodules-validate-once-per-build-session -Wnon-modular-include-in-framework-module -Werror\=non-modular-include-in-framework-module -Wno-trigraphs -Wno-missing-field-initializers -Wno-missing-prototypes -Wno-return-type -Wno-missing-braces -Wparentheses -Wswitch -Wno-unused-function -Wno-unused-label -Wno-unused-parameter -Wno-unused-variable -Wunused-value -Wno-empty-body -Wno-uninitialized -Wno-unknown-pragmas -w -Wno-shadow -Wno-four-char-constants -Wno-conversion -Wno-constant-conversion -Wno-int-conversion -Wno-bool-conversion -Wno-enum-conversion -Wno-float-conversion -Wno-non-literal-null-conversion -Wno-objc-literal-conversion -Wshorten-64-to-32 -Wpointer-sign -Wno-newline-eof -Wno-implicit-fallthrough -isysroot /Applications/Xcode-27.0.0-Release.Candidate.app/Contents/Developer/Platforms/AppleTVOS.platform/Developer/SDKs/AppleTVOS27.0.sdk -fstrict-aliasing -Wdeprecated-declarations -Wno-sign-conversion -Wno-infinite-recursion -Wno-comma -Wno-block-capture-autoreleasing -Wno-strict-prototypes -Wno-semicolon-before-method-body -index-store-path /Users/admin/builder/spi-builder-workspace/.derivedData/Index.noindex/DataStore @/Users/admin/builder/spi-builder-workspace/.derivedData/Build/Intermediates.noindex/cmark-gfm.build/Debug-appletvos/cmark-gfm-t.build/Objects-normal/arm64/7187679823f38a2a940e0043cdf9d637-common-args.resp -MMD -MT dependencies -MF /Users/admin/builder/spi-builder-workspace/.derivedData/Build/Intermediates.noindex/cmark-gfm.build/Debug-appletvos/cmark-gfm-t.build/Objects-normal/arm64/man.d --serialize-diagnostics /Users/admin/builder/spi-builder-workspace/.derivedData/Build/Intermediates.noindex/cmark-gfm.build/Debug-appletvos/cmark-gfm-t.build/Objects-normal/arm64/man.dia -c /Users/admin/builder/spi-builder-workspace/.dependencies/checkouts/swift-cmark/src/man.c -o /Users/admin/builder/spi-builder-workspace/.derivedData/Build/Intermediates.noindex/cmark-gfm.build/Debug-appletvos/cmark-gfm-t.build/Objects-normal/arm64/man.o -index-unit-output-path /cmark-gfm.build/Debug-appletvos/cmark-gfm-t.build/Objects-normal/arm64/man.o
CompileC /Users/admin/builder/spi-builder-workspace/.derivedData/Build/Intermediates.noindex/cmark-gfm.build/Debug-appletvos/cmark-gfm-t.build/Objects-normal/arm64/linked_list.o /Users/admin/builder/spi-builder-workspace/.dependencies/checkouts/swift-cmark/src/linked_list.c normal arm64 c com.apple.compilers.llvm.clang.1_0.compiler (in target 'cmark-gfm' from project 'cmark-gfm')
    cd /Users/admin/builder/spi-builder-workspace/.swiftpm/xcode

    Using response file: /Users/admin/builder/spi-builder-workspace/.derivedData/Build/Intermediates.noindex/cmark-gfm.build/Debug-appletvos/cmark-gfm-t.build/Objects-normal/arm64/7187679823f38a2a940e0043cdf9d637-common-args.resp

    /Applications/Xcode-27.0.0-Release.Candidate.app/Contents/Developer/Toolchains/XcodeDefault.xctoolchain/usr/bin/clang -x c -ivfsstatcache /Users/admin/builder/spi-builder-workspace/.derivedData/SDKStatCaches.noindex/appletvos27.0-24J360-e829b21a6f8c9b70876ba0858053c044b32bfd8d43560033f8d89884cdb90028.sdkstatcache -target arm64-apple-tvos15.0 -fmessage-length\=0 -fdiagnostics-show-note-include-stack -fmacro-backtrace-limit\=0 -fno-color-diagnostics -fmodules-prune-interval\=86400 -fmodules-prune-after\=345600 -fbuild-session-file\=/Users/admin/builder/spi-builder-workspace/.derivedData/ModuleCache.noindex/Session.modulevalidation -fmodules-validate-once-per-build-session -Wnon-modular-include-in-framework-module -Werror\=non-modular-include-in-framework-module -Wno-trigraphs -Wno-missing-field-initializers -Wno-missing-prototypes -Wno-return-type -Wno-missing-braces -Wparentheses -Wswitch -Wno-unused-function -Wno-unused-label -Wno-unused-parameter -Wno-unused-variable -Wunused-value -Wno-empty-body -Wno-uninitialized -Wno-unknown-pragmas -w -Wno-shadow -Wno-four-char-constants -Wno-conversion -Wno-constant-conversion -Wno-int-conversion -Wno-bool-conversion -Wno-enum-conversion -Wno-float-conversion -Wno-non-literal-null-conversion -Wno-objc-literal-conversion -Wshorten-64-to-32 -Wpointer-sign -Wno-newline-eof -Wno-implicit-fallthrough -isysroot /Applications/Xcode-27.0.0-Release.Candidate.app/Contents/Developer/Platforms/AppleTVOS.platform/Developer/SDKs/AppleTVOS27.0.sdk -fstrict-aliasing -Wdeprecated-declarations -Wno-sign-conversion -Wno-infinite-recursion -Wno-comma -Wno-block-capture-autoreleasing -Wno-strict-prototypes -Wno-semicolon-before-method-body -index-store-path /Users/admin/builder/spi-builder-workspace/.derivedData/Index.noindex/DataStore @/Users/admin/builder/spi-builder-workspace/.derivedData/Build/Intermediates.noindex/cmark-gfm.build/Debug-appletvos/cmark-gfm-t.build/Objects-normal/arm64/7187679823f38a2a940e0043cdf9d637-common-args.resp -MMD -MT dependencies -MF /Users/admin/builder/spi-builder-workspace/.derivedData/Build/Intermediates.noindex/cmark-gfm.build/Debug-appletvos/cmark-gfm-t.build/Objects-normal/arm64/linked_list.d --serialize-diagnostics /Users/admin/builder/spi-builder-workspace/.derivedData/Build/Intermediates.noindex/cmark-gfm.build/Debug-appletvos/cmark-gfm-t.build/Objects-normal/arm64/linked_list.dia -c /Users/admin/builder/spi-builder-workspace/.dependencies/checkouts/swift-cmark/src/linked_list.c -o /Users/admin/builder/spi-builder-workspace/.derivedData/Build/Intermediates.noindex/cmark-gfm.build/Debug-appletvos/cmark-gfm-t.build/Objects-normal/arm64/linked_list.o -index-unit-output-path /cmark-gfm.build/Debug-appletvos/cmark-gfm-t.build/Objects-normal/arm64/linked_list.o
CompileC /Users/admin/builder/spi-builder-workspace/.derivedData/Build/Intermediates.noindex/cmark-gfm.build/Debug-appletvos/cmark-gfm-t.build/Objects-normal/arm64/latex.o /Users/admin/builder/spi-builder-workspace/.dependencies/checkouts/swift-cmark/src/latex.c normal arm64 c com.apple.compilers.llvm.clang.1_0.compiler (in target 'cmark-gfm' from project 'cmark-gfm')
    cd /Users/admin/builder/spi-builder-workspace/.swiftpm/xcode

    Using response file: /Users/admin/builder/spi-builder-workspace/.derivedData/Build/Intermediates.noindex/cmark-gfm.build/Debug-appletvos/cmark-gfm-t.build/Objects-normal/arm64/7187679823f38a2a940e0043cdf9d637-common-args.resp

    /Applications/Xcode-27.0.0-Release.Candidate.app/Contents/Developer/Toolchains/XcodeDefault.xctoolchain/usr/bin/clang -x c -ivfsstatcache /Users/admin/builder/spi-builder-workspace/.derivedData/SDKStatCaches.noindex/appletvos27.0-24J360-e829b21a6f8c9b70876ba0858053c044b32bfd8d43560033f8d89884cdb90028.sdkstatcache -target arm64-apple-tvos15.0 -fmessage-length\=0 -fdiagnostics-show-note-include-stack -fmacro-backtrace-limit\=0 -fno-color-diagnostics -fmodules-prune-interval\=86400 -fmodules-prune-after\=345600 -fbuild-session-file\=/Users/admin/builder/spi-builder-workspace/.derivedData/ModuleCache.noindex/Session.modulevalidation -fmodules-validate-once-per-build-session -Wnon-modular-include-in-framework-module -Werror\=non-modular-include-in-framework-module -Wno-trigraphs -Wno-missing-field-initializers -Wno-missing-prototypes -Wno-return-type -Wno-missing-braces -Wparentheses -Wswitch -Wno-unused-function -Wno-unused-label -Wno-unused-parameter -Wno-unused-variable -Wunused-value -Wno-empty-body -Wno-uninitialized -Wno-unknown-pragmas -w -Wno-shadow -Wno-four-char-constants -Wno-conversion -Wno-constant-conversion -Wno-int-conversion -Wno-bool-conversion -Wno-enum-conversion -Wno-float-conversion -Wno-non-literal-null-conversion -Wno-objc-literal-conversion -Wshorten-64-to-32 -Wpointer-sign -Wno-newline-eof -Wno-implicit-fallthrough -isysroot /Applications/Xcode-27.0.0-Release.Candidate.app/Contents/Developer/Platforms/AppleTVOS.platform/Developer/SDKs/AppleTVOS27.0.sdk -fstrict-aliasing -Wdeprecated-declarations -Wno-sign-conversion -Wno-infinite-recursion -Wno-comma -Wno-block-capture-autoreleasing -Wno-strict-prototypes -Wno-semicolon-before-method-body -index-store-path /Users/admin/builder/spi-builder-workspace/.derivedData/Index.noindex/DataStore @/Users/admin/builder/spi-builder-workspace/.derivedData/Build/Intermediates.noindex/cmark-gfm.build/Debug-appletvos/cmark-gfm-t.build/Objects-normal/arm64/7187679823f38a2a940e0043cdf9d637-common-args.resp -MMD -MT dependencies -MF /Users/admin/builder/spi-builder-workspace/.derivedData/Build/Intermediates.noindex/cmark-gfm.build/Debug-appletvos/cmark-gfm-t.build/Objects-normal/arm64/latex.d --serialize-diagnostics /Users/admin/builder/spi-builder-workspace/.derivedData/Build/Intermediates.noindex/cmark-gfm.build/Debug-appletvos/cmark-gfm-t.build/Objects-normal/arm64/latex.dia -c /Users/admin/builder/spi-builder-workspace/.dependencies/checkouts/swift-cmark/src/latex.c -o /Users/admin/builder/spi-builder-workspace/.derivedData/Build/Intermediates.noindex/cmark-gfm.build/Debug-appletvos/cmark-gfm-t.build/Objects-normal/arm64/latex.o -index-unit-output-path /cmark-gfm.build/Debug-appletvos/cmark-gfm-t.build/Objects-normal/arm64/latex.o
CompileC /Users/admin/builder/spi-builder-workspace/.derivedData/Build/Intermediates.noindex/cmark-gfm.build/Debug-appletvos/cmark-gfm-t.build/Objects-normal/arm64/iterator.o /Users/admin/builder/spi-builder-workspace/.dependencies/checkouts/swift-cmark/src/iterator.c normal arm64 c com.apple.compilers.llvm.clang.1_0.compiler (in target 'cmark-gfm' from project 'cmark-gfm')
    cd /Users/admin/builder/spi-builder-workspace/.swiftpm/xcode

    Using response file: /Users/admin/builder/spi-builder-workspace/.derivedData/Build/Intermediates.noindex/cmark-gfm.build/Debug-appletvos/cmark-gfm-t.build/Objects-normal/arm64/7187679823f38a2a940e0043cdf9d637-common-args.resp

    /Applications/Xcode-27.0.0-Release.Candidate.app/Contents/Developer/Toolchains/XcodeDefault.xctoolchain/usr/bin/clang -x c -ivfsstatcache /Users/admin/builder/spi-builder-workspace/.derivedData/SDKStatCaches.noindex/appletvos27.0-24J360-e829b21a6f8c9b70876ba0858053c044b32bfd8d43560033f8d89884cdb90028.sdkstatcache -target arm64-apple-tvos15.0 -fmessage-length\=0 -fdiagnostics-show-note-include-stack -fmacro-backtrace-limit\=0 -fno-color-diagnostics -fmodules-prune-interval\=86400 -fmodules-prune-after\=345600 -fbuild-session-file\=/Users/admin/builder/spi-builder-workspace/.derivedData/ModuleCache.noindex/Session.modulevalidation -fmodules-validate-once-per-build-session -Wnon-modular-include-in-framework-module -Werror\=non-modular-include-in-framework-module -Wno-trigraphs -Wno-missing-field-initializers -Wno-missing-prototypes -Wno-return-type -Wno-missing-braces -Wparentheses -Wswitch -Wno-unused-function -Wno-unused-label -Wno-unused-parameter -Wno-unused-variable -Wunused-value -Wno-empty-body -Wno-uninitialized -Wno-unknown-pragmas -w -Wno-shadow -Wno-four-char-constants -Wno-conversion -Wno-constant-conversion -Wno-int-conversion -Wno-bool-conversion -Wno-enum-conversion -Wno-float-conversion -Wno-non-literal-null-conversion -Wno-objc-literal-conversion -Wshorten-64-to-32 -Wpointer-sign -Wno-newline-eof -Wno-implicit-fallthrough -isysroot /Applications/Xcode-27.0.0-Release.Candidate.app/Contents/Developer/Platforms/AppleTVOS.platform/Developer/SDKs/AppleTVOS27.0.sdk -fstrict-aliasing -Wdeprecated-declarations -Wno-sign-conversion -Wno-infinite-recursion -Wno-comma -Wno-block-capture-autoreleasing -Wno-strict-prototypes -Wno-semicolon-before-method-body -index-store-path /Users/admin/builder/spi-builder-workspace/.derivedData/Index.noindex/DataStore @/Users/admin/builder/spi-builder-workspace/.derivedData/Build/Intermediates.noindex/cmark-gfm.build/Debug-appletvos/cmark-gfm-t.build/Objects-normal/arm64/7187679823f38a2a940e0043cdf9d637-common-args.resp -MMD -MT dependencies -MF /Users/admin/builder/spi-builder-workspace/.derivedData/Build/Intermediates.noindex/cmark-gfm.build/Debug-appletvos/cmark-gfm-t.build/Objects-normal/arm64/iterator.d --serialize-diagnostics /Users/admin/builder/spi-builder-workspace/.derivedData/Build/Intermediates.noindex/cmark-gfm.build/Debug-appletvos/cmark-gfm-t.build/Objects-normal/arm64/iterator.dia -c /Users/admin/builder/spi-builder-workspace/.dependencies/checkouts/swift-cmark/src/iterator.c -o /Users/admin/builder/spi-builder-workspace/.derivedData/Build/Intermediates.noindex/cmark-gfm.build/Debug-appletvos/cmark-gfm-t.build/Objects-normal/arm64/iterator.o -index-unit-output-path /cmark-gfm.build/Debug-appletvos/cmark-gfm-t.build/Objects-normal/arm64/iterator.o
CompileC /Users/admin/builder/spi-builder-workspace/.derivedData/Build/Intermediates.noindex/cmark-gfm.build/Debug-appletvos/cmark-gfm-t.build/Objects-normal/arm64/inlines.o /Users/admin/builder/spi-builder-workspace/.dependencies/checkouts/swift-cmark/src/inlines.c normal arm64 c com.apple.compilers.llvm.clang.1_0.compiler (in target 'cmark-gfm' from project 'cmark-gfm')
    cd /Users/admin/builder/spi-builder-workspace/.swiftpm/xcode

    Using response file: /Users/admin/builder/spi-builder-workspace/.derivedData/Build/Intermediates.noindex/cmark-gfm.build/Debug-appletvos/cmark-gfm-t.build/Objects-normal/arm64/7187679823f38a2a940e0043cdf9d637-common-args.resp

    /Applications/Xcode-27.0.0-Release.Candidate.app/Contents/Developer/Toolchains/XcodeDefault.xctoolchain/usr/bin/clang -x c -ivfsstatcache /Users/admin/builder/spi-builder-workspace/.derivedData/SDKStatCaches.noindex/appletvos27.0-24J360-e829b21a6f8c9b70876ba0858053c044b32bfd8d43560033f8d89884cdb90028.sdkstatcache -target arm64-apple-tvos15.0 -fmessage-length\=0 -fdiagnostics-show-note-include-stack -fmacro-backtrace-limit\=0 -fno-color-diagnostics -fmodules-prune-interval\=86400 -fmodules-prune-after\=345600 -fbuild-session-file\=/Users/admin/builder/spi-builder-workspace/.derivedData/ModuleCache.noindex/Session.modulevalidation -fmodules-validate-once-per-build-session -Wnon-modular-include-in-framework-module -Werror\=non-modular-include-in-framework-module -Wno-trigraphs -Wno-missing-field-initializers -Wno-missing-prototypes -Wno-return-type -Wno-missing-braces -Wparentheses -Wswitch -Wno-unused-function -Wno-unused-label -Wno-unused-parameter -Wno-unused-variable -Wunused-value -Wno-empty-body -Wno-uninitialized -Wno-unknown-pragmas -w -Wno-shadow -Wno-four-char-constants -Wno-conversion -Wno-constant-conversion -Wno-int-conversion -Wno-bool-conversion -Wno-enum-conversion -Wno-float-conversion -Wno-non-literal-null-conversion -Wno-objc-literal-conversion -Wshorten-64-to-32 -Wpointer-sign -Wno-newline-eof -Wno-implicit-fallthrough -isysroot /Applications/Xcode-27.0.0-Release.Candidate.app/Contents/Developer/Platforms/AppleTVOS.platform/Developer/SDKs/AppleTVOS27.0.sdk -fstrict-aliasing -Wdeprecated-declarations -Wno-sign-conversion -Wno-infinite-recursion -Wno-comma -Wno-block-capture-autoreleasing -Wno-strict-prototypes -Wno-semicolon-before-method-body -index-store-path /Users/admin/builder/spi-builder-workspace/.derivedData/Index.noindex/DataStore @/Users/admin/builder/spi-builder-workspace/.derivedData/Build/Intermediates.noindex/cmark-gfm.build/Debug-appletvos/cmark-gfm-t.build/Objects-normal/arm64/7187679823f38a2a940e0043cdf9d637-common-args.resp -MMD -MT dependencies -MF /Users/admin/builder/spi-builder-workspace/.derivedData/Build/Intermediates.noindex/cmark-gfm.build/Debug-appletvos/cmark-gfm-t.build/Objects-normal/arm64/inlines.d --serialize-diagnostics /Users/admin/builder/spi-builder-workspace/.derivedData/Build/Intermediates.noindex/cmark-gfm.build/Debug-appletvos/cmark-gfm-t.build/Objects-normal/arm64/inlines.dia -c /Users/admin/builder/spi-builder-workspace/.dependencies/checkouts/swift-cmark/src/inlines.c -o /Users/admin/builder/spi-builder-workspace/.derivedData/Build/Intermediates.noindex/cmark-gfm.build/Debug-appletvos/cmark-gfm-t.build/Objects-normal/arm64/inlines.o -index-unit-output-path /cmark-gfm.build/Debug-appletvos/cmark-gfm-t.build/Objects-normal/arm64/inlines.o
CompileC /Users/admin/builder/spi-builder-workspace/.derivedData/Build/Intermediates.noindex/cmark-gfm.build/Debug-appletvos/cmark-gfm-t.build/Objects-normal/arm64/html.o /Users/admin/builder/spi-builder-workspace/.dependencies/checkouts/swift-cmark/src/html.c normal arm64 c com.apple.compilers.llvm.clang.1_0.compiler (in target 'cmark-gfm' from project 'cmark-gfm')
    cd /Users/admin/builder/spi-builder-workspace/.swiftpm/xcode

    Using response file: /Users/admin/builder/spi-builder-workspace/.derivedData/Build/Intermediates.noindex/cmark-gfm.build/Debug-appletvos/cmark-gfm-t.build/Objects-normal/arm64/7187679823f38a2a940e0043cdf9d637-common-args.resp

    /Applications/Xcode-27.0.0-Release.Candidate.app/Contents/Developer/Toolchains/XcodeDefault.xctoolchain/usr/bin/clang -x c -ivfsstatcache /Users/admin/builder/spi-builder-workspace/.derivedData/SDKStatCaches.noindex/appletvos27.0-24J360-e829b21a6f8c9b70876ba0858053c044b32bfd8d43560033f8d89884cdb90028.sdkstatcache -target arm64-apple-tvos15.0 -fmessage-length\=0 -fdiagnostics-show-note-include-stack -fmacro-backtrace-limit\=0 -fno-color-diagnostics -fmodules-prune-interval\=86400 -fmodules-prune-after\=345600 -fbuild-session-file\=/Users/admin/builder/spi-builder-workspace/.derivedData/ModuleCache.noindex/Session.modulevalidation -fmodules-validate-once-per-build-session -Wnon-modular-include-in-framework-module -Werror\=non-modular-include-in-framework-module -Wno-trigraphs -Wno-missing-field-initializers -Wno-missing-prototypes -Wno-return-type -Wno-missing-braces -Wparentheses -Wswitch -Wno-unused-function -Wno-unused-label -Wno-unused-parameter -Wno-unused-variable -Wunused-value -Wno-empty-body -Wno-uninitialized -Wno-unknown-pragmas -w -Wno-shadow -Wno-four-char-constants -Wno-conversion -Wno-constant-conversion -Wno-int-conversion -Wno-bool-conversion -Wno-enum-conversion -Wno-float-conversion -Wno-non-literal-null-conversion -Wno-objc-literal-conversion -Wshorten-64-to-32 -Wpointer-sign -Wno-newline-eof -Wno-implicit-fallthrough -isysroot /Applications/Xcode-27.0.0-Release.Candidate.app/Contents/Developer/Platforms/AppleTVOS.platform/Developer/SDKs/AppleTVOS27.0.sdk -fstrict-aliasing -Wdeprecated-declarations -Wno-sign-conversion -Wno-infinite-recursion -Wno-comma -Wno-block-capture-autoreleasing -Wno-strict-prototypes -Wno-semicolon-before-method-body -index-store-path /Users/admin/builder/spi-builder-workspace/.derivedData/Index.noindex/DataStore @/Users/admin/builder/spi-builder-workspace/.derivedData/Build/Intermediates.noindex/cmark-gfm.build/Debug-appletvos/cmark-gfm-t.build/Objects-normal/arm64/7187679823f38a2a940e0043cdf9d637-common-args.resp -MMD -MT dependencies -MF /Users/admin/builder/spi-builder-workspace/.derivedData/Build/Intermediates.noindex/cmark-gfm.build/Debug-appletvos/cmark-gfm-t.build/Objects-normal/arm64/html.d --serialize-diagnostics /Users/admin/builder/spi-builder-workspace/.derivedData/Build/Intermediates.noindex/cmark-gfm.build/Debug-appletvos/cmark-gfm-t.build/Objects-normal/arm64/html.dia -c /Users/admin/builder/spi-builder-workspace/.dependencies/checkouts/swift-cmark/src/html.c -o /Users/admin/builder/spi-builder-workspace/.derivedData/Build/Intermediates.noindex/cmark-gfm.build/Debug-appletvos/cmark-gfm-t.build/Objects-normal/arm64/html.o -index-unit-output-path /cmark-gfm.build/Debug-appletvos/cmark-gfm-t.build/Objects-normal/arm64/html.o
PrecompileModule /Users/admin/builder/spi-builder-workspace/.derivedData/Build/Intermediates.noindex/ExplicitPrecompiledModules/cmark_gfm-ATXW01W6SKDPD285FJLKDUJR3.scan
    cd /
    builtin-precompileModule /Users/admin/builder/spi-builder-workspace/.derivedData/Build/Intermediates.noindex/ExplicitPrecompiledModules/cmark_gfm-ATXW01W6SKDPD285FJLKDUJR3.scan
PrecompileModule /Users/admin/builder/spi-builder-workspace/.derivedData/Build/Intermediates.noindex/ExplicitPrecompiledModules/_Builtin_inttypes-210JUWZJO6RQ52KAB2THKAOFM.scan
    cd /
    builtin-precompileModule /Users/admin/builder/spi-builder-workspace/.derivedData/Build/Intermediates.noindex/ExplicitPrecompiledModules/_Builtin_inttypes-210JUWZJO6RQ52KAB2THKAOFM.scan
PrecompileModule /Users/admin/builder/spi-builder-workspace/.derivedData/Build/Intermediates.noindex/ExplicitPrecompiledModules/Darwin-5T9V3RBKHWLTZRH07YF5UQNLG.scan
    cd /
    builtin-precompileModule /Users/admin/builder/spi-builder-workspace/.derivedData/Build/Intermediates.noindex/ExplicitPrecompiledModules/Darwin-5T9V3RBKHWLTZRH07YF5UQNLG.scan
CompileC /Users/admin/builder/spi-builder-workspace/.derivedData/Build/Intermediates.noindex/cmark-gfm.build/Debug-appletvos/cmark-gfm-extensions-t.build/Objects-normal/arm64/table.o /Users/admin/builder/spi-builder-workspace/.dependencies/checkouts/swift-cmark/extensions/table.c normal arm64 c com.apple.compilers.llvm.clang.1_0.compiler (in target 'cmark-gfm-extensions' from project 'cmark-gfm')
    cd /Users/admin/builder/spi-builder-workspace/.swiftpm/xcode

    Using response file: /Users/admin/builder/spi-builder-workspace/.derivedData/Build/Intermediates.noindex/cmark-gfm.build/Debug-appletvos/cmark-gfm-extensions-t.build/Objects-normal/arm64/7187679823f38a2a940e0043cdf9d637-common-args.resp

    /Applications/Xcode-27.0.0-Release.Candidate.app/Contents/Developer/Toolchains/XcodeDefault.xctoolchain/usr/bin/clang -x c -ivfsstatcache /Users/admin/builder/spi-builder-workspace/.derivedData/SDKStatCaches.noindex/appletvos27.0-24J360-e829b21a6f8c9b70876ba0858053c044b32bfd8d43560033f8d89884cdb90028.sdkstatcache -target arm64-apple-tvos15.0 -fmessage-length\=0 -fdiagnostics-show-note-include-stack -fmacro-backtrace-limit\=0 -fno-color-diagnostics -fmodules-prune-interval\=86400 -fmodules-prune-after\=345600 -fbuild-session-file\=/Users/admin/builder/spi-builder-workspace/.derivedData/ModuleCache.noindex/Session.modulevalidation -fmodules-validate-once-per-build-session -Wnon-modular-include-in-framework-module -Werror\=non-modular-include-in-framework-module -Wno-trigraphs -Wno-missing-field-initializers -Wno-missing-prototypes -Wno-return-type -Wno-missing-braces -Wparentheses -Wswitch -Wno-unused-function -Wno-unused-label -Wno-unused-parameter -Wno-unused-variable -Wunused-value -Wno-empty-body -Wno-uninitialized -Wno-unknown-pragmas -w -Wno-shadow -Wno-four-char-constants -Wno-conversion -Wno-constant-conversion -Wno-int-conversion -Wno-bool-conversion -Wno-enum-conversion -Wno-float-conversion -Wno-non-literal-null-conversion -Wno-objc-literal-conversion -Wshorten-64-to-32 -Wpointer-sign -Wno-newline-eof -Wno-implicit-fallthrough -isysroot /Applications/Xcode-27.0.0-Release.Candidate.app/Contents/Developer/Platforms/AppleTVOS.platform/Developer/SDKs/AppleTVOS27.0.sdk -fstrict-aliasing -Wdeprecated-declarations -Wno-sign-conversion -Wno-infinite-recursion -Wno-comma -Wno-block-capture-autoreleasing -Wno-strict-prototypes -Wno-semicolon-before-method-body -index-store-path /Users/admin/builder/spi-builder-workspace/.derivedData/Index.noindex/DataStore @/Users/admin/builder/spi-builder-workspace/.derivedData/Build/Intermediates.noindex/cmark-gfm.build/Debug-appletvos/cmark-gfm-extensions-t.build/Objects-normal/arm64/7187679823f38a2a940e0043cdf9d637-common-args.resp -MMD -MT dependencies -MF /Users/admin/builder/spi-builder-workspace/.derivedData/Build/Intermediates.noindex/cmark-gfm.build/Debug-appletvos/cmark-gfm-extensions-t.build/Objects-normal/arm64/table.d --serialize-diagnostics /Users/admin/builder/spi-builder-workspace/.derivedData/Build/Intermediates.noindex/cmark-gfm.build/Debug-appletvos/cmark-gfm-extensions-t.build/Objects-normal/arm64/table.dia -c /Users/admin/builder/spi-builder-workspace/.dependencies/checkouts/swift-cmark/extensions/table.c -o /Users/admin/builder/spi-builder-workspace/.derivedData/Build/Intermediates.noindex/cmark-gfm.build/Debug-appletvos/cmark-gfm-extensions-t.build/Objects-normal/arm64/table.o -index-unit-output-path /cmark-gfm.build/Debug-appletvos/cmark-gfm-extensions-t.build/Objects-normal/arm64/table.o
CompileC /Users/admin/builder/spi-builder-workspace/.derivedData/Build/Intermediates.noindex/cmark-gfm.build/Debug-appletvos/cmark-gfm-extensions-t.build/Objects-normal/arm64/tagfilter.o /Users/admin/builder/spi-builder-workspace/.dependencies/checkouts/swift-cmark/extensions/tagfilter.c normal arm64 c com.apple.compilers.llvm.clang.1_0.compiler (in target 'cmark-gfm-extensions' from project 'cmark-gfm')
    cd /Users/admin/builder/spi-builder-workspace/.swiftpm/xcode

    Using response file: /Users/admin/builder/spi-builder-workspace/.derivedData/Build/Intermediates.noindex/cmark-gfm.build/Debug-appletvos/cmark-gfm-extensions-t.build/Objects-normal/arm64/7187679823f38a2a940e0043cdf9d637-common-args.resp

    /Applications/Xcode-27.0.0-Release.Candidate.app/Contents/Developer/Toolchains/XcodeDefault.xctoolchain/usr/bin/clang -x c -ivfsstatcache /Users/admin/builder/spi-builder-workspace/.derivedData/SDKStatCaches.noindex/appletvos27.0-24J360-e829b21a6f8c9b70876ba0858053c044b32bfd8d43560033f8d89884cdb90028.sdkstatcache -target arm64-apple-tvos15.0 -fmessage-length\=0 -fdiagnostics-show-note-include-stack -fmacro-backtrace-limit\=0 -fno-color-diagnostics -fmodules-prune-interval\=86400 -fmodules-prune-after\=345600 -fbuild-session-file\=/Users/admin/builder/spi-builder-workspace/.derivedData/ModuleCache.noindex/Session.modulevalidation -fmodules-validate-once-per-build-session -Wnon-modular-include-in-framework-module -Werror\=non-modular-include-in-framework-module -Wno-trigraphs -Wno-missing-field-initializers -Wno-missing-prototypes -Wno-return-type -Wno-missing-braces -Wparentheses -Wswitch -Wno-unused-function -Wno-unused-label -Wno-unused-parameter -Wno-unused-variable -Wunused-value -Wno-empty-body -Wno-uninitialized -Wno-unknown-pragmas -w -Wno-shadow -Wno-four-char-constants -Wno-conversion -Wno-constant-conversion -Wno-int-conversion -Wno-bool-conversion -Wno-enum-conversion -Wno-float-conversion -Wno-non-literal-null-conversion -Wno-objc-literal-conversion -Wshorten-64-to-32 -Wpointer-sign -Wno-newline-eof -Wno-implicit-fallthrough -isysroot /Applications/Xcode-27.0.0-Release.Candidate.app/Contents/Developer/Platforms/AppleTVOS.platform/Developer/SDKs/AppleTVOS27.0.sdk -fstrict-aliasing -Wdeprecated-declarations -Wno-sign-conversion -Wno-infinite-recursion -Wno-comma -Wno-block-capture-autoreleasing -Wno-strict-prototypes -Wno-semicolon-before-method-body -index-store-path /Users/admin/builder/spi-builder-workspace/.derivedData/Index.noindex/DataStore @/Users/admin/builder/spi-builder-workspace/.derivedData/Build/Intermediates.noindex/cmark-gfm.build/Debug-appletvos/cmark-gfm-extensions-t.build/Objects-normal/arm64/7187679823f38a2a940e0043cdf9d637-common-args.resp -MMD -MT dependencies -MF /Users/admin/builder/spi-builder-workspace/.derivedData/Build/Intermediates.noindex/cmark-gfm.build/Debug-appletvos/cmark-gfm-extensions-t.build/Objects-normal/arm64/tagfilter.d --serialize-diagnostics /Users/admin/builder/spi-builder-workspace/.derivedData/Build/Intermediates.noindex/cmark-gfm.build/Debug-appletvos/cmark-gfm-extensions-t.build/Objects-normal/arm64/tagfilter.dia -c /Users/admin/builder/spi-builder-workspace/.dependencies/checkouts/swift-cmark/extensions/tagfilter.c -o /Users/admin/builder/spi-builder-workspace/.derivedData/Build/Intermediates.noindex/cmark-gfm.build/Debug-appletvos/cmark-gfm-extensions-t.build/Objects-normal/arm64/tagfilter.o -index-unit-output-path /cmark-gfm.build/Debug-appletvos/cmark-gfm-extensions-t.build/Objects-normal/arm64/tagfilter.o
CompileC /Users/admin/builder/spi-builder-workspace/.derivedData/Build/Intermediates.noindex/cmark-gfm.build/Debug-appletvos/cmark-gfm-extensions-t.build/Objects-normal/arm64/tasklist.o /Users/admin/builder/spi-builder-workspace/.dependencies/checkouts/swift-cmark/extensions/tasklist.c normal arm64 c com.apple.compilers.llvm.clang.1_0.compiler (in target 'cmark-gfm-extensions' from project 'cmark-gfm')
    cd /Users/admin/builder/spi-builder-workspace/.swiftpm/xcode

    Using response file: /Users/admin/builder/spi-builder-workspace/.derivedData/Build/Intermediates.noindex/cmark-gfm.build/Debug-appletvos/cmark-gfm-extensions-t.build/Objects-normal/arm64/7187679823f38a2a940e0043cdf9d637-common-args.resp

    /Applications/Xcode-27.0.0-Release.Candidate.app/Contents/Developer/Toolchains/XcodeDefault.xctoolchain/usr/bin/clang -x c -ivfsstatcache /Users/admin/builder/spi-builder-workspace/.derivedData/SDKStatCaches.noindex/appletvos27.0-24J360-e829b21a6f8c9b70876ba0858053c044b32bfd8d43560033f8d89884cdb90028.sdkstatcache -target arm64-apple-tvos15.0 -fmessage-length\=0 -fdiagnostics-show-note-include-stack -fmacro-backtrace-limit\=0 -fno-color-diagnostics -fmodules-prune-interval\=86400 -fmodules-prune-after\=345600 -fbuild-session-file\=/Users/admin/builder/spi-builder-workspace/.derivedData/ModuleCache.noindex/Session.modulevalidation -fmodules-validate-once-per-build-session -Wnon-modular-include-in-framework-module -Werror\=non-modular-include-in-framework-module -Wno-trigraphs -Wno-missing-field-initializers -Wno-missing-prototypes -Wno-return-type -Wno-missing-braces -Wparentheses -Wswitch -Wno-unused-function -Wno-unused-label -Wno-unused-parameter -Wno-unused-variable -Wunused-value -Wno-empty-body -Wno-uninitialized -Wno-unknown-pragmas -w -Wno-shadow -Wno-four-char-constants -Wno-conversion -Wno-constant-conversion -Wno-int-conversion -Wno-bool-conversion -Wno-enum-conversion -Wno-float-conversion -Wno-non-literal-null-conversion -Wno-objc-literal-conversion -Wshorten-64-to-32 -Wpointer-sign -Wno-newline-eof -Wno-implicit-fallthrough -isysroot /Applications/Xcode-27.0.0-Release.Candidate.app/Contents/Developer/Platforms/AppleTVOS.platform/Developer/SDKs/AppleTVOS27.0.sdk -fstrict-aliasing -Wdeprecated-declarations -Wno-sign-conversion -Wno-infinite-recursion -Wno-comma -Wno-block-capture-autoreleasing -Wno-strict-prototypes -Wno-semicolon-before-method-body -index-store-path /Users/admin/builder/spi-builder-workspace/.derivedData/Index.noindex/DataStore @/Users/admin/builder/spi-builder-workspace/.derivedData/Build/Intermediates.noindex/cmark-gfm.build/Debug-appletvos/cmark-gfm-extensions-t.build/Objects-normal/arm64/7187679823f38a2a940e0043cdf9d637-common-args.resp -MMD -MT dependencies -MF /Users/admin/builder/spi-builder-workspace/.derivedData/Build/Intermediates.noindex/cmark-gfm.build/Debug-appletvos/cmark-gfm-extensions-t.build/Objects-normal/arm64/tasklist.d --serialize-diagnostics /Users/admin/builder/spi-builder-workspace/.derivedData/Build/Intermediates.noindex/cmark-gfm.build/Debug-appletvos/cmark-gfm-extensions-t.build/Objects-normal/arm64/tasklist.dia -c /Users/admin/builder/spi-builder-workspace/.dependencies/checkouts/swift-cmark/extensions/tasklist.c -o /Users/admin/builder/spi-builder-workspace/.derivedData/Build/Intermediates.noindex/cmark-gfm.build/Debug-appletvos/cmark-gfm-extensions-t.build/Objects-normal/arm64/tasklist.o -index-unit-output-path /cmark-gfm.build/Debug-appletvos/cmark-gfm-extensions-t.build/Objects-normal/arm64/tasklist.o
CompileC /Users/admin/builder/spi-builder-workspace/.derivedData/Build/Intermediates.noindex/cmark-gfm.build/Debug-appletvos/cmark-gfm-extensions-t.build/Objects-normal/arm64/strikethrough.o /Users/admin/builder/spi-builder-workspace/.dependencies/checkouts/swift-cmark/extensions/strikethrough.c normal arm64 c com.apple.compilers.llvm.clang.1_0.compiler (in target 'cmark-gfm-extensions' from project 'cmark-gfm')
    cd /Users/admin/builder/spi-builder-workspace/.swiftpm/xcode

    Using response file: /Users/admin/builder/spi-builder-workspace/.derivedData/Build/Intermediates.noindex/cmark-gfm.build/Debug-appletvos/cmark-gfm-extensions-t.build/Objects-normal/arm64/7187679823f38a2a940e0043cdf9d637-common-args.resp

    /Applications/Xcode-27.0.0-Release.Candidate.app/Contents/Developer/Toolchains/XcodeDefault.xctoolchain/usr/bin/clang -x c -ivfsstatcache /Users/admin/builder/spi-builder-workspace/.derivedData/SDKStatCaches.noindex/appletvos27.0-24J360-e829b21a6f8c9b70876ba0858053c044b32bfd8d43560033f8d89884cdb90028.sdkstatcache -target arm64-apple-tvos15.0 -fmessage-length\=0 -fdiagnostics-show-note-include-stack -fmacro-backtrace-limit\=0 -fno-color-diagnostics -fmodules-prune-interval\=86400 -fmodules-prune-after\=345600 -fbuild-session-file\=/Users/admin/builder/spi-builder-workspace/.derivedData/ModuleCache.noindex/Session.modulevalidation -fmodules-validate-once-per-build-session -Wnon-modular-include-in-framework-module -Werror\=non-modular-include-in-framework-module -Wno-trigraphs -Wno-missing-field-initializers -Wno-missing-prototypes -Wno-return-type -Wno-missing-braces -Wparentheses -Wswitch -Wno-unused-function -Wno-unused-label -Wno-unused-parameter -Wno-unused-variable -Wunused-value -Wno-empty-body -Wno-uninitialized -Wno-unknown-pragmas -w -Wno-shadow -Wno-four-char-constants -Wno-conversion -Wno-constant-conversion -Wno-int-conversion -Wno-bool-conversion -Wno-enum-conversion -Wno-float-conversion -Wno-non-literal-null-conversion -Wno-objc-literal-conversion -Wshorten-64-to-32 -Wpointer-sign -Wno-newline-eof -Wno-implicit-fallthrough -isysroot /Applications/Xcode-27.0.0-Release.Candidate.app/Contents/Developer/Platforms/AppleTVOS.platform/Developer/SDKs/AppleTVOS27.0.sdk -fstrict-aliasing -Wdeprecated-declarations -Wno-sign-conversion -Wno-infinite-recursion -Wno-comma -Wno-block-capture-autoreleasing -Wno-strict-prototypes -Wno-semicolon-before-method-body -index-store-path /Users/admin/builder/spi-builder-workspace/.derivedData/Index.noindex/DataStore @/Users/admin/builder/spi-builder-workspace/.derivedData/Build/Intermediates.noindex/cmark-gfm.build/Debug-appletvos/cmark-gfm-extensions-t.build/Objects-normal/arm64/7187679823f38a2a940e0043cdf9d637-common-args.resp -MMD -MT dependencies -MF /Users/admin/builder/spi-builder-workspace/.derivedData/Build/Intermediates.noindex/cmark-gfm.build/Debug-appletvos/cmark-gfm-extensions-t.build/Objects-normal/arm64/strikethrough.d --serialize-diagnostics /Users/admin/builder/spi-builder-workspace/.derivedData/Build/Intermediates.noindex/cmark-gfm.build/Debug-appletvos/cmark-gfm-extensions-t.build/Objects-normal/arm64/strikethrough.dia -c /Users/admin/builder/spi-builder-workspace/.dependencies/checkouts/swift-cmark/extensions/strikethrough.c -o /Users/admin/builder/spi-builder-workspace/.derivedData/Build/Intermediates.noindex/cmark-gfm.build/Debug-appletvos/cmark-gfm-extensions-t.build/Objects-normal/arm64/strikethrough.o -index-unit-output-path /cmark-gfm.build/Debug-appletvos/cmark-gfm-extensions-t.build/Objects-normal/arm64/strikethrough.o
CompileC /Users/admin/builder/spi-builder-workspace/.derivedData/Build/Intermediates.noindex/cmark-gfm.build/Debug-appletvos/cmark-gfm-extensions-t.build/Objects-normal/arm64/ext_scanners.o /Users/admin/builder/spi-builder-workspace/.dependencies/checkouts/swift-cmark/extensions/ext_scanners.c normal arm64 c com.apple.compilers.llvm.clang.1_0.compiler (in target 'cmark-gfm-extensions' from project 'cmark-gfm')
    cd /Users/admin/builder/spi-builder-workspace/.swiftpm/xcode

    Using response file: /Users/admin/builder/spi-builder-workspace/.derivedData/Build/Intermediates.noindex/cmark-gfm.build/Debug-appletvos/cmark-gfm-extensions-t.build/Objects-normal/arm64/7187679823f38a2a940e0043cdf9d637-common-args.resp

    /Applications/Xcode-27.0.0-Release.Candidate.app/Contents/Developer/Toolchains/XcodeDefault.xctoolchain/usr/bin/clang -x c -ivfsstatcache /Users/admin/builder/spi-builder-workspace/.derivedData/SDKStatCaches.noindex/appletvos27.0-24J360-e829b21a6f8c9b70876ba0858053c044b32bfd8d43560033f8d89884cdb90028.sdkstatcache -target arm64-apple-tvos15.0 -fmessage-length\=0 -fdiagnostics-show-note-include-stack -fmacro-backtrace-limit\=0 -fno-color-diagnostics -fmodules-prune-interval\=86400 -fmodules-prune-after\=345600 -fbuild-session-file\=/Users/admin/builder/spi-builder-workspace/.derivedData/ModuleCache.noindex/Session.modulevalidation -fmodules-validate-once-per-build-session -Wnon-modular-include-in-framework-module -Werror\=non-modular-include-in-framework-module -Wno-trigraphs -Wno-missing-field-initializers -Wno-missing-prototypes -Wno-return-type -Wno-missing-braces -Wparentheses -Wswitch -Wno-unused-function -Wno-unused-label -Wno-unused-parameter -Wno-unused-variable -Wunused-value -Wno-empty-body -Wno-uninitialized -Wno-unknown-pragmas -w -Wno-shadow -Wno-four-char-constants -Wno-conversion -Wno-constant-conversion -Wno-int-conversion -Wno-bool-conversion -Wno-enum-conversion -Wno-float-conversion -Wno-non-literal-null-conversion -Wno-objc-literal-conversion -Wshorten-64-to-32 -Wpointer-sign -Wno-newline-eof -Wno-implicit-fallthrough -isysroot /Applications/Xcode-27.0.0-Release.Candidate.app/Contents/Developer/Platforms/AppleTVOS.platform/Developer/SDKs/AppleTVOS27.0.sdk -fstrict-aliasing -Wdeprecated-declarations -Wno-sign-conversion -Wno-infinite-recursion -Wno-comma -Wno-block-capture-autoreleasing -Wno-strict-prototypes -Wno-semicolon-before-method-body -index-store-path /Users/admin/builder/spi-builder-workspace/.derivedData/Index.noindex/DataStore @/Users/admin/builder/spi-builder-workspace/.derivedData/Build/Intermediates.noindex/cmark-gfm.build/Debug-appletvos/cmark-gfm-extensions-t.build/Objects-normal/arm64/7187679823f38a2a940e0043cdf9d637-common-args.resp -MMD -MT dependencies -MF /Users/admin/builder/spi-builder-workspace/.derivedData/Build/Intermediates.noindex/cmark-gfm.build/Debug-appletvos/cmark-gfm-extensions-t.build/Objects-normal/arm64/ext_scanners.d --serialize-diagnostics /Users/admin/builder/spi-builder-workspace/.derivedData/Build/Intermediates.noindex/cmark-gfm.build/Debug-appletvos/cmark-gfm-extensions-t.build/Objects-normal/arm64/ext_scanners.dia -c /Users/admin/builder/spi-builder-workspace/.dependencies/checkouts/swift-cmark/extensions/ext_scanners.c -o /Users/admin/builder/spi-builder-workspace/.derivedData/Build/Intermediates.noindex/cmark-gfm.build/Debug-appletvos/cmark-gfm-extensions-t.build/Objects-normal/arm64/ext_scanners.o -index-unit-output-path /cmark-gfm.build/Debug-appletvos/cmark-gfm-extensions-t.build/Objects-normal/arm64/ext_scanners.o
SwiftExplicitDependencyGeneratePcm arm64 /Users/admin/builder/spi-builder-workspace/.derivedData/SDKExplicitPrecompiledModules/ptrcheck-BA65H1NXYZJ0BLLWO9HZOAZ6Y.pcm
SwiftExplicitDependencyGeneratePcm arm64 /Users/admin/builder/spi-builder-workspace/.derivedData/SDKExplicitPrecompiledModules/_Builtin_stddef-1MAO6P3OSQFGZFQEPM31XXNSS.pcm
SwiftExplicitDependencyGeneratePcm arm64 /Users/admin/builder/spi-builder-workspace/.derivedData/SDKExplicitPrecompiledModules/_Builtin_float-3RF4B70MBHPP952AX3GNZ8W3H.pcm
SwiftExplicitDependencyGeneratePcm arm64 /Users/admin/builder/spi-builder-workspace/.derivedData/SDKExplicitPrecompiledModules/_Builtin_stdarg-719DH4G2R3NRP3HRX5HE8WX08.pcm
SwiftExplicitDependencyGeneratePcm arm64 /Users/admin/builder/spi-builder-workspace/.derivedData/SDKExplicitPrecompiledModules/_AvailabilityInternal-99L1JVU5TYE8S0FGGB7E09QQS.pcm
SwiftExplicitDependencyGeneratePcm arm64 /Users/admin/builder/spi-builder-workspace/.derivedData/SDKExplicitPrecompiledModules/_Builtin_stdbool-4UUPXTY52W6RPSB0N2WGGLTJT.pcm
SwiftExplicitDependencyGeneratePcm arm64 /Users/admin/builder/spi-builder-workspace/.derivedData/SDKExplicitPrecompiledModules/_Builtin_stddef-9ZJZ6FDEZNKTZU8YLPMFT9RAQ.pcm
SwiftExplicitDependencyGeneratePcm arm64 /Users/admin/builder/spi-builder-workspace/.derivedData/SDKExplicitPrecompiledModules/_Builtin_stdbool-AHRDH5EKLY6D04C5E42F3VCQI.pcm
SwiftExplicitDependencyGeneratePcm arm64 /Users/admin/builder/spi-builder-workspace/.derivedData/SDKExplicitPrecompiledModules/_SwiftConcurrencyShims-BY5PD8KF1L5KF6F4Q69HE3TJ4.pcm
SwiftExplicitDependencyGeneratePcm arm64 /Users/admin/builder/spi-builder-workspace/.derivedData/SDKExplicitPrecompiledModules/_Builtin_float-8ZJAYZ85YBOAOP52Y9H6IUNP3.pcm
SwiftExplicitDependencyGeneratePcm arm64 /Users/admin/builder/spi-builder-workspace/.derivedData/SDKExplicitPrecompiledModules/ptrauth-8X2KEPL7CTRPS40TUB9APHPK6.pcm
SwiftExplicitDependencyGeneratePcm arm64 /Users/admin/builder/spi-builder-workspace/.derivedData/SDKExplicitPrecompiledModules/SwiftShims-8N4EXJ4RUJTR8K9OO3CMOH1EP.pcm
SwiftExplicitDependencyGeneratePcm arm64 /Users/admin/builder/spi-builder-workspace/.derivedData/SDKExplicitPrecompiledModules/ptrauth-EMKXYE8GN9BK4M3ODSTVDUJU2.pcm
SwiftExplicitDependencyGeneratePcm arm64 /Users/admin/builder/spi-builder-workspace/.derivedData/SDKExplicitPrecompiledModules/_SwiftConcurrencyShims-3HZGHPZQL3GY71QUHDRB0P39S.pcm
SwiftExplicitDependencyGeneratePcm arm64 /Users/admin/builder/spi-builder-workspace/.derivedData/SDKExplicitPrecompiledModules/_DarwinFoundation1-90NUFDXQ765U5FR62173FT21A.pcm
SwiftExplicitDependencyGeneratePcm arm64 /Users/admin/builder/spi-builder-workspace/.derivedData/SDKExplicitPrecompiledModules/_Builtin_stdarg-BO2OCAUYVAXDRVQWQ8ISKGNUQ.pcm
SwiftExplicitDependencyGeneratePcm arm64 /Users/admin/builder/spi-builder-workspace/.derivedData/SDKExplicitPrecompiledModules/SwiftShims-73G9EXEO9PVWB6PL1BR4TAJ0B.pcm
SwiftExplicitDependencyGeneratePcm arm64 /Users/admin/builder/spi-builder-workspace/.derivedData/SDKExplicitPrecompiledModules/_AvailabilityInternal-BV2EDDP0MI5QJDDPEEV4D9D3V.pcm
SwiftExplicitDependencyGeneratePcm arm64 /Users/admin/builder/spi-builder-workspace/.derivedData/SDKExplicitPrecompiledModules/ptrcheck-2AZ6B5IBYD3RRRTFWN2ONASY3.pcm
CompileC /Users/admin/builder/spi-builder-workspace/.derivedData/Build/Intermediates.noindex/cmark-gfm.build/Debug-appletvos/cmark-gfm-extensions-t.build/Objects-normal/arm64/core-extensions.o /Users/admin/builder/spi-builder-workspace/.dependencies/checkouts/swift-cmark/extensions/core-extensions.c normal arm64 c com.apple.compilers.llvm.clang.1_0.compiler (in target 'cmark-gfm-extensions' from project 'cmark-gfm')
    cd /Users/admin/builder/spi-builder-workspace/.swiftpm/xcode

    Using response file: /Users/admin/builder/spi-builder-workspace/.derivedData/Build/Intermediates.noindex/cmark-gfm.build/Debug-appletvos/cmark-gfm-extensions-t.build/Objects-normal/arm64/7187679823f38a2a940e0043cdf9d637-common-args.resp

    /Applications/Xcode-27.0.0-Release.Candidate.app/Contents/Developer/Toolchains/XcodeDefault.xctoolchain/usr/bin/clang -x c -ivfsstatcache /Users/admin/builder/spi-builder-workspace/.derivedData/SDKStatCaches.noindex/appletvos27.0-24J360-e829b21a6f8c9b70876ba0858053c044b32bfd8d43560033f8d89884cdb90028.sdkstatcache -target arm64-apple-tvos15.0 -fmessage-length\=0 -fdiagnostics-show-note-include-stack -fmacro-backtrace-limit\=0 -fno-color-diagnostics -fmodules-prune-interval\=86400 -fmodules-prune-after\=345600 -fbuild-session-file\=/Users/admin/builder/spi-builder-workspace/.derivedData/ModuleCache.noindex/Session.modulevalidation -fmodules-validate-once-per-build-session -Wnon-modular-include-in-framework-module -Werror\=non-modular-include-in-framework-module -Wno-trigraphs -Wno-missing-field-initializers -Wno-missing-prototypes -Wno-return-type -Wno-missing-braces -Wparentheses -Wswitch -Wno-unused-function -Wno-unused-label -Wno-unused-parameter -Wno-unused-variable -Wunused-value -Wno-empty-body -Wno-uninitialized -Wno-unknown-pragmas -w -Wno-shadow -Wno-four-char-constants -Wno-conversion -Wno-constant-conversion -Wno-int-conversion -Wno-bool-conversion -Wno-enum-conversion -Wno-float-conversion -Wno-non-literal-null-conversion -Wno-objc-literal-conversion -Wshorten-64-to-32 -Wpointer-sign -Wno-newline-eof -Wno-implicit-fallthrough -isysroot /Applications/Xcode-27.0.0-Release.Candidate.app/Contents/Developer/Platforms/AppleTVOS.platform/Developer/SDKs/AppleTVOS27.0.sdk -fstrict-aliasing -Wdeprecated-declarations -Wno-sign-conversion -Wno-infinite-recursion -Wno-comma -Wno-block-capture-autoreleasing -Wno-strict-prototypes -Wno-semicolon-before-method-body -index-store-path /Users/admin/builder/spi-builder-workspace/.derivedData/Index.noindex/DataStore @/Users/admin/builder/spi-builder-workspace/.derivedData/Build/Intermediates.noindex/cmark-gfm.build/Debug-appletvos/cmark-gfm-extensions-t.build/Objects-normal/arm64/7187679823f38a2a940e0043cdf9d637-common-args.resp -MMD -MT dependencies -MF /Users/admin/builder/spi-builder-workspace/.derivedData/Build/Intermediates.noindex/cmark-gfm.build/Debug-appletvos/cmark-gfm-extensions-t.build/Objects-normal/arm64/core-extensions.d --serialize-diagnostics /Users/admin/builder/spi-builder-workspace/.derivedData/Build/Intermediates.noindex/cmark-gfm.build/Debug-appletvos/cmark-gfm-extensions-t.build/Objects-normal/arm64/core-extensions.dia -c /Users/admin/builder/spi-builder-workspace/.dependencies/checkouts/swift-cmark/extensions/core-extensions.c -o /Users/admin/builder/spi-builder-workspace/.derivedData/Build/Intermediates.noindex/cmark-gfm.build/Debug-appletvos/cmark-gfm-extensions-t.build/Objects-normal/arm64/core-extensions.o -index-unit-output-path /cmark-gfm.build/Debug-appletvos/cmark-gfm-extensions-t.build/Objects-normal/arm64/core-extensions.o
Ld /Users/admin/builder/spi-builder-workspace/.derivedData/Build/Products/Debug-appletvos/cmark-gfm.o normal (in target 'cmark-gfm' from project 'cmark-gfm')
    cd /Users/admin/builder/spi-builder-workspace/.dependencies/checkouts/swift-cmark
    /Applications/Xcode-27.0.0-Release.Candidate.app/Contents/Developer/Toolchains/XcodeDefault.xctoolchain/usr/bin/clang -Xlinker -reproducible -target arm64-apple-tvos15.0 -r -isysroot /Applications/Xcode-27.0.0-Release.Candidate.app/Contents/Developer/Platforms/AppleTVOS.platform/Developer/SDKs/AppleTVOS27.0.sdk -O0 -w -Xlinker -no_warn_duplicate_libraries -F/Users/admin/builder/spi-builder-workspace/.derivedData/Build/Intermediates.noindex/EagerLinkingTBDs/Debug-appletvos -F/Users/admin/builder/spi-builder-workspace/.derivedData/Build/Products/Debug-appletvos -iframework /Applications/Xcode-27.0.0-Release.Candidate.app/Contents/Developer/Platforms/AppleTVOS.platform/Developer/Library/Frameworks -iframework /Applications/Xcode-27.0.0-Release.Candidate.app/Contents/Developer/Platforms/AppleTVOS.platform/Developer/SDKs/AppleTVOS27.0.sdk/Developer/Library/Frameworks -filelist /Users/admin/builder/spi-builder-workspace/.derivedData/Build/Intermediates.noindex/cmark-gfm.build/Debug-appletvos/cmark-gfm-t.build/Objects-normal/arm64/cmark-gfm.LinkFileList -nostdlib -Xlinker -object_path_lto -Xlinker /Users/admin/builder/spi-builder-workspace/.derivedData/Build/Intermediates.noindex/cmark-gfm.build/Debug-appletvos/cmark-gfm-t.build/Objects-normal/arm64/cmark-gfm_lto.o -Xlinker -no_deduplicate -Xlinker -debug_variant -Xlinker -dependency_info -Xlinker /Users/admin/builder/spi-builder-workspace/.derivedData/Build/Intermediates.noindex/cmark-gfm.build/Debug-appletvos/cmark-gfm-t.build/Objects-normal/arm64/cmark-gfm_dependency_info.dat -o /Users/admin/builder/spi-builder-workspace/.derivedData/Build/Products/Debug-appletvos/cmark-gfm.o
SwiftExplicitDependencyGeneratePcm arm64 /Users/admin/builder/spi-builder-workspace/.derivedData/SDKExplicitPrecompiledModules/_Builtin_limits-3JICJWOCEYXXXNXAMEJBF6UQN.pcm
SwiftExplicitDependencyGeneratePcm arm64 /Users/admin/builder/spi-builder-workspace/.derivedData/SDKExplicitPrecompiledModules/_DarwinFoundation2-EPKSYG5WMVE7WSPFQB4C0UC59.pcm
SwiftExplicitDependencyGeneratePcm arm64 /Users/admin/builder/spi-builder-workspace/.derivedData/SDKExplicitPrecompiledModules/_DarwinFoundation1-JOTYMOA1YZCIJ2NON6FQ848O.pcm
SwiftExplicitDependencyGeneratePcm arm64 /Users/admin/builder/spi-builder-workspace/.derivedData/SDKExplicitPrecompiledModules/_Builtin_limits-7JU2HP127LIT1X9E2V3D8WZ1.pcm
SwiftExplicitDependencyGeneratePcm arm64 /Users/admin/builder/spi-builder-workspace/.derivedData/SDKExplicitPrecompiledModules/_DarwinFoundation2-AOGAN1O02NKXRJN5V73AV3V3M.pcm
SwiftExplicitDependencyGeneratePcm arm64 /Users/admin/builder/spi-builder-workspace/.derivedData/SDKExplicitPrecompiledModules/string_h-B6D36UOVIZC2Y0YE3KEZLZAP6.pcm
SwiftExplicitDependencyGeneratePcm arm64 /Users/admin/builder/spi-builder-workspace/.derivedData/SDKExplicitPrecompiledModules/sys_types-CATSGLJDZ8UZUMKHO6M4I4PJT.pcm
CompileC /Users/admin/builder/spi-builder-workspace/.derivedData/Build/Intermediates.noindex/cmark-gfm.build/Debug-appletvos/cmark-gfm-extensions-t.build/Objects-normal/arm64/autolink.o /Users/admin/builder/spi-builder-workspace/.dependencies/checkouts/swift-cmark/extensions/autolink.c normal arm64 c com.apple.compilers.llvm.clang.1_0.compiler (in target 'cmark-gfm-extensions' from project 'cmark-gfm')
    cd /Users/admin/builder/spi-builder-workspace/.swiftpm/xcode

    Using response file: /Users/admin/builder/spi-builder-workspace/.derivedData/Build/Intermediates.noindex/cmark-gfm.build/Debug-appletvos/cmark-gfm-extensions-t.build/Objects-normal/arm64/7187679823f38a2a940e0043cdf9d637-common-args.resp

    /Applications/Xcode-27.0.0-Release.Candidate.app/Contents/Developer/Toolchains/XcodeDefault.xctoolchain/usr/bin/clang -x c -ivfsstatcache /Users/admin/builder/spi-builder-workspace/.derivedData/SDKStatCaches.noindex/appletvos27.0-24J360-e829b21a6f8c9b70876ba0858053c044b32bfd8d43560033f8d89884cdb90028.sdkstatcache -target arm64-apple-tvos15.0 -fmessage-length\=0 -fdiagnostics-show-note-include-stack -fmacro-backtrace-limit\=0 -fno-color-diagnostics -fmodules-prune-interval\=86400 -fmodules-prune-after\=345600 -fbuild-session-file\=/Users/admin/builder/spi-builder-workspace/.derivedData/ModuleCache.noindex/Session.modulevalidation -fmodules-validate-once-per-build-session -Wnon-modular-include-in-framework-module -Werror\=non-modular-include-in-framework-module -Wno-trigraphs -Wno-missing-field-initializers -Wno-missing-prototypes -Wno-return-type -Wno-missing-braces -Wparentheses -Wswitch -Wno-unused-function -Wno-unused-label -Wno-unused-parameter -Wno-unused-variable -Wunused-value -Wno-empty-body -Wno-uninitialized -Wno-unknown-pragmas -w -Wno-shadow -Wno-four-char-constants -Wno-conversion -Wno-constant-conversion -Wno-int-conversion -Wno-bool-conversion -Wno-enum-conversion -Wno-float-conversion -Wno-non-literal-null-conversion -Wno-objc-literal-conversion -Wshorten-64-to-32 -Wpointer-sign -Wno-newline-eof -Wno-implicit-fallthrough -isysroot /Applications/Xcode-27.0.0-Release.Candidate.app/Contents/Developer/Platforms/AppleTVOS.platform/Developer/SDKs/AppleTVOS27.0.sdk -fstrict-aliasing -Wdeprecated-declarations -Wno-sign-conversion -Wno-infinite-recursion -Wno-comma -Wno-block-capture-autoreleasing -Wno-strict-prototypes -Wno-semicolon-before-method-body -index-store-path /Users/admin/builder/spi-builder-workspace/.derivedData/Index.noindex/DataStore @/Users/admin/builder/spi-builder-workspace/.derivedData/Build/Intermediates.noindex/cmark-gfm.build/Debug-appletvos/cmark-gfm-extensions-t.build/Objects-normal/arm64/7187679823f38a2a940e0043cdf9d637-common-args.resp -MMD -MT dependencies -MF /Users/admin/builder/spi-builder-workspace/.derivedData/Build/Intermediates.noindex/cmark-gfm.build/Debug-appletvos/cmark-gfm-extensions-t.build/Objects-normal/arm64/autolink.d --serialize-diagnostics /Users/admin/builder/spi-builder-workspace/.derivedData/Build/Intermediates.noindex/cmark-gfm.build/Debug-appletvos/cmark-gfm-extensions-t.build/Objects-normal/arm64/autolink.dia -c /Users/admin/builder/spi-builder-workspace/.dependencies/checkouts/swift-cmark/extensions/autolink.c -o /Users/admin/builder/spi-builder-workspace/.derivedData/Build/Intermediates.noindex/cmark-gfm.build/Debug-appletvos/cmark-gfm-extensions-t.build/Objects-normal/arm64/autolink.o -index-unit-output-path /cmark-gfm.build/Debug-appletvos/cmark-gfm-extensions-t.build/Objects-normal/arm64/autolink.o
SwiftExplicitDependencyGeneratePcm arm64 /Users/admin/builder/spi-builder-workspace/.derivedData/SDKExplicitPrecompiledModules/_Builtin_stdint-A8OKY0NXO26BZ4GWYKP79TKL9.pcm
Ld /Users/admin/builder/spi-builder-workspace/.derivedData/Build/Products/Debug-appletvos/cmark-gfm-extensions.o normal (in target 'cmark-gfm-extensions' from project 'cmark-gfm')
    cd /Users/admin/builder/spi-builder-workspace/.dependencies/checkouts/swift-cmark
    /Applications/Xcode-27.0.0-Release.Candidate.app/Contents/Developer/Toolchains/XcodeDefault.xctoolchain/usr/bin/clang -Xlinker -reproducible -target arm64-apple-tvos15.0 -r -isysroot /Applications/Xcode-27.0.0-Release.Candidate.app/Contents/Developer/Platforms/AppleTVOS.platform/Developer/SDKs/AppleTVOS27.0.sdk -O0 -w -Xlinker -no_warn_duplicate_libraries -F/Users/admin/builder/spi-builder-workspace/.derivedData/Build/Intermediates.noindex/EagerLinkingTBDs/Debug-appletvos -F/Users/admin/builder/spi-builder-workspace/.derivedData/Build/Products/Debug-appletvos/PackageFrameworks -F/Users/admin/builder/spi-builder-workspace/.derivedData/Build/Products/Debug-appletvos -iframework /Applications/Xcode-27.0.0-Release.Candidate.app/Contents/Developer/Platforms/AppleTVOS.platform/Developer/Library/Frameworks -iframework /Applications/Xcode-27.0.0-Release.Candidate.app/Contents/Developer/Platforms/AppleTVOS.platform/Developer/SDKs/AppleTVOS27.0.sdk/Developer/Library/Frameworks -filelist /Users/admin/builder/spi-builder-workspace/.derivedData/Build/Intermediates.noindex/cmark-gfm.build/Debug-appletvos/cmark-gfm-extensions-t.build/Objects-normal/arm64/cmark-gfm-extensions.LinkFileList -nostdlib -Xlinker -object_path_lto -Xlinker /Users/admin/builder/spi-builder-workspace/.derivedData/Build/Intermediates.noindex/cmark-gfm.build/Debug-appletvos/cmark-gfm-extensions-t.build/Objects-normal/arm64/cmark-gfm-extensions_lto.o -Xlinker -no_deduplicate -Xlinker -debug_variant -Xlinker -dependency_info -Xlinker /Users/admin/builder/spi-builder-workspace/.derivedData/Build/Intermediates.noindex/cmark-gfm.build/Debug-appletvos/cmark-gfm-extensions-t.build/Objects-normal/arm64/cmark-gfm-extensions_dependency_info.dat -o /Users/admin/builder/spi-builder-workspace/.derivedData/Build/Products/Debug-appletvos/cmark-gfm-extensions.o
SwiftExplicitDependencyGeneratePcm arm64 /Users/admin/builder/spi-builder-workspace/.derivedData/SDKExplicitPrecompiledModules/_DarwinFoundation3-63L5I5VCGX6CLI6HI7OWUXJN6.pcm
SwiftExplicitDependencyGeneratePcm arm64 /Users/admin/builder/spi-builder-workspace/.derivedData/SDKExplicitPrecompiledModules/string_h-6EVHP7A717OUS5DMC78F79HWO.pcm
SwiftExplicitDependencyGeneratePcm arm64 /Users/admin/builder/spi-builder-workspace/.derivedData/SDKExplicitPrecompiledModules/sys_types-8GCAV1YMG5UUGHUID3CA20TCH.pcm
SwiftExplicitDependencyGeneratePcm arm64 /Users/admin/builder/spi-builder-workspace/.derivedData/SDKExplicitPrecompiledModules/_Builtin_stdint-6NFTB6IBKS143IVPGT1EKB7HO.pcm
SwiftExplicitDependencyGeneratePcm arm64 /Users/admin/builder/spi-builder-workspace/.derivedData/SDKExplicitPrecompiledModules/_DarwinFoundation3-8SR3855WDFHQPR6G9GHOI2C07.pcm
SwiftExplicitDependencyGeneratePcm arm64 /Users/admin/builder/spi-builder-workspace/.derivedData/Build/Intermediates.noindex/SwiftExplicitPrecompiledModules/CAtomic-99HMJO01X0RJE0F98QGVE2T7U.pcm
SwiftExplicitDependencyGeneratePcm arm64 /Users/admin/builder/spi-builder-workspace/.derivedData/SDKExplicitPrecompiledModules/_Builtin_inttypes-80RS02PM2X81SP8N0Q7X05540.pcm
SwiftExplicitDependencyGeneratePcm arm64 /Users/admin/builder/spi-builder-workspace/.derivedData/SDKExplicitPrecompiledModules/Darwin-1VTILT8KA42CNDAUB0H1FM7MC.pcm
SwiftExplicitDependencyGeneratePcm arm64 /Users/admin/builder/spi-builder-workspace/.derivedData/Build/Intermediates.noindex/SwiftExplicitPrecompiledModules/cmark_gfm-6E2ROD0YDE10EZVLY9BJHD24H.pcm
SwiftExplicitDependencyGeneratePcm arm64 /Users/admin/builder/spi-builder-workspace/.derivedData/SDKExplicitPrecompiledModules/_Builtin_inttypes-6X1IQ3QK9KEVKXOK9Y79EW7J3.pcm
SwiftExplicitDependencyGeneratePcm arm64 /Users/admin/builder/spi-builder-workspace/.derivedData/SDKExplicitPrecompiledModules/Darwin-DBSQAVBBPC3D2OMU5ZI2RXMST.pcm
SwiftExplicitDependencyGeneratePcm arm64 /Users/admin/builder/spi-builder-workspace/.derivedData/Build/Intermediates.noindex/SwiftExplicitPrecompiledModules/cmark_gfm_extensions-MQFHDC3WU6FNAQH6RUO1DIUP.pcm
SwiftExplicitDependencyGeneratePcm arm64 /Users/admin/builder/spi-builder-workspace/.derivedData/SDKExplicitPrecompiledModules/ObjectiveC-CC0BYHG21IQMMT48PGDNSK7G6.pcm
SwiftExplicitDependencyGeneratePcm arm64 /Users/admin/builder/spi-builder-workspace/.derivedData/SDKExplicitPrecompiledModules/os_object-1TJLDNS7X3UT7Y5TM4QQ2RN6G.pcm
SwiftExplicitDependencyGeneratePcm arm64 /Users/admin/builder/spi-builder-workspace/.derivedData/SDKExplicitPrecompiledModules/ObjectiveC-5250FDCE56N8508OR6XUYDKZM.pcm
SwiftExplicitDependencyGeneratePcm arm64 /Users/admin/builder/spi-builder-workspace/.derivedData/SDKExplicitPrecompiledModules/os_workgroup-E61GF9E8FAHZGKXVOV9QHUD27.pcm
SwiftExplicitDependencyGeneratePcm arm64 /Users/admin/builder/spi-builder-workspace/.derivedData/SDKExplicitPrecompiledModules/os_object-E2DGZ0SX0TULQHULZRPO6OKNW.pcm
SwiftExplicitDependencyGeneratePcm arm64 /Users/admin/builder/spi-builder-workspace/.derivedData/SDKExplicitPrecompiledModules/Dispatch-F564M6B2H1RRD83XZ8EBWFSHE.pcm
SwiftExplicitDependencyGeneratePcm arm64 /Users/admin/builder/spi-builder-workspace/.derivedData/SDKExplicitPrecompiledModules/os_workgroup-DBUFF7811DKMX7VPBOJPGGF1U.pcm
SwiftExplicitDependencyGeneratePcm arm64 /Users/admin/builder/spi-builder-workspace/.derivedData/SDKExplicitPrecompiledModules/CoreFoundation-A4LOYEEJIFQKOPZRDOG9M3N2K.pcm
SwiftExplicitDependencyGeneratePcm arm64 /Users/admin/builder/spi-builder-workspace/.derivedData/SDKExplicitPrecompiledModules/XPC-2WVXL0UION0MYZOZAJZC6DUXD.pcm
SwiftExplicitDependencyGeneratePcm arm64 /Users/admin/builder/spi-builder-workspace/.derivedData/SDKExplicitPrecompiledModules/Dispatch-1QL58A0V50C39KVAIC6C38SHL.pcm
SwiftExplicitDependencyGeneratePcm arm64 /Users/admin/builder/spi-builder-workspace/.derivedData/SDKExplicitPrecompiledModules/CoreFoundation-7TPJ7ENDC4L1A1ESHYI9TXS0D.pcm
SwiftExplicitDependencyGeneratePcm arm64 /Users/admin/builder/spi-builder-workspace/.derivedData/SDKExplicitPrecompiledModules/XPC-6O2DJFT3QUJ7QKTD3SNUB6PCR.pcm
SwiftExplicitDependencyGeneratePcm arm64 /Users/admin/builder/spi-builder-workspace/.derivedData/SDKExplicitPrecompiledModules/CFNetwork-8S7XZ5SI3TWM2JOZPDZPRY8W9.pcm
SwiftExplicitDependencyGeneratePcm arm64 /Users/admin/builder/spi-builder-workspace/.derivedData/SDKExplicitPrecompiledModules/Security-6KU6X9W8QDIJW83JUF0DRES83.pcm
SwiftExplicitDependencyGeneratePcm arm64 /Users/admin/builder/spi-builder-workspace/.derivedData/SDKExplicitPrecompiledModules/Security-8VMXEKVDA3MHUH9AOTP905DID.pcm
SwiftExplicitDependencyGeneratePcm arm64 /Users/admin/builder/spi-builder-workspace/.derivedData/SDKExplicitPrecompiledModules/CFNetwork-2CUR2VK9S3S3WPFXPNXNUWYGN.pcm
SwiftExplicitDependencyGeneratePcm arm64 /Users/admin/builder/spi-builder-workspace/.derivedData/SDKExplicitPrecompiledModules/Foundation-1AS5K10MY6XENLLR2NDUCKYTM.pcm
SwiftExplicitDependencyGeneratePcm arm64 /Users/admin/builder/spi-builder-workspace/.derivedData/SDKExplicitPrecompiledModules/Foundation-BSSIP64DIGUKMAYJOG1WPQ78X.pcm
SwiftCompile normal arm64 Compiling\ PublishingError.swift /Users/admin/builder/spi-builder-workspace/Sources/Genesis/SecondaryCore/PublishingError.swift (in target 'Genesis' from project 'Genesis')
SwiftCompile normal arm64 /Users/admin/builder/spi-builder-workspace/Sources/Genesis/SecondaryCore/PublishingError.swift (in target 'Genesis' from project 'Genesis')
    cd /Users/admin/builder/spi-builder-workspace/.swiftpm/xcode
    builtin-SwiftPerFileCompile PublishingError.swift
SwiftEmitModule normal arm64 Emitting\ module\ for\ Genesis (in target 'Genesis' from project 'Genesis')
/Users/admin/builder/spi-builder-workspace/Sources/Genesis/Batteries/EstimatedReadingTime.swift:55:16: error: 'matches(of:)' is only available in tvOS 16.0 or newer
36 | }
37 |
38 | public extension EstimatedReadingTime.WordsEstimationStrategy {
   |        `- note: add '@available' attribute to enclosing extension
39 |     /// The original strategy used in https://github.com/alexito4/ReadingTimePublishPlugin
40 |     /// Tried to strip out html tags to find only the words.
   :
52 |     /// Used by https://github.com/twostraws/Ignite
53 |     /// Uses regex engine to count the words.
54 |     static let regexWords: Self = .init { string in
   |                `- note: add '@available' attribute to enclosing static property
55 |         string.matches(of: #/[\w-]+/#).count
   |                |- error: 'matches(of:)' is only available in tvOS 16.0 or newer
   |                `- note: add 'if #available' version check
56 |     }
57 | }
/Users/admin/builder/spi-builder-workspace/Sources/Genesis/Batteries/EstimatedReadingTime.swift:55:28: error: 'Regex' is only available in tvOS 16.0 or newer
36 | }
37 |
38 | public extension EstimatedReadingTime.WordsEstimationStrategy {
   |        `- note: add '@available' attribute to enclosing extension
39 |     /// The original strategy used in https://github.com/alexito4/ReadingTimePublishPlugin
40 |     /// Tried to strip out html tags to find only the words.
   :
52 |     /// Used by https://github.com/twostraws/Ignite
53 |     /// Uses regex engine to count the words.
54 |     static let regexWords: Self = .init { string in
   |                `- note: add '@available' attribute to enclosing static property
55 |         string.matches(of: #/[\w-]+/#).count
   |                            |- error: 'Regex' is only available in tvOS 16.0 or newer
   |                            `- note: add 'if #available' version check
56 |     }
57 | }
/Users/admin/builder/spi-builder-workspace/Sources/Genesis/Core/Context.swift:63:41: error: 'appending(path:directoryHint:)' is only available in tvOS 16.0 or newer
 15 | }
 16 |
 17 | public actor Context {
    |              `- note: add '@available' attribute to enclosing actor
 18 |     /// The site that is currently being built.
 19 |     public nonisolated let site: any Site
    :
 53 |     ///   folders are located.
 54 |     ///   - buildDirectoryPath: The path where the artifacts are generated.
 55 |     public init(
    |            `- note: add '@available' attribute to enclosing initializer
 56 |         for site: any Site,
 57 |         rootURL: URL,
    :
 61 |
 62 |         rootDirectory = rootURL
 63 |         assetsDirectory = rootDirectory.appending(path: "Assets")
    |                                         |- error: 'appending(path:directoryHint:)' is only available in tvOS 16.0 or newer
    |                                         `- note: add 'if #available' version check
 64 |         contentDirectory = rootDirectory.appending(path: "Content")
 65 | //        includesDirectory = rootDirectory.appending(path: "Includes")
/Users/admin/builder/spi-builder-workspace/Sources/Genesis/Core/Context.swift:64:42: error: 'appending(path:directoryHint:)' is only available in tvOS 16.0 or newer
 15 | }
 16 |
 17 | public actor Context {
    |              `- note: add '@available' attribute to enclosing actor
 18 |     /// The site that is currently being built.
 19 |     public nonisolated let site: any Site
    :
 53 |     ///   folders are located.
 54 |     ///   - buildDirectoryPath: The path where the artifacts are generated.
 55 |     public init(
    |            `- note: add '@available' attribute to enclosing initializer
 56 |         for site: any Site,
 57 |         rootURL: URL,
    :
 62 |         rootDirectory = rootURL
 63 |         assetsDirectory = rootDirectory.appending(path: "Assets")
 64 |         contentDirectory = rootDirectory.appending(path: "Content")
    |                                          |- error: 'appending(path:directoryHint:)' is only available in tvOS 16.0 or newer
    |                                          `- note: add 'if #available' version check
 65 | //        includesDirectory = rootDirectory.appending(path: "Includes")
 66 |         buildDirectory = rootDirectory.appending(path: buildDirectoryPath)
/Users/admin/builder/spi-builder-workspace/Sources/Genesis/Core/Context.swift:66:40: error: 'appending(path:directoryHint:)' is only available in tvOS 16.0 or newer
 15 | }
 16 |
 17 | public actor Context {
    |              `- note: add '@available' attribute to enclosing actor
 18 |     /// The site that is currently being built.
 19 |     public nonisolated let site: any Site
    :
 53 |     ///   folders are located.
 54 |     ///   - buildDirectoryPath: The path where the artifacts are generated.
 55 |     public init(
    |            `- note: add '@available' attribute to enclosing initializer
 56 |         for site: any Site,
 57 |         rootURL: URL,
    :
 64 |         contentDirectory = rootDirectory.appending(path: "Content")
 65 | //        includesDirectory = rootDirectory.appending(path: "Includes")
 66 |         buildDirectory = rootDirectory.appending(path: buildDirectoryPath)
    |                                        |- error: 'appending(path:directoryHint:)' is only available in tvOS 16.0 or newer
    |                                        `- note: add 'if #available' version check
 67 |     }
 68 |
Failed frontend command:
/Applications/Xcode-27.0.0-Release.Candidate.app/Contents/Developer/Toolchains/XcodeDefault.xctoolchain/usr/bin/swift-frontend -frontend -emit-module -experimental-skip-non-inlinable-function-bodies-without-types /Users/admin/builder/spi-builder-workspace/Sources/Genesis/Batteries/ContentBundle.swift /Users/admin/builder/spi-builder-workspace/Sources/Genesis/Batteries/EstimatedReadingTime.swift /Users/admin/builder/spi-builder-workspace/Sources/Genesis/Core/Content.swift /Users/admin/builder/spi-builder-workspace/Sources/Genesis/Core/Context.swift /Users/admin/builder/spi-builder-workspace/Sources/Genesis/Core/Page.swift /Users/admin/builder/spi-builder-workspace/Sources/Genesis/Core/Site.swift /Users/admin/builder/spi-builder-workspace/Sources/Genesis/Extensions/Date-RFC822.swift /Users/admin/builder/spi-builder-workspace/Sources/Genesis/Extensions/String-AbsoluteLinks.swift /Users/admin/builder/spi-builder-workspace/Sources/Genesis/Extensions/String-Slug.swift /Users/admin/builder/spi-builder-workspace/Sources/Genesis/Extensions/String-StrippingTags.swift /Users/admin/builder/spi-builder-workspace/Sources/Genesis/Extensions/URL+Date.swift /Users/admin/builder/spi-builder-workspace/Sources/Genesis/Extensions/URL-Relative.swift /Users/admin/builder/spi-builder-workspace/Sources/Genesis/Extensions/URL-SelectDirectories.swift /Users/admin/builder/spi-builder-workspace/Sources/Genesis/SecondaryCore/Language.swift /Users/admin/builder/spi-builder-workspace/Sources/Genesis/SecondaryCore/Location.swift /Users/admin/builder/spi-builder-workspace/Sources/Genesis/SecondaryCore/PublishingError.swift -target arm64-apple-tvos15.0 -disable-cross-import-overlay-search -load-resolved-plugin /Applications/Xcode-27.0.0-Release.Candidate.app/Contents/Developer/Platforms/AppleTVOS.platform/Developer/usr/lib/swift/host/plugins/libFoundationMacros.dylib\#/Applications/Xcode-27.0.0-Release.Candidate.app/Contents/Developer/Platforms/AppleTVOS.platform/Developer/usr/bin/swift-plugin-server\#FoundationMacros -load-resolved-plugin /Applications/Xcode-27.0.0-Release.Candidate.app/Contents/Developer/Platforms/AppleTVOS.platform/Developer/usr/lib/swift/host/plugins/libObservationMacros.dylib\#/Applications/Xcode-27.0.0-Release.Candidate.app/Contents/Developer/Platforms/AppleTVOS.platform/Developer/usr/bin/swift-plugin-server\#ObservationMacros -load-resolved-plugin /Applications/Xcode-27.0.0-Release.Candidate.app/Contents/Developer/Platforms/AppleTVOS.platform/Developer/usr/lib/swift/host/plugins/libSwiftMacros.dylib\#/Applications/Xcode-27.0.0-Release.Candidate.app/Contents/Developer/Platforms/AppleTVOS.platform/Developer/usr/bin/swift-plugin-server\#SwiftMacros -disable-implicit-swift-modules -Xcc -fno-implicit-modules -Xcc -fno-implicit-module-maps -explicit-swift-module-map-file /Users/admin/builder/spi-builder-workspace/.derivedData/Build/Intermediates.noindex/Genesis.build/Debug-appletvos/Genesis-t.build/Objects-normal/arm64/Genesis-dependencies-1.json -Xllvm -aarch64-use-tbi -enable-objc-interop -stack-check -sdk /Applications/Xcode-27.0.0-Release.Candidate.app/Contents/Developer/Platforms/AppleTVOS.platform/Developer/SDKs/AppleTVOS27.0.sdk -I /Users/admin/builder/spi-builder-workspace/.derivedData/Build/Products/Debug-appletvos -Isystem /Applications/Xcode-27.0.0-Release.Candidate.app/Contents/Developer/Platforms/AppleTVOS.platform/Developer/usr/lib -F /Users/admin/builder/spi-builder-workspace/.derivedData/Build/Products/Debug-appletvos -F /Applications/Xcode-27.0.0-Release.Candidate.app/Contents/Developer/Platforms/AppleTVOS.platform/Developer/Library/Frameworks -F /Applications/Xcode-27.0.0-Release.Candidate.app/Contents/Developer/Platforms/AppleTVOS.platform/Developer/SDKs/AppleTVOS27.0.sdk/Developer/Library/Frameworks -module-cache-path /Users/admin/builder/spi-builder-workspace/.derivedData/Build/Intermediates.noindex/SwiftExplicitPrecompiledModules -no-color-diagnostics -Xcc -fno-color-diagnostics -enable-testing -g -debug-info-format\=dwarf -dwarf-version\=4 -profile-generate -profile-coverage-mapping -swift-version 6 -Onone -D SWIFT_PACKAGE -D DEBUG -D SWIFT_MODULE_RESOURCE_BUNDLE_UNAVAILABLE -D Xcode -serialize-debugging-options -enable-experimental-feature DebugDescriptionMacro -empty-abi-descriptor -validate-clang-modules-once -clang-build-session-file /Users/admin/builder/spi-builder-workspace/.derivedData/ModuleCache.noindex/Session.modulevalidation -Xcc -working-directory -Xcc /Users/admin/builder/spi-builder-workspace/.swiftpm/xcode -enable-anonymous-context-mangled-names -file-compilation-dir /Users/admin/builder/spi-builder-workspace/.swiftpm/xcode -Xcc -D_LIBCPP_HARDENING_MODE\=_LIBCPP_HARDENING_MODE_DEBUG -Xcc -ivfsstatcache -Xcc /Users/admin/builder/spi-builder-workspace/.derivedData/SDKStatCaches.noindex/appletvos27.0-24J360-e829b21a6f8c9b70876ba0858053c044b32bfd8d43560033f8d89884cdb90028.sdkstatcache -Xcc -fmodules-prune-interval\=86400 -Xcc -fmodules-prune-after\=345600 -Xcc -I/Users/admin/builder/spi-builder-workspace/.derivedData/Build/Products/Debug-appletvos/include -Xcc -I/Users/admin/builder/spi-builder-workspace/.derivedData/Build/Intermediates.noindex/Genesis.build/Debug-appletvos/Genesis-t.build/DerivedSources-normal/arm64 -Xcc -I/Users/admin/builder/spi-builder-workspace/.derivedData/Build/Intermediates.noindex/Genesis.build/Debug-appletvos/Genesis-t.build/DerivedSources/arm64 -Xcc -I/Users/admin/builder/spi-builder-workspace/.derivedData/Build/Intermediates.noindex/Genesis.build/Debug-appletvos/Genesis-t.build/DerivedSources -Xcc -DSWIFT_PACKAGE -Xcc -DDEBUG\=1 -no-auto-bridging-header-chaining -module-name Genesis -package-name spi_builder_workspace -const-gather-protocols-file /Users/admin/builder/spi-builder-workspace/.derivedData/Build/Intermediates.noindex/Genesis.build/Debug-appletvos/Genesis-t.build/Objects-normal/arm64/Genesis_const_extract_protocols.json -disable-clang-spi -clang-target arm64-apple-tvos27.0 -target-sdk-version 27.0 -target-sdk-name appletvos27.0 -in-process-plugin-server-path /Applications/Xcode-27.0.0-Release.Candidate.app/Contents/Developer/Toolchains/XcodeDefault.xctoolchain/usr/lib/swift/host/libSwiftInProcPluginServer.dylib -emit-module-doc-path /Users/admin/builder/spi-builder-workspace/.derivedData/Build/Intermediates.noindex/Genesis.build/Debug-appletvos/Genesis-t.build/Objects-normal/arm64/Genesis.swiftdoc -emit-module-source-info-path /Users/admin/builder/spi-builder-workspace/.derivedData/Build/Intermediates.noindex/Genesis.build/Debug-appletvos/Genesis-t.build/Objects-normal/arm64/Genesis.swiftsourceinfo -emit-objc-header-path /Users/admin/builder/spi-builder-workspace/.derivedData/Build/Intermediates.noindex/Genesis.build/Debug-appletvos/Genesis-t.build/Objects-normal/arm64/Genesis-Swift.h -serialize-diagnostics-path /Users/admin/builder/spi-builder-workspace/.derivedData/Build/Intermediates.noindex/Genesis.build/Debug-appletvos/Genesis-t.build/Objects-normal/arm64/Genesis-primary-emit-module.dia -emit-dependencies-path /Users/admin/builder/spi-builder-workspace/.derivedData/Build/Intermediates.noindex/Genesis.build/Debug-appletvos/Genesis-t.build/Objects-normal/arm64/Genesis-primary-emit-module.d -parse-as-library -o /Users/admin/builder/spi-builder-workspace/.derivedData/Build/Intermediates.noindex/Genesis.build/Debug-appletvos/Genesis-t.build/Objects-normal/arm64/Genesis.swiftmodule -emit-abi-descriptor-path /Users/admin/builder/spi-builder-workspace/.derivedData/Build/Intermediates.noindex/Genesis.build/Debug-appletvos/Genesis-t.build/Objects-normal/arm64/Genesis.abi.json
SwiftCompile normal arm64 (in target 'Genesis' from project 'Genesis')
    cd /Users/admin/builder/spi-builder-workspace/.swiftpm/xcode

SwiftCompile normal arm64 Compiling\ Language.swift /Users/admin/builder/spi-builder-workspace/Sources/Genesis/SecondaryCore/Language.swift (in target 'Genesis' from project 'Genesis')
SwiftCompile normal arm64 /Users/admin/builder/spi-builder-workspace/Sources/Genesis/SecondaryCore/Language.swift (in target 'Genesis' from project 'Genesis')
    cd /Users/admin/builder/spi-builder-workspace/.swiftpm/xcode
    builtin-SwiftPerFileCompile Language.swift
SwiftCompile normal arm64 Compiling\ Location.swift /Users/admin/builder/spi-builder-workspace/Sources/Genesis/SecondaryCore/Location.swift (in target 'Genesis' from project 'Genesis')
SwiftCompile normal arm64 /Users/admin/builder/spi-builder-workspace/Sources/Genesis/SecondaryCore/Location.swift (in target 'Genesis' from project 'Genesis')
    cd /Users/admin/builder/spi-builder-workspace/.swiftpm/xcode
    builtin-SwiftPerFileCompile Location.swift
SwiftCompile normal arm64 Compiling\ URL-SelectDirectories.swift /Users/admin/builder/spi-builder-workspace/Sources/Genesis/Extensions/URL-SelectDirectories.swift (in target 'Genesis' from project 'Genesis')
SwiftCompile normal arm64 /Users/admin/builder/spi-builder-workspace/Sources/Genesis/Extensions/URL-SelectDirectories.swift (in target 'Genesis' from project 'Genesis')
    cd /Users/admin/builder/spi-builder-workspace/.swiftpm/xcode
    builtin-SwiftPerFileCompile URL-SelectDirectories.swift
/Users/admin/builder/spi-builder-workspace/Sources/Genesis/Extensions/URL-SelectDirectories.swift:12:26: error: 'init(filePath:directoryHint:relativeTo:)' is only available in tvOS 16.0 or newer
 1 | import Foundation
 2 |
 3 | public extension URL {
   |        `- note: add '@available' attribute to enclosing extension
 4 |     /// Returns URL where to find Assets/Content/Includes and URL where to generate the static web site.
 5 |     /// It supports running the generation from source via `swift run` or from a precompiled binary.
   :
 8 |     /// - Parameter file: path of a Swift source file to find source root directory by scanning path upwards.
 9 |     /// - Returns tupple containing source URL and URL where output is built.
10 |     static func selectDirectories(from file: StaticString) throws -> SourceBuildDirectories {
   |                 `- note: add '@available' attribute to enclosing static method
11 |         // From swift run
12 |         var currentURL = URL(filePath: file.description)
   |                          |- error: 'init(filePath:directoryHint:relativeTo:)' is only available in tvOS 16.0 or newer
   |                          `- note: add 'if #available' version check
13 |         repeat {
14 |             currentURL = currentURL.deletingLastPathComponent()
/Users/admin/builder/spi-builder-workspace/Sources/Genesis/Extensions/URL-SelectDirectories.swift:16:41: error: 'appending(path:directoryHint:)' is only available in tvOS 16.0 or newer
 1 | import Foundation
 2 |
 3 | public extension URL {
   |        `- note: add '@available' attribute to enclosing extension
 4 |     /// Returns URL where to find Assets/Content/Includes and URL where to generate the static web site.
 5 |     /// It supports running the generation from source via `swift run` or from a precompiled binary.
   :
 8 |     /// - Parameter file: path of a Swift source file to find source root directory by scanning path upwards.
 9 |     /// - Returns tupple containing source URL and URL where output is built.
10 |     static func selectDirectories(from file: StaticString) throws -> SourceBuildDirectories {
   |                 `- note: add '@available' attribute to enclosing static method
11 |         // From swift run
12 |         var currentURL = URL(filePath: file.description)
   :
14 |             currentURL = currentURL.deletingLastPathComponent()
15 |
16 |             let packageURL = currentURL.appending(path: "Package.swift")
   |                                         |- error: 'appending(path:directoryHint:)' is only available in tvOS 16.0 or newer
   |                                         `- note: add 'if #available' version check
17 |             if FileManager.default.fileExists(atPath: packageURL.path) {
18 |                 return SourceBuildDirectories(source: packageURL.deletingLastPathComponent(),
/Users/admin/builder/spi-builder-workspace/Sources/Genesis/Extensions/URL-SelectDirectories.swift:21:28: error: 'path(percentEncoded:)' is only available in tvOS 16.0 or newer
 1 | import Foundation
 2 |
 3 | public extension URL {
   |        `- note: add '@available' attribute to enclosing extension
 4 |     /// Returns URL where to find Assets/Content/Includes and URL where to generate the static web site.
 5 |     /// It supports running the generation from source via `swift run` or from a precompiled binary.
   :
 8 |     /// - Parameter file: path of a Swift source file to find source root directory by scanning path upwards.
 9 |     /// - Returns tupple containing source URL and URL where output is built.
10 |     static func selectDirectories(from file: StaticString) throws -> SourceBuildDirectories {
   |                 `- note: add '@available' attribute to enclosing static method
11 |         // From swift run
12 |         var currentURL = URL(filePath: file.description)
   :
19 |                                               build: packageURL.deletingLastPathComponent())
20 |             }
21 |         } while currentURL.path() != "/"
   |                            |- error: 'path(percentEncoded:)' is only available in tvOS 16.0 or newer
   |                            `- note: add 'if #available' version check
22 |
23 |         // When build as binary
/Users/admin/builder/spi-builder-workspace/Sources/Genesis/Extensions/URL-SelectDirectories.swift:24:22: error: 'init(filePath:directoryHint:relativeTo:)' is only available in tvOS 16.0 or newer
 1 | import Foundation
 2 |
 3 | public extension URL {
   |        `- note: add '@available' attribute to enclosing extension
 4 |     /// Returns URL where to find Assets/Content/Includes and URL where to generate the static web site.
 5 |     /// It supports running the generation from source via `swift run` or from a precompiled binary.
   :
 8 |     /// - Parameter file: path of a Swift source file to find source root directory by scanning path upwards.
 9 |     /// - Returns tupple containing source URL and URL where output is built.
10 |     static func selectDirectories(from file: StaticString) throws -> SourceBuildDirectories {
   |                 `- note: add '@available' attribute to enclosing static method
11 |         // From swift run
12 |         var currentURL = URL(filePath: file.description)
   :
22 |
23 |         // When build as binary
24 |         currentURL = URL(filePath: FileManager.default.currentDirectoryPath)
   |                      |- error: 'init(filePath:directoryHint:relativeTo:)' is only available in tvOS 16.0 or newer
   |                      `- note: add 'if #available' version check
25 |         while currentURL.path() != "/" {
26 |             let packageURL = currentURL.appending(path: "Package.swift")
/Users/admin/builder/spi-builder-workspace/Sources/Genesis/Extensions/URL-SelectDirectories.swift:25:26: error: 'path(percentEncoded:)' is only available in tvOS 16.0 or newer
 1 | import Foundation
 2 |
 3 | public extension URL {
   |        `- note: add '@available' attribute to enclosing extension
 4 |     /// Returns URL where to find Assets/Content/Includes and URL where to generate the static web site.
 5 |     /// It supports running the generation from source via `swift run` or from a precompiled binary.
   :
 8 |     /// - Parameter file: path of a Swift source file to find source root directory by scanning path upwards.
 9 |     /// - Returns tupple containing source URL and URL where output is built.
10 |     static func selectDirectories(from file: StaticString) throws -> SourceBuildDirectories {
   |                 `- note: add '@available' attribute to enclosing static method
11 |         // From swift run
12 |         var currentURL = URL(filePath: file.description)
   :
23 |         // When build as binary
24 |         currentURL = URL(filePath: FileManager.default.currentDirectoryPath)
25 |         while currentURL.path() != "/" {
   |                          |- error: 'path(percentEncoded:)' is only available in tvOS 16.0 or newer
   |                          `- note: add 'if #available' version check
26 |             let packageURL = currentURL.appending(path: "Package.swift")
27 |             if FileManager.default.fileExists(atPath: packageURL.path) {
/Users/admin/builder/spi-builder-workspace/Sources/Genesis/Extensions/URL-SelectDirectories.swift:26:41: error: 'appending(path:directoryHint:)' is only available in tvOS 16.0 or newer
 1 | import Foundation
 2 |
 3 | public extension URL {
   |        `- note: add '@available' attribute to enclosing extension
 4 |     /// Returns URL where to find Assets/Content/Includes and URL where to generate the static web site.
 5 |     /// It supports running the generation from source via `swift run` or from a precompiled binary.
   :
 8 |     /// - Parameter file: path of a Swift source file to find source root directory by scanning path upwards.
 9 |     /// - Returns tupple containing source URL and URL where output is built.
10 |     static func selectDirectories(from file: StaticString) throws -> SourceBuildDirectories {
   |                 `- note: add '@available' attribute to enclosing static method
11 |         // From swift run
12 |         var currentURL = URL(filePath: file.description)
   :
24 |         currentURL = URL(filePath: FileManager.default.currentDirectoryPath)
25 |         while currentURL.path() != "/" {
26 |             let packageURL = currentURL.appending(path: "Package.swift")
   |                                         |- error: 'appending(path:directoryHint:)' is only available in tvOS 16.0 or newer
   |                                         `- note: add 'if #available' version check
27 |             if FileManager.default.fileExists(atPath: packageURL.path) {
28 |                 return SourceBuildDirectories(source: packageURL.deletingLastPathComponent(),
SwiftCompile normal arm64 Compiling\ URL+Date.swift,\ URL-Relative.swift /Users/admin/builder/spi-builder-workspace/Sources/Genesis/Extensions/URL+Date.swift /Users/admin/builder/spi-builder-workspace/Sources/Genesis/Extensions/URL-Relative.swift (in target 'Genesis' from project 'Genesis')
/Users/admin/builder/spi-builder-workspace/Sources/Genesis/Extensions/URL-Relative.swift:8:30: error: 'path(percentEncoded:)' is only available in tvOS 16.0 or newer
 1 | import Foundation
 2 |
 3 | public extension URL {
   |        `- note: add '@available' attribute to enclosing extension
 4 |     /// Creates a relative URL by using another URL as its base.
 5 |     /// - Parameter other: The base URL to compare against.
 6 |     /// - Returns: A relative URL.
 7 |     func relative(to other: URL) -> String {
   |          `- note: add '@available' attribute to enclosing instance method
 8 |         let basePath = other.path()
   |                              |- error: 'path(percentEncoded:)' is only available in tvOS 16.0 or newer
   |                              `- note: add 'if #available' version check
 9 |         let thisPath = path()
10 |         let result = thisPath.trimmingPrefix(basePath)
/Users/admin/builder/spi-builder-workspace/Sources/Genesis/Extensions/URL-Relative.swift:9:24: error: 'path(percentEncoded:)' is only available in tvOS 16.0 or newer
 1 | import Foundation
 2 |
 3 | public extension URL {
   |        `- note: add '@available' attribute to enclosing extension
 4 |     /// Creates a relative URL by using another URL as its base.
 5 |     /// - Parameter other: The base URL to compare against.
 6 |     /// - Returns: A relative URL.
 7 |     func relative(to other: URL) -> String {
   |          `- note: add '@available' attribute to enclosing instance method
 8 |         let basePath = other.path()
 9 |         let thisPath = path()
   |                        |- error: 'path(percentEncoded:)' is only available in tvOS 16.0 or newer
   |                        `- note: add 'if #available' version check
10 |         let result = thisPath.trimmingPrefix(basePath)
11 |
SwiftCompile normal arm64 /Users/admin/builder/spi-builder-workspace/Sources/Genesis/Extensions/URL+Date.swift (in target 'Genesis' from project 'Genesis')
    cd /Users/admin/builder/spi-builder-workspace/.swiftpm/xcode
    builtin-SwiftPerFileCompile URL+Date.swift
SwiftCompile normal arm64 /Users/admin/builder/spi-builder-workspace/Sources/Genesis/Extensions/URL-Relative.swift (in target 'Genesis' from project 'Genesis')
    cd /Users/admin/builder/spi-builder-workspace/.swiftpm/xcode
    builtin-SwiftPerFileCompile URL-Relative.swift
SwiftCompile normal arm64 Compiling\ String-Slug.swift,\ String-StrippingTags.swift /Users/admin/builder/spi-builder-workspace/Sources/Genesis/Extensions/String-Slug.swift /Users/admin/builder/spi-builder-workspace/Sources/Genesis/Extensions/String-StrippingTags.swift (in target 'Genesis' from project 'Genesis')
/Users/admin/builder/spi-builder-workspace/Sources/Genesis/Extensions/String-Slug.swift:29:31: error: 'replacing(_:with:maxReplacements:)' is only available in tvOS 16.0 or newer
 1 | import Foundation
 2 |
 3 | public extension String {
   |        `- note: add '@available' attribute to enclosing extension
 4 |     /// A list of characters that are safe to use in URLs.
 5 |     private static let slugSafeCharacters = CharacterSet(charactersIn: """
   :
11 |     /// - Returns: The URL-safe version of the string, or nil if no
12 |     /// conversion was possible.
13 |     func convertedToSlug() -> String? {
   |          `- note: add '@available' attribute to enclosing instance method
14 |         let startingPoint = convertToDashCase()
15 |
   :
27 |             if result.isEmpty == false {
28 |                 // Replace multiple dashes with a single dash.
29 |                 return result.replacing(#/-{2,}/#, with: "-")
   |                               |- error: 'replacing(_:with:maxReplacements:)' is only available in tvOS 16.0 or newer
   |                               `- note: add 'if #available' version check
30 |             }
31 |         }
/Users/admin/builder/spi-builder-workspace/Sources/Genesis/Extensions/String-Slug.swift:29:41: error: 'Regex' is only available in tvOS 16.0 or newer
 1 | import Foundation
 2 |
 3 | public extension String {
   |        `- note: add '@available' attribute to enclosing extension
 4 |     /// A list of characters that are safe to use in URLs.
 5 |     private static let slugSafeCharacters = CharacterSet(charactersIn: """
   :
11 |     /// - Returns: The URL-safe version of the string, or nil if no
12 |     /// conversion was possible.
13 |     func convertedToSlug() -> String? {
   |          `- note: add '@available' attribute to enclosing instance method
14 |         let startingPoint = convertToDashCase()
15 |
   :
27 |             if result.isEmpty == false {
28 |                 // Replace multiple dashes with a single dash.
29 |                 return result.replacing(#/-{2,}/#, with: "-")
   |                                         |- error: 'Regex' is only available in tvOS 16.0 or newer
   |                                         `- note: add 'if #available' version check
30 |             }
31 |         }
/Users/admin/builder/spi-builder-workspace/Sources/Genesis/Extensions/String-StrippingTags.swift:6:9: error: 'replacing(_:with:maxReplacements:)' is only available in tvOS 16.0 or newer
1 | import Foundation
2 |
3 | public extension String {
  |        `- note: add '@available' attribute to enclosing extension
4 |     /// Removes all HTML tags from a string, so it's safe to use as plain-text.
5 |     func strippingTags() -> String {
  |          `- note: add '@available' attribute to enclosing instance method
6 |         replacing(#/<.*?>/#, with: "")
  |         |- error: 'replacing(_:with:maxReplacements:)' is only available in tvOS 16.0 or newer
  |         `- note: add 'if #available' version check
7 |     }
8 | }
SwiftCompile normal arm64 /Users/admin/builder/spi-builder-workspace/Sources/Genesis/Extensions/String-Slug.swift (in target 'Genesis' from project 'Genesis')
    cd /Users/admin/builder/spi-builder-workspace/.swiftpm/xcode
    builtin-SwiftPerFileCompile String-Slug.swift
SwiftCompile normal arm64 /Users/admin/builder/spi-builder-workspace/Sources/Genesis/Extensions/String-StrippingTags.swift (in target 'Genesis' from project 'Genesis')
    cd /Users/admin/builder/spi-builder-workspace/.swiftpm/xcode
    builtin-SwiftPerFileCompile String-StrippingTags.swift
SwiftCompile normal arm64 Compiling\ Date-RFC822.swift,\ String-AbsoluteLinks.swift /Users/admin/builder/spi-builder-workspace/Sources/Genesis/Extensions/Date-RFC822.swift /Users/admin/builder/spi-builder-workspace/Sources/Genesis/Extensions/String-AbsoluteLinks.swift (in target 'Genesis' from project 'Genesis')
/Users/admin/builder/spi-builder-workspace/Sources/Genesis/Extensions/String-AbsoluteLinks.swift:14:18: error: 'replace(_:with:maxReplacements:)' is only available in tvOS 16.0 or newer
 1 | import Foundation
 2 |
 3 | public extension String {
   |        `- note: add '@available' attribute to enclosing extension
 4 |     /// Converts links and image sources from relative links to absolute.
 5 |     /// - Parameter url: The base URL, which is usually your web domain.
 6 |     /// - Returns: The adjusted string, where all relative links are absolute.
 7 |     func makingAbsoluteLinks(
   |          `- note: add '@available' attribute to enclosing instance method
 8 |         relativeTo url: URL,
 9 |         root: URL
   :
12 |
13 |         // Fix images.
14 |         absolute.replace(#/src="(?!http)(?!\/)/#, with: #"src="\#(url)/"#)
   |                  |- error: 'replace(_:with:maxReplacements:)' is only available in tvOS 16.0 or newer
   |                  `- note: add 'if #available' version check
15 |
16 | //        absolute.replace(#/src="(?!http)(?!\/)/#) { match in
/Users/admin/builder/spi-builder-workspace/Sources/Genesis/Extensions/String-AbsoluteLinks.swift:14:26: error: 'Regex' is only available in tvOS 16.0 or newer
 1 | import Foundation
 2 |
 3 | public extension String {
   |        `- note: add '@available' attribute to enclosing extension
 4 |     /// Converts links and image sources from relative links to absolute.
 5 |     /// - Parameter url: The base URL, which is usually your web domain.
 6 |     /// - Returns: The adjusted string, where all relative links are absolute.
 7 |     func makingAbsoluteLinks(
   |          `- note: add '@available' attribute to enclosing instance method
 8 |         relativeTo url: URL,
 9 |         root: URL
   :
12 |
13 |         // Fix images.
14 |         absolute.replace(#/src="(?!http)(?!\/)/#, with: #"src="\#(url)/"#)
   |                          |- error: 'Regex' is only available in tvOS 16.0 or newer
   |                          `- note: add 'if #available' version check
15 |
16 | //        absolute.replace(#/src="(?!http)(?!\/)/#) { match in
/Users/admin/builder/spi-builder-workspace/Sources/Genesis/Extensions/String-AbsoluteLinks.swift:23:18: error: 'replace(_:with:maxReplacements:)' is only available in tvOS 16.0 or newer
 1 | import Foundation
 2 |
 3 | public extension String {
   |        `- note: add '@available' attribute to enclosing extension
 4 |     /// Converts links and image sources from relative links to absolute.
 5 |     /// - Parameter url: The base URL, which is usually your web domain.
 6 |     /// - Returns: The adjusted string, where all relative links are absolute.
 7 |     func makingAbsoluteLinks(
   |          `- note: add '@available' attribute to enclosing instance method
 8 |         relativeTo url: URL,
 9 |         root: URL
   :
21 |         // Fix links.
22 |         // Replace links that are full relative (without /)
23 |         absolute.replace(#/href="(?!http)(?!\/)/#, with: #"href="\#(url)/"#)
   |                  |- error: 'replace(_:with:maxReplacements:)' is only available in tvOS 16.0 or newer
   |                  `- note: add 'if #available' version check
24 |         // Replace links that are root relative (with /)
25 |         absolute.replace(#/href="(?!http)(\/)/#, with: #"href="\#(root)/"#)
/Users/admin/builder/spi-builder-workspace/Sources/Genesis/Extensions/String-AbsoluteLinks.swift:23:26: error: 'Regex' is only available in tvOS 16.0 or newer
 1 | import Foundation
 2 |
 3 | public extension String {
   |        `- note: add '@available' attribute to enclosing extension
 4 |     /// Converts links and image sources from relative links to absolute.
 5 |     /// - Parameter url: The base URL, which is usually your web domain.
 6 |     /// - Returns: The adjusted string, where all relative links are absolute.
 7 |     func makingAbsoluteLinks(
   |          `- note: add '@available' attribute to enclosing instance method
 8 |         relativeTo url: URL,
 9 |         root: URL
   :
21 |         // Fix links.
22 |         // Replace links that are full relative (without /)
23 |         absolute.replace(#/href="(?!http)(?!\/)/#, with: #"href="\#(url)/"#)
   |                          |- error: 'Regex' is only available in tvOS 16.0 or newer
   |                          `- note: add 'if #available' version check
24 |         // Replace links that are root relative (with /)
25 |         absolute.replace(#/href="(?!http)(\/)/#, with: #"href="\#(root)/"#)
/Users/admin/builder/spi-builder-workspace/Sources/Genesis/Extensions/String-AbsoluteLinks.swift:25:18: error: 'replace(_:with:maxReplacements:)' is only available in tvOS 16.0 or newer
 1 | import Foundation
 2 |
 3 | public extension String {
   |        `- note: add '@available' attribute to enclosing extension
 4 |     /// Converts links and image sources from relative links to absolute.
 5 |     /// - Parameter url: The base URL, which is usually your web domain.
 6 |     /// - Returns: The adjusted string, where all relative links are absolute.
 7 |     func makingAbsoluteLinks(
   |          `- note: add '@available' attribute to enclosing instance method
 8 |         relativeTo url: URL,
 9 |         root: URL
   :
23 |         absolute.replace(#/href="(?!http)(?!\/)/#, with: #"href="\#(url)/"#)
24 |         // Replace links that are root relative (with /)
25 |         absolute.replace(#/href="(?!http)(\/)/#, with: #"href="\#(root)/"#)
   |                  |- error: 'replace(_:with:maxReplacements:)' is only available in tvOS 16.0 or newer
   |                  `- note: add 'if #available' version check
26 |
27 | //        absolute.replace(#/href="(?<path>\/[^"]+)/#) { match in
SwiftCompile normal arm64 /Users/admin/builder/spi-builder-workspace/Sources/Genesis/Extensions/Date-RFC822.swift (in target 'Genesis' from project 'Genesis')
    cd /Users/admin/builder/spi-builder-workspace/.swiftpm/xcode
    builtin-SwiftPerFileCompile Date-RFC822.swift
SwiftCompile normal arm64 /Users/admin/builder/spi-builder-workspace/Sources/Genesis/Extensions/String-AbsoluteLinks.swift (in target 'Genesis' from project 'Genesis')
    cd /Users/admin/builder/spi-builder-workspace/.swiftpm/xcode
    builtin-SwiftPerFileCompile String-AbsoluteLinks.swift
SwiftCompile normal arm64 Compiling\ ContentBundle.swift,\ EstimatedReadingTime.swift /Users/admin/builder/spi-builder-workspace/Sources/Genesis/Batteries/ContentBundle.swift /Users/admin/builder/spi-builder-workspace/Sources/Genesis/Batteries/EstimatedReadingTime.swift (in target 'Genesis' from project 'Genesis')
/Users/admin/builder/spi-builder-workspace/Sources/Genesis/Batteries/ContentBundle.swift:20:50: error: 'appending(path:directoryHint:)' is only available in tvOS 16.0 or newer
 7 | }
 8 |
 9 | public extension Context {
   |        `- note: add '@available' attribute to enclosing extension
10 |     /// Copy the assets from each `ContentWithResources` to the output directory
11 |     func copyContentResources() throws {
   |          `- note: add '@available' attribute to enclosing instance method
12 |         let allContent = content(of: (any ContentWithResources).self)
13 |
   :
18 |                 .filter { ![".DS_Store", "index.md"].contains($0.lastPathComponent) }
19 |
20 |             let outputDirectory = buildDirectory.appending(path: content.path)
   |                                                  |- error: 'appending(path:directoryHint:)' is only available in tvOS 16.0 or newer
   |                                                  `- note: add 'if #available' version check
21 |
22 |             for resource in resources {
/Users/admin/builder/spi-builder-workspace/Sources/Genesis/Batteries/ContentBundle.swift:23:51: error: 'appending(path:directoryHint:)' is only available in tvOS 16.0 or newer
 7 | }
 8 |
 9 | public extension Context {
   |        `- note: add '@available' attribute to enclosing extension
10 |     /// Copy the assets from each `ContentWithResources` to the output directory
11 |     func copyContentResources() throws {
   |          `- note: add '@available' attribute to enclosing instance method
12 |         let allContent = content(of: (any ContentWithResources).self)
13 |
   :
21 |
22 |             for resource in resources {
23 |                 let destination = outputDirectory.appending(path: resource.lastPathComponent)
   |                                                   |- error: 'appending(path:directoryHint:)' is only available in tvOS 16.0 or newer
   |                                                   `- note: add 'if #available' version check
24 |                 try FileManager.default.copyItem(at: resource, to: destination)
25 |             }
/Users/admin/builder/spi-builder-workspace/Sources/Genesis/Batteries/EstimatedReadingTime.swift:55:16: error: 'matches(of:)' is only available in tvOS 16.0 or newer
36 | }
37 |
38 | public extension EstimatedReadingTime.WordsEstimationStrategy {
   |        `- note: add '@available' attribute to enclosing extension
39 |     /// The original strategy used in https://github.com/alexito4/ReadingTimePublishPlugin
40 |     /// Tried to strip out html tags to find only the words.
   :
52 |     /// Used by https://github.com/twostraws/Ignite
53 |     /// Uses regex engine to count the words.
54 |     static let regexWords: Self = .init { string in
   |                `- note: add '@available' attribute to enclosing static property
55 |         string.matches(of: #/[\w-]+/#).count
   |                |- error: 'matches(of:)' is only available in tvOS 16.0 or newer
   |                `- note: add 'if #available' version check
56 |     }
57 | }
SwiftCompile normal arm64 /Users/admin/builder/spi-builder-workspace/Sources/Genesis/Batteries/ContentBundle.swift (in target 'Genesis' from project 'Genesis')
    cd /Users/admin/builder/spi-builder-workspace/.swiftpm/xcode
    builtin-SwiftPerFileCompile ContentBundle.swift
SwiftCompile normal arm64 /Users/admin/builder/spi-builder-workspace/Sources/Genesis/Batteries/EstimatedReadingTime.swift (in target 'Genesis' from project 'Genesis')
    cd /Users/admin/builder/spi-builder-workspace/.swiftpm/xcode
    builtin-SwiftPerFileCompile EstimatedReadingTime.swift
SwiftCompile normal arm64 Compiling\ Content.swift,\ Context.swift /Users/admin/builder/spi-builder-workspace/Sources/Genesis/Core/Content.swift /Users/admin/builder/spi-builder-workspace/Sources/Genesis/Core/Context.swift (in target 'Genesis' from project 'Genesis')
SwiftCompile normal arm64 /Users/admin/builder/spi-builder-workspace/Sources/Genesis/Core/Content.swift (in target 'Genesis' from project 'Genesis')
    cd /Users/admin/builder/spi-builder-workspace/.swiftpm/xcode
    builtin-SwiftPerFileCompile Content.swift
SwiftCompile normal arm64 /Users/admin/builder/spi-builder-workspace/Sources/Genesis/Core/Context.swift (in target 'Genesis' from project 'Genesis')
    cd /Users/admin/builder/spi-builder-workspace/.swiftpm/xcode
    builtin-SwiftPerFileCompile Context.swift
SwiftEmitModule normal arm64 Emitting\ module\ for\ Markdown (in target 'Markdown' from project 'swift-markdown')
SwiftCompile normal arm64 (in target 'Markdown' from project 'swift-markdown')
    cd /Users/admin/builder/spi-builder-workspace/.swiftpm/xcode

PruneExplicitPrecompiledModules /Users/admin/builder/spi-builder-workspace/.derivedData/Build/Intermediates.noindex/SwiftExplicitPrecompiledModules
PruneExplicitPrecompiledModules /Users/admin/builder/spi-builder-workspace/.derivedData/SDKExplicitPrecompiledModules
PruneExplicitPrecompiledModules /Users/admin/builder/spi-builder-workspace/.derivedData/Build/Intermediates.noindex/ExplicitPrecompiledModules
2026-09-24 22:52:49.750 xcodebuild[719:4402] [MT] IDERunDestination: Supported platforms for the buildables in the current scheme is empty.
** BUILD FAILED **
The following build commands failed:
	SwiftEmitModule normal arm64 Emitting\ module\ for\ Genesis (in target 'Genesis' from project 'Genesis')
	SwiftCompile normal arm64 (in target 'Genesis' from project 'Genesis')
	Building workspace Genesis with scheme Genesis-Package
(3 failures)
Command line invocation:
    /Applications/Xcode-27.0.0-Release.Candidate.app/Contents/Developer/usr/bin/xcodebuild -IDEClonedSourcePackagesDirPathOverride=/Users/admin/builder/spi-builder-workspace/.dependencies -resolvePackageDependencies
Resolve Package Graph
Resolved source packages:
  Genesis: /Users/admin/builder/spi-builder-workspace
  swift-markdown: https://github.com/apple/swift-markdown.git @ main (392b73b)
  cmark-gfm: https://github.com/swiftlang/swift-cmark.git @ gfm (0c8947b)
resolved source packages: Genesis, swift-markdown, cmark-gfm
2026-09-24 22:52:55.102 xcodebuild[874:5004] [MT] IDERunDestination: Supported platforms for the buildables in the current scheme is empty.
{
  "dependencies" : [
    {
      "identity" : "swift-markdown",
      "requirement" : {
        "branch" : [
          "main"
        ]
      },
      "type" : "sourceControl",
      "url" : "https://github.com/apple/swift-markdown.git"
    }
  ],
  "manifest_display_name" : "Genesis",
  "name" : "Genesis",
  "path" : "/Users/admin/builder/spi-builder-workspace",
  "platforms" : [
    {
      "name" : "macos",
      "version" : "14.0"
    }
  ],
  "products" : [
    {
      "name" : "Genesis",
      "targets" : [
        "Genesis"
      ],
      "type" : {
        "library" : [
          "automatic"
        ]
      }
    },
    {
      "name" : "GenesisMarkdown",
      "targets" : [
        "GenesisMarkdown"
      ],
      "type" : {
        "library" : [
          "automatic"
        ]
      }
    }
  ],
  "targets" : [
    {
      "c99name" : "GenesisTests",
      "module_type" : "SwiftTarget",
      "name" : "GenesisTests",
      "path" : "Tests/GenesisTests",
      "sources" : [
        "GenesisTests.swift"
      ],
      "target_dependencies" : [
        "Genesis"
      ],
      "type" : "test"
    },
    {
      "c99name" : "GenesisMarkdown",
      "module_type" : "SwiftTarget",
      "name" : "GenesisMarkdown",
      "path" : "Sources/GenesisMarkdown",
      "product_dependencies" : [
        "Markdown"
      ],
      "product_memberships" : [
        "GenesisMarkdown"
      ],
      "sources" : [
        "MarkdownToHTML.swift"
      ],
      "type" : "library"
    },
    {
      "c99name" : "Genesis",
      "module_type" : "SwiftTarget",
      "name" : "Genesis",
      "path" : "Sources/Genesis",
      "product_memberships" : [
        "Genesis"
      ],
      "sources" : [
        "Batteries/ContentBundle.swift",
        "Batteries/EstimatedReadingTime.swift",
        "Core/Content.swift",
        "Core/Context.swift",
        "Core/Page.swift",
        "Core/Site.swift",
        "Extensions/Date-RFC822.swift",
        "Extensions/String-AbsoluteLinks.swift",
        "Extensions/String-Slug.swift",
        "Extensions/String-StrippingTags.swift",
        "Extensions/URL+Date.swift",
        "Extensions/URL-Relative.swift",
        "Extensions/URL-SelectDirectories.swift",
        "SecondaryCore/Language.swift",
        "SecondaryCore/Location.swift",
        "SecondaryCore/PublishingError.swift"
      ],
      "type" : "library"
    }
  ],
  "tools_version" : "6.0"
}
{
  "workspace" : {
    "name" : "Genesis",
    "schemes" : [
      "Genesis",
      "Genesis-Package",
      "GenesisMarkdown"
    ]
  }
}
2026-09-24 22:52:56.441 xcodebuild[882:5070] [MT] IDERunDestination: Supported platforms for the buildables in the current scheme is empty.
Running build ...
env DEVELOPER_DIR=/Applications/Xcode-27.0.0-Release.Candidate.app xcrun xcodebuild -IDEClonedSourcePackagesDirPathOverride=$PWD/.dependencies -skipMacroValidation -skipPackagePluginValidation -derivedDataPath $PWD/.derivedData build -scheme Genesis-Package -destination generic/platform=tvOS
Command line invocation:
    /Applications/Xcode-27.0.0-Release.Candidate.app/Contents/Developer/usr/bin/xcodebuild -IDEClonedSourcePackagesDirPathOverride=/Users/admin/builder/spi-builder-workspace/.dependencies -skipMacroValidation -skipPackagePluginValidation -derivedDataPath /Users/admin/builder/spi-builder-workspace/.derivedData build -scheme Genesis-Package -destination generic/platform=tvOS
Resolve Package Graph
Resolved source packages:
  Genesis: /Users/admin/builder/spi-builder-workspace
  swift-markdown: https://github.com/apple/swift-markdown.git @ main (392b73b)
  cmark-gfm: https://github.com/swiftlang/swift-cmark.git @ gfm (0c8947b)
ComputePackagePrebuildTargetDependencyGraph
Prepare packages
CreateBuildRequest
SendProjectDescription
CreateBuildOperation
ComputeTargetDependencyGraph
note: Building targets in dependency order
note: Target dependency graph (11 targets)
    Target 'GenesisMarkdown-product' in project 'Genesis'
        ➜ Explicit dependency on target 'GenesisMarkdown' in project 'Genesis'
        ➜ Explicit dependency on target 'Markdown-product' in project 'swift-markdown'
    Target 'GenesisMarkdown' in project 'Genesis'
        ➜ Explicit dependency on target 'Markdown-product' in project 'swift-markdown'
    Target 'Markdown-product' in project 'swift-markdown'
        ➜ Explicit dependency on target 'Markdown' in project 'swift-markdown'
        ➜ Explicit dependency on target 'CAtomic' in project 'swift-markdown'
        ➜ Explicit dependency on target 'cmark-gfm-product' in project 'cmark-gfm'
        ➜ Explicit dependency on target 'cmark-gfm-extensions-product' in project 'cmark-gfm'
    Target 'Markdown' in project 'swift-markdown'
        ➜ Explicit dependency on target 'CAtomic' in project 'swift-markdown'
        ➜ Explicit dependency on target 'cmark-gfm-product' in project 'cmark-gfm'
        ➜ Explicit dependency on target 'cmark-gfm-extensions-product' in project 'cmark-gfm'
    Target 'cmark-gfm-extensions-product' in project 'cmark-gfm'
        ➜ Explicit dependency on target 'cmark-gfm-extensions' in project 'cmark-gfm'
        ➜ Explicit dependency on target 'cmark-gfm' in project 'cmark-gfm'
    Target 'cmark-gfm-extensions' in project 'cmark-gfm'
        ➜ Explicit dependency on target 'cmark-gfm' in project 'cmark-gfm'
    Target 'cmark-gfm-product' in project 'cmark-gfm'
        ➜ Explicit dependency on target 'cmark-gfm' in project 'cmark-gfm'
    Target 'cmark-gfm' in project 'cmark-gfm' (no dependencies)
    Target 'CAtomic' in project 'swift-markdown' (no dependencies)
    Target 'Genesis-product' in project 'Genesis'
        ➜ Explicit dependency on target 'Genesis' in project 'Genesis'
    Target 'Genesis' in project 'Genesis' (no dependencies)
GatherProvisioningInputs
CreateBuildDescription
ClangStatCache /Applications/Xcode-27.0.0-Release.Candidate.app/Contents/Developer/Toolchains/XcodeDefault.xctoolchain/usr/bin/clang-stat-cache /Applications/Xcode-27.0.0-Release.Candidate.app/Contents/Developer/Platforms/AppleTVOS.platform/Developer/SDKs/AppleTVOS27.0.sdk /Users/admin/builder/spi-builder-workspace/.derivedData/SDKStatCaches.noindex/appletvos27.0-24J360-e829b21a6f8c9b70876ba0858053c044b32bfd8d43560033f8d89884cdb90028.sdkstatcache
    cd /Users/admin/builder/spi-builder-workspace/.swiftpm/xcode
    /Applications/Xcode-27.0.0-Release.Candidate.app/Contents/Developer/Toolchains/XcodeDefault.xctoolchain/usr/bin/clang-stat-cache /Applications/Xcode-27.0.0-Release.Candidate.app/Contents/Developer/Platforms/AppleTVOS.platform/Developer/SDKs/AppleTVOS27.0.sdk -o /Users/admin/builder/spi-builder-workspace/.derivedData/SDKStatCaches.noindex/appletvos27.0-24J360-e829b21a6f8c9b70876ba0858053c044b32bfd8d43560033f8d89884cdb90028.sdkstatcache
SwiftDriver Genesis normal arm64 com.apple.xcode.tools.swift.compiler (in target 'Genesis' from project 'Genesis')
    cd /Users/admin/builder/spi-builder-workspace/.swiftpm/xcode
    builtin-SwiftDriver -- /Applications/Xcode-27.0.0-Release.Candidate.app/Contents/Developer/Toolchains/XcodeDefault.xctoolchain/usr/bin/swiftc -parse-as-library -module-name Genesis -Onone @/Users/admin/builder/spi-builder-workspace/.derivedData/Build/Intermediates.noindex/Genesis.build/Debug-appletvos/Genesis-t.build/Objects-normal/arm64/Genesis.SwiftFileList -DSWIFT_PACKAGE -DDEBUG -DSWIFT_MODULE_RESOURCE_BUNDLE_UNAVAILABLE -DXcode -plugin-path /Applications/Xcode-27.0.0-Release.Candidate.app/Contents/Developer/Toolchains/XcodeDefault.xctoolchain/usr/lib/swift/host/plugins/testing -enable-experimental-feature DebugDescriptionMacro -sdk /Applications/Xcode-27.0.0-Release.Candidate.app/Contents/Developer/Platforms/AppleTVOS.platform/Developer/SDKs/AppleTVOS27.0.sdk -target arm64-apple-tvos15.0 -g -module-cache-path /Users/admin/builder/spi-builder-workspace/.derivedData/ModuleCache.noindex -Xfrontend -serialize-debugging-options -profile-coverage-mapping -profile-generate -enable-testing -index-store-path /Users/admin/builder/spi-builder-workspace/.derivedData/Index.noindex/DataStore -Xcc -D_LIBCPP_HARDENING_MODE\=_LIBCPP_HARDENING_MODE_DEBUG -swift-version 6 -I /Users/admin/builder/spi-builder-workspace/.derivedData/Build/Products/Debug-appletvos -Isystem /Applications/Xcode-27.0.0-Release.Candidate.app/Contents/Developer/Platforms/AppleTVOS.platform/Developer/usr/lib -F /Users/admin/builder/spi-builder-workspace/.derivedData/Build/Products/Debug-appletvos -F /Applications/Xcode-27.0.0-Release.Candidate.app/Contents/Developer/Platforms/AppleTVOS.platform/Developer/Library/Frameworks -F /Applications/Xcode-27.0.0-Release.Candidate.app/Contents/Developer/Platforms/AppleTVOS.platform/Developer/SDKs/AppleTVOS27.0.sdk/Developer/Library/Frameworks -c -j10 -enable-batch-mode -incremental -Xcc -ivfsstatcache -Xcc /Users/admin/builder/spi-builder-workspace/.derivedData/SDKStatCaches.noindex/appletvos27.0-24J360-e829b21a6f8c9b70876ba0858053c044b32bfd8d43560033f8d89884cdb90028.sdkstatcache -output-file-map /Users/admin/builder/spi-builder-workspace/.derivedData/Build/Intermediates.noindex/Genesis.build/Debug-appletvos/Genesis-t.build/Objects-normal/arm64/Genesis-OutputFileMap.json -save-temps -no-color-diagnostics -explicit-module-build -module-cache-path /Users/admin/builder/spi-builder-workspace/.derivedData/Build/Intermediates.noindex/SwiftExplicitPrecompiledModules -clang-scanner-module-cache-path /Users/admin/builder/spi-builder-workspace/.derivedData/ModuleCache.noindex -sdk-module-cache-path /Users/admin/builder/spi-builder-workspace/.derivedData/SDKExplicitPrecompiledModules -emit-dependencies -emit-module -emit-module-path /Users/admin/builder/spi-builder-workspace/.derivedData/Build/Intermediates.noindex/Genesis.build/Debug-appletvos/Genesis-t.build/Objects-normal/arm64/Genesis.swiftmodule -serialize-diagnostics -dependency-scan-serialize-diagnostics-path /Users/admin/builder/spi-builder-workspace/.derivedData/Build/Intermediates.noindex/Genesis.build/Debug-appletvos/Genesis-t.build/Objects-normal/arm64/Genesis-dependency-scan.dia -validate-clang-modules-once -clang-build-session-file /Users/admin/builder/spi-builder-workspace/.derivedData/ModuleCache.noindex/Session.modulevalidation -Xcc -fmodules-prune-interval\=86400 -Xcc -fmodules-prune-after\=345600 -package-name spi_builder_workspace -emit-const-values -const-gather-protocols-list /Users/admin/builder/spi-builder-workspace/.derivedData/Build/Intermediates.noindex/Genesis.build/Debug-appletvos/Genesis-t.build/Objects-normal/arm64/Genesis_const_extract_protocols.json -Xcc -I/Users/admin/builder/spi-builder-workspace/.derivedData/Build/Products/Debug-appletvos/include -Xcc -I/Users/admin/builder/spi-builder-workspace/.derivedData/Build/Intermediates.noindex/Genesis.build/Debug-appletvos/Genesis-t.build/DerivedSources-normal/arm64 -Xcc -I/Users/admin/builder/spi-builder-workspace/.derivedData/Build/Intermediates.noindex/Genesis.build/Debug-appletvos/Genesis-t.build/DerivedSources/arm64 -Xcc -I/Users/admin/builder/spi-builder-workspace/.derivedData/Build/Intermediates.noindex/Genesis.build/Debug-appletvos/Genesis-t.build/DerivedSources -Xcc -DSWIFT_PACKAGE -Xcc -DDEBUG\=1 -emit-objc-header -emit-objc-header-path /Users/admin/builder/spi-builder-workspace/.derivedData/Build/Intermediates.noindex/Genesis.build/Debug-appletvos/Genesis-t.build/Objects-normal/arm64/Genesis-Swift.h -working-directory /Users/admin/builder/spi-builder-workspace/.swiftpm/xcode -experimental-emit-module-separately -disable-cmo
SwiftDriver Markdown normal arm64 com.apple.xcode.tools.swift.compiler (in target 'Markdown' from project 'swift-markdown')
    cd /Users/admin/builder/spi-builder-workspace/.swiftpm/xcode
    builtin-SwiftDriver -- /Applications/Xcode-27.0.0-Release.Candidate.app/Contents/Developer/Toolchains/XcodeDefault.xctoolchain/usr/bin/swiftc -parse-as-library -module-name Markdown -Onone @/Users/admin/builder/spi-builder-workspace/.derivedData/Build/Intermediates.noindex/swift-markdown.build/Debug-appletvos/Markdown-t.build/Objects-normal/arm64/Markdown.SwiftFileList -DSWIFT_PACKAGE -DDEBUG -DSWIFT_MODULE_RESOURCE_BUNDLE_UNAVAILABLE -Xcc -fmodule-map-file\=/Users/admin/builder/spi-builder-workspace/.dependencies/checkouts/swift-cmark/src/include/module.modulemap -Xcc -fmodule-map-file\=/Users/admin/builder/spi-builder-workspace/.dependencies/checkouts/swift-cmark/extensions/include/module.modulemap -Xcc -fmodule-map-file\=/Users/admin/builder/spi-builder-workspace/.dependencies/checkouts/swift-markdown/Sources/CAtomic/include/module.modulemap -DXcode -plugin-path /Applications/Xcode-27.0.0-Release.Candidate.app/Contents/Developer/Toolchains/XcodeDefault.xctoolchain/usr/lib/swift/host/plugins/testing -enable-experimental-feature DebugDescriptionMacro -sdk /Applications/Xcode-27.0.0-Release.Candidate.app/Contents/Developer/Platforms/AppleTVOS.platform/Developer/SDKs/AppleTVOS27.0.sdk -target arm64-apple-tvos15.0 -g -module-cache-path /Users/admin/builder/spi-builder-workspace/.derivedData/ModuleCache.noindex -Xfrontend -serialize-debugging-options -profile-coverage-mapping -profile-generate -enable-testing -suppress-warnings -index-store-path /Users/admin/builder/spi-builder-workspace/.derivedData/Index.noindex/DataStore -Xcc -D_LIBCPP_HARDENING_MODE\=_LIBCPP_HARDENING_MODE_DEBUG -swift-version 5 -I /Users/admin/builder/spi-builder-workspace/.derivedData/Build/Products/Debug-appletvos -Isystem /Applications/Xcode-27.0.0-Release.Candidate.app/Contents/Developer/Platforms/AppleTVOS.platform/Developer/usr/lib -F /Users/admin/builder/spi-builder-workspace/.derivedData/Build/Products/Debug-appletvos/PackageFrameworks -F /Users/admin/builder/spi-builder-workspace/.derivedData/Build/Products/Debug-appletvos -F /Applications/Xcode-27.0.0-Release.Candidate.app/Contents/Developer/Platforms/AppleTVOS.platform/Developer/Library/Frameworks -F /Applications/Xcode-27.0.0-Release.Candidate.app/Contents/Developer/Platforms/AppleTVOS.platform/Developer/SDKs/AppleTVOS27.0.sdk/Developer/Library/Frameworks -c -j10 -enable-batch-mode -incremental -Xcc -ivfsstatcache -Xcc /Users/admin/builder/spi-builder-workspace/.derivedData/SDKStatCaches.noindex/appletvos27.0-24J360-e829b21a6f8c9b70876ba0858053c044b32bfd8d43560033f8d89884cdb90028.sdkstatcache -output-file-map /Users/admin/builder/spi-builder-workspace/.derivedData/Build/Intermediates.noindex/swift-markdown.build/Debug-appletvos/Markdown-t.build/Objects-normal/arm64/Markdown-OutputFileMap.json -save-temps -no-color-diagnostics -explicit-module-build -module-cache-path /Users/admin/builder/spi-builder-workspace/.derivedData/Build/Intermediates.noindex/SwiftExplicitPrecompiledModules -clang-scanner-module-cache-path /Users/admin/builder/spi-builder-workspace/.derivedData/ModuleCache.noindex -sdk-module-cache-path /Users/admin/builder/spi-builder-workspace/.derivedData/SDKExplicitPrecompiledModules -emit-dependencies -emit-module -emit-module-path /Users/admin/builder/spi-builder-workspace/.derivedData/Build/Intermediates.noindex/swift-markdown.build/Debug-appletvos/Markdown-t.build/Objects-normal/arm64/Markdown.swiftmodule -serialize-diagnostics -dependency-scan-serialize-diagnostics-path /Users/admin/builder/spi-builder-workspace/.derivedData/Build/Intermediates.noindex/swift-markdown.build/Debug-appletvos/Markdown-t.build/Objects-normal/arm64/Markdown-dependency-scan.dia -validate-clang-modules-once -clang-build-session-file /Users/admin/builder/spi-builder-workspace/.derivedData/ModuleCache.noindex/Session.modulevalidation -Xcc -fmodules-prune-interval\=86400 -Xcc -fmodules-prune-after\=345600 -package-name swift_markdown -emit-const-values -const-gather-protocols-list /Users/admin/builder/spi-builder-workspace/.derivedData/Build/Intermediates.noindex/swift-markdown.build/Debug-appletvos/Markdown-t.build/Objects-normal/arm64/Markdown_const_extract_protocols.json -Xcc -I/Users/admin/builder/spi-builder-workspace/.dependencies/checkouts/swift-cmark/src/include -Xcc -I/Users/admin/builder/spi-builder-workspace/.dependencies/checkouts/swift-cmark/extensions/include -Xcc -I/Users/admin/builder/spi-builder-workspace/.dependencies/checkouts/swift-markdown/Sources/CAtomic/include -Xcc -I/Users/admin/builder/spi-builder-workspace/.derivedData/Build/Products/Debug-appletvos/include -Xcc -I/Users/admin/builder/spi-builder-workspace/.derivedData/Build/Intermediates.noindex/swift-markdown.build/Debug-appletvos/Markdown-t.build/DerivedSources-normal/arm64 -Xcc -I/Users/admin/builder/spi-builder-workspace/.derivedData/Build/Intermediates.noindex/swift-markdown.build/Debug-appletvos/Markdown-t.build/DerivedSources/arm64 -Xcc -I/Users/admin/builder/spi-builder-workspace/.derivedData/Build/Intermediates.noindex/swift-markdown.build/Debug-appletvos/Markdown-t.build/DerivedSources -Xcc -DSWIFT_PACKAGE -Xcc -DDEBUG\=1 -emit-objc-header -emit-objc-header-path /Users/admin/builder/spi-builder-workspace/.derivedData/Build/Intermediates.noindex/swift-markdown.build/Debug-appletvos/Markdown-t.build/Objects-normal/arm64/Markdown-Swift.h -working-directory /Users/admin/builder/spi-builder-workspace/.swiftpm/xcode -experimental-emit-module-separately -disable-cmo
SwiftCompile normal arm64 Compiling\ Date-RFC822.swift,\ String-AbsoluteLinks.swift /Users/admin/builder/spi-builder-workspace/Sources/Genesis/Extensions/Date-RFC822.swift /Users/admin/builder/spi-builder-workspace/Sources/Genesis/Extensions/String-AbsoluteLinks.swift (in target 'Genesis' from project 'Genesis')
SwiftCompile normal arm64 /Users/admin/builder/spi-builder-workspace/Sources/Genesis/Extensions/Date-RFC822.swift (in target 'Genesis' from project 'Genesis')
    cd /Users/admin/builder/spi-builder-workspace/.swiftpm/xcode
    builtin-SwiftPerFileCompile Date-RFC822.swift
SwiftCompile normal arm64 /Users/admin/builder/spi-builder-workspace/Sources/Genesis/Extensions/String-AbsoluteLinks.swift (in target 'Genesis' from project 'Genesis')
    cd /Users/admin/builder/spi-builder-workspace/.swiftpm/xcode
    builtin-SwiftPerFileCompile String-AbsoluteLinks.swift
/Users/admin/builder/spi-builder-workspace/Sources/Genesis/Extensions/String-AbsoluteLinks.swift:14:18: error: 'replace(_:with:maxReplacements:)' is only available in tvOS 16.0 or newer
 1 | import Foundation
 2 |
 3 | public extension String {
   |        `- note: add '@available' attribute to enclosing extension
 4 |     /// Converts links and image sources from relative links to absolute.
 5 |     /// - Parameter url: The base URL, which is usually your web domain.
 6 |     /// - Returns: The adjusted string, where all relative links are absolute.
 7 |     func makingAbsoluteLinks(
   |          `- note: add '@available' attribute to enclosing instance method
 8 |         relativeTo url: URL,
 9 |         root: URL
   :
12 |
13 |         // Fix images.
14 |         absolute.replace(#/src="(?!http)(?!\/)/#, with: #"src="\#(url)/"#)
   |                  |- error: 'replace(_:with:maxReplacements:)' is only available in tvOS 16.0 or newer
   |                  `- note: add 'if #available' version check
15 |
16 | //        absolute.replace(#/src="(?!http)(?!\/)/#) { match in
/Users/admin/builder/spi-builder-workspace/Sources/Genesis/Extensions/String-AbsoluteLinks.swift:14:26: error: 'Regex' is only available in tvOS 16.0 or newer
 1 | import Foundation
 2 |
 3 | public extension String {
   |        `- note: add '@available' attribute to enclosing extension
 4 |     /// Converts links and image sources from relative links to absolute.
 5 |     /// - Parameter url: The base URL, which is usually your web domain.
 6 |     /// - Returns: The adjusted string, where all relative links are absolute.
 7 |     func makingAbsoluteLinks(
   |          `- note: add '@available' attribute to enclosing instance method
 8 |         relativeTo url: URL,
 9 |         root: URL
   :
12 |
13 |         // Fix images.
14 |         absolute.replace(#/src="(?!http)(?!\/)/#, with: #"src="\#(url)/"#)
   |                          |- error: 'Regex' is only available in tvOS 16.0 or newer
   |                          `- note: add 'if #available' version check
15 |
16 | //        absolute.replace(#/src="(?!http)(?!\/)/#) { match in
/Users/admin/builder/spi-builder-workspace/Sources/Genesis/Extensions/String-AbsoluteLinks.swift:23:18: error: 'replace(_:with:maxReplacements:)' is only available in tvOS 16.0 or newer
 1 | import Foundation
 2 |
 3 | public extension String {
   |        `- note: add '@available' attribute to enclosing extension
 4 |     /// Converts links and image sources from relative links to absolute.
 5 |     /// - Parameter url: The base URL, which is usually your web domain.
 6 |     /// - Returns: The adjusted string, where all relative links are absolute.
 7 |     func makingAbsoluteLinks(
   |          `- note: add '@available' attribute to enclosing instance method
 8 |         relativeTo url: URL,
 9 |         root: URL
   :
21 |         // Fix links.
22 |         // Replace links that are full relative (without /)
23 |         absolute.replace(#/href="(?!http)(?!\/)/#, with: #"href="\#(url)/"#)
   |                  |- error: 'replace(_:with:maxReplacements:)' is only available in tvOS 16.0 or newer
   |                  `- note: add 'if #available' version check
24 |         // Replace links that are root relative (with /)
25 |         absolute.replace(#/href="(?!http)(\/)/#, with: #"href="\#(root)/"#)
/Users/admin/builder/spi-builder-workspace/Sources/Genesis/Extensions/String-AbsoluteLinks.swift:23:26: error: 'Regex' is only available in tvOS 16.0 or newer
 1 | import Foundation
 2 |
 3 | public extension String {
   |        `- note: add '@available' attribute to enclosing extension
 4 |     /// Converts links and image sources from relative links to absolute.
 5 |     /// - Parameter url: The base URL, which is usually your web domain.
 6 |     /// - Returns: The adjusted string, where all relative links are absolute.
 7 |     func makingAbsoluteLinks(
   |          `- note: add '@available' attribute to enclosing instance method
 8 |         relativeTo url: URL,
 9 |         root: URL
   :
21 |         // Fix links.
22 |         // Replace links that are full relative (without /)
23 |         absolute.replace(#/href="(?!http)(?!\/)/#, with: #"href="\#(url)/"#)
   |                          |- error: 'Regex' is only available in tvOS 16.0 or newer
   |                          `- note: add 'if #available' version check
24 |         // Replace links that are root relative (with /)
25 |         absolute.replace(#/href="(?!http)(\/)/#, with: #"href="\#(root)/"#)
/Users/admin/builder/spi-builder-workspace/Sources/Genesis/Extensions/String-AbsoluteLinks.swift:25:18: error: 'replace(_:with:maxReplacements:)' is only available in tvOS 16.0 or newer
 1 | import Foundation
 2 |
 3 | public extension String {
   |        `- note: add '@available' attribute to enclosing extension
 4 |     /// Converts links and image sources from relative links to absolute.
 5 |     /// - Parameter url: The base URL, which is usually your web domain.
 6 |     /// - Returns: The adjusted string, where all relative links are absolute.
 7 |     func makingAbsoluteLinks(
   |          `- note: add '@available' attribute to enclosing instance method
 8 |         relativeTo url: URL,
 9 |         root: URL
   :
23 |         absolute.replace(#/href="(?!http)(?!\/)/#, with: #"href="\#(url)/"#)
24 |         // Replace links that are root relative (with /)
25 |         absolute.replace(#/href="(?!http)(\/)/#, with: #"href="\#(root)/"#)
   |                  |- error: 'replace(_:with:maxReplacements:)' is only available in tvOS 16.0 or newer
   |                  `- note: add 'if #available' version check
26 |
27 | //        absolute.replace(#/href="(?<path>\/[^"]+)/#) { match in
SwiftCompile normal arm64 Compiling\ Content.swift,\ Context.swift /Users/admin/builder/spi-builder-workspace/Sources/Genesis/Core/Content.swift /Users/admin/builder/spi-builder-workspace/Sources/Genesis/Core/Context.swift (in target 'Genesis' from project 'Genesis')
SwiftCompile normal arm64 /Users/admin/builder/spi-builder-workspace/Sources/Genesis/Core/Content.swift (in target 'Genesis' from project 'Genesis')
    cd /Users/admin/builder/spi-builder-workspace/.swiftpm/xcode
    builtin-SwiftPerFileCompile Content.swift
SwiftCompile normal arm64 /Users/admin/builder/spi-builder-workspace/Sources/Genesis/Core/Context.swift (in target 'Genesis' from project 'Genesis')
    cd /Users/admin/builder/spi-builder-workspace/.swiftpm/xcode
    builtin-SwiftPerFileCompile Context.swift
/Users/admin/builder/spi-builder-workspace/Sources/Genesis/Core/Content.swift:18:18: error: 'appending(path:directoryHint:)' is only available in tvOS 16.0 or newer
12 | }
13 |
14 | public extension Content {
   |        `- note: add '@available' attribute to enclosing extension
15 |     /// Get the full URL to this content. Useful for creating feed XML that includes
16 |     /// this content.
17 |     func path(in site: any Site) -> String {
   |          `- note: add '@available' attribute to enclosing instance method
18 |         site.url.appending(path: path).absoluteString
   |                  |- error: 'appending(path:directoryHint:)' is only available in tvOS 16.0 or newer
   |                  `- note: add 'if #available' version check
19 |     }
20 | }
/Users/admin/builder/spi-builder-workspace/Sources/Genesis/Core/Context.swift:63:41: error: 'appending(path:directoryHint:)' is only available in tvOS 16.0 or newer
 15 | }
 16 |
 17 | public actor Context {
    |              `- note: add '@available' attribute to enclosing actor
 18 |     /// The site that is currently being built.
 19 |     public nonisolated let site: any Site
    :
 53 |     ///   folders are located.
 54 |     ///   - buildDirectoryPath: The path where the artifacts are generated.
 55 |     public init(
    |            `- note: add '@available' attribute to enclosing initializer
 56 |         for site: any Site,
 57 |         rootURL: URL,
    :
 61 |
 62 |         rootDirectory = rootURL
 63 |         assetsDirectory = rootDirectory.appending(path: "Assets")
    |                                         |- error: 'appending(path:directoryHint:)' is only available in tvOS 16.0 or newer
    |                                         `- note: add 'if #available' version check
 64 |         contentDirectory = rootDirectory.appending(path: "Content")
 65 | //        includesDirectory = rootDirectory.appending(path: "Includes")
/Users/admin/builder/spi-builder-workspace/Sources/Genesis/Core/Context.swift:64:42: error: 'appending(path:directoryHint:)' is only available in tvOS 16.0 or newer
 15 | }
 16 |
 17 | public actor Context {
    |              `- note: add '@available' attribute to enclosing actor
 18 |     /// The site that is currently being built.
 19 |     public nonisolated let site: any Site
    :
 53 |     ///   folders are located.
 54 |     ///   - buildDirectoryPath: The path where the artifacts are generated.
 55 |     public init(
    |            `- note: add '@available' attribute to enclosing initializer
 56 |         for site: any Site,
 57 |         rootURL: URL,
    :
 62 |         rootDirectory = rootURL
 63 |         assetsDirectory = rootDirectory.appending(path: "Assets")
 64 |         contentDirectory = rootDirectory.appending(path: "Content")
    |                                          |- error: 'appending(path:directoryHint:)' is only available in tvOS 16.0 or newer
    |                                          `- note: add 'if #available' version check
 65 | //        includesDirectory = rootDirectory.appending(path: "Includes")
 66 |         buildDirectory = rootDirectory.appending(path: buildDirectoryPath)
/Users/admin/builder/spi-builder-workspace/Sources/Genesis/Core/Context.swift:66:40: error: 'appending(path:directoryHint:)' is only available in tvOS 16.0 or newer
 15 | }
 16 |
 17 | public actor Context {
    |              `- note: add '@available' attribute to enclosing actor
 18 |     /// The site that is currently being built.
 19 |     public nonisolated let site: any Site
    :
 53 |     ///   folders are located.
 54 |     ///   - buildDirectoryPath: The path where the artifacts are generated.
 55 |     public init(
    |            `- note: add '@available' attribute to enclosing initializer
 56 |         for site: any Site,
 57 |         rootURL: URL,
    :
 64 |         contentDirectory = rootDirectory.appending(path: "Content")
 65 | //        includesDirectory = rootDirectory.appending(path: "Includes")
 66 |         buildDirectory = rootDirectory.appending(path: buildDirectoryPath)
    |                                        |- error: 'appending(path:directoryHint:)' is only available in tvOS 16.0 or newer
    |                                        `- note: add 'if #available' version check
 67 |     }
 68 |
/Users/admin/builder/spi-builder-workspace/Sources/Genesis/Core/Context.swift:160:46: error: 'appending(path:directoryHint:)' is only available in tvOS 16.0 or newer
 92 |
 93 | /// API for each step of the generation
 94 | public extension Context {
    |        `- note: add '@available' attribute to enclosing extension
 95 |     func loadContent(
 96 |         from loaders: sending [any ContentLoader]
    :
155 |     }
156 |
157 |     private func render(_ staticPage: any Page) async throws {
    |                  `- note: add '@available' attribute to enclosing instance method
158 |         let outputString = try await staticPage.render(context: self)
159 |
160 |         let outputDirectory = buildDirectory.appending(path: staticPage.path)
    |                                              |- error: 'appending(path:directoryHint:)' is only available in tvOS 16.0 or newer
    |                                              `- note: add 'if #available' version check
161 |
162 |         try write(
/Users/admin/builder/spi-builder-workspace/Sources/Genesis/Core/Context.swift:189:35: error: 'appending(path:directoryHint:)' is only available in tvOS 16.0 or newer
 92 |
 93 | /// API for each step of the generation
 94 | public extension Context {
    |        `- note: add '@available' attribute to enclosing extension
 95 |     func loadContent(
 96 |         from loaders: sending [any ContentLoader]
    :
175 |     ///   - priority: A priority value to control how important this content
176 |     ///   is for the sitemap.
177 |     private func write(
    |                  `- note: add '@available' attribute to enclosing instance method
178 |         _ string: String,
179 |         to directory: URL,
    :
187 |         }
188 |
189 |         let outputURL = directory.appending(path: fileName)
    |                                   |- error: 'appending(path:directoryHint:)' is only available in tvOS 16.0 or newer
    |                                   `- note: add 'if #available' version check
190 |
191 |         // Check the sitemap
/Users/admin/builder/spi-builder-workspace/Sources/Genesis/Core/Context.swift:222:37: error: 'appending(path:directoryHint:)' is only available in tvOS 16.0 or newer
 92 |
 93 | /// API for each step of the generation
 94 | public extension Context {
    |        `- note: add '@available' attribute to enclosing extension
 95 |     func loadContent(
 96 |         from loaders: sending [any ContentLoader]
    :
212 |
213 |     /// Copy the assets in the `assetsDirectory` to the `buildDirectory.
214 |     func copyAssets() throws {
    |          `- note: add '@available' attribute to enclosing instance method
215 |         let assets = try FileManager.default.contentsOfDirectory(
216 |             at: assetsDirectory,
    :
220 |         for asset in assets {
221 |             try FileManager.default.copyItem(
222 |                 at: assetsDirectory.appending(path: asset.lastPathComponent),
    |                                     |- error: 'appending(path:directoryHint:)' is only available in tvOS 16.0 or newer
    |                                     `- note: add 'if #available' version check
223 |                 to: buildDirectory.appending(path: asset.lastPathComponent)
224 |             )
SwiftCompile normal arm64 Compiling\ URL+Date.swift,\ URL-Relative.swift /Users/admin/builder/spi-builder-workspace/Sources/Genesis/Extensions/URL+Date.swift /Users/admin/builder/spi-builder-workspace/Sources/Genesis/Extensions/URL-Relative.swift (in target 'Genesis' from project 'Genesis')
/Users/admin/builder/spi-builder-workspace/Sources/Genesis/Extensions/URL-Relative.swift:8:30: error: 'path(percentEncoded:)' is only available in tvOS 16.0 or newer
 1 | import Foundation
 2 |
 3 | public extension URL {
   |        `- note: add '@available' attribute to enclosing extension
 4 |     /// Creates a relative URL by using another URL as its base.
 5 |     /// - Parameter other: The base URL to compare against.
 6 |     /// - Returns: A relative URL.
 7 |     func relative(to other: URL) -> String {
   |          `- note: add '@available' attribute to enclosing instance method
 8 |         let basePath = other.path()
   |                              |- error: 'path(percentEncoded:)' is only available in tvOS 16.0 or newer
   |                              `- note: add 'if #available' version check
 9 |         let thisPath = path()
10 |         let result = thisPath.trimmingPrefix(basePath)
/Users/admin/builder/spi-builder-workspace/Sources/Genesis/Extensions/URL-Relative.swift:9:24: error: 'path(percentEncoded:)' is only available in tvOS 16.0 or newer
 1 | import Foundation
 2 |
 3 | public extension URL {
   |        `- note: add '@available' attribute to enclosing extension
 4 |     /// Creates a relative URL by using another URL as its base.
 5 |     /// - Parameter other: The base URL to compare against.
 6 |     /// - Returns: A relative URL.
 7 |     func relative(to other: URL) -> String {
   |          `- note: add '@available' attribute to enclosing instance method
 8 |         let basePath = other.path()
 9 |         let thisPath = path()
   |                        |- error: 'path(percentEncoded:)' is only available in tvOS 16.0 or newer
   |                        `- note: add 'if #available' version check
10 |         let result = thisPath.trimmingPrefix(basePath)
11 |
SwiftCompile normal arm64 /Users/admin/builder/spi-builder-workspace/Sources/Genesis/Extensions/URL+Date.swift (in target 'Genesis' from project 'Genesis')
    cd /Users/admin/builder/spi-builder-workspace/.swiftpm/xcode
    builtin-SwiftPerFileCompile URL+Date.swift
SwiftCompile normal arm64 /Users/admin/builder/spi-builder-workspace/Sources/Genesis/Extensions/URL-Relative.swift (in target 'Genesis' from project 'Genesis')
    cd /Users/admin/builder/spi-builder-workspace/.swiftpm/xcode
    builtin-SwiftPerFileCompile URL-Relative.swift
SwiftCompile normal arm64 Compiling\ String-Slug.swift,\ String-StrippingTags.swift /Users/admin/builder/spi-builder-workspace/Sources/Genesis/Extensions/String-Slug.swift /Users/admin/builder/spi-builder-workspace/Sources/Genesis/Extensions/String-StrippingTags.swift (in target 'Genesis' from project 'Genesis')
/Users/admin/builder/spi-builder-workspace/Sources/Genesis/Extensions/String-Slug.swift:29:31: error: 'replacing(_:with:maxReplacements:)' is only available in tvOS 16.0 or newer
 1 | import Foundation
 2 |
 3 | public extension String {
   |        `- note: add '@available' attribute to enclosing extension
 4 |     /// A list of characters that are safe to use in URLs.
 5 |     private static let slugSafeCharacters = CharacterSet(charactersIn: """
   :
11 |     /// - Returns: The URL-safe version of the string, or nil if no
12 |     /// conversion was possible.
13 |     func convertedToSlug() -> String? {
   |          `- note: add '@available' attribute to enclosing instance method
14 |         let startingPoint = convertToDashCase()
15 |
   :
27 |             if result.isEmpty == false {
28 |                 // Replace multiple dashes with a single dash.
29 |                 return result.replacing(#/-{2,}/#, with: "-")
   |                               |- error: 'replacing(_:with:maxReplacements:)' is only available in tvOS 16.0 or newer
   |                               `- note: add 'if #available' version check
30 |             }
31 |         }
/Users/admin/builder/spi-builder-workspace/Sources/Genesis/Extensions/String-Slug.swift:29:41: error: 'Regex' is only available in tvOS 16.0 or newer
 1 | import Foundation
 2 |
 3 | public extension String {
   |        `- note: add '@available' attribute to enclosing extension
 4 |     /// A list of characters that are safe to use in URLs.
 5 |     private static let slugSafeCharacters = CharacterSet(charactersIn: """
   :
11 |     /// - Returns: The URL-safe version of the string, or nil if no
12 |     /// conversion was possible.
13 |     func convertedToSlug() -> String? {
   |          `- note: add '@available' attribute to enclosing instance method
14 |         let startingPoint = convertToDashCase()
15 |
   :
27 |             if result.isEmpty == false {
28 |                 // Replace multiple dashes with a single dash.
29 |                 return result.replacing(#/-{2,}/#, with: "-")
   |                                         |- error: 'Regex' is only available in tvOS 16.0 or newer
   |                                         `- note: add 'if #available' version check
30 |             }
31 |         }
/Users/admin/builder/spi-builder-workspace/Sources/Genesis/Extensions/String-StrippingTags.swift:6:9: error: 'replacing(_:with:maxReplacements:)' is only available in tvOS 16.0 or newer
1 | import Foundation
2 |
3 | public extension String {
  |        `- note: add '@available' attribute to enclosing extension
4 |     /// Removes all HTML tags from a string, so it's safe to use as plain-text.
5 |     func strippingTags() -> String {
  |          `- note: add '@available' attribute to enclosing instance method
6 |         replacing(#/<.*?>/#, with: "")
  |         |- error: 'replacing(_:with:maxReplacements:)' is only available in tvOS 16.0 or newer
  |         `- note: add 'if #available' version check
7 |     }
8 | }
SwiftCompile normal arm64 /Users/admin/builder/spi-builder-workspace/Sources/Genesis/Extensions/String-Slug.swift (in target 'Genesis' from project 'Genesis')
    cd /Users/admin/builder/spi-builder-workspace/.swiftpm/xcode
    builtin-SwiftPerFileCompile String-Slug.swift
SwiftCompile normal arm64 /Users/admin/builder/spi-builder-workspace/Sources/Genesis/Extensions/String-StrippingTags.swift (in target 'Genesis' from project 'Genesis')
    cd /Users/admin/builder/spi-builder-workspace/.swiftpm/xcode
    builtin-SwiftPerFileCompile String-StrippingTags.swift
SwiftCompile normal arm64 Compiling\ Language.swift /Users/admin/builder/spi-builder-workspace/Sources/Genesis/SecondaryCore/Language.swift (in target 'Genesis' from project 'Genesis')
SwiftCompile normal arm64 /Users/admin/builder/spi-builder-workspace/Sources/Genesis/SecondaryCore/Language.swift (in target 'Genesis' from project 'Genesis')
    cd /Users/admin/builder/spi-builder-workspace/.swiftpm/xcode
    builtin-SwiftPerFileCompile Language.swift
SwiftCompile normal arm64 Compiling\ Page.swift,\ Site.swift /Users/admin/builder/spi-builder-workspace/Sources/Genesis/Core/Page.swift /Users/admin/builder/spi-builder-workspace/Sources/Genesis/Core/Site.swift (in target 'Genesis' from project 'Genesis')
SwiftCompile normal arm64 /Users/admin/builder/spi-builder-workspace/Sources/Genesis/Core/Page.swift (in target 'Genesis' from project 'Genesis')
    cd /Users/admin/builder/spi-builder-workspace/.swiftpm/xcode
    builtin-SwiftPerFileCompile Page.swift
SwiftCompile normal arm64 /Users/admin/builder/spi-builder-workspace/Sources/Genesis/Core/Site.swift (in target 'Genesis' from project 'Genesis')
    cd /Users/admin/builder/spi-builder-workspace/.swiftpm/xcode
    builtin-SwiftPerFileCompile Site.swift
SwiftEmitModule normal arm64 Emitting\ module\ for\ Genesis (in target 'Genesis' from project 'Genesis')
/Users/admin/builder/spi-builder-workspace/Sources/Genesis/Batteries/EstimatedReadingTime.swift:55:16: error: 'matches(of:)' is only available in tvOS 16.0 or newer
36 | }
37 |
38 | public extension EstimatedReadingTime.WordsEstimationStrategy {
   |        `- note: add '@available' attribute to enclosing extension
39 |     /// The original strategy used in https://github.com/alexito4/ReadingTimePublishPlugin
40 |     /// Tried to strip out html tags to find only the words.
   :
52 |     /// Used by https://github.com/twostraws/Ignite
53 |     /// Uses regex engine to count the words.
54 |     static let regexWords: Self = .init { string in
   |                `- note: add '@available' attribute to enclosing static property
55 |         string.matches(of: #/[\w-]+/#).count
   |                |- error: 'matches(of:)' is only available in tvOS 16.0 or newer
   |                `- note: add 'if #available' version check
56 |     }
57 | }
/Users/admin/builder/spi-builder-workspace/Sources/Genesis/Batteries/EstimatedReadingTime.swift:55:28: error: 'Regex' is only available in tvOS 16.0 or newer
36 | }
37 |
38 | public extension EstimatedReadingTime.WordsEstimationStrategy {
   |        `- note: add '@available' attribute to enclosing extension
39 |     /// The original strategy used in https://github.com/alexito4/ReadingTimePublishPlugin
40 |     /// Tried to strip out html tags to find only the words.
   :
52 |     /// Used by https://github.com/twostraws/Ignite
53 |     /// Uses regex engine to count the words.
54 |     static let regexWords: Self = .init { string in
   |                `- note: add '@available' attribute to enclosing static property
55 |         string.matches(of: #/[\w-]+/#).count
   |                            |- error: 'Regex' is only available in tvOS 16.0 or newer
   |                            `- note: add 'if #available' version check
56 |     }
57 | }
/Users/admin/builder/spi-builder-workspace/Sources/Genesis/Core/Context.swift:63:41: error: 'appending(path:directoryHint:)' is only available in tvOS 16.0 or newer
 15 | }
 16 |
 17 | public actor Context {
    |              `- note: add '@available' attribute to enclosing actor
 18 |     /// The site that is currently being built.
 19 |     public nonisolated let site: any Site
    :
 53 |     ///   folders are located.
 54 |     ///   - buildDirectoryPath: The path where the artifacts are generated.
 55 |     public init(
    |            `- note: add '@available' attribute to enclosing initializer
 56 |         for site: any Site,
 57 |         rootURL: URL,
    :
 61 |
 62 |         rootDirectory = rootURL
 63 |         assetsDirectory = rootDirectory.appending(path: "Assets")
    |                                         |- error: 'appending(path:directoryHint:)' is only available in tvOS 16.0 or newer
    |                                         `- note: add 'if #available' version check
 64 |         contentDirectory = rootDirectory.appending(path: "Content")
 65 | //        includesDirectory = rootDirectory.appending(path: "Includes")
/Users/admin/builder/spi-builder-workspace/Sources/Genesis/Core/Context.swift:64:42: error: 'appending(path:directoryHint:)' is only available in tvOS 16.0 or newer
 15 | }
 16 |
 17 | public actor Context {
    |              `- note: add '@available' attribute to enclosing actor
 18 |     /// The site that is currently being built.
 19 |     public nonisolated let site: any Site
    :
 53 |     ///   folders are located.
 54 |     ///   - buildDirectoryPath: The path where the artifacts are generated.
 55 |     public init(
    |            `- note: add '@available' attribute to enclosing initializer
 56 |         for site: any Site,
 57 |         rootURL: URL,
    :
 62 |         rootDirectory = rootURL
 63 |         assetsDirectory = rootDirectory.appending(path: "Assets")
 64 |         contentDirectory = rootDirectory.appending(path: "Content")
    |                                          |- error: 'appending(path:directoryHint:)' is only available in tvOS 16.0 or newer
    |                                          `- note: add 'if #available' version check
 65 | //        includesDirectory = rootDirectory.appending(path: "Includes")
 66 |         buildDirectory = rootDirectory.appending(path: buildDirectoryPath)
/Users/admin/builder/spi-builder-workspace/Sources/Genesis/Core/Context.swift:66:40: error: 'appending(path:directoryHint:)' is only available in tvOS 16.0 or newer
 15 | }
 16 |
 17 | public actor Context {
    |              `- note: add '@available' attribute to enclosing actor
 18 |     /// The site that is currently being built.
 19 |     public nonisolated let site: any Site
    :
 53 |     ///   folders are located.
 54 |     ///   - buildDirectoryPath: The path where the artifacts are generated.
 55 |     public init(
    |            `- note: add '@available' attribute to enclosing initializer
 56 |         for site: any Site,
 57 |         rootURL: URL,
    :
 64 |         contentDirectory = rootDirectory.appending(path: "Content")
 65 | //        includesDirectory = rootDirectory.appending(path: "Includes")
 66 |         buildDirectory = rootDirectory.appending(path: buildDirectoryPath)
    |                                        |- error: 'appending(path:directoryHint:)' is only available in tvOS 16.0 or newer
    |                                        `- note: add 'if #available' version check
 67 |     }
 68 |
Failed frontend command:
/Applications/Xcode-27.0.0-Release.Candidate.app/Contents/Developer/Toolchains/XcodeDefault.xctoolchain/usr/bin/swift-frontend -frontend -emit-module -experimental-skip-non-inlinable-function-bodies-without-types /Users/admin/builder/spi-builder-workspace/Sources/Genesis/Batteries/ContentBundle.swift /Users/admin/builder/spi-builder-workspace/Sources/Genesis/Batteries/EstimatedReadingTime.swift /Users/admin/builder/spi-builder-workspace/Sources/Genesis/Core/Content.swift /Users/admin/builder/spi-builder-workspace/Sources/Genesis/Core/Context.swift /Users/admin/builder/spi-builder-workspace/Sources/Genesis/Core/Page.swift /Users/admin/builder/spi-builder-workspace/Sources/Genesis/Core/Site.swift /Users/admin/builder/spi-builder-workspace/Sources/Genesis/Extensions/Date-RFC822.swift /Users/admin/builder/spi-builder-workspace/Sources/Genesis/Extensions/String-AbsoluteLinks.swift /Users/admin/builder/spi-builder-workspace/Sources/Genesis/Extensions/String-Slug.swift /Users/admin/builder/spi-builder-workspace/Sources/Genesis/Extensions/String-StrippingTags.swift /Users/admin/builder/spi-builder-workspace/Sources/Genesis/Extensions/URL+Date.swift /Users/admin/builder/spi-builder-workspace/Sources/Genesis/Extensions/URL-Relative.swift /Users/admin/builder/spi-builder-workspace/Sources/Genesis/Extensions/URL-SelectDirectories.swift /Users/admin/builder/spi-builder-workspace/Sources/Genesis/SecondaryCore/Language.swift /Users/admin/builder/spi-builder-workspace/Sources/Genesis/SecondaryCore/Location.swift /Users/admin/builder/spi-builder-workspace/Sources/Genesis/SecondaryCore/PublishingError.swift -target arm64-apple-tvos15.0 -disable-cross-import-overlay-search -load-resolved-plugin /Applications/Xcode-27.0.0-Release.Candidate.app/Contents/Developer/Platforms/AppleTVOS.platform/Developer/usr/lib/swift/host/plugins/libFoundationMacros.dylib\#/Applications/Xcode-27.0.0-Release.Candidate.app/Contents/Developer/Platforms/AppleTVOS.platform/Developer/usr/bin/swift-plugin-server\#FoundationMacros -load-resolved-plugin /Applications/Xcode-27.0.0-Release.Candidate.app/Contents/Developer/Platforms/AppleTVOS.platform/Developer/usr/lib/swift/host/plugins/libObservationMacros.dylib\#/Applications/Xcode-27.0.0-Release.Candidate.app/Contents/Developer/Platforms/AppleTVOS.platform/Developer/usr/bin/swift-plugin-server\#ObservationMacros -load-resolved-plugin /Applications/Xcode-27.0.0-Release.Candidate.app/Contents/Developer/Platforms/AppleTVOS.platform/Developer/usr/lib/swift/host/plugins/libSwiftMacros.dylib\#/Applications/Xcode-27.0.0-Release.Candidate.app/Contents/Developer/Platforms/AppleTVOS.platform/Developer/usr/bin/swift-plugin-server\#SwiftMacros -disable-implicit-swift-modules -Xcc -fno-implicit-modules -Xcc -fno-implicit-module-maps -explicit-swift-module-map-file /Users/admin/builder/spi-builder-workspace/.derivedData/Build/Intermediates.noindex/Genesis.build/Debug-appletvos/Genesis-t.build/Objects-normal/arm64/Genesis-dependencies-1.json -Xllvm -aarch64-use-tbi -enable-objc-interop -stack-check -sdk /Applications/Xcode-27.0.0-Release.Candidate.app/Contents/Developer/Platforms/AppleTVOS.platform/Developer/SDKs/AppleTVOS27.0.sdk -I /Users/admin/builder/spi-builder-workspace/.derivedData/Build/Products/Debug-appletvos -Isystem /Applications/Xcode-27.0.0-Release.Candidate.app/Contents/Developer/Platforms/AppleTVOS.platform/Developer/usr/lib -F /Users/admin/builder/spi-builder-workspace/.derivedData/Build/Products/Debug-appletvos -F /Applications/Xcode-27.0.0-Release.Candidate.app/Contents/Developer/Platforms/AppleTVOS.platform/Developer/Library/Frameworks -F /Applications/Xcode-27.0.0-Release.Candidate.app/Contents/Developer/Platforms/AppleTVOS.platform/Developer/SDKs/AppleTVOS27.0.sdk/Developer/Library/Frameworks -module-cache-path /Users/admin/builder/spi-builder-workspace/.derivedData/Build/Intermediates.noindex/SwiftExplicitPrecompiledModules -no-color-diagnostics -Xcc -fno-color-diagnostics -enable-testing -g -debug-info-format\=dwarf -dwarf-version\=4 -profile-generate -profile-coverage-mapping -swift-version 6 -Onone -D SWIFT_PACKAGE -D DEBUG -D SWIFT_MODULE_RESOURCE_BUNDLE_UNAVAILABLE -D Xcode -serialize-debugging-options -enable-experimental-feature DebugDescriptionMacro -empty-abi-descriptor -validate-clang-modules-once -clang-build-session-file /Users/admin/builder/spi-builder-workspace/.derivedData/ModuleCache.noindex/Session.modulevalidation -Xcc -working-directory -Xcc /Users/admin/builder/spi-builder-workspace/.swiftpm/xcode -enable-anonymous-context-mangled-names -file-compilation-dir /Users/admin/builder/spi-builder-workspace/.swiftpm/xcode -Xcc -D_LIBCPP_HARDENING_MODE\=_LIBCPP_HARDENING_MODE_DEBUG -Xcc -ivfsstatcache -Xcc /Users/admin/builder/spi-builder-workspace/.derivedData/SDKStatCaches.noindex/appletvos27.0-24J360-e829b21a6f8c9b70876ba0858053c044b32bfd8d43560033f8d89884cdb90028.sdkstatcache -Xcc -fmodules-prune-interval\=86400 -Xcc -fmodules-prune-after\=345600 -Xcc -I/Users/admin/builder/spi-builder-workspace/.derivedData/Build/Products/Debug-appletvos/include -Xcc -I/Users/admin/builder/spi-builder-workspace/.derivedData/Build/Intermediates.noindex/Genesis.build/Debug-appletvos/Genesis-t.build/DerivedSources-normal/arm64 -Xcc -I/Users/admin/builder/spi-builder-workspace/.derivedData/Build/Intermediates.noindex/Genesis.build/Debug-appletvos/Genesis-t.build/DerivedSources/arm64 -Xcc -I/Users/admin/builder/spi-builder-workspace/.derivedData/Build/Intermediates.noindex/Genesis.build/Debug-appletvos/Genesis-t.build/DerivedSources -Xcc -DSWIFT_PACKAGE -Xcc -DDEBUG\=1 -no-auto-bridging-header-chaining -module-name Genesis -package-name spi_builder_workspace -const-gather-protocols-file /Users/admin/builder/spi-builder-workspace/.derivedData/Build/Intermediates.noindex/Genesis.build/Debug-appletvos/Genesis-t.build/Objects-normal/arm64/Genesis_const_extract_protocols.json -disable-clang-spi -clang-target arm64-apple-tvos27.0 -target-sdk-version 27.0 -target-sdk-name appletvos27.0 -in-process-plugin-server-path /Applications/Xcode-27.0.0-Release.Candidate.app/Contents/Developer/Toolchains/XcodeDefault.xctoolchain/usr/lib/swift/host/libSwiftInProcPluginServer.dylib -emit-module-doc-path /Users/admin/builder/spi-builder-workspace/.derivedData/Build/Intermediates.noindex/Genesis.build/Debug-appletvos/Genesis-t.build/Objects-normal/arm64/Genesis.swiftdoc -emit-module-source-info-path /Users/admin/builder/spi-builder-workspace/.derivedData/Build/Intermediates.noindex/Genesis.build/Debug-appletvos/Genesis-t.build/Objects-normal/arm64/Genesis.swiftsourceinfo -emit-objc-header-path /Users/admin/builder/spi-builder-workspace/.derivedData/Build/Intermediates.noindex/Genesis.build/Debug-appletvos/Genesis-t.build/Objects-normal/arm64/Genesis-Swift.h -serialize-diagnostics-path /Users/admin/builder/spi-builder-workspace/.derivedData/Build/Intermediates.noindex/Genesis.build/Debug-appletvos/Genesis-t.build/Objects-normal/arm64/Genesis-primary-emit-module.dia -emit-dependencies-path /Users/admin/builder/spi-builder-workspace/.derivedData/Build/Intermediates.noindex/Genesis.build/Debug-appletvos/Genesis-t.build/Objects-normal/arm64/Genesis-primary-emit-module.d -parse-as-library -o /Users/admin/builder/spi-builder-workspace/.derivedData/Build/Intermediates.noindex/Genesis.build/Debug-appletvos/Genesis-t.build/Objects-normal/arm64/Genesis.swiftmodule -emit-abi-descriptor-path /Users/admin/builder/spi-builder-workspace/.derivedData/Build/Intermediates.noindex/Genesis.build/Debug-appletvos/Genesis-t.build/Objects-normal/arm64/Genesis.abi.json
SwiftCompile normal arm64 (in target 'Genesis' from project 'Genesis')
    cd /Users/admin/builder/spi-builder-workspace/.swiftpm/xcode

SwiftCompile normal arm64 Compiling\ PublishingError.swift /Users/admin/builder/spi-builder-workspace/Sources/Genesis/SecondaryCore/PublishingError.swift (in target 'Genesis' from project 'Genesis')
SwiftCompile normal arm64 /Users/admin/builder/spi-builder-workspace/Sources/Genesis/SecondaryCore/PublishingError.swift (in target 'Genesis' from project 'Genesis')
    cd /Users/admin/builder/spi-builder-workspace/.swiftpm/xcode
    builtin-SwiftPerFileCompile PublishingError.swift
SwiftCompile normal arm64 Compiling\ URL-SelectDirectories.swift /Users/admin/builder/spi-builder-workspace/Sources/Genesis/Extensions/URL-SelectDirectories.swift (in target 'Genesis' from project 'Genesis')
/Users/admin/builder/spi-builder-workspace/Sources/Genesis/Extensions/URL-SelectDirectories.swift:12:26: error: 'init(filePath:directoryHint:relativeTo:)' is only available in tvOS 16.0 or newer
 1 | import Foundation
 2 |
 3 | public extension URL {
   |        `- note: add '@available' attribute to enclosing extension
 4 |     /// Returns URL where to find Assets/Content/Includes and URL where to generate the static web site.
 5 |     /// It supports running the generation from source via `swift run` or from a precompiled binary.
   :
 8 |     /// - Parameter file: path of a Swift source file to find source root directory by scanning path upwards.
 9 |     /// - Returns tupple containing source URL and URL where output is built.
10 |     static func selectDirectories(from file: StaticString) throws -> SourceBuildDirectories {
   |                 `- note: add '@available' attribute to enclosing static method
11 |         // From swift run
12 |         var currentURL = URL(filePath: file.description)
   |                          |- error: 'init(filePath:directoryHint:relativeTo:)' is only available in tvOS 16.0 or newer
   |                          `- note: add 'if #available' version check
13 |         repeat {
14 |             currentURL = currentURL.deletingLastPathComponent()
/Users/admin/builder/spi-builder-workspace/Sources/Genesis/Extensions/URL-SelectDirectories.swift:16:41: error: 'appending(path:directoryHint:)' is only available in tvOS 16.0 or newer
 1 | import Foundation
 2 |
 3 | public extension URL {
   |        `- note: add '@available' attribute to enclosing extension
 4 |     /// Returns URL where to find Assets/Content/Includes and URL where to generate the static web site.
 5 |     /// It supports running the generation from source via `swift run` or from a precompiled binary.
   :
 8 |     /// - Parameter file: path of a Swift source file to find source root directory by scanning path upwards.
 9 |     /// - Returns tupple containing source URL and URL where output is built.
10 |     static func selectDirectories(from file: StaticString) throws -> SourceBuildDirectories {
   |                 `- note: add '@available' attribute to enclosing static method
11 |         // From swift run
12 |         var currentURL = URL(filePath: file.description)
   :
14 |             currentURL = currentURL.deletingLastPathComponent()
15 |
16 |             let packageURL = currentURL.appending(path: "Package.swift")
   |                                         |- error: 'appending(path:directoryHint:)' is only available in tvOS 16.0 or newer
   |                                         `- note: add 'if #available' version check
17 |             if FileManager.default.fileExists(atPath: packageURL.path) {
18 |                 return SourceBuildDirectories(source: packageURL.deletingLastPathComponent(),
/Users/admin/builder/spi-builder-workspace/Sources/Genesis/Extensions/URL-SelectDirectories.swift:21:28: error: 'path(percentEncoded:)' is only available in tvOS 16.0 or newer
 1 | import Foundation
 2 |
 3 | public extension URL {
   |        `- note: add '@available' attribute to enclosing extension
 4 |     /// Returns URL where to find Assets/Content/Includes and URL where to generate the static web site.
 5 |     /// It supports running the generation from source via `swift run` or from a precompiled binary.
   :
 8 |     /// - Parameter file: path of a Swift source file to find source root directory by scanning path upwards.
 9 |     /// - Returns tupple containing source URL and URL where output is built.
10 |     static func selectDirectories(from file: StaticString) throws -> SourceBuildDirectories {
   |                 `- note: add '@available' attribute to enclosing static method
11 |         // From swift run
12 |         var currentURL = URL(filePath: file.description)
   :
19 |                                               build: packageURL.deletingLastPathComponent())
20 |             }
21 |         } while currentURL.path() != "/"
   |                            |- error: 'path(percentEncoded:)' is only available in tvOS 16.0 or newer
   |                            `- note: add 'if #available' version check
22 |
23 |         // When build as binary
/Users/admin/builder/spi-builder-workspace/Sources/Genesis/Extensions/URL-SelectDirectories.swift:24:22: error: 'init(filePath:directoryHint:relativeTo:)' is only available in tvOS 16.0 or newer
 1 | import Foundation
 2 |
 3 | public extension URL {
   |        `- note: add '@available' attribute to enclosing extension
 4 |     /// Returns URL where to find Assets/Content/Includes and URL where to generate the static web site.
 5 |     /// It supports running the generation from source via `swift run` or from a precompiled binary.
   :
 8 |     /// - Parameter file: path of a Swift source file to find source root directory by scanning path upwards.
 9 |     /// - Returns tupple containing source URL and URL where output is built.
10 |     static func selectDirectories(from file: StaticString) throws -> SourceBuildDirectories {
   |                 `- note: add '@available' attribute to enclosing static method
11 |         // From swift run
12 |         var currentURL = URL(filePath: file.description)
   :
22 |
23 |         // When build as binary
24 |         currentURL = URL(filePath: FileManager.default.currentDirectoryPath)
   |                      |- error: 'init(filePath:directoryHint:relativeTo:)' is only available in tvOS 16.0 or newer
   |                      `- note: add 'if #available' version check
25 |         while currentURL.path() != "/" {
26 |             let packageURL = currentURL.appending(path: "Package.swift")
/Users/admin/builder/spi-builder-workspace/Sources/Genesis/Extensions/URL-SelectDirectories.swift:25:26: error: 'path(percentEncoded:)' is only available in tvOS 16.0 or newer
 1 | import Foundation
 2 |
 3 | public extension URL {
   |        `- note: add '@available' attribute to enclosing extension
 4 |     /// Returns URL where to find Assets/Content/Includes and URL where to generate the static web site.
 5 |     /// It supports running the generation from source via `swift run` or from a precompiled binary.
   :
 8 |     /// - Parameter file: path of a Swift source file to find source root directory by scanning path upwards.
 9 |     /// - Returns tupple containing source URL and URL where output is built.
10 |     static func selectDirectories(from file: StaticString) throws -> SourceBuildDirectories {
   |                 `- note: add '@available' attribute to enclosing static method
11 |         // From swift run
12 |         var currentURL = URL(filePath: file.description)
   :
23 |         // When build as binary
24 |         currentURL = URL(filePath: FileManager.default.currentDirectoryPath)
25 |         while currentURL.path() != "/" {
   |                          |- error: 'path(percentEncoded:)' is only available in tvOS 16.0 or newer
   |                          `- note: add 'if #available' version check
26 |             let packageURL = currentURL.appending(path: "Package.swift")
27 |             if FileManager.default.fileExists(atPath: packageURL.path) {
/Users/admin/builder/spi-builder-workspace/Sources/Genesis/Extensions/URL-SelectDirectories.swift:26:41: error: 'appending(path:directoryHint:)' is only available in tvOS 16.0 or newer
 1 | import Foundation
 2 |
 3 | public extension URL {
   |        `- note: add '@available' attribute to enclosing extension
 4 |     /// Returns URL where to find Assets/Content/Includes and URL where to generate the static web site.
 5 |     /// It supports running the generation from source via `swift run` or from a precompiled binary.
   :
 8 |     /// - Parameter file: path of a Swift source file to find source root directory by scanning path upwards.
 9 |     /// - Returns tupple containing source URL and URL where output is built.
10 |     static func selectDirectories(from file: StaticString) throws -> SourceBuildDirectories {
   |                 `- note: add '@available' attribute to enclosing static method
11 |         // From swift run
12 |         var currentURL = URL(filePath: file.description)
   :
24 |         currentURL = URL(filePath: FileManager.default.currentDirectoryPath)
25 |         while currentURL.path() != "/" {
26 |             let packageURL = currentURL.appending(path: "Package.swift")
   |                                         |- error: 'appending(path:directoryHint:)' is only available in tvOS 16.0 or newer
   |                                         `- note: add 'if #available' version check
27 |             if FileManager.default.fileExists(atPath: packageURL.path) {
28 |                 return SourceBuildDirectories(source: packageURL.deletingLastPathComponent(),
SwiftCompile normal arm64 /Users/admin/builder/spi-builder-workspace/Sources/Genesis/Extensions/URL-SelectDirectories.swift (in target 'Genesis' from project 'Genesis')
    cd /Users/admin/builder/spi-builder-workspace/.swiftpm/xcode
    builtin-SwiftPerFileCompile URL-SelectDirectories.swift
SwiftCompile normal arm64 Compiling\ ContentBundle.swift,\ EstimatedReadingTime.swift /Users/admin/builder/spi-builder-workspace/Sources/Genesis/Batteries/ContentBundle.swift /Users/admin/builder/spi-builder-workspace/Sources/Genesis/Batteries/EstimatedReadingTime.swift (in target 'Genesis' from project 'Genesis')
/Users/admin/builder/spi-builder-workspace/Sources/Genesis/Batteries/ContentBundle.swift:20:50: error: 'appending(path:directoryHint:)' is only available in tvOS 16.0 or newer
 7 | }
 8 |
 9 | public extension Context {
   |        `- note: add '@available' attribute to enclosing extension
10 |     /// Copy the assets from each `ContentWithResources` to the output directory
11 |     func copyContentResources() throws {
   |          `- note: add '@available' attribute to enclosing instance method
12 |         let allContent = content(of: (any ContentWithResources).self)
13 |
   :
18 |                 .filter { ![".DS_Store", "index.md"].contains($0.lastPathComponent) }
19 |
20 |             let outputDirectory = buildDirectory.appending(path: content.path)
   |                                                  |- error: 'appending(path:directoryHint:)' is only available in tvOS 16.0 or newer
   |                                                  `- note: add 'if #available' version check
21 |
22 |             for resource in resources {
/Users/admin/builder/spi-builder-workspace/Sources/Genesis/Batteries/ContentBundle.swift:23:51: error: 'appending(path:directoryHint:)' is only available in tvOS 16.0 or newer
 7 | }
 8 |
 9 | public extension Context {
   |        `- note: add '@available' attribute to enclosing extension
10 |     /// Copy the assets from each `ContentWithResources` to the output directory
11 |     func copyContentResources() throws {
   |          `- note: add '@available' attribute to enclosing instance method
12 |         let allContent = content(of: (any ContentWithResources).self)
13 |
   :
21 |
22 |             for resource in resources {
23 |                 let destination = outputDirectory.appending(path: resource.lastPathComponent)
   |                                                   |- error: 'appending(path:directoryHint:)' is only available in tvOS 16.0 or newer
   |                                                   `- note: add 'if #available' version check
24 |                 try FileManager.default.copyItem(at: resource, to: destination)
25 |             }
/Users/admin/builder/spi-builder-workspace/Sources/Genesis/Batteries/EstimatedReadingTime.swift:55:16: error: 'matches(of:)' is only available in tvOS 16.0 or newer
36 | }
37 |
38 | public extension EstimatedReadingTime.WordsEstimationStrategy {
   |        `- note: add '@available' attribute to enclosing extension
39 |     /// The original strategy used in https://github.com/alexito4/ReadingTimePublishPlugin
40 |     /// Tried to strip out html tags to find only the words.
   :
52 |     /// Used by https://github.com/twostraws/Ignite
53 |     /// Uses regex engine to count the words.
54 |     static let regexWords: Self = .init { string in
   |                `- note: add '@available' attribute to enclosing static property
55 |         string.matches(of: #/[\w-]+/#).count
   |                |- error: 'matches(of:)' is only available in tvOS 16.0 or newer
   |                `- note: add 'if #available' version check
56 |     }
57 | }
SwiftCompile normal arm64 /Users/admin/builder/spi-builder-workspace/Sources/Genesis/Batteries/ContentBundle.swift (in target 'Genesis' from project 'Genesis')
    cd /Users/admin/builder/spi-builder-workspace/.swiftpm/xcode
    builtin-SwiftPerFileCompile ContentBundle.swift
SwiftCompile normal arm64 /Users/admin/builder/spi-builder-workspace/Sources/Genesis/Batteries/EstimatedReadingTime.swift (in target 'Genesis' from project 'Genesis')
    cd /Users/admin/builder/spi-builder-workspace/.swiftpm/xcode
    builtin-SwiftPerFileCompile EstimatedReadingTime.swift
SwiftEmitModule normal arm64 Emitting\ module\ for\ Markdown (in target 'Markdown' from project 'swift-markdown')
SwiftCompile normal arm64 (in target 'Markdown' from project 'swift-markdown')
    cd /Users/admin/builder/spi-builder-workspace/.swiftpm/xcode

PruneExplicitPrecompiledModules /Users/admin/builder/spi-builder-workspace/.derivedData/Build/Intermediates.noindex/ExplicitPrecompiledModules
PruneExplicitPrecompiledModules /Users/admin/builder/spi-builder-workspace/.derivedData/SDKExplicitPrecompiledModules
PruneExplicitPrecompiledModules /Users/admin/builder/spi-builder-workspace/.derivedData/Build/Intermediates.noindex/SwiftExplicitPrecompiledModules
2026-09-24 22:52:57.495 xcodebuild[883:5095] [MT] IDERunDestination: Supported platforms for the buildables in the current scheme is empty.
** BUILD FAILED **
The following build commands failed:
	SwiftEmitModule normal arm64 Emitting\ module\ for\ Genesis (in target 'Genesis' from project 'Genesis')
	SwiftCompile normal arm64 (in target 'Genesis' from project 'Genesis')
	Building workspace Genesis with scheme Genesis-Package
(3 failures)
BUILD FAILURE 6.4 tvOS