Build Information
Failed to build SwiftUIMessage, reference 1.0.0 (96db46), with Swift 6.4 for watchOS using Xcode 27.0 on 26 Sep 2026 01:46:38 UTC.
Build Command
env DEVELOPER_DIR=/Applications/Xcode-27.0.0-Release.Candidate.app xcrun xcodebuild -IDEClonedSourcePackagesDirPathOverride=$PWD/.dependencies -skipMacroValidation -skipPackagePluginValidation -derivedDataPath $PWD/.derivedData build -scheme SwiftUIMessage -destination generic/platform=watchOSBuild Log
========================================
RunAll
========================================
Builder version: 5.1.0
Interrupt handler set up.
========================================
Checkout
========================================
Clone URL: https://github.com/edonv/SwiftUIMessage.git
Reference: 1.0.0
Initialized empty Git repository in /Users/admin/builder/spi-builder-workspace/.git/
From https://github.com/edonv/SwiftUIMessage
* tag 1.0.0 -> FETCH_HEAD
HEAD is now at 96db46c Update Package.swift
Cloned https://github.com/edonv/SwiftUIMessage.git
Revision (git rev-parse @):
96db46c70833ea3dfde08c11c64f094162d79679
SPI manifest file found: $PWD/.spi.yml
SUCCESS checkout https://github.com/edonv/SwiftUIMessage.git at 1.0.0
========================================
Build
========================================
Selected platform: watchOS
Swift version: 6.4
Building package at path: $PWD
https://github.com/edonv/SwiftUIMessage.git
Command line invocation:
/Applications/Xcode-27.0.0-Release.Candidate.app/Contents/Developer/usr/bin/xcodebuild -IDEClonedSourcePackagesDirPathOverride=/Users/admin/builder/spi-builder-workspace/.dependencies -resolvePackageDependencies
Resolve Package Graph
Resolve Package Graph
Resolved source packages:
SwiftUIMessage: /Users/admin/builder/spi-builder-workspace
resolved source packages: SwiftUIMessage
2026-09-25 21:45:58.827 xcodebuild[529:3021] [MT] IDERunDestination: Supported platforms for the buildables in the current scheme is empty.
{
"dependencies" : [
],
"manifest_display_name" : "SwiftUIMessage",
"name" : "SwiftUIMessage",
"path" : "/Users/admin/builder/spi-builder-workspace",
"platforms" : [
{
"name" : "ios",
"version" : "13.0"
},
{
"name" : "maccatalyst",
"version" : "13.0"
},
{
"name" : "visionos",
"version" : "1.0"
}
],
"products" : [
{
"name" : "SwiftUIMessage",
"targets" : [
"SwiftUIMessage"
],
"type" : {
"library" : [
"automatic"
]
}
}
],
"targets" : [
{
"c99name" : "SwiftUIMessageTests",
"module_type" : "SwiftTarget",
"name" : "SwiftUIMessageTests",
"path" : "Tests/SwiftUIMessageTests",
"sources" : [
"SwiftUIMessageTests.swift"
],
"target_dependencies" : [
"SwiftUIMessage"
],
"type" : "test"
},
{
"c99name" : "SwiftUIMessage",
"module_type" : "SwiftTarget",
"name" : "SwiftUIMessage",
"path" : "Sources/SwiftUIMessage",
"product_memberships" : [
"SwiftUIMessage"
],
"resources" : [
{
"path" : "/Users/admin/builder/spi-builder-workspace/Sources/PrivacyInfo.xcprivacy",
"rule" : {
"copy" : {
}
}
}
],
"sources" : [
"MFMailComposeViewController/MailComposeView+Attachment.swift",
"MFMailComposeViewController/MailComposeView+ViewModifiers.swift",
"MFMailComposeViewController/MailComposeView.swift",
"MFMessageComposeViewController/MessageComposeView+Attachment.swift",
"MFMessageComposeViewController/MessageComposeView+Environment.swift",
"MFMessageComposeViewController/MessageComposeView+ViewModifiers.swift",
"MFMessageComposeViewController/MessageComposeView.swift",
"NotificationName+Extensions.swift"
],
"type" : "library"
}
],
"tools_version" : "6.0"
}
{
"workspace" : {
"name" : "SwiftUIMessage",
"schemes" : [
"SwiftUIMessage"
]
}
}
2026-09-25 21:46:30.464 xcodebuild[626:3848] [MT] IDERunDestination: Supported platforms for the buildables in the current scheme is empty.
Running build ...
env DEVELOPER_DIR=/Applications/Xcode-27.0.0-Release.Candidate.app xcrun xcodebuild -IDEClonedSourcePackagesDirPathOverride=$PWD/.dependencies -skipMacroValidation -skipPackagePluginValidation -derivedDataPath $PWD/.derivedData build -scheme SwiftUIMessage -destination generic/platform=watchOS
Command line invocation:
/Applications/Xcode-27.0.0-Release.Candidate.app/Contents/Developer/usr/bin/xcodebuild -IDEClonedSourcePackagesDirPathOverride=/Users/admin/builder/spi-builder-workspace/.dependencies -skipMacroValidation -skipPackagePluginValidation -derivedDataPath /Users/admin/builder/spi-builder-workspace/.derivedData build -scheme SwiftUIMessage -destination generic/platform=watchOS
Resolve Package Graph
Resolved source packages:
SwiftUIMessage: /Users/admin/builder/spi-builder-workspace
ComputePackagePrebuildTargetDependencyGraph
Prepare packages
CreateBuildRequest
SendProjectDescription
CreateBuildOperation
ComputeTargetDependencyGraph
note: Building targets in dependency order
note: Target dependency graph (3 targets)
Target 'SwiftUIMessage-product' in project 'SwiftUIMessage'
➜ Explicit dependency on target 'SwiftUIMessage' in project 'SwiftUIMessage'
➜ Explicit dependency on target 'SwiftUIMessage_SwiftUIMessage' in project 'SwiftUIMessage'
Target 'SwiftUIMessage' in project 'SwiftUIMessage'
➜ Explicit dependency on target 'SwiftUIMessage_SwiftUIMessage' in project 'SwiftUIMessage'
Target 'SwiftUIMessage_SwiftUIMessage' in project 'SwiftUIMessage' (no dependencies)
GatherProvisioningInputs
CreateBuildDescription
ExecuteExternalTool /Applications/Xcode-27.0.0-Release.Candidate.app/Contents/Developer/Toolchains/XcodeDefault.xctoolchain/usr/bin/clang -v -E -dM -isysroot /Applications/Xcode-27.0.0-Release.Candidate.app/Contents/Developer/Platforms/WatchOS.platform/Developer/SDKs/WatchOS27.0.sdk -x c -c /dev/null
ExecuteExternalTool /Applications/Xcode-27.0.0-Release.Candidate.app/Contents/Developer/Toolchains/XcodeDefault.xctoolchain/usr/bin/swiftc --version
ExecuteExternalTool /Applications/Xcode-27.0.0-Release.Candidate.app/Contents/Developer/Toolchains/XcodeDefault.xctoolchain/usr/bin/ld -version_details
Build description signature: 8b5f28a1f6ec58a205d1f20dcdd37565
Build description path: /Users/admin/builder/spi-builder-workspace/.derivedData/Build/Intermediates.noindex/XCBuildData/8b5f28a1f6ec58a205d1f20dcdd37565.xcbuilddata
CreateBuildDirectory /Users/admin/builder/spi-builder-workspace/.derivedData/SDKExplicitPrecompiledModules
cd /Users/admin/builder/spi-builder-workspace/.swiftpm/xcode
builtin-create-build-directory /Users/admin/builder/spi-builder-workspace/.derivedData/SDKExplicitPrecompiledModules
CreateBuildDirectory /Users/admin/builder/spi-builder-workspace/.derivedData/ModuleCache.noindex
cd /Users/admin/builder/spi-builder-workspace/.swiftpm/xcode
builtin-create-build-directory /Users/admin/builder/spi-builder-workspace/.derivedData/ModuleCache.noindex
CreateBuildDirectory /Users/admin/builder/spi-builder-workspace/.derivedData/CompilationCache.noindex
cd /Users/admin/builder/spi-builder-workspace/.swiftpm/xcode
builtin-create-build-directory /Users/admin/builder/spi-builder-workspace/.derivedData/CompilationCache.noindex
CreateBuildDirectory /Users/admin/builder/spi-builder-workspace/.derivedData/Build/Intermediates.noindex
cd /Users/admin/builder/spi-builder-workspace/.swiftpm/xcode
builtin-create-build-directory /Users/admin/builder/spi-builder-workspace/.derivedData/Build/Intermediates.noindex
ClangStatCache /Applications/Xcode-27.0.0-Release.Candidate.app/Contents/Developer/Toolchains/XcodeDefault.xctoolchain/usr/bin/clang-stat-cache /Applications/Xcode-27.0.0-Release.Candidate.app/Contents/Developer/Platforms/WatchOS.platform/Developer/SDKs/WatchOS27.0.sdk /Users/admin/builder/spi-builder-workspace/.derivedData/SDKStatCaches.noindex/watchos27.0-24R360-e829b21a6f8c9b70876ba0858053c04477534ef55a1706bf4c1112bbb242f0a2.sdkstatcache
cd /Users/admin/builder/spi-builder-workspace/.swiftpm/xcode
/Applications/Xcode-27.0.0-Release.Candidate.app/Contents/Developer/Toolchains/XcodeDefault.xctoolchain/usr/bin/clang-stat-cache /Applications/Xcode-27.0.0-Release.Candidate.app/Contents/Developer/Platforms/WatchOS.platform/Developer/SDKs/WatchOS27.0.sdk -o /Users/admin/builder/spi-builder-workspace/.derivedData/SDKStatCaches.noindex/watchos27.0-24R360-e829b21a6f8c9b70876ba0858053c04477534ef55a1706bf4c1112bbb242f0a2.sdkstatcache
CreateBuildDirectory /Users/admin/builder/spi-builder-workspace/.derivedData/Build/Products
cd /Users/admin/builder/spi-builder-workspace/.swiftpm/xcode
builtin-create-build-directory /Users/admin/builder/spi-builder-workspace/.derivedData/Build/Products
CreateBuildDirectory /Users/admin/builder/spi-builder-workspace/.derivedData/Build/Intermediates.noindex/SwiftExplicitPrecompiledModules
cd /Users/admin/builder/spi-builder-workspace/.swiftpm/xcode
builtin-create-build-directory /Users/admin/builder/spi-builder-workspace/.derivedData/Build/Intermediates.noindex/SwiftExplicitPrecompiledModules
CreateBuildDirectory /Users/admin/builder/spi-builder-workspace/.derivedData/Build/Intermediates.noindex/PrecompiledHeaders
cd /Users/admin/builder/spi-builder-workspace/.swiftpm/xcode
builtin-create-build-directory /Users/admin/builder/spi-builder-workspace/.derivedData/Build/Intermediates.noindex/PrecompiledHeaders
CreateBuildDirectory /Users/admin/builder/spi-builder-workspace/.derivedData/Build/Intermediates.noindex/ExplicitPrecompiledModules
cd /Users/admin/builder/spi-builder-workspace/.swiftpm/xcode
builtin-create-build-directory /Users/admin/builder/spi-builder-workspace/.derivedData/Build/Intermediates.noindex/ExplicitPrecompiledModules
CreateBuildDirectory /Users/admin/builder/spi-builder-workspace/.derivedData/Build/Intermediates.noindex/EagerLinkingTBDs/Debug-watchos
cd /Users/admin/builder/spi-builder-workspace/.swiftpm/xcode
builtin-create-build-directory /Users/admin/builder/spi-builder-workspace/.derivedData/Build/Intermediates.noindex/EagerLinkingTBDs/Debug-watchos
CreateBuildDirectory /Users/admin/builder/spi-builder-workspace/.derivedData/Build/Products/Debug-watchos
cd /Users/admin/builder/spi-builder-workspace/.swiftpm/xcode
builtin-create-build-directory /Users/admin/builder/spi-builder-workspace/.derivedData/Build/Products/Debug-watchos
CreateBuildDirectory /Users/admin/builder/spi-builder-workspace/.derivedData/Build/Products/Debug-watchos/PackageFrameworks
cd /Users/admin/builder/spi-builder-workspace/.swiftpm/xcode
builtin-create-build-directory /Users/admin/builder/spi-builder-workspace/.derivedData/Build/Products/Debug-watchos/PackageFrameworks
MkDir /Users/admin/builder/spi-builder-workspace/.derivedData/Build/Products/Debug-watchos/SwiftUIMessage_SwiftUIMessage.bundle (in target 'SwiftUIMessage_SwiftUIMessage' from project 'SwiftUIMessage')
cd /Users/admin/builder/spi-builder-workspace
/bin/mkdir -p /Users/admin/builder/spi-builder-workspace/.derivedData/Build/Products/Debug-watchos/SwiftUIMessage_SwiftUIMessage.bundle
WriteAuxiliaryFile /Users/admin/builder/spi-builder-workspace/.derivedData/Build/Intermediates.noindex/SwiftUIMessage.build/Debug-watchos/SwiftUIMessage_SwiftUIMessage-b.build/SwiftUIMessage_SwiftUIMessage.DependencyStaticMetadataFileList (in target 'SwiftUIMessage_SwiftUIMessage' from project 'SwiftUIMessage')
cd /Users/admin/builder/spi-builder-workspace
write-file /Users/admin/builder/spi-builder-workspace/.derivedData/Build/Intermediates.noindex/SwiftUIMessage.build/Debug-watchos/SwiftUIMessage_SwiftUIMessage-b.build/SwiftUIMessage_SwiftUIMessage.DependencyStaticMetadataFileList
WriteAuxiliaryFile /Users/admin/builder/spi-builder-workspace/.derivedData/Build/Intermediates.noindex/SwiftUIMessage.build/Debug-watchos/SwiftUIMessage_SwiftUIMessage-b.build/SwiftUIMessage_SwiftUIMessage.DependencyMetadataFileList (in target 'SwiftUIMessage_SwiftUIMessage' from project 'SwiftUIMessage')
cd /Users/admin/builder/spi-builder-workspace
write-file /Users/admin/builder/spi-builder-workspace/.derivedData/Build/Intermediates.noindex/SwiftUIMessage.build/Debug-watchos/SwiftUIMessage_SwiftUIMessage-b.build/SwiftUIMessage_SwiftUIMessage.DependencyMetadataFileList
WriteAuxiliaryFile /Users/admin/builder/spi-builder-workspace/.derivedData/Build/Intermediates.noindex/SwiftUIMessage.build/Debug-watchos/SwiftUIMessage_SwiftUIMessage-b.build/empty-SwiftUIMessage_SwiftUIMessage.plist (in target 'SwiftUIMessage_SwiftUIMessage' from project 'SwiftUIMessage')
cd /Users/admin/builder/spi-builder-workspace
write-file /Users/admin/builder/spi-builder-workspace/.derivedData/Build/Intermediates.noindex/SwiftUIMessage.build/Debug-watchos/SwiftUIMessage_SwiftUIMessage-b.build/empty-SwiftUIMessage_SwiftUIMessage.plist
WriteAuxiliaryFile /Users/admin/builder/spi-builder-workspace/.derivedData/Build/Intermediates.noindex/SwiftUIMessage.build/Debug-watchos/SwiftUIMessage-t.build/SwiftUIMessage.modulemap (in target 'SwiftUIMessage' from project 'SwiftUIMessage')
cd /Users/admin/builder/spi-builder-workspace
write-file /Users/admin/builder/spi-builder-workspace/.derivedData/Build/Intermediates.noindex/SwiftUIMessage.build/Debug-watchos/SwiftUIMessage-t.build/SwiftUIMessage.modulemap
WriteAuxiliaryFile /Users/admin/builder/spi-builder-workspace/.derivedData/Build/Intermediates.noindex/SwiftUIMessage.build/Debug-watchos/SwiftUIMessage-t.build/SwiftUIMessage.DependencyStaticMetadataFileList (in target 'SwiftUIMessage' from project 'SwiftUIMessage')
cd /Users/admin/builder/spi-builder-workspace
write-file /Users/admin/builder/spi-builder-workspace/.derivedData/Build/Intermediates.noindex/SwiftUIMessage.build/Debug-watchos/SwiftUIMessage-t.build/SwiftUIMessage.DependencyStaticMetadataFileList
WriteAuxiliaryFile /Users/admin/builder/spi-builder-workspace/.derivedData/Build/Intermediates.noindex/SwiftUIMessage.build/Debug-watchos/SwiftUIMessage-t.build/SwiftUIMessage.DependencyMetadataFileList (in target 'SwiftUIMessage' from project 'SwiftUIMessage')
cd /Users/admin/builder/spi-builder-workspace
write-file /Users/admin/builder/spi-builder-workspace/.derivedData/Build/Intermediates.noindex/SwiftUIMessage.build/Debug-watchos/SwiftUIMessage-t.build/SwiftUIMessage.DependencyMetadataFileList
WriteAuxiliaryFile /Users/admin/builder/spi-builder-workspace/.derivedData/Build/Intermediates.noindex/SwiftUIMessage.build/Debug-watchos/SwiftUIMessage-t.build/Objects-normal/arm64_32/SwiftUIMessage.SwiftFileList (in target 'SwiftUIMessage' from project 'SwiftUIMessage')
cd /Users/admin/builder/spi-builder-workspace
write-file /Users/admin/builder/spi-builder-workspace/.derivedData/Build/Intermediates.noindex/SwiftUIMessage.build/Debug-watchos/SwiftUIMessage-t.build/Objects-normal/arm64_32/SwiftUIMessage.SwiftFileList
WriteAuxiliaryFile /Users/admin/builder/spi-builder-workspace/.derivedData/Build/Intermediates.noindex/SwiftUIMessage.build/Debug-watchos/SwiftUIMessage-t.build/Objects-normal/arm64_32/SwiftUIMessage_const_extract_protocols.json (in target 'SwiftUIMessage' from project 'SwiftUIMessage')
cd /Users/admin/builder/spi-builder-workspace
write-file /Users/admin/builder/spi-builder-workspace/.derivedData/Build/Intermediates.noindex/SwiftUIMessage.build/Debug-watchos/SwiftUIMessage-t.build/Objects-normal/arm64_32/SwiftUIMessage_const_extract_protocols.json
WriteAuxiliaryFile /Users/admin/builder/spi-builder-workspace/.derivedData/Build/Intermediates.noindex/SwiftUIMessage.build/Debug-watchos/SwiftUIMessage-t.build/Objects-normal/arm64_32/SwiftUIMessage.SwiftConstValuesFileList (in target 'SwiftUIMessage' from project 'SwiftUIMessage')
cd /Users/admin/builder/spi-builder-workspace
write-file /Users/admin/builder/spi-builder-workspace/.derivedData/Build/Intermediates.noindex/SwiftUIMessage.build/Debug-watchos/SwiftUIMessage-t.build/Objects-normal/arm64_32/SwiftUIMessage.SwiftConstValuesFileList
WriteAuxiliaryFile /Users/admin/builder/spi-builder-workspace/.derivedData/Build/Intermediates.noindex/SwiftUIMessage.build/Debug-watchos/SwiftUIMessage-t.build/Objects-normal/arm64_32/SwiftUIMessage.LinkFileList (in target 'SwiftUIMessage' from project 'SwiftUIMessage')
cd /Users/admin/builder/spi-builder-workspace
write-file /Users/admin/builder/spi-builder-workspace/.derivedData/Build/Intermediates.noindex/SwiftUIMessage.build/Debug-watchos/SwiftUIMessage-t.build/Objects-normal/arm64_32/SwiftUIMessage.LinkFileList
WriteAuxiliaryFile /Users/admin/builder/spi-builder-workspace/.derivedData/Build/Intermediates.noindex/SwiftUIMessage.build/Debug-watchos/SwiftUIMessage-t.build/Objects-normal/arm64_32/SwiftUIMessage-OutputFileMap.json (in target 'SwiftUIMessage' from project 'SwiftUIMessage')
cd /Users/admin/builder/spi-builder-workspace
write-file /Users/admin/builder/spi-builder-workspace/.derivedData/Build/Intermediates.noindex/SwiftUIMessage.build/Debug-watchos/SwiftUIMessage-t.build/Objects-normal/arm64_32/SwiftUIMessage-OutputFileMap.json
WriteAuxiliaryFile /Users/admin/builder/spi-builder-workspace/.derivedData/Build/Intermediates.noindex/SwiftUIMessage.build/Debug-watchos/SwiftUIMessage-t.build/Objects-normal/arm64/SwiftUIMessage_const_extract_protocols.json (in target 'SwiftUIMessage' from project 'SwiftUIMessage')
cd /Users/admin/builder/spi-builder-workspace
write-file /Users/admin/builder/spi-builder-workspace/.derivedData/Build/Intermediates.noindex/SwiftUIMessage.build/Debug-watchos/SwiftUIMessage-t.build/Objects-normal/arm64/SwiftUIMessage_const_extract_protocols.json
WriteAuxiliaryFile /Users/admin/builder/spi-builder-workspace/.derivedData/Build/Intermediates.noindex/SwiftUIMessage.build/Debug-watchos/SwiftUIMessage-t.build/Objects-normal/arm64/SwiftUIMessage.SwiftFileList (in target 'SwiftUIMessage' from project 'SwiftUIMessage')
cd /Users/admin/builder/spi-builder-workspace
write-file /Users/admin/builder/spi-builder-workspace/.derivedData/Build/Intermediates.noindex/SwiftUIMessage.build/Debug-watchos/SwiftUIMessage-t.build/Objects-normal/arm64/SwiftUIMessage.SwiftFileList
WriteAuxiliaryFile /Users/admin/builder/spi-builder-workspace/.derivedData/Build/Intermediates.noindex/SwiftUIMessage.build/Debug-watchos/SwiftUIMessage-t.build/Objects-normal/arm64/SwiftUIMessage.SwiftConstValuesFileList (in target 'SwiftUIMessage' from project 'SwiftUIMessage')
cd /Users/admin/builder/spi-builder-workspace
write-file /Users/admin/builder/spi-builder-workspace/.derivedData/Build/Intermediates.noindex/SwiftUIMessage.build/Debug-watchos/SwiftUIMessage-t.build/Objects-normal/arm64/SwiftUIMessage.SwiftConstValuesFileList
WriteAuxiliaryFile /Users/admin/builder/spi-builder-workspace/.derivedData/Build/Intermediates.noindex/SwiftUIMessage.build/Debug-watchos/SwiftUIMessage-t.build/Objects-normal/arm64/SwiftUIMessage.LinkFileList (in target 'SwiftUIMessage' from project 'SwiftUIMessage')
cd /Users/admin/builder/spi-builder-workspace
write-file /Users/admin/builder/spi-builder-workspace/.derivedData/Build/Intermediates.noindex/SwiftUIMessage.build/Debug-watchos/SwiftUIMessage-t.build/Objects-normal/arm64/SwiftUIMessage.LinkFileList
WriteAuxiliaryFile /Users/admin/builder/spi-builder-workspace/.derivedData/Build/Intermediates.noindex/SwiftUIMessage.build/Debug-watchos/SwiftUIMessage-t.build/Objects-normal/arm64/SwiftUIMessage-OutputFileMap.json (in target 'SwiftUIMessage' from project 'SwiftUIMessage')
cd /Users/admin/builder/spi-builder-workspace
write-file /Users/admin/builder/spi-builder-workspace/.derivedData/Build/Intermediates.noindex/SwiftUIMessage.build/Debug-watchos/SwiftUIMessage-t.build/Objects-normal/arm64/SwiftUIMessage-OutputFileMap.json
WriteAuxiliaryFile /Users/admin/builder/spi-builder-workspace/.derivedData/Build/Intermediates.noindex/SwiftUIMessage.build/Debug-watchos/SwiftUIMessage-t.build/DerivedSources/resource_bundle_accessor.swift (in target 'SwiftUIMessage' from project 'SwiftUIMessage')
cd /Users/admin/builder/spi-builder-workspace
write-file /Users/admin/builder/spi-builder-workspace/.derivedData/Build/Intermediates.noindex/SwiftUIMessage.build/Debug-watchos/SwiftUIMessage-t.build/DerivedSources/resource_bundle_accessor.swift
Copy /Users/admin/builder/spi-builder-workspace/.derivedData/Build/Intermediates.noindex/GeneratedModuleMaps-watchos/SwiftUIMessage.modulemap /Users/admin/builder/spi-builder-workspace/.derivedData/Build/Intermediates.noindex/SwiftUIMessage.build/Debug-watchos/SwiftUIMessage-t.build/SwiftUIMessage.modulemap (in target 'SwiftUIMessage' from project 'SwiftUIMessage')
cd /Users/admin/builder/spi-builder-workspace
builtin-copy -exclude .DS_Store -exclude CVS -exclude .svn -exclude .git -exclude .hg -resolve-src-symlinks /Users/admin/builder/spi-builder-workspace/.derivedData/Build/Intermediates.noindex/SwiftUIMessage.build/Debug-watchos/SwiftUIMessage-t.build/SwiftUIMessage.modulemap /Users/admin/builder/spi-builder-workspace/.derivedData/Build/Intermediates.noindex/GeneratedModuleMaps-watchos
ProcessInfoPlistFile /Users/admin/builder/spi-builder-workspace/.derivedData/Build/Products/Debug-watchos/SwiftUIMessage_SwiftUIMessage.bundle/Info.plist /Users/admin/builder/spi-builder-workspace/.derivedData/Build/Intermediates.noindex/SwiftUIMessage.build/Debug-watchos/SwiftUIMessage_SwiftUIMessage-b.build/empty-SwiftUIMessage_SwiftUIMessage.plist (in target 'SwiftUIMessage_SwiftUIMessage' from project 'SwiftUIMessage')
cd /Users/admin/builder/spi-builder-workspace
builtin-infoPlistUtility /Users/admin/builder/spi-builder-workspace/.derivedData/Build/Intermediates.noindex/SwiftUIMessage.build/Debug-watchos/SwiftUIMessage_SwiftUIMessage-b.build/empty-SwiftUIMessage_SwiftUIMessage.plist -producttype com.apple.product-type.bundle -expandbuildsettings -format binary -platform watchos -o /Users/admin/builder/spi-builder-workspace/.derivedData/Build/Products/Debug-watchos/SwiftUIMessage_SwiftUIMessage.bundle/Info.plist
CpResource /Users/admin/builder/spi-builder-workspace/.derivedData/Build/Products/Debug-watchos/SwiftUIMessage_SwiftUIMessage.bundle/PrivacyInfo.xcprivacy /Users/admin/builder/spi-builder-workspace/Sources/PrivacyInfo.xcprivacy (in target 'SwiftUIMessage_SwiftUIMessage' from project 'SwiftUIMessage')
cd /Users/admin/builder/spi-builder-workspace
builtin-copy -exclude .DS_Store -exclude CVS -exclude .svn -exclude .git -exclude .hg -resolve-src-symlinks /Users/admin/builder/spi-builder-workspace/Sources/PrivacyInfo.xcprivacy /Users/admin/builder/spi-builder-workspace/.derivedData/Build/Products/Debug-watchos/SwiftUIMessage_SwiftUIMessage.bundle
RegisterExecutionPolicyException /Users/admin/builder/spi-builder-workspace/.derivedData/Build/Products/Debug-watchos/SwiftUIMessage_SwiftUIMessage.bundle (in target 'SwiftUIMessage_SwiftUIMessage' from project 'SwiftUIMessage')
cd /Users/admin/builder/spi-builder-workspace
builtin-RegisterExecutionPolicyException /Users/admin/builder/spi-builder-workspace/.derivedData/Build/Products/Debug-watchos/SwiftUIMessage_SwiftUIMessage.bundle
Touch /Users/admin/builder/spi-builder-workspace/.derivedData/Build/Products/Debug-watchos/SwiftUIMessage_SwiftUIMessage.bundle (in target 'SwiftUIMessage_SwiftUIMessage' from project 'SwiftUIMessage')
cd /Users/admin/builder/spi-builder-workspace
/usr/bin/touch -c /Users/admin/builder/spi-builder-workspace/.derivedData/Build/Products/Debug-watchos/SwiftUIMessage_SwiftUIMessage.bundle
SwiftDriver SwiftUIMessage normal arm64 com.apple.xcode.tools.swift.compiler (in target 'SwiftUIMessage' from project 'SwiftUIMessage')
cd /Users/admin/builder/spi-builder-workspace/.swiftpm/xcode
builtin-SwiftDriver -- /Applications/Xcode-27.0.0-Release.Candidate.app/Contents/Developer/Toolchains/XcodeDefault.xctoolchain/usr/bin/swiftc -parse-as-library -module-name SwiftUIMessage -Onone @/Users/admin/builder/spi-builder-workspace/.derivedData/Build/Intermediates.noindex/SwiftUIMessage.build/Debug-watchos/SwiftUIMessage-t.build/Objects-normal/arm64/SwiftUIMessage.SwiftFileList -DSWIFT_PACKAGE -DDEBUG -DSWIFT_MODULE_RESOURCE_BUNDLE_AVAILABLE -DXcode -plugin-path /Applications/Xcode-27.0.0-Release.Candidate.app/Contents/Developer/Toolchains/XcodeDefault.xctoolchain/usr/lib/swift/host/plugins/testing -enable-experimental-feature DebugDescriptionMacro -sdk /Applications/Xcode-27.0.0-Release.Candidate.app/Contents/Developer/Platforms/WatchOS.platform/Developer/SDKs/WatchOS27.0.sdk -target arm64-apple-watchos9.0 -g -module-cache-path /Users/admin/builder/spi-builder-workspace/.derivedData/ModuleCache.noindex -Xfrontend -serialize-debugging-options -profile-coverage-mapping -profile-generate -enable-testing -index-store-path /Users/admin/builder/spi-builder-workspace/.derivedData/Index.noindex/DataStore -Xcc -D_LIBCPP_HARDENING_MODE\=_LIBCPP_HARDENING_MODE_DEBUG -swift-version 6 -I /Users/admin/builder/spi-builder-workspace/.derivedData/Build/Products/Debug-watchos -Isystem /Applications/Xcode-27.0.0-Release.Candidate.app/Contents/Developer/Platforms/WatchOS.platform/Developer/usr/lib -F /Users/admin/builder/spi-builder-workspace/.derivedData/Build/Products/Debug-watchos -F /Applications/Xcode-27.0.0-Release.Candidate.app/Contents/Developer/Platforms/WatchOS.platform/Developer/Library/Frameworks -F /Applications/Xcode-27.0.0-Release.Candidate.app/Contents/Developer/Platforms/WatchOS.platform/Developer/SDKs/WatchOS27.0.sdk/Developer/Library/Frameworks -c -j10 -enable-batch-mode -incremental -Xcc -ivfsstatcache -Xcc /Users/admin/builder/spi-builder-workspace/.derivedData/SDKStatCaches.noindex/watchos27.0-24R360-e829b21a6f8c9b70876ba0858053c04477534ef55a1706bf4c1112bbb242f0a2.sdkstatcache -output-file-map /Users/admin/builder/spi-builder-workspace/.derivedData/Build/Intermediates.noindex/SwiftUIMessage.build/Debug-watchos/SwiftUIMessage-t.build/Objects-normal/arm64/SwiftUIMessage-OutputFileMap.json -save-temps -no-color-diagnostics -explicit-module-build -module-cache-path /Users/admin/builder/spi-builder-workspace/.derivedData/Build/Intermediates.noindex/SwiftExplicitPrecompiledModules -clang-scanner-module-cache-path /Users/admin/builder/spi-builder-workspace/.derivedData/ModuleCache.noindex -sdk-module-cache-path /Users/admin/builder/spi-builder-workspace/.derivedData/SDKExplicitPrecompiledModules -emit-dependencies -emit-module -emit-module-path /Users/admin/builder/spi-builder-workspace/.derivedData/Build/Intermediates.noindex/SwiftUIMessage.build/Debug-watchos/SwiftUIMessage-t.build/Objects-normal/arm64/SwiftUIMessage.swiftmodule -serialize-diagnostics -dependency-scan-serialize-diagnostics-path /Users/admin/builder/spi-builder-workspace/.derivedData/Build/Intermediates.noindex/SwiftUIMessage.build/Debug-watchos/SwiftUIMessage-t.build/Objects-normal/arm64/SwiftUIMessage-dependency-scan.dia -validate-clang-modules-once -clang-build-session-file /Users/admin/builder/spi-builder-workspace/.derivedData/ModuleCache.noindex/Session.modulevalidation -Xcc -fmodules-prune-interval\=86400 -Xcc -fmodules-prune-after\=345600 -package-name spi_builder_workspace -emit-const-values -const-gather-protocols-list /Users/admin/builder/spi-builder-workspace/.derivedData/Build/Intermediates.noindex/SwiftUIMessage.build/Debug-watchos/SwiftUIMessage-t.build/Objects-normal/arm64/SwiftUIMessage_const_extract_protocols.json -Xcc -I/Users/admin/builder/spi-builder-workspace/.derivedData/Build/Products/Debug-watchos/include -Xcc -I/Users/admin/builder/spi-builder-workspace/.derivedData/Build/Intermediates.noindex/SwiftUIMessage.build/Debug-watchos/SwiftUIMessage-t.build/DerivedSources-normal/arm64 -Xcc -I/Users/admin/builder/spi-builder-workspace/.derivedData/Build/Intermediates.noindex/SwiftUIMessage.build/Debug-watchos/SwiftUIMessage-t.build/DerivedSources/arm64 -Xcc -I/Users/admin/builder/spi-builder-workspace/.derivedData/Build/Intermediates.noindex/SwiftUIMessage.build/Debug-watchos/SwiftUIMessage-t.build/DerivedSources -Xcc -DSWIFT_PACKAGE -Xcc -DDEBUG\=1 -emit-objc-header -emit-objc-header-path /Users/admin/builder/spi-builder-workspace/.derivedData/Build/Intermediates.noindex/SwiftUIMessage.build/Debug-watchos/SwiftUIMessage-t.build/Objects-normal/arm64/SwiftUIMessage-Swift.h -working-directory /Users/admin/builder/spi-builder-workspace/.swiftpm/xcode -experimental-emit-module-separately -disable-cmo
/Users/admin/builder/spi-builder-workspace/Sources/SwiftUIMessage/MFMailComposeViewController/MailComposeView.swift:9:8: error: Unable to resolve module dependency: 'MessageUI' (in target 'SwiftUIMessage' from project 'SwiftUIMessage')
note: A dependency of main module 'SwiftUIMessage'
/Users/admin/builder/spi-builder-workspace/Sources/SwiftUIMessage/MFMessageComposeViewController/MessageComposeView.swift:9:8: note: Also imported here
/Users/admin/builder/spi-builder-workspace/Sources/SwiftUIMessage/MFMailComposeViewController/MailComposeView.swift:9:8: note: A dependency of main module 'SwiftUIMessage'
import MessageUI
^ (in target 'SwiftUIMessage' from project 'SwiftUIMessage')
/Users/admin/builder/spi-builder-workspace/Sources/SwiftUIMessage/MFMessageComposeViewController/MessageComposeView.swift:9:8: note: Also imported here
import MessageUI
^ (in target 'SwiftUIMessage' from project 'SwiftUIMessage')
SwiftDriver SwiftUIMessage normal arm64_32 com.apple.xcode.tools.swift.compiler (in target 'SwiftUIMessage' from project 'SwiftUIMessage')
cd /Users/admin/builder/spi-builder-workspace/.swiftpm/xcode
builtin-SwiftDriver -- /Applications/Xcode-27.0.0-Release.Candidate.app/Contents/Developer/Toolchains/XcodeDefault.xctoolchain/usr/bin/swiftc -parse-as-library -module-name SwiftUIMessage -Onone @/Users/admin/builder/spi-builder-workspace/.derivedData/Build/Intermediates.noindex/SwiftUIMessage.build/Debug-watchos/SwiftUIMessage-t.build/Objects-normal/arm64_32/SwiftUIMessage.SwiftFileList -DSWIFT_PACKAGE -DDEBUG -DSWIFT_MODULE_RESOURCE_BUNDLE_AVAILABLE -DXcode -plugin-path /Applications/Xcode-27.0.0-Release.Candidate.app/Contents/Developer/Toolchains/XcodeDefault.xctoolchain/usr/lib/swift/host/plugins/testing -enable-experimental-feature DebugDescriptionMacro -sdk /Applications/Xcode-27.0.0-Release.Candidate.app/Contents/Developer/Platforms/WatchOS.platform/Developer/SDKs/WatchOS27.0.sdk -target arm64_32-apple-watchos9.0 -g -module-cache-path /Users/admin/builder/spi-builder-workspace/.derivedData/ModuleCache.noindex -Xfrontend -serialize-debugging-options -profile-coverage-mapping -profile-generate -enable-testing -index-store-path /Users/admin/builder/spi-builder-workspace/.derivedData/Index.noindex/DataStore -Xcc -D_LIBCPP_HARDENING_MODE\=_LIBCPP_HARDENING_MODE_DEBUG -swift-version 6 -I /Users/admin/builder/spi-builder-workspace/.derivedData/Build/Products/Debug-watchos -Isystem /Applications/Xcode-27.0.0-Release.Candidate.app/Contents/Developer/Platforms/WatchOS.platform/Developer/usr/lib -F /Users/admin/builder/spi-builder-workspace/.derivedData/Build/Products/Debug-watchos -F /Applications/Xcode-27.0.0-Release.Candidate.app/Contents/Developer/Platforms/WatchOS.platform/Developer/Library/Frameworks -F /Applications/Xcode-27.0.0-Release.Candidate.app/Contents/Developer/Platforms/WatchOS.platform/Developer/SDKs/WatchOS27.0.sdk/Developer/Library/Frameworks -c -j10 -enable-batch-mode -incremental -Xcc -ivfsstatcache -Xcc /Users/admin/builder/spi-builder-workspace/.derivedData/SDKStatCaches.noindex/watchos27.0-24R360-e829b21a6f8c9b70876ba0858053c04477534ef55a1706bf4c1112bbb242f0a2.sdkstatcache -output-file-map /Users/admin/builder/spi-builder-workspace/.derivedData/Build/Intermediates.noindex/SwiftUIMessage.build/Debug-watchos/SwiftUIMessage-t.build/Objects-normal/arm64_32/SwiftUIMessage-OutputFileMap.json -save-temps -no-color-diagnostics -explicit-module-build -module-cache-path /Users/admin/builder/spi-builder-workspace/.derivedData/Build/Intermediates.noindex/SwiftExplicitPrecompiledModules -clang-scanner-module-cache-path /Users/admin/builder/spi-builder-workspace/.derivedData/ModuleCache.noindex -sdk-module-cache-path /Users/admin/builder/spi-builder-workspace/.derivedData/SDKExplicitPrecompiledModules -emit-dependencies -emit-module -emit-module-path /Users/admin/builder/spi-builder-workspace/.derivedData/Build/Intermediates.noindex/SwiftUIMessage.build/Debug-watchos/SwiftUIMessage-t.build/Objects-normal/arm64_32/SwiftUIMessage.swiftmodule -serialize-diagnostics -dependency-scan-serialize-diagnostics-path /Users/admin/builder/spi-builder-workspace/.derivedData/Build/Intermediates.noindex/SwiftUIMessage.build/Debug-watchos/SwiftUIMessage-t.build/Objects-normal/arm64_32/SwiftUIMessage-dependency-scan.dia -validate-clang-modules-once -clang-build-session-file /Users/admin/builder/spi-builder-workspace/.derivedData/ModuleCache.noindex/Session.modulevalidation -Xcc -fmodules-prune-interval\=86400 -Xcc -fmodules-prune-after\=345600 -package-name spi_builder_workspace -emit-const-values -const-gather-protocols-list /Users/admin/builder/spi-builder-workspace/.derivedData/Build/Intermediates.noindex/SwiftUIMessage.build/Debug-watchos/SwiftUIMessage-t.build/Objects-normal/arm64_32/SwiftUIMessage_const_extract_protocols.json -Xcc -I/Users/admin/builder/spi-builder-workspace/.derivedData/Build/Products/Debug-watchos/include -Xcc -I/Users/admin/builder/spi-builder-workspace/.derivedData/Build/Intermediates.noindex/SwiftUIMessage.build/Debug-watchos/SwiftUIMessage-t.build/DerivedSources-normal/arm64_32 -Xcc -I/Users/admin/builder/spi-builder-workspace/.derivedData/Build/Intermediates.noindex/SwiftUIMessage.build/Debug-watchos/SwiftUIMessage-t.build/DerivedSources/arm64_32 -Xcc -I/Users/admin/builder/spi-builder-workspace/.derivedData/Build/Intermediates.noindex/SwiftUIMessage.build/Debug-watchos/SwiftUIMessage-t.build/DerivedSources -Xcc -DSWIFT_PACKAGE -Xcc -DDEBUG\=1 -emit-objc-header -emit-objc-header-path /Users/admin/builder/spi-builder-workspace/.derivedData/Build/Intermediates.noindex/SwiftUIMessage.build/Debug-watchos/SwiftUIMessage-t.build/Objects-normal/arm64_32/SwiftUIMessage-Swift.h -working-directory /Users/admin/builder/spi-builder-workspace/.swiftpm/xcode -experimental-emit-module-separately -disable-cmo
/Users/admin/builder/spi-builder-workspace/Sources/SwiftUIMessage/MFMailComposeViewController/MailComposeView.swift:9:8: error: Unable to resolve module dependency: 'MessageUI' (in target 'SwiftUIMessage' from project 'SwiftUIMessage')
note: A dependency of main module 'SwiftUIMessage'
/Users/admin/builder/spi-builder-workspace/Sources/SwiftUIMessage/MFMessageComposeViewController/MessageComposeView.swift:9:8: note: Also imported here
/Users/admin/builder/spi-builder-workspace/Sources/SwiftUIMessage/MFMailComposeViewController/MailComposeView.swift:9:8: note: A dependency of main module 'SwiftUIMessage'
import MessageUI
^ (in target 'SwiftUIMessage' from project 'SwiftUIMessage')
/Users/admin/builder/spi-builder-workspace/Sources/SwiftUIMessage/MFMessageComposeViewController/MessageComposeView.swift:9:8: note: Also imported here
import MessageUI
^ (in target 'SwiftUIMessage' from project 'SwiftUIMessage')
PruneExplicitPrecompiledModules /Users/admin/builder/spi-builder-workspace/.derivedData/SDKExplicitPrecompiledModules
PruneExplicitPrecompiledModules /Users/admin/builder/spi-builder-workspace/.derivedData/Build/Intermediates.noindex/ExplicitPrecompiledModules
PruneExplicitPrecompiledModules /Users/admin/builder/spi-builder-workspace/.derivedData/Build/Intermediates.noindex/SwiftExplicitPrecompiledModules
2026-09-25 21:46:31.968 xcodebuild[627:3890] [MT] IDERunDestination: Supported platforms for the buildables in the current scheme is empty.
** BUILD FAILED **
The following build commands failed:
SwiftDriver SwiftUIMessage normal arm64 com.apple.xcode.tools.swift.compiler (in target 'SwiftUIMessage' from project 'SwiftUIMessage')
SwiftDriver SwiftUIMessage normal arm64_32 com.apple.xcode.tools.swift.compiler (in target 'SwiftUIMessage' from project 'SwiftUIMessage')
Building workspace SwiftUIMessage with scheme SwiftUIMessage
(3 failures)
Command line invocation:
/Applications/Xcode-27.0.0-Release.Candidate.app/Contents/Developer/usr/bin/xcodebuild -IDEClonedSourcePackagesDirPathOverride=/Users/admin/builder/spi-builder-workspace/.dependencies -resolvePackageDependencies
Resolve Package Graph
Resolved source packages:
SwiftUIMessage: /Users/admin/builder/spi-builder-workspace
resolved source packages: SwiftUIMessage
2026-09-25 21:46:35.410 xcodebuild[643:4153] [MT] IDERunDestination: Supported platforms for the buildables in the current scheme is empty.
{
"dependencies" : [
],
"manifest_display_name" : "SwiftUIMessage",
"name" : "SwiftUIMessage",
"path" : "/Users/admin/builder/spi-builder-workspace",
"platforms" : [
{
"name" : "ios",
"version" : "13.0"
},
{
"name" : "maccatalyst",
"version" : "13.0"
},
{
"name" : "visionos",
"version" : "1.0"
}
],
"products" : [
{
"name" : "SwiftUIMessage",
"targets" : [
"SwiftUIMessage"
],
"type" : {
"library" : [
"automatic"
]
}
}
],
"targets" : [
{
"c99name" : "SwiftUIMessageTests",
"module_type" : "SwiftTarget",
"name" : "SwiftUIMessageTests",
"path" : "Tests/SwiftUIMessageTests",
"sources" : [
"SwiftUIMessageTests.swift"
],
"target_dependencies" : [
"SwiftUIMessage"
],
"type" : "test"
},
{
"c99name" : "SwiftUIMessage",
"module_type" : "SwiftTarget",
"name" : "SwiftUIMessage",
"path" : "Sources/SwiftUIMessage",
"product_memberships" : [
"SwiftUIMessage"
],
"resources" : [
{
"path" : "/Users/admin/builder/spi-builder-workspace/Sources/PrivacyInfo.xcprivacy",
"rule" : {
"copy" : {
}
}
}
],
"sources" : [
"MFMailComposeViewController/MailComposeView+Attachment.swift",
"MFMailComposeViewController/MailComposeView+ViewModifiers.swift",
"MFMailComposeViewController/MailComposeView.swift",
"MFMessageComposeViewController/MessageComposeView+Attachment.swift",
"MFMessageComposeViewController/MessageComposeView+Environment.swift",
"MFMessageComposeViewController/MessageComposeView+ViewModifiers.swift",
"MFMessageComposeViewController/MessageComposeView.swift",
"NotificationName+Extensions.swift"
],
"type" : "library"
}
],
"tools_version" : "6.0"
}
{
"workspace" : {
"name" : "SwiftUIMessage",
"schemes" : [
"SwiftUIMessage"
]
}
}
2026-09-25 21:46:36.766 xcodebuild[671:4358] [MT] IDERunDestination: Supported platforms for the buildables in the current scheme is empty.
Running build ...
env DEVELOPER_DIR=/Applications/Xcode-27.0.0-Release.Candidate.app xcrun xcodebuild -IDEClonedSourcePackagesDirPathOverride=$PWD/.dependencies -skipMacroValidation -skipPackagePluginValidation -derivedDataPath $PWD/.derivedData build -scheme SwiftUIMessage -destination generic/platform=watchOS
Command line invocation:
/Applications/Xcode-27.0.0-Release.Candidate.app/Contents/Developer/usr/bin/xcodebuild -IDEClonedSourcePackagesDirPathOverride=/Users/admin/builder/spi-builder-workspace/.dependencies -skipMacroValidation -skipPackagePluginValidation -derivedDataPath /Users/admin/builder/spi-builder-workspace/.derivedData build -scheme SwiftUIMessage -destination generic/platform=watchOS
Resolve Package Graph
Resolved source packages:
SwiftUIMessage: /Users/admin/builder/spi-builder-workspace
ComputePackagePrebuildTargetDependencyGraph
Prepare packages
CreateBuildRequest
SendProjectDescription
CreateBuildOperation
ComputeTargetDependencyGraph
note: Building targets in dependency order
note: Target dependency graph (3 targets)
Target 'SwiftUIMessage-product' in project 'SwiftUIMessage'
➜ Explicit dependency on target 'SwiftUIMessage' in project 'SwiftUIMessage'
➜ Explicit dependency on target 'SwiftUIMessage_SwiftUIMessage' in project 'SwiftUIMessage'
Target 'SwiftUIMessage' in project 'SwiftUIMessage'
➜ Explicit dependency on target 'SwiftUIMessage_SwiftUIMessage' in project 'SwiftUIMessage'
Target 'SwiftUIMessage_SwiftUIMessage' in project 'SwiftUIMessage' (no dependencies)
GatherProvisioningInputs
CreateBuildDescription
ClangStatCache /Applications/Xcode-27.0.0-Release.Candidate.app/Contents/Developer/Toolchains/XcodeDefault.xctoolchain/usr/bin/clang-stat-cache /Applications/Xcode-27.0.0-Release.Candidate.app/Contents/Developer/Platforms/WatchOS.platform/Developer/SDKs/WatchOS27.0.sdk /Users/admin/builder/spi-builder-workspace/.derivedData/SDKStatCaches.noindex/watchos27.0-24R360-e829b21a6f8c9b70876ba0858053c04477534ef55a1706bf4c1112bbb242f0a2.sdkstatcache
cd /Users/admin/builder/spi-builder-workspace/.swiftpm/xcode
/Applications/Xcode-27.0.0-Release.Candidate.app/Contents/Developer/Toolchains/XcodeDefault.xctoolchain/usr/bin/clang-stat-cache /Applications/Xcode-27.0.0-Release.Candidate.app/Contents/Developer/Platforms/WatchOS.platform/Developer/SDKs/WatchOS27.0.sdk -o /Users/admin/builder/spi-builder-workspace/.derivedData/SDKStatCaches.noindex/watchos27.0-24R360-e829b21a6f8c9b70876ba0858053c04477534ef55a1706bf4c1112bbb242f0a2.sdkstatcache
SwiftDriver SwiftUIMessage normal arm64_32 com.apple.xcode.tools.swift.compiler (in target 'SwiftUIMessage' from project 'SwiftUIMessage')
cd /Users/admin/builder/spi-builder-workspace/.swiftpm/xcode
builtin-SwiftDriver -- /Applications/Xcode-27.0.0-Release.Candidate.app/Contents/Developer/Toolchains/XcodeDefault.xctoolchain/usr/bin/swiftc -parse-as-library -module-name SwiftUIMessage -Onone @/Users/admin/builder/spi-builder-workspace/.derivedData/Build/Intermediates.noindex/SwiftUIMessage.build/Debug-watchos/SwiftUIMessage-t.build/Objects-normal/arm64_32/SwiftUIMessage.SwiftFileList -DSWIFT_PACKAGE -DDEBUG -DSWIFT_MODULE_RESOURCE_BUNDLE_AVAILABLE -DXcode -plugin-path /Applications/Xcode-27.0.0-Release.Candidate.app/Contents/Developer/Toolchains/XcodeDefault.xctoolchain/usr/lib/swift/host/plugins/testing -enable-experimental-feature DebugDescriptionMacro -sdk /Applications/Xcode-27.0.0-Release.Candidate.app/Contents/Developer/Platforms/WatchOS.platform/Developer/SDKs/WatchOS27.0.sdk -target arm64_32-apple-watchos9.0 -g -module-cache-path /Users/admin/builder/spi-builder-workspace/.derivedData/ModuleCache.noindex -Xfrontend -serialize-debugging-options -profile-coverage-mapping -profile-generate -enable-testing -index-store-path /Users/admin/builder/spi-builder-workspace/.derivedData/Index.noindex/DataStore -Xcc -D_LIBCPP_HARDENING_MODE\=_LIBCPP_HARDENING_MODE_DEBUG -swift-version 6 -I /Users/admin/builder/spi-builder-workspace/.derivedData/Build/Products/Debug-watchos -Isystem /Applications/Xcode-27.0.0-Release.Candidate.app/Contents/Developer/Platforms/WatchOS.platform/Developer/usr/lib -F /Users/admin/builder/spi-builder-workspace/.derivedData/Build/Products/Debug-watchos -F /Applications/Xcode-27.0.0-Release.Candidate.app/Contents/Developer/Platforms/WatchOS.platform/Developer/Library/Frameworks -F /Applications/Xcode-27.0.0-Release.Candidate.app/Contents/Developer/Platforms/WatchOS.platform/Developer/SDKs/WatchOS27.0.sdk/Developer/Library/Frameworks -c -j10 -enable-batch-mode -incremental -Xcc -ivfsstatcache -Xcc /Users/admin/builder/spi-builder-workspace/.derivedData/SDKStatCaches.noindex/watchos27.0-24R360-e829b21a6f8c9b70876ba0858053c04477534ef55a1706bf4c1112bbb242f0a2.sdkstatcache -output-file-map /Users/admin/builder/spi-builder-workspace/.derivedData/Build/Intermediates.noindex/SwiftUIMessage.build/Debug-watchos/SwiftUIMessage-t.build/Objects-normal/arm64_32/SwiftUIMessage-OutputFileMap.json -save-temps -no-color-diagnostics -explicit-module-build -module-cache-path /Users/admin/builder/spi-builder-workspace/.derivedData/Build/Intermediates.noindex/SwiftExplicitPrecompiledModules -clang-scanner-module-cache-path /Users/admin/builder/spi-builder-workspace/.derivedData/ModuleCache.noindex -sdk-module-cache-path /Users/admin/builder/spi-builder-workspace/.derivedData/SDKExplicitPrecompiledModules -emit-dependencies -emit-module -emit-module-path /Users/admin/builder/spi-builder-workspace/.derivedData/Build/Intermediates.noindex/SwiftUIMessage.build/Debug-watchos/SwiftUIMessage-t.build/Objects-normal/arm64_32/SwiftUIMessage.swiftmodule -serialize-diagnostics -dependency-scan-serialize-diagnostics-path /Users/admin/builder/spi-builder-workspace/.derivedData/Build/Intermediates.noindex/SwiftUIMessage.build/Debug-watchos/SwiftUIMessage-t.build/Objects-normal/arm64_32/SwiftUIMessage-dependency-scan.dia -validate-clang-modules-once -clang-build-session-file /Users/admin/builder/spi-builder-workspace/.derivedData/ModuleCache.noindex/Session.modulevalidation -Xcc -fmodules-prune-interval\=86400 -Xcc -fmodules-prune-after\=345600 -package-name spi_builder_workspace -emit-const-values -const-gather-protocols-list /Users/admin/builder/spi-builder-workspace/.derivedData/Build/Intermediates.noindex/SwiftUIMessage.build/Debug-watchos/SwiftUIMessage-t.build/Objects-normal/arm64_32/SwiftUIMessage_const_extract_protocols.json -Xcc -I/Users/admin/builder/spi-builder-workspace/.derivedData/Build/Products/Debug-watchos/include -Xcc -I/Users/admin/builder/spi-builder-workspace/.derivedData/Build/Intermediates.noindex/SwiftUIMessage.build/Debug-watchos/SwiftUIMessage-t.build/DerivedSources-normal/arm64_32 -Xcc -I/Users/admin/builder/spi-builder-workspace/.derivedData/Build/Intermediates.noindex/SwiftUIMessage.build/Debug-watchos/SwiftUIMessage-t.build/DerivedSources/arm64_32 -Xcc -I/Users/admin/builder/spi-builder-workspace/.derivedData/Build/Intermediates.noindex/SwiftUIMessage.build/Debug-watchos/SwiftUIMessage-t.build/DerivedSources -Xcc -DSWIFT_PACKAGE -Xcc -DDEBUG\=1 -emit-objc-header -emit-objc-header-path /Users/admin/builder/spi-builder-workspace/.derivedData/Build/Intermediates.noindex/SwiftUIMessage.build/Debug-watchos/SwiftUIMessage-t.build/Objects-normal/arm64_32/SwiftUIMessage-Swift.h -working-directory /Users/admin/builder/spi-builder-workspace/.swiftpm/xcode -experimental-emit-module-separately -disable-cmo
/Users/admin/builder/spi-builder-workspace/Sources/SwiftUIMessage/MFMailComposeViewController/MailComposeView.swift:9:8: error: Unable to resolve module dependency: 'MessageUI' (in target 'SwiftUIMessage' from project 'SwiftUIMessage')
note: A dependency of main module 'SwiftUIMessage'
/Users/admin/builder/spi-builder-workspace/Sources/SwiftUIMessage/MFMessageComposeViewController/MessageComposeView.swift:9:8: note: Also imported here
/Users/admin/builder/spi-builder-workspace/Sources/SwiftUIMessage/MFMailComposeViewController/MailComposeView.swift:9:8: note: A dependency of main module 'SwiftUIMessage'
import MessageUI
^ (in target 'SwiftUIMessage' from project 'SwiftUIMessage')
/Users/admin/builder/spi-builder-workspace/Sources/SwiftUIMessage/MFMessageComposeViewController/MessageComposeView.swift:9:8: note: Also imported here
import MessageUI
^ (in target 'SwiftUIMessage' from project 'SwiftUIMessage')
SwiftDriver SwiftUIMessage normal arm64 com.apple.xcode.tools.swift.compiler (in target 'SwiftUIMessage' from project 'SwiftUIMessage')
cd /Users/admin/builder/spi-builder-workspace/.swiftpm/xcode
builtin-SwiftDriver -- /Applications/Xcode-27.0.0-Release.Candidate.app/Contents/Developer/Toolchains/XcodeDefault.xctoolchain/usr/bin/swiftc -parse-as-library -module-name SwiftUIMessage -Onone @/Users/admin/builder/spi-builder-workspace/.derivedData/Build/Intermediates.noindex/SwiftUIMessage.build/Debug-watchos/SwiftUIMessage-t.build/Objects-normal/arm64/SwiftUIMessage.SwiftFileList -DSWIFT_PACKAGE -DDEBUG -DSWIFT_MODULE_RESOURCE_BUNDLE_AVAILABLE -DXcode -plugin-path /Applications/Xcode-27.0.0-Release.Candidate.app/Contents/Developer/Toolchains/XcodeDefault.xctoolchain/usr/lib/swift/host/plugins/testing -enable-experimental-feature DebugDescriptionMacro -sdk /Applications/Xcode-27.0.0-Release.Candidate.app/Contents/Developer/Platforms/WatchOS.platform/Developer/SDKs/WatchOS27.0.sdk -target arm64-apple-watchos9.0 -g -module-cache-path /Users/admin/builder/spi-builder-workspace/.derivedData/ModuleCache.noindex -Xfrontend -serialize-debugging-options -profile-coverage-mapping -profile-generate -enable-testing -index-store-path /Users/admin/builder/spi-builder-workspace/.derivedData/Index.noindex/DataStore -Xcc -D_LIBCPP_HARDENING_MODE\=_LIBCPP_HARDENING_MODE_DEBUG -swift-version 6 -I /Users/admin/builder/spi-builder-workspace/.derivedData/Build/Products/Debug-watchos -Isystem /Applications/Xcode-27.0.0-Release.Candidate.app/Contents/Developer/Platforms/WatchOS.platform/Developer/usr/lib -F /Users/admin/builder/spi-builder-workspace/.derivedData/Build/Products/Debug-watchos -F /Applications/Xcode-27.0.0-Release.Candidate.app/Contents/Developer/Platforms/WatchOS.platform/Developer/Library/Frameworks -F /Applications/Xcode-27.0.0-Release.Candidate.app/Contents/Developer/Platforms/WatchOS.platform/Developer/SDKs/WatchOS27.0.sdk/Developer/Library/Frameworks -c -j10 -enable-batch-mode -incremental -Xcc -ivfsstatcache -Xcc /Users/admin/builder/spi-builder-workspace/.derivedData/SDKStatCaches.noindex/watchos27.0-24R360-e829b21a6f8c9b70876ba0858053c04477534ef55a1706bf4c1112bbb242f0a2.sdkstatcache -output-file-map /Users/admin/builder/spi-builder-workspace/.derivedData/Build/Intermediates.noindex/SwiftUIMessage.build/Debug-watchos/SwiftUIMessage-t.build/Objects-normal/arm64/SwiftUIMessage-OutputFileMap.json -save-temps -no-color-diagnostics -explicit-module-build -module-cache-path /Users/admin/builder/spi-builder-workspace/.derivedData/Build/Intermediates.noindex/SwiftExplicitPrecompiledModules -clang-scanner-module-cache-path /Users/admin/builder/spi-builder-workspace/.derivedData/ModuleCache.noindex -sdk-module-cache-path /Users/admin/builder/spi-builder-workspace/.derivedData/SDKExplicitPrecompiledModules -emit-dependencies -emit-module -emit-module-path /Users/admin/builder/spi-builder-workspace/.derivedData/Build/Intermediates.noindex/SwiftUIMessage.build/Debug-watchos/SwiftUIMessage-t.build/Objects-normal/arm64/SwiftUIMessage.swiftmodule -serialize-diagnostics -dependency-scan-serialize-diagnostics-path /Users/admin/builder/spi-builder-workspace/.derivedData/Build/Intermediates.noindex/SwiftUIMessage.build/Debug-watchos/SwiftUIMessage-t.build/Objects-normal/arm64/SwiftUIMessage-dependency-scan.dia -validate-clang-modules-once -clang-build-session-file /Users/admin/builder/spi-builder-workspace/.derivedData/ModuleCache.noindex/Session.modulevalidation -Xcc -fmodules-prune-interval\=86400 -Xcc -fmodules-prune-after\=345600 -package-name spi_builder_workspace -emit-const-values -const-gather-protocols-list /Users/admin/builder/spi-builder-workspace/.derivedData/Build/Intermediates.noindex/SwiftUIMessage.build/Debug-watchos/SwiftUIMessage-t.build/Objects-normal/arm64/SwiftUIMessage_const_extract_protocols.json -Xcc -I/Users/admin/builder/spi-builder-workspace/.derivedData/Build/Products/Debug-watchos/include -Xcc -I/Users/admin/builder/spi-builder-workspace/.derivedData/Build/Intermediates.noindex/SwiftUIMessage.build/Debug-watchos/SwiftUIMessage-t.build/DerivedSources-normal/arm64 -Xcc -I/Users/admin/builder/spi-builder-workspace/.derivedData/Build/Intermediates.noindex/SwiftUIMessage.build/Debug-watchos/SwiftUIMessage-t.build/DerivedSources/arm64 -Xcc -I/Users/admin/builder/spi-builder-workspace/.derivedData/Build/Intermediates.noindex/SwiftUIMessage.build/Debug-watchos/SwiftUIMessage-t.build/DerivedSources -Xcc -DSWIFT_PACKAGE -Xcc -DDEBUG\=1 -emit-objc-header -emit-objc-header-path /Users/admin/builder/spi-builder-workspace/.derivedData/Build/Intermediates.noindex/SwiftUIMessage.build/Debug-watchos/SwiftUIMessage-t.build/Objects-normal/arm64/SwiftUIMessage-Swift.h -working-directory /Users/admin/builder/spi-builder-workspace/.swiftpm/xcode -experimental-emit-module-separately -disable-cmo
/Users/admin/builder/spi-builder-workspace/Sources/SwiftUIMessage/MFMailComposeViewController/MailComposeView.swift:9:8: error: Unable to resolve module dependency: 'MessageUI' (in target 'SwiftUIMessage' from project 'SwiftUIMessage')
note: A dependency of main module 'SwiftUIMessage'
/Users/admin/builder/spi-builder-workspace/Sources/SwiftUIMessage/MFMessageComposeViewController/MessageComposeView.swift:9:8: note: Also imported here
/Users/admin/builder/spi-builder-workspace/Sources/SwiftUIMessage/MFMailComposeViewController/MailComposeView.swift:9:8: note: A dependency of main module 'SwiftUIMessage'
import MessageUI
^ (in target 'SwiftUIMessage' from project 'SwiftUIMessage')
/Users/admin/builder/spi-builder-workspace/Sources/SwiftUIMessage/MFMessageComposeViewController/MessageComposeView.swift:9:8: note: Also imported here
import MessageUI
^ (in target 'SwiftUIMessage' from project 'SwiftUIMessage')
PruneExplicitPrecompiledModules /Users/admin/builder/spi-builder-workspace/.derivedData/Build/Intermediates.noindex/SwiftExplicitPrecompiledModules
PruneExplicitPrecompiledModules /Users/admin/builder/spi-builder-workspace/.derivedData/Build/Intermediates.noindex/ExplicitPrecompiledModules
PruneExplicitPrecompiledModules /Users/admin/builder/spi-builder-workspace/.derivedData/SDKExplicitPrecompiledModules
2026-09-25 21:46:37.754 xcodebuild[673:4408] [MT] IDERunDestination: Supported platforms for the buildables in the current scheme is empty.
** BUILD FAILED **
The following build commands failed:
SwiftDriver SwiftUIMessage normal arm64_32 com.apple.xcode.tools.swift.compiler (in target 'SwiftUIMessage' from project 'SwiftUIMessage')
SwiftDriver SwiftUIMessage normal arm64 com.apple.xcode.tools.swift.compiler (in target 'SwiftUIMessage' from project 'SwiftUIMessage')
Building workspace SwiftUIMessage with scheme SwiftUIMessage
(3 failures)
BUILD FAILURE 6.4 watchOS